--
-- Host: 127.0.0.1    Database: martfury
-- ------------------------------------------------------


--
-- Table structure for table `activations`
--

CREATE TABLE `activations` (
  `id` bigint unsigned NOT NULL AUTO_INCREMENT,
  `user_id` bigint unsigned NOT NULL,
  `code` varchar(120) COLLATE utf8mb4_unicode_ci NOT NULL,
  `completed` tinyint(1) NOT NULL DEFAULT '0',
  `completed_at` timestamp NULL DEFAULT NULL,
  `created_at` timestamp NULL DEFAULT NULL,
  `updated_at` timestamp NULL DEFAULT NULL,
  PRIMARY KEY (`id`),
  KEY `activations_user_id_index` (`user_id`)
) ENGINE=InnoDB AUTO_INCREMENT=2 DEFAULT CHARSET=utf8mb4 COLLATE=utf8mb4_unicode_ci;

--
-- Dumping data for table `activations`
--

INSERT INTO `activations` VALUES (1,1,'wIU1XhY3GYKC9OhfojwM11mQyHOqfOQk',1,'2026-03-06 01:42:54','2026-03-06 01:42:54','2026-03-06 01:42:54');

--
-- Table structure for table `admin_notifications`
--

CREATE TABLE `admin_notifications` (
  `id` bigint unsigned NOT NULL AUTO_INCREMENT,
  `title` varchar(191) COLLATE utf8mb4_unicode_ci NOT NULL,
  `action_label` varchar(191) COLLATE utf8mb4_unicode_ci DEFAULT NULL,
  `action_url` varchar(191) COLLATE utf8mb4_unicode_ci DEFAULT NULL,
  `description` varchar(400) COLLATE utf8mb4_unicode_ci DEFAULT NULL,
  `read_at` timestamp NULL DEFAULT NULL,
  `created_at` timestamp NULL DEFAULT NULL,
  `updated_at` timestamp NULL DEFAULT NULL,
  `permission` varchar(191) COLLATE utf8mb4_unicode_ci DEFAULT NULL,
  PRIMARY KEY (`id`)
) ENGINE=InnoDB DEFAULT CHARSET=utf8mb4 COLLATE=utf8mb4_unicode_ci;

--
-- Dumping data for table `admin_notifications`
--


--
-- Table structure for table `ads_translations`
--

CREATE TABLE `ads_translations` (
  `lang_code` varchar(191) COLLATE utf8mb4_unicode_ci NOT NULL,
  `ads_id` bigint unsigned NOT NULL,
  `name` varchar(191) COLLATE utf8mb4_unicode_ci DEFAULT NULL,
  `image` varchar(191) COLLATE utf8mb4_unicode_ci DEFAULT NULL,
  `url` varchar(191) COLLATE utf8mb4_unicode_ci DEFAULT NULL,
  `tablet_image` varchar(191) COLLATE utf8mb4_unicode_ci DEFAULT NULL,
  `mobile_image` varchar(191) COLLATE utf8mb4_unicode_ci DEFAULT NULL,
  PRIMARY KEY (`lang_code`,`ads_id`)
) ENGINE=InnoDB DEFAULT CHARSET=utf8mb4 COLLATE=utf8mb4_unicode_ci;

--
-- Dumping data for table `ads_translations`
--


--
-- Table structure for table `audit_histories`
--

CREATE TABLE `audit_histories` (
  `id` bigint unsigned NOT NULL AUTO_INCREMENT,
  `user_id` bigint unsigned NOT NULL,
  `user_type` varchar(191) COLLATE utf8mb4_unicode_ci DEFAULT 'Botble\\ACL\\Models\\User',
  `module` varchar(60) COLLATE utf8mb4_unicode_ci NOT NULL,
  `request` longtext COLLATE utf8mb4_unicode_ci,
  `action` varchar(120) COLLATE utf8mb4_unicode_ci NOT NULL,
  `user_agent` text COLLATE utf8mb4_unicode_ci,
  `ip_address` varchar(45) COLLATE utf8mb4_unicode_ci DEFAULT NULL,
  `actor_id` bigint unsigned NOT NULL,
  `actor_type` varchar(191) COLLATE utf8mb4_unicode_ci DEFAULT 'Botble\\ACL\\Models\\User',
  `reference_id` bigint unsigned NOT NULL,
  `reference_name` varchar(191) COLLATE utf8mb4_unicode_ci NOT NULL,
  `type` varchar(20) COLLATE utf8mb4_unicode_ci NOT NULL,
  `created_at` timestamp NULL DEFAULT NULL,
  `updated_at` timestamp NULL DEFAULT NULL,
  PRIMARY KEY (`id`),
  KEY `audit_histories_user_id_index` (`user_id`),
  KEY `audit_histories_module_index` (`module`)
) ENGINE=InnoDB DEFAULT CHARSET=utf8mb4 COLLATE=utf8mb4_unicode_ci;

--
-- Dumping data for table `audit_histories`
--


--
-- Table structure for table `categories`
--

CREATE TABLE `categories` (
  `id` bigint unsigned NOT NULL AUTO_INCREMENT,
  `name` varchar(120) COLLATE utf8mb4_unicode_ci NOT NULL,
  `parent_id` bigint unsigned NOT NULL DEFAULT '0',
  `description` varchar(400) COLLATE utf8mb4_unicode_ci DEFAULT NULL,
  `status` varchar(60) COLLATE utf8mb4_unicode_ci NOT NULL DEFAULT 'published',
  `author_id` bigint unsigned DEFAULT NULL,
  `author_type` varchar(191) COLLATE utf8mb4_unicode_ci NOT NULL DEFAULT 'Botble\\ACL\\Models\\User',
  `icon` varchar(60) COLLATE utf8mb4_unicode_ci DEFAULT NULL,
  `order` int unsigned NOT NULL DEFAULT '0',
  `is_featured` tinyint NOT NULL DEFAULT '0',
  `is_default` tinyint unsigned NOT NULL DEFAULT '0',
  `created_at` timestamp NULL DEFAULT NULL,
  `updated_at` timestamp NULL DEFAULT NULL,
  PRIMARY KEY (`id`),
  KEY `categories_parent_id_index` (`parent_id`),
  KEY `categories_status_index` (`status`),
  KEY `categories_created_at_index` (`created_at`)
) ENGINE=InnoDB AUTO_INCREMENT=5 DEFAULT CHARSET=utf8mb4 COLLATE=utf8mb4_unicode_ci;

--
-- Dumping data for table `categories`
--

INSERT INTO `categories` VALUES (1,'Ecommerce',0,'This is a sample description text for the category.','published',1,'Botble\\ACL\\Models\\User',NULL,0,0,1,'2026-03-06 01:42:55','2026-03-06 01:42:55'),(2,'Fashion',0,'This is a sample description text for the category.','published',1,'Botble\\ACL\\Models\\User',NULL,0,1,0,'2026-03-06 01:42:55','2026-03-06 01:42:55'),(3,'Electronic',0,'This is a sample description text for the category.','published',1,'Botble\\ACL\\Models\\User',NULL,0,1,0,'2026-03-06 01:42:55','2026-03-06 01:42:55'),(4,'Commercial',0,'This is a sample description text for the category.','published',1,'Botble\\ACL\\Models\\User',NULL,0,1,0,'2026-03-06 01:42:55','2026-03-06 01:42:55');

--
-- Table structure for table `categories_translations`
--

CREATE TABLE `categories_translations` (
  `lang_code` varchar(20) COLLATE utf8mb4_unicode_ci NOT NULL,
  `categories_id` bigint unsigned NOT NULL,
  `name` varchar(191) COLLATE utf8mb4_unicode_ci DEFAULT NULL,
  `description` varchar(400) COLLATE utf8mb4_unicode_ci DEFAULT NULL,
  PRIMARY KEY (`lang_code`,`categories_id`),
  KEY `idx_categories_trans_categories_id` (`categories_id`),
  KEY `idx_categories_trans_category_lang` (`categories_id`,`lang_code`)
) ENGINE=InnoDB DEFAULT CHARSET=utf8mb4 COLLATE=utf8mb4_unicode_ci;

--
-- Dumping data for table `categories_translations`
--


--
-- Table structure for table `cities`
--

CREATE TABLE `cities` (
  `id` bigint unsigned NOT NULL AUTO_INCREMENT,
  `name` varchar(120) COLLATE utf8mb4_unicode_ci NOT NULL,
  `slug` varchar(120) COLLATE utf8mb4_unicode_ci DEFAULT NULL,
  `state_id` bigint unsigned DEFAULT NULL,
  `country_id` bigint unsigned DEFAULT NULL,
  `record_id` varchar(40) COLLATE utf8mb4_unicode_ci DEFAULT NULL,
  `order` tinyint NOT NULL DEFAULT '0',
  `image` varchar(191) COLLATE utf8mb4_unicode_ci DEFAULT NULL,
  `is_default` tinyint unsigned NOT NULL DEFAULT '0',
  `status` varchar(60) COLLATE utf8mb4_unicode_ci NOT NULL DEFAULT 'published',
  `created_at` timestamp NULL DEFAULT NULL,
  `updated_at` timestamp NULL DEFAULT NULL,
  `zip_code` varchar(20) COLLATE utf8mb4_unicode_ci DEFAULT NULL,
  PRIMARY KEY (`id`),
  UNIQUE KEY `cities_slug_unique` (`slug`),
  KEY `idx_cities_name` (`name`),
  KEY `idx_cities_state_status` (`state_id`,`status`),
  KEY `idx_cities_status` (`status`),
  KEY `idx_cities_state_id` (`state_id`)
) ENGINE=InnoDB DEFAULT CHARSET=utf8mb4 COLLATE=utf8mb4_unicode_ci;

--
-- Dumping data for table `cities`
--


--
-- Table structure for table `cities_translations`
--

CREATE TABLE `cities_translations` (
  `lang_code` varchar(20) COLLATE utf8mb4_unicode_ci NOT NULL,
  `cities_id` bigint unsigned NOT NULL,
  `name` varchar(120) COLLATE utf8mb4_unicode_ci DEFAULT NULL,
  `slug` varchar(120) COLLATE utf8mb4_unicode_ci DEFAULT NULL,
  PRIMARY KEY (`lang_code`,`cities_id`),
  KEY `idx_cities_trans_city_lang` (`cities_id`,`lang_code`),
  KEY `idx_cities_trans_name` (`name`),
  KEY `idx_cities_trans_cities_id` (`cities_id`)
) ENGINE=InnoDB DEFAULT CHARSET=utf8mb4 COLLATE=utf8mb4_unicode_ci;

--
-- Dumping data for table `cities_translations`
--


--
-- Table structure for table `contact_custom_field_options`
--

CREATE TABLE `contact_custom_field_options` (
  `id` bigint unsigned NOT NULL AUTO_INCREMENT,
  `custom_field_id` bigint unsigned NOT NULL,
  `label` varchar(191) COLLATE utf8mb4_unicode_ci DEFAULT NULL,
  `value` varchar(191) COLLATE utf8mb4_unicode_ci NOT NULL,
  `order` int NOT NULL DEFAULT '999',
  `created_at` timestamp NULL DEFAULT NULL,
  `updated_at` timestamp NULL DEFAULT NULL,
  PRIMARY KEY (`id`)
) ENGINE=InnoDB DEFAULT CHARSET=utf8mb4 COLLATE=utf8mb4_unicode_ci;

--
-- Dumping data for table `contact_custom_field_options`
--


--
-- Table structure for table `contact_custom_field_options_translations`
--

CREATE TABLE `contact_custom_field_options_translations` (
  `contact_custom_field_options_id` bigint unsigned NOT NULL,
  `lang_code` varchar(191) COLLATE utf8mb4_unicode_ci NOT NULL,
  `label` varchar(191) COLLATE utf8mb4_unicode_ci DEFAULT NULL,
  `value` varchar(191) COLLATE utf8mb4_unicode_ci DEFAULT NULL,
  PRIMARY KEY (`lang_code`,`contact_custom_field_options_id`),
  KEY `idx_contact_cfo_trans_cfo_id` (`contact_custom_field_options_id`),
  KEY `idx_contact_cfo_trans_cfo_lang` (`contact_custom_field_options_id`,`lang_code`)
) ENGINE=InnoDB DEFAULT CHARSET=utf8mb4 COLLATE=utf8mb4_unicode_ci;

--
-- Dumping data for table `contact_custom_field_options_translations`
--


--
-- Table structure for table `contact_custom_fields`
--

CREATE TABLE `contact_custom_fields` (
  `id` bigint unsigned NOT NULL AUTO_INCREMENT,
  `type` varchar(191) COLLATE utf8mb4_unicode_ci NOT NULL,
  `required` tinyint(1) NOT NULL DEFAULT '0',
  `name` varchar(191) COLLATE utf8mb4_unicode_ci NOT NULL,
  `placeholder` varchar(191) COLLATE utf8mb4_unicode_ci DEFAULT NULL,
  `order` int NOT NULL DEFAULT '999',
  `status` varchar(191) COLLATE utf8mb4_unicode_ci NOT NULL DEFAULT 'published',
  `created_at` timestamp NULL DEFAULT NULL,
  `updated_at` timestamp NULL DEFAULT NULL,
  PRIMARY KEY (`id`)
) ENGINE=InnoDB DEFAULT CHARSET=utf8mb4 COLLATE=utf8mb4_unicode_ci;

--
-- Dumping data for table `contact_custom_fields`
--


--
-- Table structure for table `contact_custom_fields_translations`
--

CREATE TABLE `contact_custom_fields_translations` (
  `contact_custom_fields_id` bigint unsigned NOT NULL,
  `lang_code` varchar(191) COLLATE utf8mb4_unicode_ci NOT NULL,
  `name` varchar(191) COLLATE utf8mb4_unicode_ci DEFAULT NULL,
  `placeholder` varchar(191) COLLATE utf8mb4_unicode_ci DEFAULT NULL,
  PRIMARY KEY (`lang_code`,`contact_custom_fields_id`),
  KEY `idx_contact_cf_trans_cf_id` (`contact_custom_fields_id`),
  KEY `idx_contact_cf_trans_cf_lang` (`contact_custom_fields_id`,`lang_code`)
) ENGINE=InnoDB DEFAULT CHARSET=utf8mb4 COLLATE=utf8mb4_unicode_ci;

--
-- Dumping data for table `contact_custom_fields_translations`
--


--
-- Table structure for table `contact_replies`
--

CREATE TABLE `contact_replies` (
  `id` bigint unsigned NOT NULL AUTO_INCREMENT,
  `message` longtext COLLATE utf8mb4_unicode_ci NOT NULL,
  `contact_id` bigint unsigned NOT NULL,
  `created_at` timestamp NULL DEFAULT NULL,
  `updated_at` timestamp NULL DEFAULT NULL,
  PRIMARY KEY (`id`)
) ENGINE=InnoDB DEFAULT CHARSET=utf8mb4 COLLATE=utf8mb4_unicode_ci;

--
-- Dumping data for table `contact_replies`
--


--
-- Table structure for table `contacts`
--

CREATE TABLE `contacts` (
  `id` bigint unsigned NOT NULL AUTO_INCREMENT,
  `name` varchar(60) COLLATE utf8mb4_unicode_ci NOT NULL,
  `email` varchar(60) COLLATE utf8mb4_unicode_ci DEFAULT NULL,
  `phone` varchar(60) COLLATE utf8mb4_unicode_ci DEFAULT NULL,
  `address` varchar(120) COLLATE utf8mb4_unicode_ci DEFAULT NULL,
  `subject` varchar(120) COLLATE utf8mb4_unicode_ci DEFAULT NULL,
  `content` longtext COLLATE utf8mb4_unicode_ci NOT NULL,
  `custom_fields` text COLLATE utf8mb4_unicode_ci,
  `status` varchar(60) COLLATE utf8mb4_unicode_ci NOT NULL DEFAULT 'unread',
  `created_at` timestamp NULL DEFAULT NULL,
  `updated_at` timestamp NULL DEFAULT NULL,
  PRIMARY KEY (`id`)
) ENGINE=InnoDB AUTO_INCREMENT=11 DEFAULT CHARSET=utf8mb4 COLLATE=utf8mb4_unicode_ci;

--
-- Dumping data for table `contacts`
--

INSERT INTO `contacts` VALUES (1,'John Doe','contact_1@example.com','+15552106360','123 Main St, New York, US','Other','This is a sample contact message content for testing purposes.',NULL,'unread','2026-03-06 01:42:54','2026-03-06 01:42:54'),(2,'Robert Brown','contact_2@example.com','+15558925944','123 Main St, New York, US','Other','This is a sample contact message content for testing purposes.',NULL,'read','2026-03-06 01:42:54','2026-03-06 01:42:54'),(3,'Emily White','contact_3@example.com','+15554187591','123 Main St, New York, US','General Inquiry','This is a sample contact message content for testing purposes.',NULL,'read','2026-03-06 01:42:54','2026-03-06 01:42:54'),(4,'John Doe','contact_4@example.com','+15553184577','123 Main St, New York, US','General Inquiry','This is a sample contact message content for testing purposes.',NULL,'unread','2026-03-06 01:42:54','2026-03-06 01:42:54'),(5,'Michael Green','contact_5@example.com','+15555528478','123 Main St, New York, US','General Inquiry','This is a sample contact message content for testing purposes.',NULL,'read','2026-03-06 01:42:54','2026-03-06 01:42:54'),(6,'John Doe','contact_6@example.com','+15556300128','123 Main St, New York, US','Other','This is a sample contact message content for testing purposes.',NULL,'unread','2026-03-06 01:42:54','2026-03-06 01:42:54'),(7,'Jane Smith','contact_7@example.com','+15554254749','123 Main St, New York, US','Support Request','This is a sample contact message content for testing purposes.',NULL,'unread','2026-03-06 01:42:54','2026-03-06 01:42:54'),(8,'Emily White','contact_8@example.com','+15551035316','123 Main St, New York, US','Other','This is a sample contact message content for testing purposes.',NULL,'read','2026-03-06 01:42:54','2026-03-06 01:42:54'),(9,'Jane Smith','contact_9@example.com','+15557185251','123 Main St, New York, US','Feedback','This is a sample contact message content for testing purposes.',NULL,'read','2026-03-06 01:42:54','2026-03-06 01:42:54'),(10,'Jane Smith','contact_10@example.com','+15551060438','123 Main St, New York, US','Other','This is a sample contact message content for testing purposes.',NULL,'unread','2026-03-06 01:42:54','2026-03-06 01:42:54');

--
-- Table structure for table `countries`
--

CREATE TABLE `countries` (
  `id` bigint unsigned NOT NULL AUTO_INCREMENT,
  `name` varchar(120) COLLATE utf8mb4_unicode_ci NOT NULL,
  `nationality` varchar(120) COLLATE utf8mb4_unicode_ci DEFAULT NULL,
  `order` tinyint NOT NULL DEFAULT '0',
  `image` varchar(191) COLLATE utf8mb4_unicode_ci DEFAULT NULL,
  `is_default` tinyint unsigned NOT NULL DEFAULT '0',
  `status` varchar(60) COLLATE utf8mb4_unicode_ci NOT NULL DEFAULT 'published',
  `created_at` timestamp NULL DEFAULT NULL,
  `updated_at` timestamp NULL DEFAULT NULL,
  `code` varchar(10) COLLATE utf8mb4_unicode_ci DEFAULT NULL,
  PRIMARY KEY (`id`),
  KEY `idx_countries_name` (`name`),
  KEY `idx_countries_status` (`status`)
) ENGINE=InnoDB DEFAULT CHARSET=utf8mb4 COLLATE=utf8mb4_unicode_ci;

--
-- Dumping data for table `countries`
--


--
-- Table structure for table `countries_translations`
--

CREATE TABLE `countries_translations` (
  `lang_code` varchar(20) COLLATE utf8mb4_unicode_ci NOT NULL,
  `countries_id` bigint unsigned NOT NULL,
  `name` varchar(120) COLLATE utf8mb4_unicode_ci DEFAULT NULL,
  `nationality` varchar(120) COLLATE utf8mb4_unicode_ci DEFAULT NULL,
  PRIMARY KEY (`lang_code`,`countries_id`),
  KEY `idx_countries_trans_country_lang` (`countries_id`,`lang_code`),
  KEY `idx_countries_trans_name` (`name`),
  KEY `idx_countries_trans_countries_id` (`countries_id`)
) ENGINE=InnoDB DEFAULT CHARSET=utf8mb4 COLLATE=utf8mb4_unicode_ci;

--
-- Dumping data for table `countries_translations`
--


--
-- Table structure for table `dashboard_widget_settings`
--

CREATE TABLE `dashboard_widget_settings` (
  `id` bigint unsigned NOT NULL AUTO_INCREMENT,
  `settings` text COLLATE utf8mb4_unicode_ci,
  `user_id` bigint unsigned NOT NULL,
  `widget_id` bigint unsigned NOT NULL,
  `order` tinyint unsigned NOT NULL DEFAULT '0',
  `status` tinyint unsigned NOT NULL DEFAULT '1',
  `created_at` timestamp NULL DEFAULT NULL,
  `updated_at` timestamp NULL DEFAULT NULL,
  PRIMARY KEY (`id`),
  KEY `dashboard_widget_settings_user_id_index` (`user_id`),
  KEY `dashboard_widget_settings_widget_id_index` (`widget_id`)
) ENGINE=InnoDB DEFAULT CHARSET=utf8mb4 COLLATE=utf8mb4_unicode_ci;

--
-- Dumping data for table `dashboard_widget_settings`
--


--
-- Table structure for table `dashboard_widgets`
--

CREATE TABLE `dashboard_widgets` (
  `id` bigint unsigned NOT NULL AUTO_INCREMENT,
  `name` varchar(120) COLLATE utf8mb4_unicode_ci NOT NULL,
  `created_at` timestamp NULL DEFAULT NULL,
  `updated_at` timestamp NULL DEFAULT NULL,
  PRIMARY KEY (`id`)
) ENGINE=InnoDB DEFAULT CHARSET=utf8mb4 COLLATE=utf8mb4_unicode_ci;

--
-- Dumping data for table `dashboard_widgets`
--


--
-- Table structure for table `ec_brands`
--

CREATE TABLE `ec_brands` (
  `id` bigint unsigned NOT NULL AUTO_INCREMENT,
  `name` varchar(191) COLLATE utf8mb4_unicode_ci NOT NULL,
  `description` mediumtext COLLATE utf8mb4_unicode_ci,
  `website` varchar(191) COLLATE utf8mb4_unicode_ci DEFAULT NULL,
  `logo` varchar(191) COLLATE utf8mb4_unicode_ci DEFAULT NULL,
  `status` varchar(60) COLLATE utf8mb4_unicode_ci NOT NULL DEFAULT 'published',
  `order` tinyint unsigned NOT NULL DEFAULT '0',
  `is_featured` tinyint unsigned NOT NULL DEFAULT '0',
  `created_at` timestamp NULL DEFAULT NULL,
  `updated_at` timestamp NULL DEFAULT NULL,
  PRIMARY KEY (`id`)
) ENGINE=InnoDB AUTO_INCREMENT=8 DEFAULT CHARSET=utf8mb4 COLLATE=utf8mb4_unicode_ci;

--
-- Dumping data for table `ec_brands`
--

INSERT INTO `ec_brands` VALUES (1,'Fashion live',NULL,NULL,'brands/1.jpg','published',0,1,'2026-03-06 01:42:25','2026-03-06 01:42:25'),(2,'Hand crafted',NULL,NULL,'brands/2.jpg','published',1,1,'2026-03-06 01:42:25','2026-03-06 01:42:25'),(3,'Mestonix',NULL,NULL,'brands/3.jpg','published',2,1,'2026-03-06 01:42:25','2026-03-06 01:42:25'),(4,'Sunshine',NULL,NULL,'brands/4.jpg','published',3,1,'2026-03-06 01:42:25','2026-03-06 01:42:25'),(5,'Pure',NULL,NULL,'brands/5.jpg','published',4,1,'2026-03-06 01:42:25','2026-03-06 01:42:25'),(6,'Anfold',NULL,NULL,'brands/6.jpg','published',5,1,'2026-03-06 01:42:25','2026-03-06 01:42:25'),(7,'Automotive',NULL,NULL,'brands/7.jpg','published',6,1,'2026-03-06 01:42:25','2026-03-06 01:42:25');

--
-- Table structure for table `ec_brands_translations`
--

CREATE TABLE `ec_brands_translations` (
  `lang_code` varchar(191) COLLATE utf8mb4_unicode_ci NOT NULL,
  `ec_brands_id` bigint unsigned NOT NULL,
  `name` varchar(191) COLLATE utf8mb4_unicode_ci DEFAULT NULL,
  `description` mediumtext COLLATE utf8mb4_unicode_ci,
  PRIMARY KEY (`lang_code`,`ec_brands_id`),
  KEY `idx_brands_fk` (`ec_brands_id`),
  KEY `idx_brands_brands_lang` (`ec_brands_id`,`lang_code`)
) ENGINE=InnoDB DEFAULT CHARSET=utf8mb4 COLLATE=utf8mb4_unicode_ci;

--
-- Dumping data for table `ec_brands_translations`
--


--
-- Table structure for table `ec_cart`
--

CREATE TABLE `ec_cart` (
  `identifier` varchar(60) COLLATE utf8mb4_unicode_ci NOT NULL,
  `instance` varchar(60) COLLATE utf8mb4_unicode_ci NOT NULL,
  `customer_id` bigint unsigned DEFAULT NULL,
  `content` longtext COLLATE utf8mb4_unicode_ci NOT NULL,
  `created_at` timestamp NULL DEFAULT NULL,
  `updated_at` timestamp NULL DEFAULT NULL,
  PRIMARY KEY (`identifier`,`instance`),
  KEY `ec_cart_customer_instance_index` (`customer_id`,`instance`)
) ENGINE=InnoDB DEFAULT CHARSET=utf8mb4 COLLATE=utf8mb4_unicode_ci;

--
-- Dumping data for table `ec_cart`
--


--
-- Table structure for table `ec_currencies`
--

CREATE TABLE `ec_currencies` (
  `id` bigint unsigned NOT NULL AUTO_INCREMENT,
  `title` varchar(191) COLLATE utf8mb4_unicode_ci NOT NULL,
  `symbol` varchar(10) COLLATE utf8mb4_unicode_ci NOT NULL,
  `is_prefix_symbol` tinyint unsigned NOT NULL DEFAULT '0',
  `decimals` tinyint unsigned DEFAULT '0',
  `number_format_style` varchar(50) COLLATE utf8mb4_unicode_ci NOT NULL DEFAULT 'western',
  `space_between_price_and_currency` tinyint(1) NOT NULL DEFAULT '0',
  `order` int unsigned DEFAULT '0',
  `is_default` tinyint NOT NULL DEFAULT '0',
  `exchange_rate` double NOT NULL DEFAULT '1',
  `created_at` timestamp NULL DEFAULT NULL,
  `updated_at` timestamp NULL DEFAULT NULL,
  PRIMARY KEY (`id`)
) ENGINE=InnoDB AUTO_INCREMENT=5 DEFAULT CHARSET=utf8mb4 COLLATE=utf8mb4_unicode_ci;

--
-- Dumping data for table `ec_currencies`
--

INSERT INTO `ec_currencies` VALUES (1,'USD','$',1,2,'western',0,0,1,1,'2026-03-06 01:42:25','2026-03-06 01:42:25'),(2,'EUR','€',0,2,'western',0,1,0,0.84,'2026-03-06 01:42:25','2026-03-06 01:42:25'),(3,'VND','₫',0,0,'western',0,2,0,23203,'2026-03-06 01:42:25','2026-03-06 01:42:25'),(4,'NGN','₦',1,2,'western',0,2,0,895.52,'2026-03-06 01:42:25','2026-03-06 01:42:25');

--
-- Table structure for table `ec_customer_addresses`
--

CREATE TABLE `ec_customer_addresses` (
  `id` bigint unsigned NOT NULL AUTO_INCREMENT,
  `name` varchar(191) COLLATE utf8mb4_unicode_ci NOT NULL,
  `email` varchar(60) COLLATE utf8mb4_unicode_ci DEFAULT NULL,
  `phone` varchar(20) COLLATE utf8mb4_unicode_ci DEFAULT NULL,
  `country` varchar(120) COLLATE utf8mb4_unicode_ci DEFAULT NULL,
  `state` varchar(120) COLLATE utf8mb4_unicode_ci DEFAULT NULL,
  `city` varchar(120) COLLATE utf8mb4_unicode_ci DEFAULT NULL,
  `address` varchar(191) COLLATE utf8mb4_unicode_ci DEFAULT NULL,
  `customer_id` bigint unsigned NOT NULL,
  `is_default` tinyint unsigned NOT NULL DEFAULT '0',
  `created_at` timestamp NULL DEFAULT NULL,
  `updated_at` timestamp NULL DEFAULT NULL,
  `zip_code` varchar(20) COLLATE utf8mb4_unicode_ci DEFAULT NULL,
  PRIMARY KEY (`id`)
) ENGINE=InnoDB AUTO_INCREMENT=13 DEFAULT CHARSET=utf8mb4 COLLATE=utf8mb4_unicode_ci;

--
-- Dumping data for table `ec_customer_addresses`
--

INSERT INTO `ec_customer_addresses` VALUES (1,'Michael Green','customer@botble.com','+15556853744','AU','Washington','Tokyo','789 Pine St',1,1,'2026-03-06 01:42:50','2026-03-06 01:42:50','10001'),(2,'Michael Green','customer@botble.com','+15558874566','AU','California','Melbourne','789 Pine St',1,0,'2026-03-06 01:42:50','2026-03-06 01:42:50','30003'),(3,'Sarah Black','vendor@botble.com','+15555266912','AU','Texas','Berlin','456 Elm St',2,1,'2026-03-06 01:42:50','2026-03-06 01:42:50','20002'),(4,'Sarah Black','vendor@botble.com','+15553132686','US','New York','Paris','789 Pine St',2,0,'2026-03-06 01:42:50','2026-03-06 01:42:50','20002'),(5,'Michael Green','customer_1@example.com','+15552689814','VN','Florida','London','123 Main St',3,1,'2026-03-06 01:42:50','2026-03-06 01:42:50','50005'),(6,'Sarah Black','customer_2@example.com','+15557645673','US','Washington','Melbourne','101 Oak St',4,1,'2026-03-06 01:42:50','2026-03-06 01:42:50','40004'),(7,'Chris Mint','customer_3@example.com','+15551070577','JP','Florida','Hanoi','202 Maple St',5,1,'2026-03-06 01:42:51','2026-03-06 01:42:51','50005'),(8,'Michael Green','customer_4@example.com','+15557655322','KR','California','London','123 Main St',6,1,'2026-03-06 01:42:51','2026-03-06 01:42:51','20002'),(9,'Michael Green','customer_5@example.com','+15552102080','UK','New York','Paris','789 Pine St',7,1,'2026-03-06 01:42:51','2026-03-06 01:42:51','40004'),(10,'Anna Orange','customer_6@example.com','+15557145021','AU','New York','New York','202 Maple St',8,1,'2026-03-06 01:42:51','2026-03-06 01:42:51','10001'),(11,'Sarah Black','customer_7@example.com','+15558518142','KR','California','Hanoi','202 Maple St',9,1,'2026-03-06 01:42:52','2026-03-06 01:42:52','10001'),(12,'Chris Mint','customer_8@example.com','+15554122807','KR','Texas','Paris','202 Maple St',10,1,'2026-03-06 01:42:52','2026-03-06 01:42:52','30003');

--
-- Table structure for table `ec_customer_recently_viewed_products`
--

CREATE TABLE `ec_customer_recently_viewed_products` (
  `customer_id` bigint unsigned NOT NULL,
  `product_id` bigint unsigned NOT NULL,
  PRIMARY KEY (`customer_id`,`product_id`)
) ENGINE=InnoDB DEFAULT CHARSET=utf8mb4 COLLATE=utf8mb4_unicode_ci;

--
-- Dumping data for table `ec_customer_recently_viewed_products`
--


--
-- Table structure for table `ec_customer_used_coupons`
--

CREATE TABLE `ec_customer_used_coupons` (
  `discount_id` bigint unsigned NOT NULL,
  `customer_id` bigint unsigned NOT NULL,
  PRIMARY KEY (`discount_id`,`customer_id`)
) ENGINE=InnoDB DEFAULT CHARSET=utf8mb4 COLLATE=utf8mb4_unicode_ci;

--
-- Dumping data for table `ec_customer_used_coupons`
--


--
-- Table structure for table `ec_discount_customers`
--

CREATE TABLE `ec_discount_customers` (
  `discount_id` bigint unsigned NOT NULL,
  `customer_id` bigint unsigned NOT NULL,
  PRIMARY KEY (`discount_id`,`customer_id`)
) ENGINE=InnoDB DEFAULT CHARSET=utf8mb4 COLLATE=utf8mb4_unicode_ci;

--
-- Dumping data for table `ec_discount_customers`
--


--
-- Table structure for table `ec_discount_product_categories`
--

CREATE TABLE `ec_discount_product_categories` (
  `discount_id` bigint unsigned NOT NULL,
  `product_category_id` bigint unsigned NOT NULL,
  PRIMARY KEY (`discount_id`,`product_category_id`)
) ENGINE=InnoDB DEFAULT CHARSET=utf8mb4 COLLATE=utf8mb4_unicode_ci;

--
-- Dumping data for table `ec_discount_product_categories`
--


--
-- Table structure for table `ec_discount_product_collections`
--

CREATE TABLE `ec_discount_product_collections` (
  `discount_id` bigint unsigned NOT NULL,
  `product_collection_id` bigint unsigned NOT NULL,
  PRIMARY KEY (`discount_id`,`product_collection_id`)
) ENGINE=InnoDB DEFAULT CHARSET=utf8mb4 COLLATE=utf8mb4_unicode_ci;

--
-- Dumping data for table `ec_discount_product_collections`
--


--
-- Table structure for table `ec_discount_products`
--

CREATE TABLE `ec_discount_products` (
  `discount_id` bigint unsigned NOT NULL,
  `product_id` bigint unsigned NOT NULL,
  PRIMARY KEY (`discount_id`,`product_id`)
) ENGINE=InnoDB DEFAULT CHARSET=utf8mb4 COLLATE=utf8mb4_unicode_ci;

--
-- Dumping data for table `ec_discount_products`
--


--
-- Table structure for table `ec_discounts`
--

CREATE TABLE `ec_discounts` (
  `id` bigint unsigned NOT NULL AUTO_INCREMENT,
  `title` varchar(120) COLLATE utf8mb4_unicode_ci DEFAULT NULL,
  `code` varchar(20) COLLATE utf8mb4_unicode_ci DEFAULT NULL,
  `start_date` datetime DEFAULT NULL,
  `end_date` datetime DEFAULT NULL,
  `quantity` int DEFAULT NULL,
  `total_used` int unsigned NOT NULL DEFAULT '0',
  `value` double DEFAULT NULL,
  `type` varchar(60) COLLATE utf8mb4_unicode_ci DEFAULT 'coupon',
  `can_use_with_promotion` tinyint(1) NOT NULL DEFAULT '0',
  `can_use_with_flash_sale` tinyint(1) NOT NULL DEFAULT '0',
  `discount_on` varchar(20) COLLATE utf8mb4_unicode_ci DEFAULT NULL,
  `product_quantity` int unsigned DEFAULT NULL,
  `type_option` varchar(100) COLLATE utf8mb4_unicode_ci NOT NULL DEFAULT 'amount',
  `target` varchar(100) COLLATE utf8mb4_unicode_ci NOT NULL DEFAULT 'all-orders',
  `min_order_price` decimal(15,2) DEFAULT NULL,
  `apply_via_url` tinyint(1) NOT NULL DEFAULT '0',
  `display_at_checkout` tinyint(1) NOT NULL DEFAULT '0',
  `created_at` timestamp NULL DEFAULT NULL,
  `updated_at` timestamp NULL DEFAULT NULL,
  `description` varchar(400) COLLATE utf8mb4_unicode_ci DEFAULT NULL,
  `store_id` bigint unsigned DEFAULT NULL,
  PRIMARY KEY (`id`),
  UNIQUE KEY `ec_discounts_code_unique` (`code`),
  KEY `ec_discounts_store_id_index` (`store_id`)
) ENGINE=InnoDB AUTO_INCREMENT=11 DEFAULT CHARSET=utf8mb4 COLLATE=utf8mb4_unicode_ci;

--
-- Dumping data for table `ec_discounts`
--

INSERT INTO `ec_discounts` VALUES (1,'Discount 1','KJHYFFDVIAT5','2026-03-05 08:42:54','2026-03-21 08:42:54',NULL,0,10,'coupon',0,0,NULL,NULL,'percentage','all-orders',NULL,0,1,'2026-03-06 01:42:54','2026-03-06 01:42:54',NULL,NULL),(2,'Discount 2','WSKOESJF1OL9','2026-03-05 08:42:54',NULL,NULL,0,50,'coupon',0,0,NULL,NULL,'amount','all-orders',NULL,0,1,'2026-03-06 01:42:54','2026-03-06 01:42:54',NULL,NULL),(3,'Discount 3','XM8YYVVKGF2S','2026-03-05 08:42:54','2026-03-13 08:42:54',NULL,0,25,'coupon',0,0,NULL,NULL,'percentage','all-orders',NULL,0,1,'2026-03-06 01:42:54','2026-03-06 01:42:54',NULL,NULL),(4,'Discount 4','XEHJAJVWYNU3','2026-03-05 08:42:54',NULL,NULL,0,100,'coupon',0,0,NULL,NULL,'amount','all-orders',NULL,0,1,'2026-03-06 01:42:54','2026-03-06 01:42:54',NULL,NULL),(5,'Discount 5','D1LRX1F9IZ55','2026-03-05 08:42:54','2026-03-26 08:42:54',NULL,0,50,'coupon',0,0,NULL,NULL,'percentage','all-orders',NULL,0,1,'2026-03-06 01:42:54','2026-03-06 01:42:54',NULL,NULL),(6,'Discount 6','JUB8O0ZFMBXP','2026-03-05 08:42:54','2026-03-16 08:42:54',NULL,0,200,'coupon',0,0,NULL,NULL,'amount','all-orders',NULL,0,1,'2026-03-06 01:42:54','2026-03-06 01:42:54',NULL,NULL),(7,'Discount 7','ZNZR1ZIC9Z7F','2026-03-05 08:42:54',NULL,NULL,0,15,'coupon',0,0,NULL,NULL,'percentage','all-orders',NULL,0,1,'2026-03-06 01:42:54','2026-03-06 01:42:54',NULL,NULL),(8,'Discount 8','HWZH3HUISGD5','2026-03-05 08:42:54','2026-04-05 08:42:54',NULL,0,500,'coupon',0,0,NULL,NULL,'amount','all-orders',NULL,0,1,'2026-03-06 01:42:54','2026-03-06 01:42:54',NULL,NULL),(9,'Discount 9','IXAYETN3RVQC','2026-03-05 08:42:54','2026-03-11 08:42:54',NULL,0,75,'coupon',0,0,NULL,NULL,'percentage','all-orders',NULL,0,1,'2026-03-06 01:42:54','2026-03-06 01:42:54',NULL,NULL),(10,'Discount 10','NL8MOD3CBJXL','2026-03-05 08:42:54',NULL,NULL,0,150,'coupon',0,0,NULL,NULL,'amount','all-orders',NULL,0,1,'2026-03-06 01:42:54','2026-03-06 01:42:54',NULL,NULL);

--
-- Table structure for table `ec_flash_sale_products`
--

CREATE TABLE `ec_flash_sale_products` (
  `flash_sale_id` bigint unsigned NOT NULL,
  `product_id` bigint unsigned NOT NULL,
  `price` double unsigned DEFAULT NULL,
  `quantity` int unsigned DEFAULT NULL,
  `sold` int unsigned NOT NULL DEFAULT '0',
  KEY `ec_flash_sale_products_product_id_flash_sale_id_index` (`product_id`,`flash_sale_id`)
) ENGINE=InnoDB DEFAULT CHARSET=utf8mb4 COLLATE=utf8mb4_unicode_ci;

--
-- Dumping data for table `ec_flash_sale_products`
--

INSERT INTO `ec_flash_sale_products` VALUES (1,1,1330.335,11,5),(1,2,92.5536,17,5),(1,3,696.789,17,5),(1,4,633.55005,13,1),(1,5,420.703,16,2),(1,6,318.435,16,2),(1,7,39.7768,20,5),(1,8,372.173802,20,4),(1,9,547.1851,15,5),(1,10,135.785,18,2);

--
-- Table structure for table `ec_flash_sales`
--

CREATE TABLE `ec_flash_sales` (
  `id` bigint unsigned NOT NULL AUTO_INCREMENT,
  `name` varchar(191) COLLATE utf8mb4_unicode_ci NOT NULL,
  `end_date` datetime NOT NULL,
  `status` varchar(60) COLLATE utf8mb4_unicode_ci NOT NULL DEFAULT 'published',
  `created_at` timestamp NULL DEFAULT NULL,
  `updated_at` timestamp NULL DEFAULT NULL,
  PRIMARY KEY (`id`)
) ENGINE=InnoDB AUTO_INCREMENT=2 DEFAULT CHARSET=utf8mb4 COLLATE=utf8mb4_unicode_ci;

--
-- Dumping data for table `ec_flash_sales`
--

INSERT INTO `ec_flash_sales` VALUES (1,'Winter Sale','2026-12-06 00:00:00','published','2026-03-06 01:42:54','2026-03-06 01:42:54');

--
-- Table structure for table `ec_flash_sales_translations`
--

CREATE TABLE `ec_flash_sales_translations` (
  `lang_code` varchar(191) COLLATE utf8mb4_unicode_ci NOT NULL,
  `ec_flash_sales_id` bigint unsigned NOT NULL,
  `name` varchar(191) COLLATE utf8mb4_unicode_ci DEFAULT NULL,
  PRIMARY KEY (`lang_code`,`ec_flash_sales_id`),
  KEY `idx_flash_sales_fk` (`ec_flash_sales_id`),
  KEY `idx_flash_sales_flash_sales_lang` (`ec_flash_sales_id`,`lang_code`)
) ENGINE=InnoDB DEFAULT CHARSET=utf8mb4 COLLATE=utf8mb4_unicode_ci;

--
-- Dumping data for table `ec_flash_sales_translations`
--


--
-- Table structure for table `ec_global_option_value`
--

CREATE TABLE `ec_global_option_value` (
  `id` bigint unsigned NOT NULL AUTO_INCREMENT,
  `option_id` bigint unsigned NOT NULL COMMENT 'option id',
  `option_value` tinytext COLLATE utf8mb4_unicode_ci COMMENT 'option value',
  `affect_price` double DEFAULT NULL COMMENT 'value of price of this option affect',
  `order` int NOT NULL DEFAULT '9999',
  `affect_type` tinyint NOT NULL DEFAULT '0' COMMENT '0. fixed 1. percent',
  `created_at` timestamp NULL DEFAULT NULL,
  `updated_at` timestamp NULL DEFAULT NULL,
  PRIMARY KEY (`id`)
) ENGINE=InnoDB AUTO_INCREMENT=13 DEFAULT CHARSET=utf8mb4 COLLATE=utf8mb4_unicode_ci;

--
-- Dumping data for table `ec_global_option_value`
--

INSERT INTO `ec_global_option_value` VALUES (1,1,'1 Year',0,9999,0,'2026-03-06 01:43:00','2026-03-06 01:43:00'),(2,1,'2 Year',10,9999,0,'2026-03-06 01:43:00','2026-03-06 01:43:00'),(3,1,'3 Year',20,9999,0,'2026-03-06 01:43:00','2026-03-06 01:43:00'),(4,2,'4GB',0,9999,0,'2026-03-06 01:43:00','2026-03-06 01:43:00'),(5,2,'8GB',10,9999,0,'2026-03-06 01:43:00','2026-03-06 01:43:00'),(6,2,'16GB',20,9999,0,'2026-03-06 01:43:00','2026-03-06 01:43:00'),(7,3,'Core i5',0,9999,0,'2026-03-06 01:43:00','2026-03-06 01:43:00'),(8,3,'Core i7',10,9999,0,'2026-03-06 01:43:00','2026-03-06 01:43:00'),(9,3,'Core i9',20,9999,0,'2026-03-06 01:43:00','2026-03-06 01:43:00'),(10,4,'128GB',0,9999,0,'2026-03-06 01:43:00','2026-03-06 01:43:00'),(11,4,'256GB',10,9999,0,'2026-03-06 01:43:00','2026-03-06 01:43:00'),(12,4,'512GB',20,9999,0,'2026-03-06 01:43:00','2026-03-06 01:43:00');

--
-- Table structure for table `ec_global_option_value_translations`
--

CREATE TABLE `ec_global_option_value_translations` (
  `lang_code` varchar(191) COLLATE utf8mb4_unicode_ci NOT NULL,
  `ec_global_option_value_id` bigint unsigned NOT NULL,
  `option_value` varchar(191) COLLATE utf8mb4_unicode_ci DEFAULT NULL,
  PRIMARY KEY (`lang_code`,`ec_global_option_value_id`),
  KEY `idx_global_option_value_fk` (`ec_global_option_value_id`),
  KEY `idx_global_option_value_global_option_value_lang` (`ec_global_option_value_id`,`lang_code`)
) ENGINE=InnoDB DEFAULT CHARSET=utf8mb4 COLLATE=utf8mb4_unicode_ci;

--
-- Dumping data for table `ec_global_option_value_translations`
--


--
-- Table structure for table `ec_global_options`
--

CREATE TABLE `ec_global_options` (
  `id` bigint unsigned NOT NULL AUTO_INCREMENT,
  `name` varchar(191) COLLATE utf8mb4_unicode_ci NOT NULL COMMENT 'Name of options',
  `option_type` varchar(191) COLLATE utf8mb4_unicode_ci NOT NULL COMMENT 'option type',
  `required` tinyint(1) NOT NULL DEFAULT '0' COMMENT 'Checked if this option is required',
  `price_per_product` tinyint(1) NOT NULL DEFAULT '0',
  `created_at` timestamp NULL DEFAULT NULL,
  `updated_at` timestamp NULL DEFAULT NULL,
  PRIMARY KEY (`id`)
) ENGINE=InnoDB AUTO_INCREMENT=5 DEFAULT CHARSET=utf8mb4 COLLATE=utf8mb4_unicode_ci;

--
-- Dumping data for table `ec_global_options`
--

INSERT INTO `ec_global_options` VALUES (1,'Warranty','Botble\\Ecommerce\\Option\\OptionType\\RadioButton',1,0,'2026-03-06 01:43:00','2026-03-06 01:43:00'),(2,'RAM','Botble\\Ecommerce\\Option\\OptionType\\RadioButton',1,0,'2026-03-06 01:43:00','2026-03-06 01:43:00'),(3,'CPU','Botble\\Ecommerce\\Option\\OptionType\\RadioButton',1,0,'2026-03-06 01:43:00','2026-03-06 01:43:00'),(4,'HDD','Botble\\Ecommerce\\Option\\OptionType\\Dropdown',0,0,'2026-03-06 01:43:00','2026-03-06 01:43:00');

--
-- Table structure for table `ec_global_options_translations`
--

CREATE TABLE `ec_global_options_translations` (
  `lang_code` varchar(191) COLLATE utf8mb4_unicode_ci NOT NULL,
  `ec_global_options_id` bigint unsigned NOT NULL,
  `name` varchar(191) COLLATE utf8mb4_unicode_ci DEFAULT NULL,
  PRIMARY KEY (`lang_code`,`ec_global_options_id`),
  KEY `idx_global_options_fk` (`ec_global_options_id`),
  KEY `idx_global_options_global_options_lang` (`ec_global_options_id`,`lang_code`)
) ENGINE=InnoDB DEFAULT CHARSET=utf8mb4 COLLATE=utf8mb4_unicode_ci;

--
-- Dumping data for table `ec_global_options_translations`
--


--
-- Table structure for table `ec_grouped_products`
--

CREATE TABLE `ec_grouped_products` (
  `id` bigint unsigned NOT NULL AUTO_INCREMENT,
  `parent_product_id` bigint unsigned NOT NULL,
  `product_id` bigint unsigned NOT NULL,
  `fixed_qty` int NOT NULL DEFAULT '1',
  PRIMARY KEY (`id`)
) ENGINE=InnoDB DEFAULT CHARSET=utf8mb4 COLLATE=utf8mb4_unicode_ci;

--
-- Dumping data for table `ec_grouped_products`
--


--
-- Table structure for table `ec_invoice_item_tax_components`
--

CREATE TABLE `ec_invoice_item_tax_components` (
  `id` bigint unsigned NOT NULL AUTO_INCREMENT,
  `invoice_item_id` bigint unsigned NOT NULL,
  `name` varchar(191) COLLATE utf8mb4_unicode_ci NOT NULL,
  `code` varchar(50) COLLATE utf8mb4_unicode_ci NOT NULL,
  `rate` decimal(8,4) NOT NULL DEFAULT '0.0000',
  `amount` decimal(15,2) NOT NULL DEFAULT '0.00',
  `jurisdiction` varchar(191) COLLATE utf8mb4_unicode_ci DEFAULT NULL,
  `metadata` json DEFAULT NULL,
  `created_at` timestamp NULL DEFAULT NULL,
  `updated_at` timestamp NULL DEFAULT NULL,
  PRIMARY KEY (`id`),
  KEY `idx_iitc_invoice_item` (`invoice_item_id`),
  CONSTRAINT `ec_invoice_item_tax_components_invoice_item_id_foreign` FOREIGN KEY (`invoice_item_id`) REFERENCES `ec_invoice_items` (`id`) ON DELETE CASCADE
) ENGINE=InnoDB DEFAULT CHARSET=utf8mb4 COLLATE=utf8mb4_unicode_ci;

--
-- Dumping data for table `ec_invoice_item_tax_components`
--


--
-- Table structure for table `ec_invoice_items`
--

CREATE TABLE `ec_invoice_items` (
  `id` bigint unsigned NOT NULL AUTO_INCREMENT,
  `invoice_id` bigint unsigned NOT NULL,
  `reference_type` varchar(191) COLLATE utf8mb4_unicode_ci NOT NULL,
  `reference_id` bigint unsigned NOT NULL,
  `name` varchar(191) COLLATE utf8mb4_unicode_ci NOT NULL,
  `description` varchar(400) COLLATE utf8mb4_unicode_ci DEFAULT NULL,
  `image` varchar(191) COLLATE utf8mb4_unicode_ci DEFAULT NULL,
  `qty` int unsigned NOT NULL,
  `price` decimal(15,2) NOT NULL DEFAULT '0.00',
  `sub_total` decimal(15,2) unsigned NOT NULL,
  `tax_amount` decimal(15,2) unsigned NOT NULL DEFAULT '0.00',
  `discount_amount` decimal(15,2) unsigned NOT NULL DEFAULT '0.00',
  `amount` decimal(15,2) unsigned NOT NULL,
  `options` text COLLATE utf8mb4_unicode_ci,
  `created_at` timestamp NULL DEFAULT NULL,
  `updated_at` timestamp NULL DEFAULT NULL,
  PRIMARY KEY (`id`),
  KEY `ec_invoice_items_reference_type_reference_id_index` (`reference_type`,`reference_id`)
) ENGINE=InnoDB DEFAULT CHARSET=utf8mb4 COLLATE=utf8mb4_unicode_ci;

--
-- Dumping data for table `ec_invoice_items`
--


--
-- Table structure for table `ec_invoices`
--

CREATE TABLE `ec_invoices` (
  `id` bigint unsigned NOT NULL AUTO_INCREMENT,
  `reference_type` varchar(191) COLLATE utf8mb4_unicode_ci NOT NULL,
  `reference_id` bigint unsigned NOT NULL,
  `code` varchar(191) COLLATE utf8mb4_unicode_ci NOT NULL,
  `customer_name` varchar(191) COLLATE utf8mb4_unicode_ci DEFAULT NULL,
  `company_name` varchar(191) COLLATE utf8mb4_unicode_ci DEFAULT NULL,
  `company_logo` varchar(191) COLLATE utf8mb4_unicode_ci DEFAULT NULL,
  `customer_email` varchar(191) COLLATE utf8mb4_unicode_ci DEFAULT NULL,
  `customer_phone` varchar(191) COLLATE utf8mb4_unicode_ci DEFAULT NULL,
  `customer_address` varchar(191) COLLATE utf8mb4_unicode_ci DEFAULT NULL,
  `customer_country` varchar(191) COLLATE utf8mb4_unicode_ci DEFAULT NULL,
  `customer_state` varchar(191) COLLATE utf8mb4_unicode_ci DEFAULT NULL,
  `customer_city` varchar(191) COLLATE utf8mb4_unicode_ci DEFAULT NULL,
  `customer_zip_code` varchar(191) COLLATE utf8mb4_unicode_ci DEFAULT NULL,
  `customer_address_line` varchar(191) COLLATE utf8mb4_unicode_ci DEFAULT NULL,
  `customer_tax_id` varchar(191) COLLATE utf8mb4_unicode_ci DEFAULT NULL,
  `sub_total` decimal(15,2) unsigned NOT NULL,
  `tax_amount` decimal(15,2) DEFAULT '0.00',
  `shipping_amount` decimal(15,2) unsigned NOT NULL DEFAULT '0.00',
  `shipping_tax_amount` decimal(15,2) DEFAULT '0.00',
  `payment_fee` decimal(15,2) DEFAULT '0.00',
  `discount_amount` decimal(15,2) unsigned NOT NULL DEFAULT '0.00',
  `shipping_option` varchar(60) COLLATE utf8mb4_unicode_ci DEFAULT NULL,
  `shipping_method` varchar(60) COLLATE utf8mb4_unicode_ci NOT NULL DEFAULT 'default',
  `coupon_code` varchar(120) COLLATE utf8mb4_unicode_ci DEFAULT NULL,
  `discount_description` varchar(191) COLLATE utf8mb4_unicode_ci DEFAULT NULL,
  `amount` decimal(15,2) unsigned NOT NULL,
  `description` text COLLATE utf8mb4_unicode_ci,
  `payment_id` bigint unsigned DEFAULT NULL,
  `status` varchar(191) COLLATE utf8mb4_unicode_ci NOT NULL DEFAULT 'pending',
  `paid_at` timestamp NULL DEFAULT NULL,
  `created_at` timestamp NULL DEFAULT NULL,
  `updated_at` timestamp NULL DEFAULT NULL,
  PRIMARY KEY (`id`),
  UNIQUE KEY `ec_invoices_code_unique` (`code`),
  KEY `ec_invoices_reference_type_reference_id_index` (`reference_type`,`reference_id`),
  KEY `ec_invoices_payment_id_index` (`payment_id`),
  KEY `ec_invoices_status_index` (`status`),
  KEY `ec_invoices_reference_id_reference_type_index` (`reference_id`,`reference_type`)
) ENGINE=InnoDB DEFAULT CHARSET=utf8mb4 COLLATE=utf8mb4_unicode_ci;

--
-- Dumping data for table `ec_invoices`
--


--
-- Table structure for table `ec_option_value`
--

CREATE TABLE `ec_option_value` (
  `id` bigint unsigned NOT NULL AUTO_INCREMENT,
  `option_id` bigint unsigned NOT NULL COMMENT 'option id',
  `option_value` tinytext COLLATE utf8mb4_unicode_ci COMMENT 'option value',
  `affect_price` double DEFAULT NULL COMMENT 'value of price of this option affect',
  `order` int NOT NULL DEFAULT '9999',
  `affect_type` tinyint NOT NULL DEFAULT '0' COMMENT '0. fixed 1. percent',
  `created_at` timestamp NULL DEFAULT NULL,
  `updated_at` timestamp NULL DEFAULT NULL,
  PRIMARY KEY (`id`)
) ENGINE=InnoDB DEFAULT CHARSET=utf8mb4 COLLATE=utf8mb4_unicode_ci;

--
-- Dumping data for table `ec_option_value`
--


--
-- Table structure for table `ec_option_value_translations`
--

CREATE TABLE `ec_option_value_translations` (
  `lang_code` varchar(191) COLLATE utf8mb4_unicode_ci NOT NULL,
  `ec_option_value_id` bigint unsigned NOT NULL,
  `option_value` varchar(191) COLLATE utf8mb4_unicode_ci DEFAULT NULL,
  PRIMARY KEY (`lang_code`,`ec_option_value_id`),
  KEY `idx_option_value_fk` (`ec_option_value_id`),
  KEY `idx_option_value_option_value_lang` (`ec_option_value_id`,`lang_code`)
) ENGINE=InnoDB DEFAULT CHARSET=utf8mb4 COLLATE=utf8mb4_unicode_ci;

--
-- Dumping data for table `ec_option_value_translations`
--


--
-- Table structure for table `ec_options`
--

CREATE TABLE `ec_options` (
  `id` bigint unsigned NOT NULL AUTO_INCREMENT,
  `name` varchar(191) COLLATE utf8mb4_unicode_ci NOT NULL COMMENT 'Name of options',
  `option_type` varchar(191) COLLATE utf8mb4_unicode_ci DEFAULT NULL COMMENT 'option type',
  `product_id` bigint unsigned NOT NULL DEFAULT '0',
  `order` int NOT NULL DEFAULT '9999',
  `required` tinyint(1) NOT NULL DEFAULT '0' COMMENT 'Checked if this option is required',
  `price_per_product` tinyint(1) NOT NULL DEFAULT '0',
  `created_at` timestamp NULL DEFAULT NULL,
  `updated_at` timestamp NULL DEFAULT NULL,
  PRIMARY KEY (`id`)
) ENGINE=InnoDB DEFAULT CHARSET=utf8mb4 COLLATE=utf8mb4_unicode_ci;

--
-- Dumping data for table `ec_options`
--


--
-- Table structure for table `ec_options_translations`
--

CREATE TABLE `ec_options_translations` (
  `lang_code` varchar(191) COLLATE utf8mb4_unicode_ci NOT NULL,
  `ec_options_id` bigint unsigned NOT NULL,
  `name` varchar(191) COLLATE utf8mb4_unicode_ci DEFAULT NULL,
  PRIMARY KEY (`lang_code`,`ec_options_id`),
  KEY `idx_options_fk` (`ec_options_id`),
  KEY `idx_options_options_lang` (`ec_options_id`,`lang_code`)
) ENGINE=InnoDB DEFAULT CHARSET=utf8mb4 COLLATE=utf8mb4_unicode_ci;

--
-- Dumping data for table `ec_options_translations`
--


--
-- Table structure for table `ec_order_addresses`
--

CREATE TABLE `ec_order_addresses` (
  `id` bigint unsigned NOT NULL AUTO_INCREMENT,
  `name` varchar(191) COLLATE utf8mb4_unicode_ci NOT NULL,
  `phone` varchar(20) COLLATE utf8mb4_unicode_ci DEFAULT NULL,
  `email` varchar(191) COLLATE utf8mb4_unicode_ci DEFAULT NULL,
  `country` varchar(120) COLLATE utf8mb4_unicode_ci DEFAULT NULL,
  `state` varchar(120) COLLATE utf8mb4_unicode_ci DEFAULT NULL,
  `city` varchar(120) COLLATE utf8mb4_unicode_ci DEFAULT NULL,
  `address` varchar(191) COLLATE utf8mb4_unicode_ci DEFAULT NULL,
  `order_id` bigint unsigned NOT NULL,
  `zip_code` varchar(20) COLLATE utf8mb4_unicode_ci DEFAULT NULL,
  `type` varchar(60) COLLATE utf8mb4_unicode_ci NOT NULL DEFAULT 'shipping_address',
  PRIMARY KEY (`id`),
  UNIQUE KEY `ec_order_addresses_order_id_type_unique` (`order_id`,`type`)
) ENGINE=InnoDB DEFAULT CHARSET=utf8mb4 COLLATE=utf8mb4_unicode_ci;

--
-- Dumping data for table `ec_order_addresses`
--


--
-- Table structure for table `ec_order_histories`
--

CREATE TABLE `ec_order_histories` (
  `id` bigint unsigned NOT NULL AUTO_INCREMENT,
  `action` varchar(120) COLLATE utf8mb4_unicode_ci NOT NULL,
  `description` varchar(400) COLLATE utf8mb4_unicode_ci DEFAULT NULL,
  `user_id` bigint unsigned DEFAULT NULL,
  `order_id` bigint unsigned NOT NULL,
  `extras` text COLLATE utf8mb4_unicode_ci,
  `created_at` timestamp NULL DEFAULT NULL,
  `updated_at` timestamp NULL DEFAULT NULL,
  PRIMARY KEY (`id`)
) ENGINE=InnoDB DEFAULT CHARSET=utf8mb4 COLLATE=utf8mb4_unicode_ci;

--
-- Dumping data for table `ec_order_histories`
--


--
-- Table structure for table `ec_order_metadata`
--

CREATE TABLE `ec_order_metadata` (
  `id` bigint unsigned NOT NULL AUTO_INCREMENT,
  `order_id` bigint unsigned NOT NULL,
  `meta_key` varchar(191) COLLATE utf8mb4_unicode_ci NOT NULL,
  `meta_value` text COLLATE utf8mb4_unicode_ci,
  `created_at` timestamp NULL DEFAULT NULL,
  `updated_at` timestamp NULL DEFAULT NULL,
  PRIMARY KEY (`id`),
  KEY `ec_order_metadata_order_id_meta_key_index` (`order_id`,`meta_key`),
  KEY `ec_order_metadata_order_id_index` (`order_id`)
) ENGINE=InnoDB DEFAULT CHARSET=utf8mb4 COLLATE=utf8mb4_unicode_ci;

--
-- Dumping data for table `ec_order_metadata`
--


--
-- Table structure for table `ec_order_product`
--

CREATE TABLE `ec_order_product` (
  `id` bigint unsigned NOT NULL AUTO_INCREMENT,
  `order_id` bigint unsigned NOT NULL,
  `qty` int NOT NULL,
  `price` decimal(15,2) NOT NULL,
  `tax_amount` decimal(15,2) DEFAULT '0.00',
  `tax_breakdown` json DEFAULT NULL,
  `options` text COLLATE utf8mb4_unicode_ci,
  `product_options` text COLLATE utf8mb4_unicode_ci COMMENT 'product option data',
  `product_id` bigint unsigned DEFAULT NULL,
  `product_name` varchar(191) COLLATE utf8mb4_unicode_ci NOT NULL,
  `product_image` varchar(191) COLLATE utf8mb4_unicode_ci DEFAULT NULL,
  `weight` double DEFAULT '0',
  `restock_quantity` int unsigned DEFAULT '0',
  `created_at` timestamp NULL DEFAULT NULL,
  `updated_at` timestamp NULL DEFAULT NULL,
  `product_type` varchar(60) COLLATE utf8mb4_unicode_ci NOT NULL DEFAULT 'physical',
  `times_downloaded` int NOT NULL DEFAULT '0',
  `license_code` text COLLATE utf8mb4_unicode_ci,
  `downloaded_at` timestamp NULL DEFAULT NULL,
  PRIMARY KEY (`id`),
  KEY `ec_order_product_order_id_product_id_index` (`order_id`,`product_id`)
) ENGINE=InnoDB DEFAULT CHARSET=utf8mb4 COLLATE=utf8mb4_unicode_ci;

--
-- Dumping data for table `ec_order_product`
--


--
-- Table structure for table `ec_order_product_tax_components`
--

CREATE TABLE `ec_order_product_tax_components` (
  `id` bigint unsigned NOT NULL AUTO_INCREMENT,
  `order_product_id` bigint unsigned NOT NULL,
  `name` varchar(191) COLLATE utf8mb4_unicode_ci NOT NULL,
  `code` varchar(50) COLLATE utf8mb4_unicode_ci NOT NULL,
  `rate` decimal(8,4) NOT NULL DEFAULT '0.0000',
  `amount` decimal(15,2) NOT NULL DEFAULT '0.00',
  `jurisdiction` varchar(191) COLLATE utf8mb4_unicode_ci DEFAULT NULL,
  `metadata` json DEFAULT NULL,
  `created_at` timestamp NULL DEFAULT NULL,
  `updated_at` timestamp NULL DEFAULT NULL,
  PRIMARY KEY (`id`),
  KEY `idx_opt_order_product` (`order_product_id`),
  KEY `idx_opt_order_product_code` (`order_product_id`,`code`)
) ENGINE=InnoDB DEFAULT CHARSET=utf8mb4 COLLATE=utf8mb4_unicode_ci;

--
-- Dumping data for table `ec_order_product_tax_components`
--


--
-- Table structure for table `ec_order_referrals`
--

CREATE TABLE `ec_order_referrals` (
  `id` bigint unsigned NOT NULL AUTO_INCREMENT,
  `ip` varchar(39) COLLATE utf8mb4_unicode_ci DEFAULT NULL,
  `landing_domain` varchar(191) COLLATE utf8mb4_unicode_ci DEFAULT NULL,
  `landing_page` varchar(191) COLLATE utf8mb4_unicode_ci DEFAULT NULL,
  `landing_params` varchar(191) COLLATE utf8mb4_unicode_ci DEFAULT NULL,
  `referral` varchar(191) COLLATE utf8mb4_unicode_ci DEFAULT NULL,
  `gclid` varchar(191) COLLATE utf8mb4_unicode_ci DEFAULT NULL,
  `fclid` varchar(191) COLLATE utf8mb4_unicode_ci DEFAULT NULL,
  `utm_source` varchar(191) COLLATE utf8mb4_unicode_ci DEFAULT NULL,
  `utm_campaign` varchar(191) COLLATE utf8mb4_unicode_ci DEFAULT NULL,
  `utm_medium` varchar(191) COLLATE utf8mb4_unicode_ci DEFAULT NULL,
  `utm_term` varchar(191) COLLATE utf8mb4_unicode_ci DEFAULT NULL,
  `utm_content` varchar(191) COLLATE utf8mb4_unicode_ci DEFAULT NULL,
  `referrer_url` text COLLATE utf8mb4_unicode_ci,
  `referrer_domain` varchar(191) COLLATE utf8mb4_unicode_ci DEFAULT NULL,
  `order_id` bigint unsigned DEFAULT NULL,
  `created_at` timestamp NULL DEFAULT NULL,
  `updated_at` timestamp NULL DEFAULT NULL,
  PRIMARY KEY (`id`),
  KEY `ec_order_referrals_order_id_index` (`order_id`)
) ENGINE=InnoDB DEFAULT CHARSET=utf8mb4 COLLATE=utf8mb4_unicode_ci;

--
-- Dumping data for table `ec_order_referrals`
--


--
-- Table structure for table `ec_order_return_histories`
--

CREATE TABLE `ec_order_return_histories` (
  `id` bigint unsigned NOT NULL AUTO_INCREMENT,
  `user_id` bigint unsigned DEFAULT NULL,
  `order_return_id` bigint unsigned NOT NULL,
  `action` varchar(191) COLLATE utf8mb4_unicode_ci NOT NULL,
  `description` varchar(400) COLLATE utf8mb4_unicode_ci DEFAULT NULL,
  `reason` varchar(191) COLLATE utf8mb4_unicode_ci DEFAULT NULL,
  `created_at` timestamp NULL DEFAULT NULL,
  `updated_at` timestamp NULL DEFAULT NULL,
  PRIMARY KEY (`id`)
) ENGINE=InnoDB DEFAULT CHARSET=utf8mb4 COLLATE=utf8mb4_unicode_ci;

--
-- Dumping data for table `ec_order_return_histories`
--


--
-- Table structure for table `ec_order_return_items`
--

CREATE TABLE `ec_order_return_items` (
  `id` bigint unsigned NOT NULL AUTO_INCREMENT,
  `order_return_id` bigint unsigned NOT NULL COMMENT 'Order return id',
  `order_product_id` bigint unsigned NOT NULL COMMENT 'Order product id',
  `product_id` bigint unsigned NOT NULL COMMENT 'Product id',
  `product_name` varchar(191) COLLATE utf8mb4_unicode_ci NOT NULL,
  `product_image` varchar(191) COLLATE utf8mb4_unicode_ci DEFAULT NULL,
  `qty` int NOT NULL COMMENT 'Quantity return',
  `price` decimal(15,2) NOT NULL COMMENT 'Price Product',
  `reason` text COLLATE utf8mb4_unicode_ci,
  `created_at` timestamp NULL DEFAULT NULL,
  `updated_at` timestamp NULL DEFAULT NULL,
  `refund_amount` decimal(12,2) DEFAULT '0.00',
  PRIMARY KEY (`id`)
) ENGINE=InnoDB DEFAULT CHARSET=utf8mb4 COLLATE=utf8mb4_unicode_ci;

--
-- Dumping data for table `ec_order_return_items`
--


--
-- Table structure for table `ec_order_returns`
--

CREATE TABLE `ec_order_returns` (
  `id` bigint unsigned NOT NULL AUTO_INCREMENT,
  `code` varchar(191) COLLATE utf8mb4_unicode_ci DEFAULT NULL,
  `order_id` bigint unsigned NOT NULL COMMENT 'Order ID',
  `store_id` bigint unsigned DEFAULT NULL COMMENT 'Store ID',
  `user_id` bigint unsigned NOT NULL COMMENT 'Customer ID',
  `reason` text COLLATE utf8mb4_unicode_ci COMMENT 'Reason return order',
  `images` json DEFAULT NULL,
  `order_status` varchar(191) COLLATE utf8mb4_unicode_ci DEFAULT NULL COMMENT 'Order current status',
  `return_status` varchar(191) COLLATE utf8mb4_unicode_ci NOT NULL COMMENT 'Return status',
  `created_at` timestamp NULL DEFAULT NULL,
  `updated_at` timestamp NULL DEFAULT NULL,
  PRIMARY KEY (`id`),
  UNIQUE KEY `ec_order_returns_code_unique` (`code`)
) ENGINE=InnoDB DEFAULT CHARSET=utf8mb4 COLLATE=utf8mb4_unicode_ci;

--
-- Dumping data for table `ec_order_returns`
--


--
-- Table structure for table `ec_order_tax_information`
--

CREATE TABLE `ec_order_tax_information` (
  `id` bigint unsigned NOT NULL AUTO_INCREMENT,
  `order_id` bigint unsigned NOT NULL,
  `company_name` varchar(120) COLLATE utf8mb4_unicode_ci NOT NULL,
  `company_address` varchar(191) COLLATE utf8mb4_unicode_ci NOT NULL,
  `company_tax_code` varchar(20) COLLATE utf8mb4_unicode_ci NOT NULL,
  `company_email` varchar(60) COLLATE utf8mb4_unicode_ci NOT NULL,
  `created_at` timestamp NULL DEFAULT NULL,
  `updated_at` timestamp NULL DEFAULT NULL,
  PRIMARY KEY (`id`),
  KEY `ec_order_tax_information_order_id_index` (`order_id`)
) ENGINE=InnoDB DEFAULT CHARSET=utf8mb4 COLLATE=utf8mb4_unicode_ci;

--
-- Dumping data for table `ec_order_tax_information`
--


--
-- Table structure for table `ec_product_attribute_sets`
--

CREATE TABLE `ec_product_attribute_sets` (
  `id` bigint unsigned NOT NULL AUTO_INCREMENT,
  `title` varchar(120) COLLATE utf8mb4_unicode_ci NOT NULL,
  `slug` varchar(120) COLLATE utf8mb4_unicode_ci DEFAULT NULL,
  `display_layout` varchar(191) COLLATE utf8mb4_unicode_ci NOT NULL DEFAULT 'dropdown',
  `is_searchable` tinyint unsigned NOT NULL DEFAULT '1',
  `is_comparable` tinyint unsigned NOT NULL DEFAULT '1',
  `is_use_in_product_listing` tinyint unsigned NOT NULL DEFAULT '0',
  `status` varchar(60) COLLATE utf8mb4_unicode_ci NOT NULL DEFAULT 'published',
  `order` tinyint unsigned NOT NULL DEFAULT '0',
  `created_at` timestamp NULL DEFAULT NULL,
  `updated_at` timestamp NULL DEFAULT NULL,
  `use_image_from_product_variation` tinyint unsigned NOT NULL DEFAULT '0',
  PRIMARY KEY (`id`),
  KEY `idx_order_id` (`order`,`id`)
) ENGINE=InnoDB AUTO_INCREMENT=3 DEFAULT CHARSET=utf8mb4 COLLATE=utf8mb4_unicode_ci;

--
-- Dumping data for table `ec_product_attribute_sets`
--

INSERT INTO `ec_product_attribute_sets` VALUES (1,'Color','color','visual',1,1,1,'published',0,'2026-03-06 01:42:27','2026-03-06 01:42:27',0),(2,'Size','size','text',1,1,1,'published',1,'2026-03-06 01:42:27','2026-03-06 01:42:27',0);

--
-- Table structure for table `ec_product_attribute_sets_translations`
--

CREATE TABLE `ec_product_attribute_sets_translations` (
  `lang_code` varchar(191) COLLATE utf8mb4_unicode_ci NOT NULL,
  `ec_product_attribute_sets_id` bigint unsigned NOT NULL,
  `title` varchar(191) COLLATE utf8mb4_unicode_ci DEFAULT NULL,
  PRIMARY KEY (`lang_code`,`ec_product_attribute_sets_id`),
  KEY `idx_product_attribute_sets_fk` (`ec_product_attribute_sets_id`),
  KEY `idx_product_attribute_sets_product_attribute_sets_lang` (`ec_product_attribute_sets_id`,`lang_code`)
) ENGINE=InnoDB DEFAULT CHARSET=utf8mb4 COLLATE=utf8mb4_unicode_ci;

--
-- Dumping data for table `ec_product_attribute_sets_translations`
--


--
-- Table structure for table `ec_product_attributes`
--

CREATE TABLE `ec_product_attributes` (
  `id` bigint unsigned NOT NULL AUTO_INCREMENT,
  `attribute_set_id` bigint unsigned NOT NULL,
  `title` varchar(120) COLLATE utf8mb4_unicode_ci NOT NULL,
  `slug` varchar(120) COLLATE utf8mb4_unicode_ci DEFAULT NULL,
  `color` varchar(120) COLLATE utf8mb4_unicode_ci DEFAULT NULL,
  `image` varchar(191) COLLATE utf8mb4_unicode_ci DEFAULT NULL,
  `is_default` tinyint unsigned NOT NULL DEFAULT '0',
  `order` tinyint unsigned NOT NULL DEFAULT '0',
  `created_at` timestamp NULL DEFAULT NULL,
  `updated_at` timestamp NULL DEFAULT NULL,
  PRIMARY KEY (`id`),
  KEY `attribute_set_status_index` (`attribute_set_id`),
  KEY `idx_attribute_set_id` (`attribute_set_id`),
  KEY `idx_attribute_set_order_id` (`attribute_set_id`,`order`,`id`)
) ENGINE=InnoDB AUTO_INCREMENT=11 DEFAULT CHARSET=utf8mb4 COLLATE=utf8mb4_unicode_ci;

--
-- Dumping data for table `ec_product_attributes`
--

INSERT INTO `ec_product_attributes` VALUES (1,1,'Green','green','#5FB7D4',NULL,1,1,'2026-03-06 01:42:27','2026-03-06 01:42:27'),(2,1,'Blue','blue','#333333',NULL,0,2,'2026-03-06 01:42:27','2026-03-06 01:42:27'),(3,1,'Red','red','#DA323F',NULL,0,3,'2026-03-06 01:42:27','2026-03-06 01:42:27'),(4,1,'Black','black','#2F366C',NULL,0,4,'2026-03-06 01:42:27','2026-03-06 01:42:27'),(5,1,'Brown','brown','#87554B',NULL,0,5,'2026-03-06 01:42:27','2026-03-06 01:42:27'),(6,2,'S','s',NULL,NULL,1,1,'2026-03-06 01:42:27','2026-03-06 01:42:27'),(7,2,'M','m',NULL,NULL,0,2,'2026-03-06 01:42:27','2026-03-06 01:42:27'),(8,2,'L','l',NULL,NULL,0,3,'2026-03-06 01:42:27','2026-03-06 01:42:27'),(9,2,'XL','xl',NULL,NULL,0,4,'2026-03-06 01:42:27','2026-03-06 01:42:27'),(10,2,'XXL','xxl',NULL,NULL,0,5,'2026-03-06 01:42:27','2026-03-06 01:42:27');

--
-- Table structure for table `ec_product_attributes_translations`
--

CREATE TABLE `ec_product_attributes_translations` (
  `lang_code` varchar(191) COLLATE utf8mb4_unicode_ci NOT NULL,
  `ec_product_attributes_id` bigint unsigned NOT NULL,
  `title` varchar(191) COLLATE utf8mb4_unicode_ci DEFAULT NULL,
  PRIMARY KEY (`lang_code`,`ec_product_attributes_id`),
  KEY `idx_product_attributes_fk` (`ec_product_attributes_id`),
  KEY `idx_product_attributes_product_attributes_lang` (`ec_product_attributes_id`,`lang_code`)
) ENGINE=InnoDB DEFAULT CHARSET=utf8mb4 COLLATE=utf8mb4_unicode_ci;

--
-- Dumping data for table `ec_product_attributes_translations`
--


--
-- Table structure for table `ec_product_categories`
--

CREATE TABLE `ec_product_categories` (
  `id` bigint unsigned NOT NULL AUTO_INCREMENT,
  `name` varchar(191) COLLATE utf8mb4_unicode_ci NOT NULL,
  `slug` varchar(191) COLLATE utf8mb4_unicode_ci DEFAULT NULL,
  `parent_id` bigint unsigned NOT NULL DEFAULT '0',
  `description` mediumtext COLLATE utf8mb4_unicode_ci,
  `status` varchar(60) COLLATE utf8mb4_unicode_ci NOT NULL DEFAULT 'published',
  `order` int unsigned NOT NULL DEFAULT '0',
  `image` varchar(191) COLLATE utf8mb4_unicode_ci DEFAULT NULL,
  `is_featured` tinyint unsigned NOT NULL DEFAULT '0',
  `created_at` timestamp NULL DEFAULT NULL,
  `updated_at` timestamp NULL DEFAULT NULL,
  `icon` varchar(191) COLLATE utf8mb4_unicode_ci DEFAULT NULL,
  `icon_image` varchar(191) COLLATE utf8mb4_unicode_ci DEFAULT NULL,
  PRIMARY KEY (`id`),
  KEY `ec_product_categories_parent_id_status_created_at_index` (`parent_id`,`status`,`created_at`),
  KEY `ec_product_categories_parent_id_status_index` (`parent_id`,`status`),
  KEY `idx_categories_status_order` (`status`,`order`),
  KEY `idx_categories_order` (`order`),
  KEY `ec_product_categories_slug_index` (`slug`),
  KEY `idx_ec_product_categories_status` (`status`),
  KEY `idx_ec_product_categories_parent_id` (`parent_id`),
  KEY `idx_ec_product_categories_status_parent_order` (`status`,`parent_id`,`order`),
  KEY `idx_ec_product_categories_is_featured` (`is_featured`),
  KEY `idx_ec_product_categories_name` (`name`),
  KEY `idx_ec_product_categories_slug` (`slug`)
) ENGINE=InnoDB AUTO_INCREMENT=38 DEFAULT CHARSET=utf8mb4 COLLATE=utf8mb4_unicode_ci;

--
-- Dumping data for table `ec_product_categories`
--

INSERT INTO `ec_product_categories` VALUES (1,'Hot Promotions','hot-promotions',0,NULL,'published',0,NULL,0,'2026-03-06 01:42:26','2026-03-06 01:42:26','icon-star',NULL),(2,'Electronics','electronics',0,NULL,'published',1,'product-categories/1.jpg',1,'2026-03-06 01:42:26','2026-03-06 01:42:26','icon-laundry',NULL),(3,'Consumer Electronic','consumer-electronic',2,NULL,'published',0,NULL,0,'2026-03-06 01:42:26','2026-03-06 01:42:26',NULL,NULL),(4,'Home Audio & Theaters','home-audio-theaters',3,NULL,'published',0,NULL,0,'2026-03-06 01:42:26','2026-03-06 01:42:26',NULL,NULL),(5,'TV & Videos','tv-videos',3,NULL,'published',1,NULL,0,'2026-03-06 01:42:26','2026-03-06 01:42:26',NULL,NULL),(6,'Camera, Photos & Videos','camera-photos-videos',3,NULL,'published',2,NULL,0,'2026-03-06 01:42:26','2026-03-06 01:42:26',NULL,NULL),(7,'Cellphones & Accessories','cellphones-accessories',3,NULL,'published',3,NULL,0,'2026-03-06 01:42:26','2026-03-06 01:42:26',NULL,NULL),(8,'Headphones','headphones',3,NULL,'published',4,NULL,0,'2026-03-06 01:42:26','2026-03-06 01:42:26',NULL,NULL),(9,'Videos games','videos-games',3,NULL,'published',5,NULL,0,'2026-03-06 01:42:26','2026-03-06 01:42:26',NULL,NULL),(10,'Wireless Speakers','wireless-speakers',3,NULL,'published',6,NULL,0,'2026-03-06 01:42:26','2026-03-06 01:42:26',NULL,NULL),(11,'Office Electronic','office-electronic',3,NULL,'published',7,NULL,0,'2026-03-06 01:42:26','2026-03-06 01:42:26',NULL,NULL),(12,'Accessories & Parts','accessories-parts',2,NULL,'published',1,NULL,0,'2026-03-06 01:42:26','2026-03-06 01:42:26',NULL,NULL),(13,'Digital Cables','digital-cables',12,NULL,'published',0,NULL,0,'2026-03-06 01:42:26','2026-03-06 01:42:26',NULL,NULL),(14,'Audio & Video Cables','audio-video-cables',12,NULL,'published',1,NULL,0,'2026-03-06 01:42:26','2026-03-06 01:42:26',NULL,NULL),(15,'Batteries','batteries',12,NULL,'published',2,NULL,0,'2026-03-06 01:42:26','2026-03-06 01:42:26',NULL,NULL),(16,'Clothing','clothing',0,NULL,'published',2,'product-categories/2.jpg',1,'2026-03-06 01:42:26','2026-03-06 01:42:26','icon-shirt',NULL),(17,'Computers','computers',0,NULL,'published',3,'product-categories/3.jpg',1,'2026-03-06 01:42:26','2026-03-06 01:42:26','icon-desktop',NULL),(18,'Computer & Technologies','computer-technologies',17,NULL,'published',0,NULL,0,'2026-03-06 01:42:26','2026-03-06 01:42:26',NULL,NULL),(19,'Computer & Tablets','computer-tablets',18,NULL,'published',0,NULL,0,'2026-03-06 01:42:26','2026-03-06 01:42:26',NULL,NULL),(20,'Laptop','laptop',18,NULL,'published',1,NULL,0,'2026-03-06 01:42:26','2026-03-06 01:42:26',NULL,NULL),(21,'Monitors','monitors',18,NULL,'published',2,NULL,0,'2026-03-06 01:42:26','2026-03-06 01:42:26',NULL,NULL),(22,'Computer Components','computer-components',18,NULL,'published',3,NULL,0,'2026-03-06 01:42:26','2026-03-06 01:42:26',NULL,NULL),(23,'Networking','networking',17,NULL,'published',1,NULL,0,'2026-03-06 01:42:26','2026-03-06 01:42:26',NULL,NULL),(24,'Drive & Storages','drive-storages',23,NULL,'published',0,NULL,0,'2026-03-06 01:42:26','2026-03-06 01:42:26',NULL,NULL),(25,'Gaming Laptop','gaming-laptop',23,NULL,'published',1,NULL,0,'2026-03-06 01:42:26','2026-03-06 01:42:26',NULL,NULL),(26,'Security & Protection','security-protection',23,NULL,'published',2,NULL,0,'2026-03-06 01:42:26','2026-03-06 01:42:26',NULL,NULL),(27,'Accessories','accessories',23,NULL,'published',3,NULL,0,'2026-03-06 01:42:26','2026-03-06 01:42:26',NULL,NULL),(28,'Home & Kitchen','home-kitchen',0,NULL,'published',4,'product-categories/4.jpg',1,'2026-03-06 01:42:26','2026-03-06 01:42:26','icon-lampshade',NULL),(29,'Health & Beauty','health-beauty',0,NULL,'published',5,'product-categories/5.jpg',1,'2026-03-06 01:42:26','2026-03-06 01:42:26','icon-heart-pulse',NULL),(30,'Jewelry & Watch','jewelry-watch',0,NULL,'published',6,'product-categories/6.jpg',1,'2026-03-06 01:42:26','2026-03-06 01:42:26','icon-diamond2',NULL),(31,'Technology Toys','technology-toys',0,NULL,'published',7,'product-categories/7.jpg',1,'2026-03-06 01:42:26','2026-03-06 01:42:26','icon-desktop',NULL),(32,'Phones','phones',0,NULL,'published',8,'product-categories/8.jpg',1,'2026-03-06 01:42:26','2026-03-06 01:42:26','icon-smartphone',NULL),(33,'Babies & Moms','babies-moms',0,NULL,'published',9,NULL,0,'2026-03-06 01:42:26','2026-03-06 01:42:26','icon-baby-bottle',NULL),(34,'Sport & Outdoor','sport-outdoor',0,NULL,'published',10,NULL,0,'2026-03-06 01:42:26','2026-03-06 01:42:26','icon-baseball',NULL),(35,'Books & Office','books-office',0,NULL,'published',11,NULL,0,'2026-03-06 01:42:26','2026-03-06 01:42:26','icon-book2',NULL),(36,'Cars & Motorcycles','cars-motorcycles',0,NULL,'published',12,NULL,0,'2026-03-06 01:42:26','2026-03-06 01:42:26','icon-car-siren',NULL),(37,'Home Improvements','home-improvements',0,NULL,'published',13,NULL,0,'2026-03-06 01:42:26','2026-03-06 01:42:26','icon-wrench',NULL);

--
-- Table structure for table `ec_product_categories_translations`
--

CREATE TABLE `ec_product_categories_translations` (
  `lang_code` varchar(191) COLLATE utf8mb4_unicode_ci NOT NULL,
  `ec_product_categories_id` bigint unsigned NOT NULL,
  `name` varchar(191) COLLATE utf8mb4_unicode_ci DEFAULT NULL,
  `slug` varchar(191) COLLATE utf8mb4_unicode_ci DEFAULT NULL,
  `description` mediumtext COLLATE utf8mb4_unicode_ci,
  PRIMARY KEY (`lang_code`,`ec_product_categories_id`),
  KEY `idx_product_categories_fk` (`ec_product_categories_id`),
  KEY `idx_product_categories_product_categories_lang` (`ec_product_categories_id`,`lang_code`)
) ENGINE=InnoDB DEFAULT CHARSET=utf8mb4 COLLATE=utf8mb4_unicode_ci;

--
-- Dumping data for table `ec_product_categories_translations`
--


--
-- Table structure for table `ec_product_categorizables`
--

CREATE TABLE `ec_product_categorizables` (
  `category_id` bigint unsigned NOT NULL,
  `reference_id` bigint unsigned NOT NULL,
  `reference_type` varchar(120) COLLATE utf8mb4_unicode_ci NOT NULL,
  PRIMARY KEY (`category_id`,`reference_id`,`reference_type`),
  KEY `ec_product_categorizables_category_id_index` (`category_id`),
  KEY `ec_product_categorizables_reference_id_index` (`reference_id`),
  KEY `ec_product_categorizables_reference_type_index` (`reference_type`)
) ENGINE=InnoDB DEFAULT CHARSET=utf8mb4 COLLATE=utf8mb4_unicode_ci;

--
-- Dumping data for table `ec_product_categorizables`
--


--
-- Table structure for table `ec_product_category_product`
--

CREATE TABLE `ec_product_category_product` (
  `category_id` bigint unsigned NOT NULL,
  `product_id` bigint unsigned NOT NULL,
  PRIMARY KEY (`product_id`,`category_id`),
  KEY `ec_product_category_product_category_id_index` (`category_id`),
  KEY `ec_product_category_product_product_id_index` (`product_id`),
  KEY `idx_product_category` (`product_id`,`category_id`),
  KEY `idx_product_id_category_id` (`product_id`,`category_id`),
  KEY `idx_product_category_composite` (`product_id`,`category_id`)
) ENGINE=InnoDB DEFAULT CHARSET=utf8mb4 COLLATE=utf8mb4_unicode_ci;

--
-- Dumping data for table `ec_product_category_product`
--

INSERT INTO `ec_product_category_product` VALUES (1,1),(1,8),(1,13),(1,27),(1,33),(1,48),(1,49),(1,52),(1,54),(2,5),(2,8),(2,11),(2,13),(2,17),(2,22),(2,23),(2,39),(2,48),(2,51),(3,28),(3,33),(3,46),(4,6),(4,10),(4,21),(4,27),(4,29),(4,32),(4,38),(4,48),(5,3),(5,8),(5,14),(5,25),(5,27),(5,35),(5,46),(6,4),(6,14),(6,16),(6,26),(6,53),(7,4),(7,10),(7,12),(7,35),(7,46),(7,49),(7,52),(8,2),(8,13),(8,20),(8,29),(8,35),(8,39),(8,42),(8,44),(9,21),(9,31),(9,44),(9,51),(10,36),(10,39),(10,53),(11,1),(11,14),(11,18),(11,34),(11,36),(11,37),(12,2),(12,15),(12,17),(12,31),(12,42),(13,11),(13,20),(13,30),(13,38),(13,46),(13,47),(13,50),(14,24),(14,37),(14,54),(15,26),(15,29),(15,43),(15,44),(15,47),(16,5),(16,6),(16,7),(16,8),(16,9),(16,16),(16,20),(16,24),(16,34),(16,40),(16,43),(16,51),(17,2),(17,10),(17,25),(18,1),(18,18),(18,41),(18,50),(19,20),(19,22),(19,26),(19,32),(19,53),(20,14),(20,19),(20,23),(20,32),(20,33),(20,36),(20,52),(21,3),(21,5),(21,6),(21,9),(21,11),(21,50),(21,53),(22,2),(22,30),(22,31),(22,54),(23,7),(23,9),(23,22),(23,38),(23,40),(23,41),(24,12),(24,18),(24,28),(24,29),(24,37),(24,38),(24,41),(25,1),(25,3),(25,32),(25,40),(26,15),(26,33),(26,45),(27,25),(27,40),(27,47),(28,11),(28,19),(28,28),(28,34),(28,42),(28,45),(28,48),(29,4),(29,5),(29,7),(29,16),(29,19),(29,49),(29,50),(30,4),(30,13),(30,15),(30,24),(30,34),(30,41),(30,43),(31,12),(31,15),(31,16),(31,26),(31,27),(31,45),(31,49),(31,52),(32,10),(32,30),(32,51),(33,17),(33,23),(33,44),(34,7),(34,18),(34,22),(34,24),(34,37),(34,54),(35,6),(35,12),(35,21),(35,25),(35,31),(35,35),(35,39),(35,42),(35,43),(35,47),(36,3),(36,21),(36,45),(37,9),(37,17),(37,19),(37,23),(37,28),(37,30),(37,36);

--
-- Table structure for table `ec_product_collection_products`
--

CREATE TABLE `ec_product_collection_products` (
  `product_collection_id` bigint unsigned NOT NULL,
  `product_id` bigint unsigned NOT NULL,
  PRIMARY KEY (`product_id`,`product_collection_id`),
  KEY `ec_product_collection_products_product_collection_id_index` (`product_collection_id`),
  KEY `ec_product_collection_products_product_id_index` (`product_id`),
  KEY `idx_product_id_collection_id` (`product_id`,`product_collection_id`)
) ENGINE=InnoDB DEFAULT CHARSET=utf8mb4 COLLATE=utf8mb4_unicode_ci;

--
-- Dumping data for table `ec_product_collection_products`
--

INSERT INTO `ec_product_collection_products` VALUES (1,11),(1,12),(1,13),(1,22),(1,29),(1,31),(1,34),(1,36),(1,38),(1,49),(1,51),(1,52),(1,53),(2,2),(2,6),(2,7),(2,10),(2,16),(2,20),(2,21),(2,25),(2,26),(2,30),(2,33),(2,40),(2,44),(2,45),(2,46),(2,48),(2,50),(3,1),(3,3),(3,4),(3,5),(3,8),(3,9),(3,14),(3,15),(3,17),(3,18),(3,19),(3,23),(3,24),(3,27),(3,28),(3,32),(3,35),(3,37),(3,39),(3,41),(3,42),(3,43),(3,47),(3,54);

--
-- Table structure for table `ec_product_collections`
--

CREATE TABLE `ec_product_collections` (
  `id` bigint unsigned NOT NULL AUTO_INCREMENT,
  `name` varchar(191) COLLATE utf8mb4_unicode_ci NOT NULL,
  `slug` varchar(191) COLLATE utf8mb4_unicode_ci NOT NULL,
  `description` varchar(400) COLLATE utf8mb4_unicode_ci DEFAULT NULL,
  `image` varchar(191) COLLATE utf8mb4_unicode_ci DEFAULT NULL,
  `status` varchar(60) COLLATE utf8mb4_unicode_ci NOT NULL DEFAULT 'published',
  `created_at` timestamp NULL DEFAULT NULL,
  `updated_at` timestamp NULL DEFAULT NULL,
  `is_featured` tinyint unsigned NOT NULL DEFAULT '0',
  PRIMARY KEY (`id`)
) ENGINE=InnoDB AUTO_INCREMENT=4 DEFAULT CHARSET=utf8mb4 COLLATE=utf8mb4_unicode_ci;

--
-- Dumping data for table `ec_product_collections`
--

INSERT INTO `ec_product_collections` VALUES (1,'New Arrival','new-arrival',NULL,NULL,'published','2026-03-06 01:42:26','2026-03-06 01:42:26',0),(2,'Best Sellers','best-sellers',NULL,NULL,'published','2026-03-06 01:42:26','2026-03-06 01:42:26',0),(3,'Special Offer','special-offer',NULL,NULL,'published','2026-03-06 01:42:26','2026-03-06 01:42:26',0);

--
-- Table structure for table `ec_product_collections_translations`
--

CREATE TABLE `ec_product_collections_translations` (
  `lang_code` varchar(191) COLLATE utf8mb4_unicode_ci NOT NULL,
  `ec_product_collections_id` bigint unsigned NOT NULL,
  `name` varchar(191) COLLATE utf8mb4_unicode_ci DEFAULT NULL,
  `description` varchar(400) COLLATE utf8mb4_unicode_ci DEFAULT NULL,
  PRIMARY KEY (`lang_code`,`ec_product_collections_id`),
  KEY `idx_product_collections_fk` (`ec_product_collections_id`),
  KEY `idx_product_collections_product_collections_lang` (`ec_product_collections_id`,`lang_code`)
) ENGINE=InnoDB DEFAULT CHARSET=utf8mb4 COLLATE=utf8mb4_unicode_ci;

--
-- Dumping data for table `ec_product_collections_translations`
--


--
-- Table structure for table `ec_product_cross_sale_relations`
--

CREATE TABLE `ec_product_cross_sale_relations` (
  `from_product_id` bigint unsigned NOT NULL,
  `to_product_id` bigint unsigned NOT NULL,
  `is_variant` tinyint(1) NOT NULL DEFAULT '0',
  `price` decimal(15,2) DEFAULT '0.00',
  `price_type` varchar(191) COLLATE utf8mb4_unicode_ci NOT NULL DEFAULT 'fixed',
  `apply_to_all_variations` tinyint(1) NOT NULL DEFAULT '1',
  PRIMARY KEY (`from_product_id`,`to_product_id`),
  KEY `ec_product_cross_sale_relations_from_product_id_index` (`from_product_id`),
  KEY `ec_product_cross_sale_relations_to_product_id_index` (`to_product_id`),
  KEY `idx_product_cross_sale` (`from_product_id`,`to_product_id`)
) ENGINE=InnoDB DEFAULT CHARSET=utf8mb4 COLLATE=utf8mb4_unicode_ci;

--
-- Dumping data for table `ec_product_cross_sale_relations`
--

INSERT INTO `ec_product_cross_sale_relations` VALUES (1,19,0,0.00,'fixed',1),(1,35,0,0.00,'fixed',1),(1,37,0,0.00,'fixed',1),(1,45,0,0.00,'fixed',1),(1,46,0,0.00,'fixed',1),(1,52,0,0.00,'fixed',1),(2,14,0,0.00,'fixed',1),(2,21,0,0.00,'fixed',1),(2,23,0,0.00,'fixed',1),(2,28,0,0.00,'fixed',1),(2,39,0,0.00,'fixed',1),(2,54,0,0.00,'fixed',1),(3,5,0,0.00,'fixed',1),(3,10,0,0.00,'fixed',1),(3,14,0,0.00,'fixed',1),(3,27,0,0.00,'fixed',1),(3,32,0,0.00,'fixed',1),(3,48,0,0.00,'fixed',1),(3,54,0,0.00,'fixed',1),(4,1,0,0.00,'fixed',1),(4,16,0,0.00,'fixed',1),(4,20,0,0.00,'fixed',1),(4,27,0,0.00,'fixed',1),(4,37,0,0.00,'fixed',1),(4,41,0,0.00,'fixed',1),(4,48,0,0.00,'fixed',1),(5,9,0,0.00,'fixed',1),(5,13,0,0.00,'fixed',1),(5,18,0,0.00,'fixed',1),(5,34,0,0.00,'fixed',1),(5,36,0,0.00,'fixed',1),(5,37,0,0.00,'fixed',1),(6,5,0,0.00,'fixed',1),(6,20,0,0.00,'fixed',1),(6,35,0,0.00,'fixed',1),(6,45,0,0.00,'fixed',1),(6,49,0,0.00,'fixed',1),(6,50,0,0.00,'fixed',1),(7,5,0,0.00,'fixed',1),(7,6,0,0.00,'fixed',1),(7,10,0,0.00,'fixed',1),(7,18,0,0.00,'fixed',1),(7,25,0,0.00,'fixed',1),(7,49,0,0.00,'fixed',1),(8,2,0,0.00,'fixed',1),(8,9,0,0.00,'fixed',1),(8,14,0,0.00,'fixed',1),(8,19,0,0.00,'fixed',1),(8,23,0,0.00,'fixed',1),(8,34,0,0.00,'fixed',1),(8,42,0,0.00,'fixed',1),(9,21,0,0.00,'fixed',1),(9,25,0,0.00,'fixed',1),(9,33,0,0.00,'fixed',1),(9,35,0,0.00,'fixed',1),(9,36,0,0.00,'fixed',1),(9,38,0,0.00,'fixed',1),(9,40,0,0.00,'fixed',1),(10,3,0,0.00,'fixed',1),(10,9,0,0.00,'fixed',1),(10,11,0,0.00,'fixed',1),(10,16,0,0.00,'fixed',1),(10,18,0,0.00,'fixed',1),(10,21,0,0.00,'fixed',1),(10,36,0,0.00,'fixed',1),(11,3,0,0.00,'fixed',1),(11,5,0,0.00,'fixed',1),(11,17,0,0.00,'fixed',1),(11,25,0,0.00,'fixed',1),(11,51,0,0.00,'fixed',1),(12,1,0,0.00,'fixed',1),(12,15,0,0.00,'fixed',1),(12,19,0,0.00,'fixed',1),(12,20,0,0.00,'fixed',1),(12,30,0,0.00,'fixed',1),(12,34,0,0.00,'fixed',1),(13,11,0,0.00,'fixed',1),(13,22,0,0.00,'fixed',1),(13,27,0,0.00,'fixed',1),(13,28,0,0.00,'fixed',1),(13,32,0,0.00,'fixed',1),(13,40,0,0.00,'fixed',1),(13,54,0,0.00,'fixed',1),(14,5,0,0.00,'fixed',1),(14,25,0,0.00,'fixed',1),(14,40,0,0.00,'fixed',1),(14,42,0,0.00,'fixed',1),(14,43,0,0.00,'fixed',1),(14,53,0,0.00,'fixed',1),(15,1,0,0.00,'fixed',1),(15,12,0,0.00,'fixed',1),(15,27,0,0.00,'fixed',1),(15,28,0,0.00,'fixed',1),(15,32,0,0.00,'fixed',1),(15,33,0,0.00,'fixed',1),(15,41,0,0.00,'fixed',1),(16,3,0,0.00,'fixed',1),(16,4,0,0.00,'fixed',1),(16,6,0,0.00,'fixed',1),(16,32,0,0.00,'fixed',1),(16,35,0,0.00,'fixed',1),(16,37,0,0.00,'fixed',1),(17,7,0,0.00,'fixed',1),(17,19,0,0.00,'fixed',1),(17,39,0,0.00,'fixed',1),(17,45,0,0.00,'fixed',1),(17,48,0,0.00,'fixed',1),(17,54,0,0.00,'fixed',1),(18,2,0,0.00,'fixed',1),(18,12,0,0.00,'fixed',1),(18,16,0,0.00,'fixed',1),(18,17,0,0.00,'fixed',1),(18,22,0,0.00,'fixed',1),(18,24,0,0.00,'fixed',1),(18,38,0,0.00,'fixed',1),(19,7,0,0.00,'fixed',1),(19,9,0,0.00,'fixed',1),(19,10,0,0.00,'fixed',1),(19,13,0,0.00,'fixed',1),(19,18,0,0.00,'fixed',1),(19,26,0,0.00,'fixed',1),(20,3,0,0.00,'fixed',1),(20,4,0,0.00,'fixed',1),(20,9,0,0.00,'fixed',1),(20,15,0,0.00,'fixed',1),(20,29,0,0.00,'fixed',1),(20,31,0,0.00,'fixed',1),(20,37,0,0.00,'fixed',1),(21,11,0,0.00,'fixed',1),(21,14,0,0.00,'fixed',1),(21,17,0,0.00,'fixed',1),(21,22,0,0.00,'fixed',1),(21,24,0,0.00,'fixed',1),(21,26,0,0.00,'fixed',1),(21,45,0,0.00,'fixed',1),(22,3,0,0.00,'fixed',1),(22,8,0,0.00,'fixed',1),(22,15,0,0.00,'fixed',1),(22,26,0,0.00,'fixed',1),(22,33,0,0.00,'fixed',1),(22,51,0,0.00,'fixed',1),(23,2,0,0.00,'fixed',1),(23,6,0,0.00,'fixed',1),(23,17,0,0.00,'fixed',1),(23,21,0,0.00,'fixed',1),(23,36,0,0.00,'fixed',1),(23,49,0,0.00,'fixed',1),(24,10,0,0.00,'fixed',1),(24,23,0,0.00,'fixed',1),(24,29,0,0.00,'fixed',1),(24,32,0,0.00,'fixed',1),(24,39,0,0.00,'fixed',1),(24,42,0,0.00,'fixed',1),(24,52,0,0.00,'fixed',1),(25,4,0,0.00,'fixed',1),(25,11,0,0.00,'fixed',1),(25,13,0,0.00,'fixed',1),(25,15,0,0.00,'fixed',1),(25,22,0,0.00,'fixed',1),(25,30,0,0.00,'fixed',1),(25,33,0,0.00,'fixed',1),(26,11,0,0.00,'fixed',1),(26,17,0,0.00,'fixed',1),(26,23,0,0.00,'fixed',1),(26,29,0,0.00,'fixed',1),(26,44,0,0.00,'fixed',1),(26,45,0,0.00,'fixed',1),(26,50,0,0.00,'fixed',1),(27,14,0,0.00,'fixed',1),(27,23,0,0.00,'fixed',1),(27,26,0,0.00,'fixed',1),(27,30,0,0.00,'fixed',1),(27,42,0,0.00,'fixed',1),(27,50,0,0.00,'fixed',1),(27,51,0,0.00,'fixed',1),(28,21,0,0.00,'fixed',1),(28,22,0,0.00,'fixed',1),(28,32,0,0.00,'fixed',1),(28,36,0,0.00,'fixed',1),(28,40,0,0.00,'fixed',1),(28,44,0,0.00,'fixed',1),(28,49,0,0.00,'fixed',1),(29,10,0,0.00,'fixed',1),(29,12,0,0.00,'fixed',1),(29,30,0,0.00,'fixed',1),(29,32,0,0.00,'fixed',1),(29,33,0,0.00,'fixed',1),(29,40,0,0.00,'fixed',1),(29,48,0,0.00,'fixed',1),(30,20,0,0.00,'fixed',1),(30,26,0,0.00,'fixed',1),(30,37,0,0.00,'fixed',1),(30,39,0,0.00,'fixed',1),(30,42,0,0.00,'fixed',1),(30,45,0,0.00,'fixed',1),(30,48,0,0.00,'fixed',1),(31,8,0,0.00,'fixed',1),(31,14,0,0.00,'fixed',1),(31,20,0,0.00,'fixed',1),(31,24,0,0.00,'fixed',1),(31,26,0,0.00,'fixed',1),(31,37,0,0.00,'fixed',1),(31,48,0,0.00,'fixed',1),(32,1,0,0.00,'fixed',1),(32,27,0,0.00,'fixed',1),(32,36,0,0.00,'fixed',1),(32,38,0,0.00,'fixed',1),(32,41,0,0.00,'fixed',1),(32,44,0,0.00,'fixed',1),(33,5,0,0.00,'fixed',1),(33,9,0,0.00,'fixed',1),(33,11,0,0.00,'fixed',1),(33,36,0,0.00,'fixed',1),(33,37,0,0.00,'fixed',1),(33,48,0,0.00,'fixed',1),(34,9,0,0.00,'fixed',1),(34,16,0,0.00,'fixed',1),(34,21,0,0.00,'fixed',1),(34,26,0,0.00,'fixed',1),(34,40,0,0.00,'fixed',1),(34,45,0,0.00,'fixed',1),(34,50,0,0.00,'fixed',1),(35,1,0,0.00,'fixed',1),(35,4,0,0.00,'fixed',1),(35,20,0,0.00,'fixed',1),(35,27,0,0.00,'fixed',1),(35,47,0,0.00,'fixed',1),(35,49,0,0.00,'fixed',1),(36,23,0,0.00,'fixed',1),(36,24,0,0.00,'fixed',1),(36,29,0,0.00,'fixed',1),(36,31,0,0.00,'fixed',1),(36,34,0,0.00,'fixed',1),(36,37,0,0.00,'fixed',1),(36,46,0,0.00,'fixed',1),(37,13,0,0.00,'fixed',1),(37,15,0,0.00,'fixed',1),(37,23,0,0.00,'fixed',1),(37,30,0,0.00,'fixed',1),(37,43,0,0.00,'fixed',1),(37,45,0,0.00,'fixed',1),(37,52,0,0.00,'fixed',1),(38,12,0,0.00,'fixed',1),(38,14,0,0.00,'fixed',1),(38,16,0,0.00,'fixed',1),(38,31,0,0.00,'fixed',1),(38,35,0,0.00,'fixed',1),(38,39,0,0.00,'fixed',1),(38,40,0,0.00,'fixed',1),(39,3,0,0.00,'fixed',1),(39,8,0,0.00,'fixed',1),(39,13,0,0.00,'fixed',1),(39,26,0,0.00,'fixed',1),(39,30,0,0.00,'fixed',1),(39,33,0,0.00,'fixed',1),(39,43,0,0.00,'fixed',1),(40,5,0,0.00,'fixed',1),(40,11,0,0.00,'fixed',1),(40,12,0,0.00,'fixed',1),(40,15,0,0.00,'fixed',1),(40,27,0,0.00,'fixed',1),(40,36,0,0.00,'fixed',1),(40,44,0,0.00,'fixed',1),(41,4,0,0.00,'fixed',1),(41,5,0,0.00,'fixed',1),(41,29,0,0.00,'fixed',1),(41,30,0,0.00,'fixed',1),(41,36,0,0.00,'fixed',1),(41,39,0,0.00,'fixed',1),(41,42,0,0.00,'fixed',1),(42,9,0,0.00,'fixed',1),(42,23,0,0.00,'fixed',1),(42,26,0,0.00,'fixed',1),(42,27,0,0.00,'fixed',1),(42,38,0,0.00,'fixed',1),(42,53,0,0.00,'fixed',1),(43,11,0,0.00,'fixed',1),(43,14,0,0.00,'fixed',1),(43,17,0,0.00,'fixed',1),(43,22,0,0.00,'fixed',1),(43,23,0,0.00,'fixed',1),(43,42,0,0.00,'fixed',1),(43,53,0,0.00,'fixed',1),(44,2,0,0.00,'fixed',1),(44,9,0,0.00,'fixed',1),(44,24,0,0.00,'fixed',1),(44,25,0,0.00,'fixed',1),(44,36,0,0.00,'fixed',1),(44,53,0,0.00,'fixed',1),(45,5,0,0.00,'fixed',1),(45,9,0,0.00,'fixed',1),(45,13,0,0.00,'fixed',1),(45,24,0,0.00,'fixed',1),(45,32,0,0.00,'fixed',1),(45,35,0,0.00,'fixed',1),(45,46,0,0.00,'fixed',1),(46,25,0,0.00,'fixed',1),(46,28,0,0.00,'fixed',1),(46,34,0,0.00,'fixed',1),(46,36,0,0.00,'fixed',1),(46,39,0,0.00,'fixed',1),(46,48,0,0.00,'fixed',1),(46,53,0,0.00,'fixed',1),(47,3,0,0.00,'fixed',1),(47,13,0,0.00,'fixed',1),(47,15,0,0.00,'fixed',1),(47,19,0,0.00,'fixed',1),(47,42,0,0.00,'fixed',1),(47,49,0,0.00,'fixed',1),(47,50,0,0.00,'fixed',1),(48,2,0,0.00,'fixed',1),(48,6,0,0.00,'fixed',1),(48,13,0,0.00,'fixed',1),(48,17,0,0.00,'fixed',1),(48,44,0,0.00,'fixed',1),(48,47,0,0.00,'fixed',1),(48,53,0,0.00,'fixed',1),(49,5,0,0.00,'fixed',1),(49,6,0,0.00,'fixed',1),(49,9,0,0.00,'fixed',1),(49,11,0,0.00,'fixed',1),(49,25,0,0.00,'fixed',1),(49,43,0,0.00,'fixed',1),(50,23,0,0.00,'fixed',1),(50,24,0,0.00,'fixed',1),(50,30,0,0.00,'fixed',1),(50,32,0,0.00,'fixed',1),(50,52,0,0.00,'fixed',1),(51,13,0,0.00,'fixed',1),(51,16,0,0.00,'fixed',1),(51,29,0,0.00,'fixed',1),(51,32,0,0.00,'fixed',1),(51,33,0,0.00,'fixed',1),(51,36,0,0.00,'fixed',1),(52,11,0,0.00,'fixed',1),(52,14,0,0.00,'fixed',1),(52,32,0,0.00,'fixed',1),(52,43,0,0.00,'fixed',1),(52,49,0,0.00,'fixed',1),(52,51,0,0.00,'fixed',1),(52,54,0,0.00,'fixed',1),(53,1,0,0.00,'fixed',1),(53,3,0,0.00,'fixed',1),(53,4,0,0.00,'fixed',1),(53,12,0,0.00,'fixed',1),(53,20,0,0.00,'fixed',1),(53,27,0,0.00,'fixed',1),(53,51,0,0.00,'fixed',1),(54,7,0,0.00,'fixed',1),(54,9,0,0.00,'fixed',1),(54,18,0,0.00,'fixed',1),(54,24,0,0.00,'fixed',1),(54,27,0,0.00,'fixed',1),(54,44,0,0.00,'fixed',1);

--
-- Table structure for table `ec_product_files`
--

CREATE TABLE `ec_product_files` (
  `id` bigint unsigned NOT NULL AUTO_INCREMENT,
  `product_id` bigint unsigned DEFAULT NULL,
  `url` varchar(400) COLLATE utf8mb4_unicode_ci DEFAULT NULL,
  `extras` mediumtext COLLATE utf8mb4_unicode_ci,
  `created_at` timestamp NULL DEFAULT NULL,
  `updated_at` timestamp NULL DEFAULT NULL,
  PRIMARY KEY (`id`),
  KEY `ec_product_files_product_id_index` (`product_id`)
) ENGINE=InnoDB AUTO_INCREMENT=37 DEFAULT CHARSET=utf8mb4 COLLATE=utf8mb4_unicode_ci;

--
-- Dumping data for table `ec_product_files`
--

INSERT INTO `ec_product_files` VALUES (1,4,'ecommerce/digital-product-files/4-1.jpg','{\"filename\":\"4-1.jpg\",\"url\":\"ecommerce\\/digital-product-files\\/4-1.jpg\",\"mime_type\":\"image\\/jpeg\",\"size\":9803,\"modified\":\"2026-03-06 08:42:49\",\"name\":\"4-1\",\"extension\":\"jpg\"}','2026-03-06 01:42:49','2026-03-06 01:42:49'),(2,4,'ecommerce/digital-product-files/4-2.jpg','{\"filename\":\"4-2.jpg\",\"url\":\"ecommerce\\/digital-product-files\\/4-2.jpg\",\"mime_type\":\"image\\/jpeg\",\"size\":9803,\"modified\":\"2026-03-06 08:42:49\",\"name\":\"4-2\",\"extension\":\"jpg\"}','2026-03-06 01:42:49','2026-03-06 01:42:49'),(3,8,'ecommerce/digital-product-files/8-1.jpg','{\"filename\":\"8-1.jpg\",\"url\":\"ecommerce\\/digital-product-files\\/8-1.jpg\",\"mime_type\":\"image\\/jpeg\",\"size\":9803,\"modified\":\"2026-03-06 08:42:49\",\"name\":\"8-1\",\"extension\":\"jpg\"}','2026-03-06 01:42:49','2026-03-06 01:42:49'),(4,8,'ecommerce/digital-product-files/8-2.jpg','{\"filename\":\"8-2.jpg\",\"url\":\"ecommerce\\/digital-product-files\\/8-2.jpg\",\"mime_type\":\"image\\/jpeg\",\"size\":9803,\"modified\":\"2026-03-06 08:42:49\",\"name\":\"8-2\",\"extension\":\"jpg\"}','2026-03-06 01:42:49','2026-03-06 01:42:49'),(5,12,'ecommerce/digital-product-files/12-1.jpg','{\"filename\":\"12-1.jpg\",\"url\":\"ecommerce\\/digital-product-files\\/12-1.jpg\",\"mime_type\":\"image\\/jpeg\",\"size\":9803,\"modified\":\"2026-03-06 08:42:49\",\"name\":\"12-1\",\"extension\":\"jpg\"}','2026-03-06 01:42:49','2026-03-06 01:42:49'),(6,12,'ecommerce/digital-product-files/12-2.jpg','{\"filename\":\"12-2.jpg\",\"url\":\"ecommerce\\/digital-product-files\\/12-2.jpg\",\"mime_type\":\"image\\/jpeg\",\"size\":9803,\"modified\":\"2026-03-06 08:42:49\",\"name\":\"12-2\",\"extension\":\"jpg\"}','2026-03-06 01:42:49','2026-03-06 01:42:49'),(7,16,'ecommerce/digital-product-files/16-1.jpg','{\"filename\":\"16-1.jpg\",\"url\":\"ecommerce\\/digital-product-files\\/16-1.jpg\",\"mime_type\":\"image\\/jpeg\",\"size\":9803,\"modified\":\"2026-03-06 08:42:49\",\"name\":\"16-1\",\"extension\":\"jpg\"}','2026-03-06 01:42:49','2026-03-06 01:42:49'),(8,16,'ecommerce/digital-product-files/16-2.jpg','{\"filename\":\"16-2.jpg\",\"url\":\"ecommerce\\/digital-product-files\\/16-2.jpg\",\"mime_type\":\"image\\/jpeg\",\"size\":9803,\"modified\":\"2026-03-06 08:42:49\",\"name\":\"16-2\",\"extension\":\"jpg\"}','2026-03-06 01:42:49','2026-03-06 01:42:49'),(9,20,'ecommerce/digital-product-files/20-1.jpg','{\"filename\":\"20-1.jpg\",\"url\":\"ecommerce\\/digital-product-files\\/20-1.jpg\",\"mime_type\":\"image\\/jpeg\",\"size\":9803,\"modified\":\"2026-03-06 08:42:49\",\"name\":\"20-1\",\"extension\":\"jpg\"}','2026-03-06 01:42:49','2026-03-06 01:42:49'),(10,20,'ecommerce/digital-product-files/20-2.jpg','{\"filename\":\"20-2.jpg\",\"url\":\"ecommerce\\/digital-product-files\\/20-2.jpg\",\"mime_type\":\"image\\/jpeg\",\"size\":9803,\"modified\":\"2026-03-06 08:42:49\",\"name\":\"20-2\",\"extension\":\"jpg\"}','2026-03-06 01:42:49','2026-03-06 01:42:49'),(11,24,'ecommerce/digital-product-files/24-1.jpg','{\"filename\":\"24-1.jpg\",\"url\":\"ecommerce\\/digital-product-files\\/24-1.jpg\",\"mime_type\":\"image\\/jpeg\",\"size\":9803,\"modified\":\"2026-03-06 08:42:49\",\"name\":\"24-1\",\"extension\":\"jpg\"}','2026-03-06 01:42:49','2026-03-06 01:42:49'),(12,24,'ecommerce/digital-product-files/24-2.jpg','{\"filename\":\"24-2.jpg\",\"url\":\"ecommerce\\/digital-product-files\\/24-2.jpg\",\"mime_type\":\"image\\/jpeg\",\"size\":9803,\"modified\":\"2026-03-06 08:42:49\",\"name\":\"24-2\",\"extension\":\"jpg\"}','2026-03-06 01:42:49','2026-03-06 01:42:49'),(13,28,'ecommerce/digital-product-files/28-1.jpg','{\"filename\":\"28-1.jpg\",\"url\":\"ecommerce\\/digital-product-files\\/28-1.jpg\",\"mime_type\":\"image\\/jpeg\",\"size\":9803,\"modified\":\"2026-03-06 08:42:49\",\"name\":\"28-1\",\"extension\":\"jpg\"}','2026-03-06 01:42:49','2026-03-06 01:42:49'),(14,28,'ecommerce/digital-product-files/28-2.jpg','{\"filename\":\"28-2.jpg\",\"url\":\"ecommerce\\/digital-product-files\\/28-2.jpg\",\"mime_type\":\"image\\/jpeg\",\"size\":9803,\"modified\":\"2026-03-06 08:42:49\",\"name\":\"28-2\",\"extension\":\"jpg\"}','2026-03-06 01:42:49','2026-03-06 01:42:49'),(15,32,'ecommerce/digital-product-files/32-1.jpg','{\"filename\":\"32-1.jpg\",\"url\":\"ecommerce\\/digital-product-files\\/32-1.jpg\",\"mime_type\":\"image\\/jpeg\",\"size\":9803,\"modified\":\"2026-03-06 08:42:49\",\"name\":\"32-1\",\"extension\":\"jpg\"}','2026-03-06 01:42:49','2026-03-06 01:42:49'),(16,32,'ecommerce/digital-product-files/32-2.jpg','{\"filename\":\"32-2.jpg\",\"url\":\"ecommerce\\/digital-product-files\\/32-2.jpg\",\"mime_type\":\"image\\/jpeg\",\"size\":9803,\"modified\":\"2026-03-06 08:42:49\",\"name\":\"32-2\",\"extension\":\"jpg\"}','2026-03-06 01:42:49','2026-03-06 01:42:49'),(17,36,'ecommerce/digital-product-files/36-1.jpg','{\"filename\":\"36-1.jpg\",\"url\":\"ecommerce\\/digital-product-files\\/36-1.jpg\",\"mime_type\":\"image\\/jpeg\",\"size\":9803,\"modified\":\"2026-03-06 08:42:49\",\"name\":\"36-1\",\"extension\":\"jpg\"}','2026-03-06 01:42:49','2026-03-06 01:42:49'),(18,36,'ecommerce/digital-product-files/36-2.jpg','{\"filename\":\"36-2.jpg\",\"url\":\"ecommerce\\/digital-product-files\\/36-2.jpg\",\"mime_type\":\"image\\/jpeg\",\"size\":9803,\"modified\":\"2026-03-06 08:42:49\",\"name\":\"36-2\",\"extension\":\"jpg\"}','2026-03-06 01:42:49','2026-03-06 01:42:49'),(19,40,'ecommerce/digital-product-files/40-1.jpg','{\"filename\":\"40-1.jpg\",\"url\":\"ecommerce\\/digital-product-files\\/40-1.jpg\",\"mime_type\":\"image\\/jpeg\",\"size\":9803,\"modified\":\"2026-03-06 08:42:49\",\"name\":\"40-1\",\"extension\":\"jpg\"}','2026-03-06 01:42:49','2026-03-06 01:42:49'),(20,40,'ecommerce/digital-product-files/40-2.jpg','{\"filename\":\"40-2.jpg\",\"url\":\"ecommerce\\/digital-product-files\\/40-2.jpg\",\"mime_type\":\"image\\/jpeg\",\"size\":9803,\"modified\":\"2026-03-06 08:42:49\",\"name\":\"40-2\",\"extension\":\"jpg\"}','2026-03-06 01:42:49','2026-03-06 01:42:49'),(21,44,'ecommerce/digital-product-files/44-1.jpg','{\"filename\":\"44-1.jpg\",\"url\":\"ecommerce\\/digital-product-files\\/44-1.jpg\",\"mime_type\":\"image\\/jpeg\",\"size\":9803,\"modified\":\"2026-03-06 08:42:49\",\"name\":\"44-1\",\"extension\":\"jpg\"}','2026-03-06 01:42:49','2026-03-06 01:42:49'),(22,44,'ecommerce/digital-product-files/44-2.jpg','{\"filename\":\"44-2.jpg\",\"url\":\"ecommerce\\/digital-product-files\\/44-2.jpg\",\"mime_type\":\"image\\/jpeg\",\"size\":9803,\"modified\":\"2026-03-06 08:42:49\",\"name\":\"44-2\",\"extension\":\"jpg\"}','2026-03-06 01:42:49','2026-03-06 01:42:49'),(23,48,'ecommerce/digital-product-files/48-1.jpg','{\"filename\":\"48-1.jpg\",\"url\":\"ecommerce\\/digital-product-files\\/48-1.jpg\",\"mime_type\":\"image\\/jpeg\",\"size\":9803,\"modified\":\"2026-03-06 08:42:49\",\"name\":\"48-1\",\"extension\":\"jpg\"}','2026-03-06 01:42:49','2026-03-06 01:42:49'),(24,48,'ecommerce/digital-product-files/48-2.jpg','{\"filename\":\"48-2.jpg\",\"url\":\"ecommerce\\/digital-product-files\\/48-2.jpg\",\"mime_type\":\"image\\/jpeg\",\"size\":9803,\"modified\":\"2026-03-06 08:42:49\",\"name\":\"48-2\",\"extension\":\"jpg\"}','2026-03-06 01:42:49','2026-03-06 01:42:49'),(25,52,'ecommerce/digital-product-files/52-1.jpg','{\"filename\":\"52-1.jpg\",\"url\":\"ecommerce\\/digital-product-files\\/52-1.jpg\",\"mime_type\":\"image\\/jpeg\",\"size\":9803,\"modified\":\"2026-03-06 08:42:49\",\"name\":\"52-1\",\"extension\":\"jpg\"}','2026-03-06 01:42:49','2026-03-06 01:42:49'),(26,52,'ecommerce/digital-product-files/52-2.jpg','{\"filename\":\"52-2.jpg\",\"url\":\"ecommerce\\/digital-product-files\\/52-2.jpg\",\"mime_type\":\"image\\/jpeg\",\"size\":9803,\"modified\":\"2026-03-06 08:42:49\",\"name\":\"52-2\",\"extension\":\"jpg\"}','2026-03-06 01:42:49','2026-03-06 01:42:49'),(27,60,'ecommerce/digital-product-files/4-2.jpg','{\"filename\":\"4-2.jpg\",\"url\":\"ecommerce\\/digital-product-files\\/4-2.jpg\",\"mime_type\":\"image\\/jpeg\",\"size\":9803,\"modified\":\"2026-03-06 08:42:49\",\"name\":\"4-2\",\"extension\":\"jpg\"}','2026-03-06 01:42:49','2026-03-06 01:42:49'),(28,67,'ecommerce/digital-product-files/8-2.jpg','{\"filename\":\"8-2.jpg\",\"url\":\"ecommerce\\/digital-product-files\\/8-2.jpg\",\"mime_type\":\"image\\/jpeg\",\"size\":9803,\"modified\":\"2026-03-06 08:42:49\",\"name\":\"8-2\",\"extension\":\"jpg\"}','2026-03-06 01:42:49','2026-03-06 01:42:49'),(29,68,'ecommerce/digital-product-files/8-3.jpg','{\"filename\":\"8-3.jpg\",\"url\":\"ecommerce\\/digital-product-files\\/8-3.jpg\",\"mime_type\":\"image\\/jpeg\",\"size\":9803,\"modified\":\"2026-03-06 08:42:49\",\"name\":\"8-3\",\"extension\":\"jpg\"}','2026-03-06 01:42:49','2026-03-06 01:42:49'),(30,69,'ecommerce/digital-product-files/8-4.jpg','{\"filename\":\"8-4.jpg\",\"url\":\"ecommerce\\/digital-product-files\\/8-4.jpg\",\"mime_type\":\"image\\/jpeg\",\"size\":9803,\"modified\":\"2026-03-06 08:42:49\",\"name\":\"8-4\",\"extension\":\"jpg\"}','2026-03-06 01:42:49','2026-03-06 01:42:49'),(31,87,'ecommerce/digital-product-files/24-2.jpg','{\"filename\":\"24-2.jpg\",\"url\":\"ecommerce\\/digital-product-files\\/24-2.jpg\",\"mime_type\":\"image\\/jpeg\",\"size\":9803,\"modified\":\"2026-03-06 08:42:49\",\"name\":\"24-2\",\"extension\":\"jpg\"}','2026-03-06 01:42:49','2026-03-06 01:42:49'),(32,88,'ecommerce/digital-product-files/24-3.jpg','{\"filename\":\"24-3.jpg\",\"url\":\"ecommerce\\/digital-product-files\\/24-3.jpg\",\"mime_type\":\"image\\/jpeg\",\"size\":9803,\"modified\":\"2026-03-06 08:42:49\",\"name\":\"24-3\",\"extension\":\"jpg\"}','2026-03-06 01:42:49','2026-03-06 01:42:49'),(33,94,'ecommerce/digital-product-files/32-2.jpg','{\"filename\":\"32-2.jpg\",\"url\":\"ecommerce\\/digital-product-files\\/32-2.jpg\",\"mime_type\":\"image\\/jpeg\",\"size\":9803,\"modified\":\"2026-03-06 08:42:49\",\"name\":\"32-2\",\"extension\":\"jpg\"}','2026-03-06 01:42:49','2026-03-06 01:42:49'),(34,95,'ecommerce/digital-product-files/32-3.jpg','{\"filename\":\"32-3.jpg\",\"url\":\"ecommerce\\/digital-product-files\\/32-3.jpg\",\"mime_type\":\"image\\/jpeg\",\"size\":9803,\"modified\":\"2026-03-06 08:42:49\",\"name\":\"32-3\",\"extension\":\"jpg\"}','2026-03-06 01:42:49','2026-03-06 01:42:49'),(35,104,'ecommerce/digital-product-files/36-2.jpg','{\"filename\":\"36-2.jpg\",\"url\":\"ecommerce\\/digital-product-files\\/36-2.jpg\",\"mime_type\":\"image\\/jpeg\",\"size\":9803,\"modified\":\"2026-03-06 08:42:49\",\"name\":\"36-2\",\"extension\":\"jpg\"}','2026-03-06 01:42:49','2026-03-06 01:42:49'),(36,107,'ecommerce/digital-product-files/40-2.jpg','{\"filename\":\"40-2.jpg\",\"url\":\"ecommerce\\/digital-product-files\\/40-2.jpg\",\"mime_type\":\"image\\/jpeg\",\"size\":9803,\"modified\":\"2026-03-06 08:42:49\",\"name\":\"40-2\",\"extension\":\"jpg\"}','2026-03-06 01:42:49','2026-03-06 01:42:49');

--
-- Table structure for table `ec_product_label_products`
--

CREATE TABLE `ec_product_label_products` (
  `product_label_id` bigint unsigned NOT NULL,
  `product_id` bigint unsigned NOT NULL,
  PRIMARY KEY (`product_label_id`,`product_id`),
  KEY `ec_product_label_products_product_label_id_index` (`product_label_id`),
  KEY `ec_product_label_products_product_id_index` (`product_id`)
) ENGINE=InnoDB DEFAULT CHARSET=utf8mb4 COLLATE=utf8mb4_unicode_ci;

--
-- Dumping data for table `ec_product_label_products`
--

INSERT INTO `ec_product_label_products` VALUES (1,12),(1,21),(1,33),(1,39),(1,45),(1,54),(2,6),(2,18),(2,24),(2,27),(2,36),(2,51),(3,3),(3,9),(3,15),(3,30),(3,42),(3,48);

--
-- Table structure for table `ec_product_labels`
--

CREATE TABLE `ec_product_labels` (
  `id` bigint unsigned NOT NULL AUTO_INCREMENT,
  `name` varchar(191) COLLATE utf8mb4_unicode_ci NOT NULL,
  `color` varchar(120) COLLATE utf8mb4_unicode_ci DEFAULT NULL,
  `status` varchar(60) COLLATE utf8mb4_unicode_ci NOT NULL DEFAULT 'published',
  `created_at` timestamp NULL DEFAULT NULL,
  `updated_at` timestamp NULL DEFAULT NULL,
  `text_color` varchar(120) COLLATE utf8mb4_unicode_ci DEFAULT NULL,
  PRIMARY KEY (`id`),
  KEY `ec_product_labels_status_index` (`status`)
) ENGINE=InnoDB AUTO_INCREMENT=4 DEFAULT CHARSET=utf8mb4 COLLATE=utf8mb4_unicode_ci;

--
-- Dumping data for table `ec_product_labels`
--

INSERT INTO `ec_product_labels` VALUES (1,'Hot','#d71e2d','published','2026-03-06 01:42:27','2026-03-06 01:42:27','#ffffff'),(2,'New','#02856e','published','2026-03-06 01:42:27','2026-03-06 01:42:27','#ffffff'),(3,'Sale','#fe9931','published','2026-03-06 01:42:27','2026-03-06 01:42:27','#ffffff');

--
-- Table structure for table `ec_product_labels_translations`
--

CREATE TABLE `ec_product_labels_translations` (
  `lang_code` varchar(191) COLLATE utf8mb4_unicode_ci NOT NULL,
  `ec_product_labels_id` bigint unsigned NOT NULL,
  `name` varchar(191) COLLATE utf8mb4_unicode_ci DEFAULT NULL,
  `description` varchar(400) COLLATE utf8mb4_unicode_ci DEFAULT NULL,
  PRIMARY KEY (`lang_code`,`ec_product_labels_id`),
  KEY `idx_product_labels_fk` (`ec_product_labels_id`),
  KEY `idx_product_labels_product_labels_lang` (`ec_product_labels_id`,`lang_code`)
) ENGINE=InnoDB DEFAULT CHARSET=utf8mb4 COLLATE=utf8mb4_unicode_ci;

--
-- Dumping data for table `ec_product_labels_translations`
--


--
-- Table structure for table `ec_product_license_codes`
--

CREATE TABLE `ec_product_license_codes` (
  `id` bigint unsigned NOT NULL AUTO_INCREMENT,
  `product_id` bigint unsigned NOT NULL,
  `license_code` text COLLATE utf8mb4_unicode_ci NOT NULL,
  `status` varchar(60) COLLATE utf8mb4_unicode_ci NOT NULL DEFAULT 'available',
  `assigned_order_product_id` bigint unsigned DEFAULT NULL,
  `assigned_at` timestamp NULL DEFAULT NULL,
  `created_at` timestamp NULL DEFAULT NULL,
  `updated_at` timestamp NULL DEFAULT NULL,
  PRIMARY KEY (`id`),
  KEY `ec_product_license_codes_product_id_status_index` (`product_id`,`status`)
) ENGINE=InnoDB DEFAULT CHARSET=utf8mb4 COLLATE=utf8mb4_unicode_ci;

--
-- Dumping data for table `ec_product_license_codes`
--


--
-- Table structure for table `ec_product_related_relations`
--

CREATE TABLE `ec_product_related_relations` (
  `from_product_id` bigint unsigned NOT NULL,
  `to_product_id` bigint unsigned NOT NULL,
  PRIMARY KEY (`from_product_id`,`to_product_id`),
  KEY `ec_product_related_relations_from_product_id_index` (`from_product_id`),
  KEY `ec_product_related_relations_to_product_id_index` (`to_product_id`)
) ENGINE=InnoDB DEFAULT CHARSET=utf8mb4 COLLATE=utf8mb4_unicode_ci;

--
-- Dumping data for table `ec_product_related_relations`
--


--
-- Table structure for table `ec_product_specification_attribute`
--

CREATE TABLE `ec_product_specification_attribute` (
  `product_id` bigint unsigned NOT NULL,
  `attribute_id` bigint unsigned NOT NULL,
  `value` text COLLATE utf8mb4_unicode_ci,
  `hidden` tinyint(1) NOT NULL DEFAULT '0',
  `order` tinyint NOT NULL DEFAULT '0',
  PRIMARY KEY (`product_id`,`attribute_id`)
) ENGINE=InnoDB DEFAULT CHARSET=utf8mb4 COLLATE=utf8mb4_unicode_ci;

--
-- Dumping data for table `ec_product_specification_attribute`
--

INSERT INTO `ec_product_specification_attribute` VALUES (1,6,'68.2 cm',0,0),(1,7,'98.46 cm',0,0),(1,8,'res_1440p',0,0),(1,9,'panel_oled',0,0),(1,10,'hdr_10plus',0,0),(2,1,'4.41 cm',0,0),(2,2,'33.5 cm',0,0),(2,3,'28.59 cm',0,0),(2,4,'89.36 cm',0,0),(2,5,'24.56 cm',0,0),(3,6,'23.81 cm',0,0),(3,7,'39.48 cm',0,0),(3,8,'res_1440p',0,0),(3,9,'panel_ips',0,0),(3,10,'hdr_10',0,0),(4,1,'9.3 cm',0,0),(4,2,'7.11 cm',0,0),(4,3,'54.94 cm',0,0),(4,4,'89.91 cm',0,0),(4,5,'27.25 cm',0,0),(5,6,'33.44 cm',0,0),(5,7,'18.04 cm',0,0),(5,8,'res_1080p',0,0),(5,9,'panel_ips',0,0),(5,10,'hdr_10plus',0,0),(6,6,'32.26 cm',0,0),(6,7,'9.52 cm',0,0),(6,8,'res_1080p',0,0),(6,9,'panel_oled',0,0),(6,10,'hdr_10',0,0),(7,6,'75.48 cm',0,0),(7,7,'92.18 cm',0,0),(7,8,'res_1440p',0,0),(7,9,'panel_va',0,0),(7,10,'hdr_10',0,0),(8,1,'46.44 cm',0,0),(8,2,'44.37 cm',0,0),(8,3,'54.82 cm',0,0),(8,4,'27.7 cm',0,0),(8,5,'6.41 cm',0,0),(9,1,'59.1 cm',0,0),(9,2,'50.62 cm',0,0),(9,3,'25.04 cm',0,0),(9,4,'77.93 cm',0,0),(9,5,'65.59 cm',0,0),(10,1,'36.83 cm',0,0),(10,2,'41.11 cm',0,0),(10,3,'73.2 cm',0,0),(10,4,'96.59 cm',0,0),(10,5,'64.12 cm',0,0),(11,1,'34.95 cm',0,0),(11,2,'39.03 cm',0,0),(11,3,'79.92 cm',0,0),(11,4,'82.56 cm',0,0),(11,5,'24.41 cm',0,0),(12,6,'17.08 cm',0,0),(12,7,'71.17 cm',0,0),(12,8,'res_1440p',0,0),(12,9,'panel_oled',0,0),(12,10,'hdr_10plus',0,0),(13,6,'39.23 cm',0,0),(13,7,'17.12 cm',0,0),(13,8,'res_4k',0,0),(13,9,'panel_oled',0,0),(13,10,'hdr_dolby',0,0),(14,1,'32.11 cm',0,0),(14,2,'34 cm',0,0),(14,3,'47.25 cm',0,0),(14,4,'78.68 cm',0,0),(14,5,'64.48 cm',0,0),(15,6,'29.76 cm',0,0),(15,7,'53.86 cm',0,0),(15,8,'res_1440p',0,0),(15,9,'panel_va',0,0),(15,10,'hdr_none',0,0),(16,6,'72.51 cm',0,0),(16,7,'2.34 cm',0,0),(16,8,'res_4k',0,0),(16,9,'panel_oled',0,0),(16,10,'hdr_10',0,0),(17,1,'21.17 cm',0,0),(17,2,'49.22 cm',0,0),(17,3,'76.56 cm',0,0),(17,4,'72.24 cm',0,0),(17,5,'72.88 cm',0,0),(18,6,'29 cm',0,0),(18,7,'61.99 cm',0,0),(18,8,'res_1080p',0,0),(18,9,'panel_oled',0,0),(18,10,'hdr_dolby',0,0),(19,1,'24.04 cm',0,0),(19,2,'7.57 cm',0,0),(19,3,'87.55 cm',0,0),(19,4,'44.93 cm',0,0),(19,5,'96.42 cm',0,0),(20,1,'64.8 cm',0,0),(20,2,'14.29 cm',0,0),(20,3,'38.68 cm',0,0),(20,4,'61.88 cm',0,0),(20,5,'36.81 cm',0,0),(21,6,'50.29 cm',0,0),(21,7,'24.56 cm',0,0),(21,8,'res_1440p',0,0),(21,9,'panel_ips',0,0),(21,10,'hdr_dolby',0,0),(22,6,'86.39 cm',0,0),(22,7,'18.23 cm',0,0),(22,8,'res_1080p',0,0),(22,9,'panel_ips',0,0),(22,10,'hdr_dolby',0,0),(23,1,'81 cm',0,0),(23,2,'13.6 cm',0,0),(23,3,'81.61 cm',0,0),(23,4,'1.13 cm',0,0),(23,5,'77.74 cm',0,0),(24,6,'75.21 cm',0,0),(24,7,'89.8 cm',0,0),(24,8,'res_4k',0,0),(24,9,'panel_ips',0,0),(24,10,'hdr_dolby',0,0),(25,6,'1.8 cm',0,0),(25,7,'46.97 cm',0,0),(25,8,'res_1080p',0,0),(25,9,'panel_oled',0,0),(25,10,'hdr_10',0,0),(26,1,'73.66 cm',0,0),(26,2,'39.8 cm',0,0),(26,3,'94.82 cm',0,0),(26,4,'61.6 cm',0,0),(26,5,'45.55 cm',0,0),(27,6,'61.75 cm',0,0),(27,7,'82.75 cm',0,0),(27,8,'res_4k',0,0),(27,9,'panel_ips',0,0),(27,10,'hdr_dolby',0,0),(28,6,'75.47 cm',0,0),(28,7,'21.05 cm',0,0),(28,8,'res_1080p',0,0),(28,9,'panel_oled',0,0),(28,10,'hdr_none',0,0),(29,6,'2.43 cm',0,0),(29,7,'40.81 cm',0,0),(29,8,'res_1440p',0,0),(29,9,'panel_tn',0,0),(29,10,'hdr_10',0,0),(30,1,'92.56 cm',0,0),(30,2,'89.31 cm',0,0),(30,3,'10.39 cm',0,0),(30,4,'56.75 cm',0,0),(30,5,'27.83 cm',0,0),(31,6,'82.62 cm',0,0),(31,7,'66.41 cm',0,0),(31,8,'res_4k',0,0),(31,9,'panel_va',0,0),(31,10,'hdr_10',0,0),(32,6,'50.78 cm',0,0),(32,7,'30.23 cm',0,0),(32,8,'res_4k',0,0),(32,9,'panel_tn',0,0),(32,10,'hdr_dolby',0,0),(33,6,'32.68 cm',0,0),(33,7,'24.6 cm',0,0),(33,8,'res_1080p',0,0),(33,9,'panel_tn',0,0),(33,10,'hdr_dolby',0,0),(34,1,'5.12 cm',0,0),(34,2,'16.84 cm',0,0),(34,3,'53.82 cm',0,0),(34,4,'22.85 cm',0,0),(34,5,'28.47 cm',0,0),(35,6,'91.89 cm',0,0),(35,7,'54.61 cm',0,0),(35,8,'res_4k',0,0),(35,9,'panel_ips',0,0),(35,10,'hdr_10',0,0),(36,6,'52.99 cm',0,0),(36,7,'25.5 cm',0,0),(36,8,'res_1080p',0,0),(36,9,'panel_tn',0,0),(36,10,'hdr_10',0,0),(37,1,'46.91 cm',0,0),(37,2,'41.86 cm',0,0),(37,3,'52.38 cm',0,0),(37,4,'78.63 cm',0,0),(37,5,'32.88 cm',0,0),(38,6,'23.57 cm',0,0),(38,7,'55.03 cm',0,0),(38,8,'res_1080p',0,0),(38,9,'panel_tn',0,0),(38,10,'hdr_none',0,0),(39,1,'2.55 cm',0,0),(39,2,'93.16 cm',0,0),(39,3,'34.58 cm',0,0),(39,4,'39.04 cm',0,0),(39,5,'86.4 cm',0,0),(40,6,'55.34 cm',0,0),(40,7,'44.31 cm',0,0),(40,8,'res_1080p',0,0),(40,9,'panel_oled',0,0),(40,10,'hdr_none',0,0),(41,1,'65.55 cm',0,0),(41,2,'81.71 cm',0,0),(41,3,'86.15 cm',0,0),(41,4,'71.05 cm',0,0),(41,5,'53.73 cm',0,0),(42,1,'23.28 cm',0,0),(42,2,'72.77 cm',0,0),(42,3,'51.91 cm',0,0),(42,4,'22.77 cm',0,0),(42,5,'58.75 cm',0,0),(43,6,'32.8 cm',0,0),(43,7,'40.17 cm',0,0),(43,8,'res_4k',0,0),(43,9,'panel_va',0,0),(43,10,'hdr_10',0,0),(44,6,'1.59 cm',0,0),(44,7,'19.21 cm',0,0),(44,8,'res_1080p',0,0),(44,9,'panel_ips',0,0),(44,10,'hdr_10',0,0),(45,6,'95.86 cm',0,0),(45,7,'4.17 cm',0,0),(45,8,'res_1080p',0,0),(45,9,'panel_ips',0,0),(45,10,'hdr_none',0,0),(46,1,'57.58 cm',0,0),(46,2,'80.76 cm',0,0),(46,3,'96.35 cm',0,0),(46,4,'14.63 cm',0,0),(46,5,'32.75 cm',0,0),(47,1,'88.52 cm',0,0),(47,2,'51.18 cm',0,0),(47,3,'97.35 cm',0,0),(47,4,'92.61 cm',0,0),(47,5,'40.96 cm',0,0),(48,6,'51.1 cm',0,0),(48,7,'90.27 cm',0,0),(48,8,'res_4k',0,0),(48,9,'panel_va',0,0),(48,10,'hdr_none',0,0),(49,1,'40.87 cm',0,0),(49,2,'51.24 cm',0,0),(49,3,'52.39 cm',0,0),(49,4,'65.58 cm',0,0),(49,5,'88.61 cm',0,0),(50,1,'31.71 cm',0,0),(50,2,'14.56 cm',0,0),(50,3,'78.35 cm',0,0),(50,4,'21.55 cm',0,0),(50,5,'10.49 cm',0,0),(51,6,'61.39 cm',0,0),(51,7,'71.67 cm',0,0),(51,8,'res_4k',0,0),(51,9,'panel_oled',0,0),(51,10,'hdr_dolby',0,0),(52,1,'38.46 cm',0,0),(52,2,'47.88 cm',0,0),(52,3,'88.95 cm',0,0),(52,4,'6.91 cm',0,0),(52,5,'61.99 cm',0,0),(53,6,'37.75 cm',0,0),(53,7,'69.81 cm',0,0),(53,8,'res_1440p',0,0),(53,9,'panel_va',0,0),(53,10,'hdr_none',0,0),(54,1,'82.62 cm',0,0),(54,2,'82.67 cm',0,0),(54,3,'17.5 cm',0,0),(54,4,'35.25 cm',0,0),(54,5,'76.99 cm',0,0);

--
-- Table structure for table `ec_product_specification_attribute_translations`
--

CREATE TABLE `ec_product_specification_attribute_translations` (
  `id` bigint unsigned NOT NULL AUTO_INCREMENT,
  `product_id` bigint unsigned NOT NULL,
  `attribute_id` bigint unsigned NOT NULL,
  `lang_code` varchar(20) COLLATE utf8mb4_unicode_ci NOT NULL,
  `value` text COLLATE utf8mb4_unicode_ci,
  `created_at` timestamp NULL DEFAULT NULL,
  `updated_at` timestamp NULL DEFAULT NULL,
  PRIMARY KEY (`id`),
  UNIQUE KEY `psat_unique` (`product_id`,`attribute_id`,`lang_code`),
  KEY `psat_product_attribute_index` (`product_id`,`attribute_id`),
  KEY `psat_product_id_index` (`product_id`),
  KEY `psat_attribute_id_index` (`attribute_id`)
) ENGINE=InnoDB AUTO_INCREMENT=901 DEFAULT CHARSET=utf8mb4 COLLATE=utf8mb4_unicode_ci;

--
-- Dumping data for table `ec_product_specification_attribute_translations`
--

INSERT INTO `ec_product_specification_attribute_translations` VALUES (1,1,6,'ar','68.2 cm','2026-03-06 01:42:59','2026-03-06 01:42:59'),(2,1,7,'ar','98.46 cm','2026-03-06 01:42:59','2026-03-06 01:42:59'),(3,2,1,'ar','4.41 cm','2026-03-06 01:42:59','2026-03-06 01:42:59'),(4,2,2,'ar','33.5 cm','2026-03-06 01:42:59','2026-03-06 01:42:59'),(5,2,3,'ar','28.59 cm','2026-03-06 01:42:59','2026-03-06 01:42:59'),(6,2,4,'ar','89.36 cm','2026-03-06 01:42:59','2026-03-06 01:42:59'),(7,2,5,'ar','24.56 cm','2026-03-06 01:42:59','2026-03-06 01:42:59'),(8,3,6,'ar','23.81 cm','2026-03-06 01:42:59','2026-03-06 01:42:59'),(9,3,7,'ar','39.48 cm','2026-03-06 01:42:59','2026-03-06 01:42:59'),(10,4,1,'ar','9.3 cm','2026-03-06 01:42:59','2026-03-06 01:42:59'),(11,4,2,'ar','7.11 cm','2026-03-06 01:42:59','2026-03-06 01:42:59'),(12,4,3,'ar','54.94 cm','2026-03-06 01:42:59','2026-03-06 01:42:59'),(13,4,4,'ar','89.91 cm','2026-03-06 01:42:59','2026-03-06 01:42:59'),(14,4,5,'ar','27.25 cm','2026-03-06 01:42:59','2026-03-06 01:42:59'),(15,5,6,'ar','33.44 cm','2026-03-06 01:42:59','2026-03-06 01:42:59'),(16,5,7,'ar','18.04 cm','2026-03-06 01:42:59','2026-03-06 01:42:59'),(17,6,6,'ar','32.26 cm','2026-03-06 01:42:59','2026-03-06 01:42:59'),(18,6,7,'ar','9.52 cm','2026-03-06 01:42:59','2026-03-06 01:42:59'),(19,7,6,'ar','75.48 cm','2026-03-06 01:42:59','2026-03-06 01:42:59'),(20,7,7,'ar','92.18 cm','2026-03-06 01:42:59','2026-03-06 01:42:59'),(21,8,1,'ar','46.44 cm','2026-03-06 01:42:59','2026-03-06 01:42:59'),(22,8,2,'ar','44.37 cm','2026-03-06 01:42:59','2026-03-06 01:42:59'),(23,8,3,'ar','54.82 cm','2026-03-06 01:42:59','2026-03-06 01:42:59'),(24,8,4,'ar','27.7 cm','2026-03-06 01:42:59','2026-03-06 01:42:59'),(25,8,5,'ar','6.41 cm','2026-03-06 01:42:59','2026-03-06 01:42:59'),(26,9,1,'ar','59.1 cm','2026-03-06 01:42:59','2026-03-06 01:42:59'),(27,9,2,'ar','50.62 cm','2026-03-06 01:42:59','2026-03-06 01:42:59'),(28,9,3,'ar','25.04 cm','2026-03-06 01:42:59','2026-03-06 01:42:59'),(29,9,4,'ar','77.93 cm','2026-03-06 01:42:59','2026-03-06 01:42:59'),(30,9,5,'ar','65.59 cm','2026-03-06 01:42:59','2026-03-06 01:42:59'),(31,10,1,'ar','36.83 cm','2026-03-06 01:42:59','2026-03-06 01:42:59'),(32,10,2,'ar','41.11 cm','2026-03-06 01:42:59','2026-03-06 01:42:59'),(33,10,3,'ar','73.2 cm','2026-03-06 01:42:59','2026-03-06 01:42:59'),(34,10,4,'ar','96.59 cm','2026-03-06 01:42:59','2026-03-06 01:42:59'),(35,10,5,'ar','64.12 cm','2026-03-06 01:42:59','2026-03-06 01:42:59'),(36,11,1,'ar','34.95 cm','2026-03-06 01:42:59','2026-03-06 01:42:59'),(37,11,2,'ar','39.03 cm','2026-03-06 01:42:59','2026-03-06 01:42:59'),(38,11,3,'ar','79.92 cm','2026-03-06 01:42:59','2026-03-06 01:42:59'),(39,11,4,'ar','82.56 cm','2026-03-06 01:42:59','2026-03-06 01:42:59'),(40,11,5,'ar','24.41 cm','2026-03-06 01:42:59','2026-03-06 01:42:59'),(41,12,6,'ar','17.08 cm','2026-03-06 01:42:59','2026-03-06 01:42:59'),(42,12,7,'ar','71.17 cm','2026-03-06 01:42:59','2026-03-06 01:42:59'),(43,13,6,'ar','39.23 cm','2026-03-06 01:42:59','2026-03-06 01:42:59'),(44,13,7,'ar','17.12 cm','2026-03-06 01:42:59','2026-03-06 01:42:59'),(45,14,1,'ar','32.11 cm','2026-03-06 01:42:59','2026-03-06 01:42:59'),(46,14,2,'ar','34 cm','2026-03-06 01:42:59','2026-03-06 01:42:59'),(47,14,3,'ar','47.25 cm','2026-03-06 01:42:59','2026-03-06 01:42:59'),(48,14,4,'ar','78.68 cm','2026-03-06 01:42:59','2026-03-06 01:42:59'),(49,14,5,'ar','64.48 cm','2026-03-06 01:42:59','2026-03-06 01:42:59'),(50,15,6,'ar','29.76 cm','2026-03-06 01:42:59','2026-03-06 01:42:59'),(51,15,7,'ar','53.86 cm','2026-03-06 01:42:59','2026-03-06 01:42:59'),(52,16,6,'ar','72.51 cm','2026-03-06 01:42:59','2026-03-06 01:42:59'),(53,16,7,'ar','2.34 cm','2026-03-06 01:42:59','2026-03-06 01:42:59'),(54,17,1,'ar','21.17 cm','2026-03-06 01:42:59','2026-03-06 01:42:59'),(55,17,2,'ar','49.22 cm','2026-03-06 01:42:59','2026-03-06 01:42:59'),(56,17,3,'ar','76.56 cm','2026-03-06 01:42:59','2026-03-06 01:42:59'),(57,17,4,'ar','72.24 cm','2026-03-06 01:42:59','2026-03-06 01:42:59'),(58,17,5,'ar','72.88 cm','2026-03-06 01:42:59','2026-03-06 01:42:59'),(59,18,6,'ar','29 cm','2026-03-06 01:42:59','2026-03-06 01:42:59'),(60,18,7,'ar','61.99 cm','2026-03-06 01:42:59','2026-03-06 01:42:59'),(61,19,1,'ar','24.04 cm','2026-03-06 01:42:59','2026-03-06 01:42:59'),(62,19,2,'ar','7.57 cm','2026-03-06 01:42:59','2026-03-06 01:42:59'),(63,19,3,'ar','87.55 cm','2026-03-06 01:42:59','2026-03-06 01:42:59'),(64,19,4,'ar','44.93 cm','2026-03-06 01:42:59','2026-03-06 01:42:59'),(65,19,5,'ar','96.42 cm','2026-03-06 01:42:59','2026-03-06 01:42:59'),(66,20,1,'ar','64.8 cm','2026-03-06 01:42:59','2026-03-06 01:42:59'),(67,20,2,'ar','14.29 cm','2026-03-06 01:42:59','2026-03-06 01:42:59'),(68,20,3,'ar','38.68 cm','2026-03-06 01:42:59','2026-03-06 01:42:59'),(69,20,4,'ar','61.88 cm','2026-03-06 01:42:59','2026-03-06 01:42:59'),(70,20,5,'ar','36.81 cm','2026-03-06 01:42:59','2026-03-06 01:42:59'),(71,21,6,'ar','50.29 cm','2026-03-06 01:42:59','2026-03-06 01:42:59'),(72,21,7,'ar','24.56 cm','2026-03-06 01:42:59','2026-03-06 01:42:59'),(73,22,6,'ar','86.39 cm','2026-03-06 01:42:59','2026-03-06 01:42:59'),(74,22,7,'ar','18.23 cm','2026-03-06 01:42:59','2026-03-06 01:42:59'),(75,23,1,'ar','81 cm','2026-03-06 01:42:59','2026-03-06 01:42:59'),(76,23,2,'ar','13.6 cm','2026-03-06 01:42:59','2026-03-06 01:42:59'),(77,23,3,'ar','81.61 cm','2026-03-06 01:42:59','2026-03-06 01:42:59'),(78,23,4,'ar','1.13 cm','2026-03-06 01:42:59','2026-03-06 01:42:59'),(79,23,5,'ar','77.74 cm','2026-03-06 01:42:59','2026-03-06 01:42:59'),(80,24,6,'ar','75.21 cm','2026-03-06 01:42:59','2026-03-06 01:42:59'),(81,24,7,'ar','89.8 cm','2026-03-06 01:42:59','2026-03-06 01:42:59'),(82,25,6,'ar','1.8 cm','2026-03-06 01:42:59','2026-03-06 01:42:59'),(83,25,7,'ar','46.97 cm','2026-03-06 01:42:59','2026-03-06 01:42:59'),(84,26,1,'ar','73.66 cm','2026-03-06 01:42:59','2026-03-06 01:42:59'),(85,26,2,'ar','39.8 cm','2026-03-06 01:42:59','2026-03-06 01:42:59'),(86,26,3,'ar','94.82 cm','2026-03-06 01:42:59','2026-03-06 01:42:59'),(87,26,4,'ar','61.6 cm','2026-03-06 01:42:59','2026-03-06 01:42:59'),(88,26,5,'ar','45.55 cm','2026-03-06 01:42:59','2026-03-06 01:42:59'),(89,27,6,'ar','61.75 cm','2026-03-06 01:42:59','2026-03-06 01:42:59'),(90,27,7,'ar','82.75 cm','2026-03-06 01:42:59','2026-03-06 01:42:59'),(91,28,6,'ar','75.47 cm','2026-03-06 01:42:59','2026-03-06 01:42:59'),(92,28,7,'ar','21.05 cm','2026-03-06 01:42:59','2026-03-06 01:42:59'),(93,29,6,'ar','2.43 cm','2026-03-06 01:42:59','2026-03-06 01:42:59'),(94,29,7,'ar','40.81 cm','2026-03-06 01:42:59','2026-03-06 01:42:59'),(95,30,1,'ar','92.56 cm','2026-03-06 01:42:59','2026-03-06 01:42:59'),(96,30,2,'ar','89.31 cm','2026-03-06 01:42:59','2026-03-06 01:42:59'),(97,30,3,'ar','10.39 cm','2026-03-06 01:42:59','2026-03-06 01:42:59'),(98,30,4,'ar','56.75 cm','2026-03-06 01:42:59','2026-03-06 01:42:59'),(99,30,5,'ar','27.83 cm','2026-03-06 01:42:59','2026-03-06 01:42:59'),(100,31,6,'ar','82.62 cm','2026-03-06 01:42:59','2026-03-06 01:42:59'),(101,31,7,'ar','66.41 cm','2026-03-06 01:42:59','2026-03-06 01:42:59'),(102,32,6,'ar','50.78 cm','2026-03-06 01:42:59','2026-03-06 01:42:59'),(103,32,7,'ar','30.23 cm','2026-03-06 01:42:59','2026-03-06 01:42:59'),(104,33,6,'ar','32.68 cm','2026-03-06 01:42:59','2026-03-06 01:42:59'),(105,33,7,'ar','24.6 cm','2026-03-06 01:42:59','2026-03-06 01:42:59'),(106,34,1,'ar','5.12 cm','2026-03-06 01:42:59','2026-03-06 01:42:59'),(107,34,2,'ar','16.84 cm','2026-03-06 01:42:59','2026-03-06 01:42:59'),(108,34,3,'ar','53.82 cm','2026-03-06 01:42:59','2026-03-06 01:42:59'),(109,34,4,'ar','22.85 cm','2026-03-06 01:42:59','2026-03-06 01:42:59'),(110,34,5,'ar','28.47 cm','2026-03-06 01:42:59','2026-03-06 01:42:59'),(111,35,6,'ar','91.89 cm','2026-03-06 01:42:59','2026-03-06 01:42:59'),(112,35,7,'ar','54.61 cm','2026-03-06 01:42:59','2026-03-06 01:42:59'),(113,36,6,'ar','52.99 cm','2026-03-06 01:42:59','2026-03-06 01:42:59'),(114,36,7,'ar','25.5 cm','2026-03-06 01:42:59','2026-03-06 01:42:59'),(115,37,1,'ar','46.91 cm','2026-03-06 01:42:59','2026-03-06 01:42:59'),(116,37,2,'ar','41.86 cm','2026-03-06 01:42:59','2026-03-06 01:42:59'),(117,37,3,'ar','52.38 cm','2026-03-06 01:42:59','2026-03-06 01:42:59'),(118,37,4,'ar','78.63 cm','2026-03-06 01:42:59','2026-03-06 01:42:59'),(119,37,5,'ar','32.88 cm','2026-03-06 01:42:59','2026-03-06 01:42:59'),(120,38,6,'ar','23.57 cm','2026-03-06 01:42:59','2026-03-06 01:42:59'),(121,38,7,'ar','55.03 cm','2026-03-06 01:42:59','2026-03-06 01:42:59'),(122,39,1,'ar','2.55 cm','2026-03-06 01:42:59','2026-03-06 01:42:59'),(123,39,2,'ar','93.16 cm','2026-03-06 01:42:59','2026-03-06 01:42:59'),(124,39,3,'ar','34.58 cm','2026-03-06 01:42:59','2026-03-06 01:42:59'),(125,39,4,'ar','39.04 cm','2026-03-06 01:42:59','2026-03-06 01:42:59'),(126,39,5,'ar','86.4 cm','2026-03-06 01:42:59','2026-03-06 01:42:59'),(127,40,6,'ar','55.34 cm','2026-03-06 01:42:59','2026-03-06 01:42:59'),(128,40,7,'ar','44.31 cm','2026-03-06 01:42:59','2026-03-06 01:42:59'),(129,41,1,'ar','65.55 cm','2026-03-06 01:42:59','2026-03-06 01:42:59'),(130,41,2,'ar','81.71 cm','2026-03-06 01:42:59','2026-03-06 01:42:59'),(131,41,3,'ar','86.15 cm','2026-03-06 01:42:59','2026-03-06 01:42:59'),(132,41,4,'ar','71.05 cm','2026-03-06 01:42:59','2026-03-06 01:42:59'),(133,41,5,'ar','53.73 cm','2026-03-06 01:42:59','2026-03-06 01:42:59'),(134,42,1,'ar','23.28 cm','2026-03-06 01:42:59','2026-03-06 01:42:59'),(135,42,2,'ar','72.77 cm','2026-03-06 01:42:59','2026-03-06 01:42:59'),(136,42,3,'ar','51.91 cm','2026-03-06 01:42:59','2026-03-06 01:42:59'),(137,42,4,'ar','22.77 cm','2026-03-06 01:42:59','2026-03-06 01:42:59'),(138,42,5,'ar','58.75 cm','2026-03-06 01:42:59','2026-03-06 01:42:59'),(139,43,6,'ar','32.8 cm','2026-03-06 01:42:59','2026-03-06 01:42:59'),(140,43,7,'ar','40.17 cm','2026-03-06 01:42:59','2026-03-06 01:42:59'),(141,44,6,'ar','1.59 cm','2026-03-06 01:42:59','2026-03-06 01:42:59'),(142,44,7,'ar','19.21 cm','2026-03-06 01:42:59','2026-03-06 01:42:59'),(143,45,6,'ar','95.86 cm','2026-03-06 01:42:59','2026-03-06 01:42:59'),(144,45,7,'ar','4.17 cm','2026-03-06 01:42:59','2026-03-06 01:42:59'),(145,46,1,'ar','57.58 cm','2026-03-06 01:42:59','2026-03-06 01:42:59'),(146,46,2,'ar','80.76 cm','2026-03-06 01:42:59','2026-03-06 01:42:59'),(147,46,3,'ar','96.35 cm','2026-03-06 01:42:59','2026-03-06 01:42:59'),(148,46,4,'ar','14.63 cm','2026-03-06 01:42:59','2026-03-06 01:42:59'),(149,46,5,'ar','32.75 cm','2026-03-06 01:42:59','2026-03-06 01:42:59'),(150,47,1,'ar','88.52 cm','2026-03-06 01:42:59','2026-03-06 01:42:59'),(151,47,2,'ar','51.18 cm','2026-03-06 01:42:59','2026-03-06 01:42:59'),(152,47,3,'ar','97.35 cm','2026-03-06 01:42:59','2026-03-06 01:42:59'),(153,47,4,'ar','92.61 cm','2026-03-06 01:42:59','2026-03-06 01:42:59'),(154,47,5,'ar','40.96 cm','2026-03-06 01:42:59','2026-03-06 01:42:59'),(155,48,6,'ar','51.1 cm','2026-03-06 01:42:59','2026-03-06 01:42:59'),(156,48,7,'ar','90.27 cm','2026-03-06 01:42:59','2026-03-06 01:42:59'),(157,49,1,'ar','40.87 cm','2026-03-06 01:42:59','2026-03-06 01:42:59'),(158,49,2,'ar','51.24 cm','2026-03-06 01:42:59','2026-03-06 01:42:59'),(159,49,3,'ar','52.39 cm','2026-03-06 01:42:59','2026-03-06 01:42:59'),(160,49,4,'ar','65.58 cm','2026-03-06 01:42:59','2026-03-06 01:42:59'),(161,49,5,'ar','88.61 cm','2026-03-06 01:42:59','2026-03-06 01:42:59'),(162,50,1,'ar','31.71 cm','2026-03-06 01:42:59','2026-03-06 01:42:59'),(163,50,2,'ar','14.56 cm','2026-03-06 01:42:59','2026-03-06 01:42:59'),(164,50,3,'ar','78.35 cm','2026-03-06 01:42:59','2026-03-06 01:42:59'),(165,50,4,'ar','21.55 cm','2026-03-06 01:42:59','2026-03-06 01:42:59'),(166,50,5,'ar','10.49 cm','2026-03-06 01:42:59','2026-03-06 01:42:59'),(167,51,6,'ar','61.39 cm','2026-03-06 01:42:59','2026-03-06 01:42:59'),(168,51,7,'ar','71.67 cm','2026-03-06 01:42:59','2026-03-06 01:42:59'),(169,52,1,'ar','38.46 cm','2026-03-06 01:42:59','2026-03-06 01:42:59'),(170,52,2,'ar','47.88 cm','2026-03-06 01:42:59','2026-03-06 01:42:59'),(171,52,3,'ar','88.95 cm','2026-03-06 01:42:59','2026-03-06 01:42:59'),(172,52,4,'ar','6.91 cm','2026-03-06 01:42:59','2026-03-06 01:42:59'),(173,52,5,'ar','61.99 cm','2026-03-06 01:42:59','2026-03-06 01:42:59'),(174,53,6,'ar','37.75 cm','2026-03-06 01:42:59','2026-03-06 01:42:59'),(175,53,7,'ar','69.81 cm','2026-03-06 01:42:59','2026-03-06 01:42:59'),(176,54,1,'ar','82.62 cm','2026-03-06 01:42:59','2026-03-06 01:42:59'),(177,54,2,'ar','82.67 cm','2026-03-06 01:42:59','2026-03-06 01:42:59'),(178,54,3,'ar','17.5 cm','2026-03-06 01:42:59','2026-03-06 01:42:59'),(179,54,4,'ar','35.25 cm','2026-03-06 01:42:59','2026-03-06 01:42:59'),(180,54,5,'ar','76.99 cm','2026-03-06 01:42:59','2026-03-06 01:42:59'),(181,1,6,'vi','68.2 cm','2026-03-06 01:42:59','2026-03-06 01:42:59'),(182,1,7,'vi','98.46 cm','2026-03-06 01:42:59','2026-03-06 01:42:59'),(183,2,1,'vi','4.41 cm','2026-03-06 01:42:59','2026-03-06 01:42:59'),(184,2,2,'vi','33.5 cm','2026-03-06 01:42:59','2026-03-06 01:42:59'),(185,2,3,'vi','28.59 cm','2026-03-06 01:42:59','2026-03-06 01:42:59'),(186,2,4,'vi','89.36 cm','2026-03-06 01:42:59','2026-03-06 01:42:59'),(187,2,5,'vi','24.56 cm','2026-03-06 01:42:59','2026-03-06 01:42:59'),(188,3,6,'vi','23.81 cm','2026-03-06 01:42:59','2026-03-06 01:42:59'),(189,3,7,'vi','39.48 cm','2026-03-06 01:42:59','2026-03-06 01:42:59'),(190,4,1,'vi','9.3 cm','2026-03-06 01:42:59','2026-03-06 01:42:59'),(191,4,2,'vi','7.11 cm','2026-03-06 01:42:59','2026-03-06 01:42:59'),(192,4,3,'vi','54.94 cm','2026-03-06 01:42:59','2026-03-06 01:42:59'),(193,4,4,'vi','89.91 cm','2026-03-06 01:42:59','2026-03-06 01:42:59'),(194,4,5,'vi','27.25 cm','2026-03-06 01:42:59','2026-03-06 01:42:59'),(195,5,6,'vi','33.44 cm','2026-03-06 01:42:59','2026-03-06 01:42:59'),(196,5,7,'vi','18.04 cm','2026-03-06 01:42:59','2026-03-06 01:42:59'),(197,6,6,'vi','32.26 cm','2026-03-06 01:42:59','2026-03-06 01:42:59'),(198,6,7,'vi','9.52 cm','2026-03-06 01:42:59','2026-03-06 01:42:59'),(199,7,6,'vi','75.48 cm','2026-03-06 01:42:59','2026-03-06 01:42:59'),(200,7,7,'vi','92.18 cm','2026-03-06 01:42:59','2026-03-06 01:42:59'),(201,8,1,'vi','46.44 cm','2026-03-06 01:42:59','2026-03-06 01:42:59'),(202,8,2,'vi','44.37 cm','2026-03-06 01:42:59','2026-03-06 01:42:59'),(203,8,3,'vi','54.82 cm','2026-03-06 01:42:59','2026-03-06 01:42:59'),(204,8,4,'vi','27.7 cm','2026-03-06 01:42:59','2026-03-06 01:42:59'),(205,8,5,'vi','6.41 cm','2026-03-06 01:42:59','2026-03-06 01:42:59'),(206,9,1,'vi','59.1 cm','2026-03-06 01:42:59','2026-03-06 01:42:59'),(207,9,2,'vi','50.62 cm','2026-03-06 01:42:59','2026-03-06 01:42:59'),(208,9,3,'vi','25.04 cm','2026-03-06 01:42:59','2026-03-06 01:42:59'),(209,9,4,'vi','77.93 cm','2026-03-06 01:42:59','2026-03-06 01:42:59'),(210,9,5,'vi','65.59 cm','2026-03-06 01:42:59','2026-03-06 01:42:59'),(211,10,1,'vi','36.83 cm','2026-03-06 01:42:59','2026-03-06 01:42:59'),(212,10,2,'vi','41.11 cm','2026-03-06 01:42:59','2026-03-06 01:42:59'),(213,10,3,'vi','73.2 cm','2026-03-06 01:42:59','2026-03-06 01:42:59'),(214,10,4,'vi','96.59 cm','2026-03-06 01:42:59','2026-03-06 01:42:59'),(215,10,5,'vi','64.12 cm','2026-03-06 01:42:59','2026-03-06 01:42:59'),(216,11,1,'vi','34.95 cm','2026-03-06 01:42:59','2026-03-06 01:42:59'),(217,11,2,'vi','39.03 cm','2026-03-06 01:42:59','2026-03-06 01:42:59'),(218,11,3,'vi','79.92 cm','2026-03-06 01:42:59','2026-03-06 01:42:59'),(219,11,4,'vi','82.56 cm','2026-03-06 01:42:59','2026-03-06 01:42:59'),(220,11,5,'vi','24.41 cm','2026-03-06 01:42:59','2026-03-06 01:42:59'),(221,12,6,'vi','17.08 cm','2026-03-06 01:42:59','2026-03-06 01:42:59'),(222,12,7,'vi','71.17 cm','2026-03-06 01:42:59','2026-03-06 01:42:59'),(223,13,6,'vi','39.23 cm','2026-03-06 01:42:59','2026-03-06 01:42:59'),(224,13,7,'vi','17.12 cm','2026-03-06 01:42:59','2026-03-06 01:42:59'),(225,14,1,'vi','32.11 cm','2026-03-06 01:42:59','2026-03-06 01:42:59'),(226,14,2,'vi','34 cm','2026-03-06 01:42:59','2026-03-06 01:42:59'),(227,14,3,'vi','47.25 cm','2026-03-06 01:42:59','2026-03-06 01:42:59'),(228,14,4,'vi','78.68 cm','2026-03-06 01:42:59','2026-03-06 01:42:59'),(229,14,5,'vi','64.48 cm','2026-03-06 01:42:59','2026-03-06 01:42:59'),(230,15,6,'vi','29.76 cm','2026-03-06 01:42:59','2026-03-06 01:42:59'),(231,15,7,'vi','53.86 cm','2026-03-06 01:42:59','2026-03-06 01:42:59'),(232,16,6,'vi','72.51 cm','2026-03-06 01:42:59','2026-03-06 01:42:59'),(233,16,7,'vi','2.34 cm','2026-03-06 01:42:59','2026-03-06 01:42:59'),(234,17,1,'vi','21.17 cm','2026-03-06 01:42:59','2026-03-06 01:42:59'),(235,17,2,'vi','49.22 cm','2026-03-06 01:42:59','2026-03-06 01:42:59'),(236,17,3,'vi','76.56 cm','2026-03-06 01:42:59','2026-03-06 01:42:59'),(237,17,4,'vi','72.24 cm','2026-03-06 01:42:59','2026-03-06 01:42:59'),(238,17,5,'vi','72.88 cm','2026-03-06 01:42:59','2026-03-06 01:42:59'),(239,18,6,'vi','29 cm','2026-03-06 01:42:59','2026-03-06 01:42:59'),(240,18,7,'vi','61.99 cm','2026-03-06 01:42:59','2026-03-06 01:42:59'),(241,19,1,'vi','24.04 cm','2026-03-06 01:42:59','2026-03-06 01:42:59'),(242,19,2,'vi','7.57 cm','2026-03-06 01:42:59','2026-03-06 01:42:59'),(243,19,3,'vi','87.55 cm','2026-03-06 01:42:59','2026-03-06 01:42:59'),(244,19,4,'vi','44.93 cm','2026-03-06 01:42:59','2026-03-06 01:42:59'),(245,19,5,'vi','96.42 cm','2026-03-06 01:42:59','2026-03-06 01:42:59'),(246,20,1,'vi','64.8 cm','2026-03-06 01:42:59','2026-03-06 01:42:59'),(247,20,2,'vi','14.29 cm','2026-03-06 01:42:59','2026-03-06 01:42:59'),(248,20,3,'vi','38.68 cm','2026-03-06 01:42:59','2026-03-06 01:42:59'),(249,20,4,'vi','61.88 cm','2026-03-06 01:42:59','2026-03-06 01:42:59'),(250,20,5,'vi','36.81 cm','2026-03-06 01:42:59','2026-03-06 01:42:59'),(251,21,6,'vi','50.29 cm','2026-03-06 01:42:59','2026-03-06 01:42:59'),(252,21,7,'vi','24.56 cm','2026-03-06 01:42:59','2026-03-06 01:42:59'),(253,22,6,'vi','86.39 cm','2026-03-06 01:42:59','2026-03-06 01:42:59'),(254,22,7,'vi','18.23 cm','2026-03-06 01:42:59','2026-03-06 01:42:59'),(255,23,1,'vi','81 cm','2026-03-06 01:42:59','2026-03-06 01:42:59'),(256,23,2,'vi','13.6 cm','2026-03-06 01:42:59','2026-03-06 01:42:59'),(257,23,3,'vi','81.61 cm','2026-03-06 01:42:59','2026-03-06 01:42:59'),(258,23,4,'vi','1.13 cm','2026-03-06 01:42:59','2026-03-06 01:42:59'),(259,23,5,'vi','77.74 cm','2026-03-06 01:42:59','2026-03-06 01:42:59'),(260,24,6,'vi','75.21 cm','2026-03-06 01:42:59','2026-03-06 01:42:59'),(261,24,7,'vi','89.8 cm','2026-03-06 01:42:59','2026-03-06 01:42:59'),(262,25,6,'vi','1.8 cm','2026-03-06 01:42:59','2026-03-06 01:42:59'),(263,25,7,'vi','46.97 cm','2026-03-06 01:42:59','2026-03-06 01:42:59'),(264,26,1,'vi','73.66 cm','2026-03-06 01:42:59','2026-03-06 01:42:59'),(265,26,2,'vi','39.8 cm','2026-03-06 01:42:59','2026-03-06 01:42:59'),(266,26,3,'vi','94.82 cm','2026-03-06 01:42:59','2026-03-06 01:42:59'),(267,26,4,'vi','61.6 cm','2026-03-06 01:42:59','2026-03-06 01:42:59'),(268,26,5,'vi','45.55 cm','2026-03-06 01:42:59','2026-03-06 01:42:59'),(269,27,6,'vi','61.75 cm','2026-03-06 01:42:59','2026-03-06 01:42:59'),(270,27,7,'vi','82.75 cm','2026-03-06 01:42:59','2026-03-06 01:42:59'),(271,28,6,'vi','75.47 cm','2026-03-06 01:42:59','2026-03-06 01:42:59'),(272,28,7,'vi','21.05 cm','2026-03-06 01:42:59','2026-03-06 01:42:59'),(273,29,6,'vi','2.43 cm','2026-03-06 01:42:59','2026-03-06 01:42:59'),(274,29,7,'vi','40.81 cm','2026-03-06 01:42:59','2026-03-06 01:42:59'),(275,30,1,'vi','92.56 cm','2026-03-06 01:42:59','2026-03-06 01:42:59'),(276,30,2,'vi','89.31 cm','2026-03-06 01:42:59','2026-03-06 01:42:59'),(277,30,3,'vi','10.39 cm','2026-03-06 01:42:59','2026-03-06 01:42:59'),(278,30,4,'vi','56.75 cm','2026-03-06 01:42:59','2026-03-06 01:42:59'),(279,30,5,'vi','27.83 cm','2026-03-06 01:42:59','2026-03-06 01:42:59'),(280,31,6,'vi','82.62 cm','2026-03-06 01:42:59','2026-03-06 01:42:59'),(281,31,7,'vi','66.41 cm','2026-03-06 01:42:59','2026-03-06 01:42:59'),(282,32,6,'vi','50.78 cm','2026-03-06 01:42:59','2026-03-06 01:42:59'),(283,32,7,'vi','30.23 cm','2026-03-06 01:42:59','2026-03-06 01:42:59'),(284,33,6,'vi','32.68 cm','2026-03-06 01:42:59','2026-03-06 01:42:59'),(285,33,7,'vi','24.6 cm','2026-03-06 01:42:59','2026-03-06 01:42:59'),(286,34,1,'vi','5.12 cm','2026-03-06 01:42:59','2026-03-06 01:42:59'),(287,34,2,'vi','16.84 cm','2026-03-06 01:42:59','2026-03-06 01:42:59'),(288,34,3,'vi','53.82 cm','2026-03-06 01:42:59','2026-03-06 01:42:59'),(289,34,4,'vi','22.85 cm','2026-03-06 01:42:59','2026-03-06 01:42:59'),(290,34,5,'vi','28.47 cm','2026-03-06 01:42:59','2026-03-06 01:42:59'),(291,35,6,'vi','91.89 cm','2026-03-06 01:42:59','2026-03-06 01:42:59'),(292,35,7,'vi','54.61 cm','2026-03-06 01:42:59','2026-03-06 01:42:59'),(293,36,6,'vi','52.99 cm','2026-03-06 01:42:59','2026-03-06 01:42:59'),(294,36,7,'vi','25.5 cm','2026-03-06 01:42:59','2026-03-06 01:42:59'),(295,37,1,'vi','46.91 cm','2026-03-06 01:42:59','2026-03-06 01:42:59'),(296,37,2,'vi','41.86 cm','2026-03-06 01:42:59','2026-03-06 01:42:59'),(297,37,3,'vi','52.38 cm','2026-03-06 01:42:59','2026-03-06 01:42:59'),(298,37,4,'vi','78.63 cm','2026-03-06 01:42:59','2026-03-06 01:42:59'),(299,37,5,'vi','32.88 cm','2026-03-06 01:42:59','2026-03-06 01:42:59'),(300,38,6,'vi','23.57 cm','2026-03-06 01:42:59','2026-03-06 01:42:59'),(301,38,7,'vi','55.03 cm','2026-03-06 01:42:59','2026-03-06 01:42:59'),(302,39,1,'vi','2.55 cm','2026-03-06 01:42:59','2026-03-06 01:42:59'),(303,39,2,'vi','93.16 cm','2026-03-06 01:42:59','2026-03-06 01:42:59'),(304,39,3,'vi','34.58 cm','2026-03-06 01:42:59','2026-03-06 01:42:59'),(305,39,4,'vi','39.04 cm','2026-03-06 01:42:59','2026-03-06 01:42:59'),(306,39,5,'vi','86.4 cm','2026-03-06 01:42:59','2026-03-06 01:42:59'),(307,40,6,'vi','55.34 cm','2026-03-06 01:42:59','2026-03-06 01:42:59'),(308,40,7,'vi','44.31 cm','2026-03-06 01:42:59','2026-03-06 01:42:59'),(309,41,1,'vi','65.55 cm','2026-03-06 01:42:59','2026-03-06 01:42:59'),(310,41,2,'vi','81.71 cm','2026-03-06 01:42:59','2026-03-06 01:42:59'),(311,41,3,'vi','86.15 cm','2026-03-06 01:42:59','2026-03-06 01:42:59'),(312,41,4,'vi','71.05 cm','2026-03-06 01:42:59','2026-03-06 01:42:59'),(313,41,5,'vi','53.73 cm','2026-03-06 01:42:59','2026-03-06 01:42:59'),(314,42,1,'vi','23.28 cm','2026-03-06 01:42:59','2026-03-06 01:42:59'),(315,42,2,'vi','72.77 cm','2026-03-06 01:42:59','2026-03-06 01:42:59'),(316,42,3,'vi','51.91 cm','2026-03-06 01:42:59','2026-03-06 01:42:59'),(317,42,4,'vi','22.77 cm','2026-03-06 01:42:59','2026-03-06 01:42:59'),(318,42,5,'vi','58.75 cm','2026-03-06 01:42:59','2026-03-06 01:42:59'),(319,43,6,'vi','32.8 cm','2026-03-06 01:42:59','2026-03-06 01:42:59'),(320,43,7,'vi','40.17 cm','2026-03-06 01:42:59','2026-03-06 01:42:59'),(321,44,6,'vi','1.59 cm','2026-03-06 01:42:59','2026-03-06 01:42:59'),(322,44,7,'vi','19.21 cm','2026-03-06 01:42:59','2026-03-06 01:42:59'),(323,45,6,'vi','95.86 cm','2026-03-06 01:42:59','2026-03-06 01:42:59'),(324,45,7,'vi','4.17 cm','2026-03-06 01:42:59','2026-03-06 01:42:59'),(325,46,1,'vi','57.58 cm','2026-03-06 01:42:59','2026-03-06 01:42:59'),(326,46,2,'vi','80.76 cm','2026-03-06 01:42:59','2026-03-06 01:42:59'),(327,46,3,'vi','96.35 cm','2026-03-06 01:42:59','2026-03-06 01:42:59'),(328,46,4,'vi','14.63 cm','2026-03-06 01:42:59','2026-03-06 01:42:59'),(329,46,5,'vi','32.75 cm','2026-03-06 01:42:59','2026-03-06 01:42:59'),(330,47,1,'vi','88.52 cm','2026-03-06 01:42:59','2026-03-06 01:42:59'),(331,47,2,'vi','51.18 cm','2026-03-06 01:42:59','2026-03-06 01:42:59'),(332,47,3,'vi','97.35 cm','2026-03-06 01:42:59','2026-03-06 01:42:59'),(333,47,4,'vi','92.61 cm','2026-03-06 01:42:59','2026-03-06 01:42:59'),(334,47,5,'vi','40.96 cm','2026-03-06 01:42:59','2026-03-06 01:42:59'),(335,48,6,'vi','51.1 cm','2026-03-06 01:42:59','2026-03-06 01:42:59'),(336,48,7,'vi','90.27 cm','2026-03-06 01:42:59','2026-03-06 01:42:59'),(337,49,1,'vi','40.87 cm','2026-03-06 01:42:59','2026-03-06 01:42:59'),(338,49,2,'vi','51.24 cm','2026-03-06 01:42:59','2026-03-06 01:42:59'),(339,49,3,'vi','52.39 cm','2026-03-06 01:42:59','2026-03-06 01:42:59'),(340,49,4,'vi','65.58 cm','2026-03-06 01:42:59','2026-03-06 01:42:59'),(341,49,5,'vi','88.61 cm','2026-03-06 01:42:59','2026-03-06 01:42:59'),(342,50,1,'vi','31.71 cm','2026-03-06 01:42:59','2026-03-06 01:42:59'),(343,50,2,'vi','14.56 cm','2026-03-06 01:42:59','2026-03-06 01:42:59'),(344,50,3,'vi','78.35 cm','2026-03-06 01:42:59','2026-03-06 01:42:59'),(345,50,4,'vi','21.55 cm','2026-03-06 01:42:59','2026-03-06 01:42:59'),(346,50,5,'vi','10.49 cm','2026-03-06 01:42:59','2026-03-06 01:42:59'),(347,51,6,'vi','61.39 cm','2026-03-06 01:42:59','2026-03-06 01:42:59'),(348,51,7,'vi','71.67 cm','2026-03-06 01:42:59','2026-03-06 01:42:59'),(349,52,1,'vi','38.46 cm','2026-03-06 01:42:59','2026-03-06 01:42:59'),(350,52,2,'vi','47.88 cm','2026-03-06 01:42:59','2026-03-06 01:42:59'),(351,52,3,'vi','88.95 cm','2026-03-06 01:42:59','2026-03-06 01:42:59'),(352,52,4,'vi','6.91 cm','2026-03-06 01:42:59','2026-03-06 01:42:59'),(353,52,5,'vi','61.99 cm','2026-03-06 01:42:59','2026-03-06 01:42:59'),(354,53,6,'vi','37.75 cm','2026-03-06 01:42:59','2026-03-06 01:42:59'),(355,53,7,'vi','69.81 cm','2026-03-06 01:42:59','2026-03-06 01:42:59'),(356,54,1,'vi','82.62 cm','2026-03-06 01:42:59','2026-03-06 01:42:59'),(357,54,2,'vi','82.67 cm','2026-03-06 01:42:59','2026-03-06 01:42:59'),(358,54,3,'vi','17.5 cm','2026-03-06 01:42:59','2026-03-06 01:42:59'),(359,54,4,'vi','35.25 cm','2026-03-06 01:42:59','2026-03-06 01:42:59'),(360,54,5,'vi','76.99 cm','2026-03-06 01:42:59','2026-03-06 01:42:59'),(361,1,6,'fr','68.2 cm','2026-03-06 01:42:59','2026-03-06 01:42:59'),(362,1,7,'fr','98.46 cm','2026-03-06 01:42:59','2026-03-06 01:42:59'),(363,2,1,'fr','4.41 cm','2026-03-06 01:42:59','2026-03-06 01:42:59'),(364,2,2,'fr','33.5 cm','2026-03-06 01:42:59','2026-03-06 01:42:59'),(365,2,3,'fr','28.59 cm','2026-03-06 01:42:59','2026-03-06 01:42:59'),(366,2,4,'fr','89.36 cm','2026-03-06 01:42:59','2026-03-06 01:42:59'),(367,2,5,'fr','24.56 cm','2026-03-06 01:42:59','2026-03-06 01:42:59'),(368,3,6,'fr','23.81 cm','2026-03-06 01:42:59','2026-03-06 01:42:59'),(369,3,7,'fr','39.48 cm','2026-03-06 01:42:59','2026-03-06 01:42:59'),(370,4,1,'fr','9.3 cm','2026-03-06 01:42:59','2026-03-06 01:42:59'),(371,4,2,'fr','7.11 cm','2026-03-06 01:42:59','2026-03-06 01:42:59'),(372,4,3,'fr','54.94 cm','2026-03-06 01:42:59','2026-03-06 01:42:59'),(373,4,4,'fr','89.91 cm','2026-03-06 01:42:59','2026-03-06 01:42:59'),(374,4,5,'fr','27.25 cm','2026-03-06 01:42:59','2026-03-06 01:42:59'),(375,5,6,'fr','33.44 cm','2026-03-06 01:42:59','2026-03-06 01:42:59'),(376,5,7,'fr','18.04 cm','2026-03-06 01:42:59','2026-03-06 01:42:59'),(377,6,6,'fr','32.26 cm','2026-03-06 01:42:59','2026-03-06 01:42:59'),(378,6,7,'fr','9.52 cm','2026-03-06 01:42:59','2026-03-06 01:42:59'),(379,7,6,'fr','75.48 cm','2026-03-06 01:42:59','2026-03-06 01:42:59'),(380,7,7,'fr','92.18 cm','2026-03-06 01:42:59','2026-03-06 01:42:59'),(381,8,1,'fr','46.44 cm','2026-03-06 01:42:59','2026-03-06 01:42:59'),(382,8,2,'fr','44.37 cm','2026-03-06 01:42:59','2026-03-06 01:42:59'),(383,8,3,'fr','54.82 cm','2026-03-06 01:42:59','2026-03-06 01:42:59'),(384,8,4,'fr','27.7 cm','2026-03-06 01:42:59','2026-03-06 01:42:59'),(385,8,5,'fr','6.41 cm','2026-03-06 01:42:59','2026-03-06 01:42:59'),(386,9,1,'fr','59.1 cm','2026-03-06 01:42:59','2026-03-06 01:42:59'),(387,9,2,'fr','50.62 cm','2026-03-06 01:42:59','2026-03-06 01:42:59'),(388,9,3,'fr','25.04 cm','2026-03-06 01:42:59','2026-03-06 01:42:59'),(389,9,4,'fr','77.93 cm','2026-03-06 01:42:59','2026-03-06 01:42:59'),(390,9,5,'fr','65.59 cm','2026-03-06 01:42:59','2026-03-06 01:42:59'),(391,10,1,'fr','36.83 cm','2026-03-06 01:42:59','2026-03-06 01:42:59'),(392,10,2,'fr','41.11 cm','2026-03-06 01:42:59','2026-03-06 01:42:59'),(393,10,3,'fr','73.2 cm','2026-03-06 01:42:59','2026-03-06 01:42:59'),(394,10,4,'fr','96.59 cm','2026-03-06 01:42:59','2026-03-06 01:42:59'),(395,10,5,'fr','64.12 cm','2026-03-06 01:42:59','2026-03-06 01:42:59'),(396,11,1,'fr','34.95 cm','2026-03-06 01:42:59','2026-03-06 01:42:59'),(397,11,2,'fr','39.03 cm','2026-03-06 01:42:59','2026-03-06 01:42:59'),(398,11,3,'fr','79.92 cm','2026-03-06 01:42:59','2026-03-06 01:42:59'),(399,11,4,'fr','82.56 cm','2026-03-06 01:42:59','2026-03-06 01:42:59'),(400,11,5,'fr','24.41 cm','2026-03-06 01:42:59','2026-03-06 01:42:59'),(401,12,6,'fr','17.08 cm','2026-03-06 01:42:59','2026-03-06 01:42:59'),(402,12,7,'fr','71.17 cm','2026-03-06 01:42:59','2026-03-06 01:42:59'),(403,13,6,'fr','39.23 cm','2026-03-06 01:42:59','2026-03-06 01:42:59'),(404,13,7,'fr','17.12 cm','2026-03-06 01:42:59','2026-03-06 01:42:59'),(405,14,1,'fr','32.11 cm','2026-03-06 01:42:59','2026-03-06 01:42:59'),(406,14,2,'fr','34 cm','2026-03-06 01:42:59','2026-03-06 01:42:59'),(407,14,3,'fr','47.25 cm','2026-03-06 01:42:59','2026-03-06 01:42:59'),(408,14,4,'fr','78.68 cm','2026-03-06 01:42:59','2026-03-06 01:42:59'),(409,14,5,'fr','64.48 cm','2026-03-06 01:42:59','2026-03-06 01:42:59'),(410,15,6,'fr','29.76 cm','2026-03-06 01:42:59','2026-03-06 01:42:59'),(411,15,7,'fr','53.86 cm','2026-03-06 01:42:59','2026-03-06 01:42:59'),(412,16,6,'fr','72.51 cm','2026-03-06 01:42:59','2026-03-06 01:42:59'),(413,16,7,'fr','2.34 cm','2026-03-06 01:42:59','2026-03-06 01:42:59'),(414,17,1,'fr','21.17 cm','2026-03-06 01:42:59','2026-03-06 01:42:59'),(415,17,2,'fr','49.22 cm','2026-03-06 01:42:59','2026-03-06 01:42:59'),(416,17,3,'fr','76.56 cm','2026-03-06 01:42:59','2026-03-06 01:42:59'),(417,17,4,'fr','72.24 cm','2026-03-06 01:42:59','2026-03-06 01:42:59'),(418,17,5,'fr','72.88 cm','2026-03-06 01:42:59','2026-03-06 01:42:59'),(419,18,6,'fr','29 cm','2026-03-06 01:42:59','2026-03-06 01:42:59'),(420,18,7,'fr','61.99 cm','2026-03-06 01:42:59','2026-03-06 01:42:59'),(421,19,1,'fr','24.04 cm','2026-03-06 01:42:59','2026-03-06 01:42:59'),(422,19,2,'fr','7.57 cm','2026-03-06 01:42:59','2026-03-06 01:42:59'),(423,19,3,'fr','87.55 cm','2026-03-06 01:42:59','2026-03-06 01:42:59'),(424,19,4,'fr','44.93 cm','2026-03-06 01:42:59','2026-03-06 01:42:59'),(425,19,5,'fr','96.42 cm','2026-03-06 01:42:59','2026-03-06 01:42:59'),(426,20,1,'fr','64.8 cm','2026-03-06 01:42:59','2026-03-06 01:42:59'),(427,20,2,'fr','14.29 cm','2026-03-06 01:42:59','2026-03-06 01:42:59'),(428,20,3,'fr','38.68 cm','2026-03-06 01:42:59','2026-03-06 01:42:59'),(429,20,4,'fr','61.88 cm','2026-03-06 01:42:59','2026-03-06 01:42:59'),(430,20,5,'fr','36.81 cm','2026-03-06 01:42:59','2026-03-06 01:42:59'),(431,21,6,'fr','50.29 cm','2026-03-06 01:42:59','2026-03-06 01:42:59'),(432,21,7,'fr','24.56 cm','2026-03-06 01:42:59','2026-03-06 01:42:59'),(433,22,6,'fr','86.39 cm','2026-03-06 01:42:59','2026-03-06 01:42:59'),(434,22,7,'fr','18.23 cm','2026-03-06 01:42:59','2026-03-06 01:42:59'),(435,23,1,'fr','81 cm','2026-03-06 01:42:59','2026-03-06 01:42:59'),(436,23,2,'fr','13.6 cm','2026-03-06 01:42:59','2026-03-06 01:42:59'),(437,23,3,'fr','81.61 cm','2026-03-06 01:42:59','2026-03-06 01:42:59'),(438,23,4,'fr','1.13 cm','2026-03-06 01:42:59','2026-03-06 01:42:59'),(439,23,5,'fr','77.74 cm','2026-03-06 01:42:59','2026-03-06 01:42:59'),(440,24,6,'fr','75.21 cm','2026-03-06 01:42:59','2026-03-06 01:42:59'),(441,24,7,'fr','89.8 cm','2026-03-06 01:42:59','2026-03-06 01:42:59'),(442,25,6,'fr','1.8 cm','2026-03-06 01:42:59','2026-03-06 01:42:59'),(443,25,7,'fr','46.97 cm','2026-03-06 01:42:59','2026-03-06 01:42:59'),(444,26,1,'fr','73.66 cm','2026-03-06 01:42:59','2026-03-06 01:42:59'),(445,26,2,'fr','39.8 cm','2026-03-06 01:42:59','2026-03-06 01:42:59'),(446,26,3,'fr','94.82 cm','2026-03-06 01:42:59','2026-03-06 01:42:59'),(447,26,4,'fr','61.6 cm','2026-03-06 01:42:59','2026-03-06 01:42:59'),(448,26,5,'fr','45.55 cm','2026-03-06 01:42:59','2026-03-06 01:42:59'),(449,27,6,'fr','61.75 cm','2026-03-06 01:42:59','2026-03-06 01:42:59'),(450,27,7,'fr','82.75 cm','2026-03-06 01:42:59','2026-03-06 01:42:59'),(451,28,6,'fr','75.47 cm','2026-03-06 01:42:59','2026-03-06 01:42:59'),(452,28,7,'fr','21.05 cm','2026-03-06 01:42:59','2026-03-06 01:42:59'),(453,29,6,'fr','2.43 cm','2026-03-06 01:42:59','2026-03-06 01:42:59'),(454,29,7,'fr','40.81 cm','2026-03-06 01:42:59','2026-03-06 01:42:59'),(455,30,1,'fr','92.56 cm','2026-03-06 01:42:59','2026-03-06 01:42:59'),(456,30,2,'fr','89.31 cm','2026-03-06 01:42:59','2026-03-06 01:42:59'),(457,30,3,'fr','10.39 cm','2026-03-06 01:42:59','2026-03-06 01:42:59'),(458,30,4,'fr','56.75 cm','2026-03-06 01:42:59','2026-03-06 01:42:59'),(459,30,5,'fr','27.83 cm','2026-03-06 01:42:59','2026-03-06 01:42:59'),(460,31,6,'fr','82.62 cm','2026-03-06 01:42:59','2026-03-06 01:42:59'),(461,31,7,'fr','66.41 cm','2026-03-06 01:42:59','2026-03-06 01:42:59'),(462,32,6,'fr','50.78 cm','2026-03-06 01:42:59','2026-03-06 01:42:59'),(463,32,7,'fr','30.23 cm','2026-03-06 01:42:59','2026-03-06 01:42:59'),(464,33,6,'fr','32.68 cm','2026-03-06 01:42:59','2026-03-06 01:42:59'),(465,33,7,'fr','24.6 cm','2026-03-06 01:42:59','2026-03-06 01:42:59'),(466,34,1,'fr','5.12 cm','2026-03-06 01:42:59','2026-03-06 01:42:59'),(467,34,2,'fr','16.84 cm','2026-03-06 01:42:59','2026-03-06 01:42:59'),(468,34,3,'fr','53.82 cm','2026-03-06 01:42:59','2026-03-06 01:42:59'),(469,34,4,'fr','22.85 cm','2026-03-06 01:42:59','2026-03-06 01:42:59'),(470,34,5,'fr','28.47 cm','2026-03-06 01:42:59','2026-03-06 01:42:59'),(471,35,6,'fr','91.89 cm','2026-03-06 01:42:59','2026-03-06 01:42:59'),(472,35,7,'fr','54.61 cm','2026-03-06 01:42:59','2026-03-06 01:42:59'),(473,36,6,'fr','52.99 cm','2026-03-06 01:42:59','2026-03-06 01:42:59'),(474,36,7,'fr','25.5 cm','2026-03-06 01:42:59','2026-03-06 01:42:59'),(475,37,1,'fr','46.91 cm','2026-03-06 01:42:59','2026-03-06 01:42:59'),(476,37,2,'fr','41.86 cm','2026-03-06 01:42:59','2026-03-06 01:42:59'),(477,37,3,'fr','52.38 cm','2026-03-06 01:42:59','2026-03-06 01:42:59'),(478,37,4,'fr','78.63 cm','2026-03-06 01:42:59','2026-03-06 01:42:59'),(479,37,5,'fr','32.88 cm','2026-03-06 01:42:59','2026-03-06 01:42:59'),(480,38,6,'fr','23.57 cm','2026-03-06 01:42:59','2026-03-06 01:42:59'),(481,38,7,'fr','55.03 cm','2026-03-06 01:42:59','2026-03-06 01:42:59'),(482,39,1,'fr','2.55 cm','2026-03-06 01:42:59','2026-03-06 01:42:59'),(483,39,2,'fr','93.16 cm','2026-03-06 01:42:59','2026-03-06 01:42:59'),(484,39,3,'fr','34.58 cm','2026-03-06 01:42:59','2026-03-06 01:42:59'),(485,39,4,'fr','39.04 cm','2026-03-06 01:42:59','2026-03-06 01:42:59'),(486,39,5,'fr','86.4 cm','2026-03-06 01:42:59','2026-03-06 01:42:59'),(487,40,6,'fr','55.34 cm','2026-03-06 01:42:59','2026-03-06 01:42:59'),(488,40,7,'fr','44.31 cm','2026-03-06 01:42:59','2026-03-06 01:42:59'),(489,41,1,'fr','65.55 cm','2026-03-06 01:42:59','2026-03-06 01:42:59'),(490,41,2,'fr','81.71 cm','2026-03-06 01:42:59','2026-03-06 01:42:59'),(491,41,3,'fr','86.15 cm','2026-03-06 01:42:59','2026-03-06 01:42:59'),(492,41,4,'fr','71.05 cm','2026-03-06 01:42:59','2026-03-06 01:42:59'),(493,41,5,'fr','53.73 cm','2026-03-06 01:42:59','2026-03-06 01:42:59'),(494,42,1,'fr','23.28 cm','2026-03-06 01:42:59','2026-03-06 01:42:59'),(495,42,2,'fr','72.77 cm','2026-03-06 01:42:59','2026-03-06 01:42:59'),(496,42,3,'fr','51.91 cm','2026-03-06 01:42:59','2026-03-06 01:42:59'),(497,42,4,'fr','22.77 cm','2026-03-06 01:42:59','2026-03-06 01:42:59'),(498,42,5,'fr','58.75 cm','2026-03-06 01:42:59','2026-03-06 01:42:59'),(499,43,6,'fr','32.8 cm','2026-03-06 01:42:59','2026-03-06 01:42:59'),(500,43,7,'fr','40.17 cm','2026-03-06 01:42:59','2026-03-06 01:42:59'),(501,44,6,'fr','1.59 cm','2026-03-06 01:42:59','2026-03-06 01:42:59'),(502,44,7,'fr','19.21 cm','2026-03-06 01:42:59','2026-03-06 01:42:59'),(503,45,6,'fr','95.86 cm','2026-03-06 01:42:59','2026-03-06 01:42:59'),(504,45,7,'fr','4.17 cm','2026-03-06 01:42:59','2026-03-06 01:42:59'),(505,46,1,'fr','57.58 cm','2026-03-06 01:42:59','2026-03-06 01:42:59'),(506,46,2,'fr','80.76 cm','2026-03-06 01:42:59','2026-03-06 01:42:59'),(507,46,3,'fr','96.35 cm','2026-03-06 01:42:59','2026-03-06 01:42:59'),(508,46,4,'fr','14.63 cm','2026-03-06 01:42:59','2026-03-06 01:42:59'),(509,46,5,'fr','32.75 cm','2026-03-06 01:42:59','2026-03-06 01:42:59'),(510,47,1,'fr','88.52 cm','2026-03-06 01:42:59','2026-03-06 01:42:59'),(511,47,2,'fr','51.18 cm','2026-03-06 01:42:59','2026-03-06 01:42:59'),(512,47,3,'fr','97.35 cm','2026-03-06 01:42:59','2026-03-06 01:42:59'),(513,47,4,'fr','92.61 cm','2026-03-06 01:42:59','2026-03-06 01:42:59'),(514,47,5,'fr','40.96 cm','2026-03-06 01:42:59','2026-03-06 01:42:59'),(515,48,6,'fr','51.1 cm','2026-03-06 01:42:59','2026-03-06 01:42:59'),(516,48,7,'fr','90.27 cm','2026-03-06 01:42:59','2026-03-06 01:42:59'),(517,49,1,'fr','40.87 cm','2026-03-06 01:42:59','2026-03-06 01:42:59'),(518,49,2,'fr','51.24 cm','2026-03-06 01:42:59','2026-03-06 01:42:59'),(519,49,3,'fr','52.39 cm','2026-03-06 01:42:59','2026-03-06 01:42:59'),(520,49,4,'fr','65.58 cm','2026-03-06 01:42:59','2026-03-06 01:42:59'),(521,49,5,'fr','88.61 cm','2026-03-06 01:42:59','2026-03-06 01:42:59'),(522,50,1,'fr','31.71 cm','2026-03-06 01:42:59','2026-03-06 01:42:59'),(523,50,2,'fr','14.56 cm','2026-03-06 01:42:59','2026-03-06 01:42:59'),(524,50,3,'fr','78.35 cm','2026-03-06 01:42:59','2026-03-06 01:42:59'),(525,50,4,'fr','21.55 cm','2026-03-06 01:42:59','2026-03-06 01:42:59'),(526,50,5,'fr','10.49 cm','2026-03-06 01:42:59','2026-03-06 01:42:59'),(527,51,6,'fr','61.39 cm','2026-03-06 01:42:59','2026-03-06 01:42:59'),(528,51,7,'fr','71.67 cm','2026-03-06 01:42:59','2026-03-06 01:42:59'),(529,52,1,'fr','38.46 cm','2026-03-06 01:42:59','2026-03-06 01:42:59'),(530,52,2,'fr','47.88 cm','2026-03-06 01:42:59','2026-03-06 01:42:59'),(531,52,3,'fr','88.95 cm','2026-03-06 01:42:59','2026-03-06 01:42:59'),(532,52,4,'fr','6.91 cm','2026-03-06 01:42:59','2026-03-06 01:42:59'),(533,52,5,'fr','61.99 cm','2026-03-06 01:42:59','2026-03-06 01:42:59'),(534,53,6,'fr','37.75 cm','2026-03-06 01:42:59','2026-03-06 01:42:59'),(535,53,7,'fr','69.81 cm','2026-03-06 01:42:59','2026-03-06 01:42:59'),(536,54,1,'fr','82.62 cm','2026-03-06 01:42:59','2026-03-06 01:42:59'),(537,54,2,'fr','82.67 cm','2026-03-06 01:42:59','2026-03-06 01:42:59'),(538,54,3,'fr','17.5 cm','2026-03-06 01:42:59','2026-03-06 01:42:59'),(539,54,4,'fr','35.25 cm','2026-03-06 01:42:59','2026-03-06 01:42:59'),(540,54,5,'fr','76.99 cm','2026-03-06 01:42:59','2026-03-06 01:42:59'),(541,1,6,'id','68.2 cm','2026-03-06 01:42:59','2026-03-06 01:42:59'),(542,1,7,'id','98.46 cm','2026-03-06 01:42:59','2026-03-06 01:42:59'),(543,2,1,'id','4.41 cm','2026-03-06 01:42:59','2026-03-06 01:42:59'),(544,2,2,'id','33.5 cm','2026-03-06 01:42:59','2026-03-06 01:42:59'),(545,2,3,'id','28.59 cm','2026-03-06 01:42:59','2026-03-06 01:42:59'),(546,2,4,'id','89.36 cm','2026-03-06 01:42:59','2026-03-06 01:42:59'),(547,2,5,'id','24.56 cm','2026-03-06 01:42:59','2026-03-06 01:42:59'),(548,3,6,'id','23.81 cm','2026-03-06 01:42:59','2026-03-06 01:42:59'),(549,3,7,'id','39.48 cm','2026-03-06 01:42:59','2026-03-06 01:42:59'),(550,4,1,'id','9.3 cm','2026-03-06 01:42:59','2026-03-06 01:42:59'),(551,4,2,'id','7.11 cm','2026-03-06 01:42:59','2026-03-06 01:42:59'),(552,4,3,'id','54.94 cm','2026-03-06 01:42:59','2026-03-06 01:42:59'),(553,4,4,'id','89.91 cm','2026-03-06 01:42:59','2026-03-06 01:42:59'),(554,4,5,'id','27.25 cm','2026-03-06 01:42:59','2026-03-06 01:42:59'),(555,5,6,'id','33.44 cm','2026-03-06 01:42:59','2026-03-06 01:42:59'),(556,5,7,'id','18.04 cm','2026-03-06 01:42:59','2026-03-06 01:42:59'),(557,6,6,'id','32.26 cm','2026-03-06 01:42:59','2026-03-06 01:42:59'),(558,6,7,'id','9.52 cm','2026-03-06 01:42:59','2026-03-06 01:42:59'),(559,7,6,'id','75.48 cm','2026-03-06 01:42:59','2026-03-06 01:42:59'),(560,7,7,'id','92.18 cm','2026-03-06 01:42:59','2026-03-06 01:42:59'),(561,8,1,'id','46.44 cm','2026-03-06 01:42:59','2026-03-06 01:42:59'),(562,8,2,'id','44.37 cm','2026-03-06 01:42:59','2026-03-06 01:42:59'),(563,8,3,'id','54.82 cm','2026-03-06 01:42:59','2026-03-06 01:42:59'),(564,8,4,'id','27.7 cm','2026-03-06 01:42:59','2026-03-06 01:42:59'),(565,8,5,'id','6.41 cm','2026-03-06 01:42:59','2026-03-06 01:42:59'),(566,9,1,'id','59.1 cm','2026-03-06 01:42:59','2026-03-06 01:42:59'),(567,9,2,'id','50.62 cm','2026-03-06 01:42:59','2026-03-06 01:42:59'),(568,9,3,'id','25.04 cm','2026-03-06 01:42:59','2026-03-06 01:42:59'),(569,9,4,'id','77.93 cm','2026-03-06 01:42:59','2026-03-06 01:42:59'),(570,9,5,'id','65.59 cm','2026-03-06 01:42:59','2026-03-06 01:42:59'),(571,10,1,'id','36.83 cm','2026-03-06 01:42:59','2026-03-06 01:42:59'),(572,10,2,'id','41.11 cm','2026-03-06 01:42:59','2026-03-06 01:42:59'),(573,10,3,'id','73.2 cm','2026-03-06 01:42:59','2026-03-06 01:42:59'),(574,10,4,'id','96.59 cm','2026-03-06 01:42:59','2026-03-06 01:42:59'),(575,10,5,'id','64.12 cm','2026-03-06 01:42:59','2026-03-06 01:42:59'),(576,11,1,'id','34.95 cm','2026-03-06 01:42:59','2026-03-06 01:42:59'),(577,11,2,'id','39.03 cm','2026-03-06 01:42:59','2026-03-06 01:42:59'),(578,11,3,'id','79.92 cm','2026-03-06 01:42:59','2026-03-06 01:42:59'),(579,11,4,'id','82.56 cm','2026-03-06 01:42:59','2026-03-06 01:42:59'),(580,11,5,'id','24.41 cm','2026-03-06 01:42:59','2026-03-06 01:42:59'),(581,12,6,'id','17.08 cm','2026-03-06 01:42:59','2026-03-06 01:42:59'),(582,12,7,'id','71.17 cm','2026-03-06 01:42:59','2026-03-06 01:42:59'),(583,13,6,'id','39.23 cm','2026-03-06 01:42:59','2026-03-06 01:42:59'),(584,13,7,'id','17.12 cm','2026-03-06 01:42:59','2026-03-06 01:42:59'),(585,14,1,'id','32.11 cm','2026-03-06 01:42:59','2026-03-06 01:42:59'),(586,14,2,'id','34 cm','2026-03-06 01:42:59','2026-03-06 01:42:59'),(587,14,3,'id','47.25 cm','2026-03-06 01:42:59','2026-03-06 01:42:59'),(588,14,4,'id','78.68 cm','2026-03-06 01:42:59','2026-03-06 01:42:59'),(589,14,5,'id','64.48 cm','2026-03-06 01:42:59','2026-03-06 01:42:59'),(590,15,6,'id','29.76 cm','2026-03-06 01:42:59','2026-03-06 01:42:59'),(591,15,7,'id','53.86 cm','2026-03-06 01:42:59','2026-03-06 01:42:59'),(592,16,6,'id','72.51 cm','2026-03-06 01:42:59','2026-03-06 01:42:59'),(593,16,7,'id','2.34 cm','2026-03-06 01:42:59','2026-03-06 01:42:59'),(594,17,1,'id','21.17 cm','2026-03-06 01:42:59','2026-03-06 01:42:59'),(595,17,2,'id','49.22 cm','2026-03-06 01:42:59','2026-03-06 01:42:59'),(596,17,3,'id','76.56 cm','2026-03-06 01:42:59','2026-03-06 01:42:59'),(597,17,4,'id','72.24 cm','2026-03-06 01:42:59','2026-03-06 01:42:59'),(598,17,5,'id','72.88 cm','2026-03-06 01:42:59','2026-03-06 01:42:59'),(599,18,6,'id','29 cm','2026-03-06 01:42:59','2026-03-06 01:42:59'),(600,18,7,'id','61.99 cm','2026-03-06 01:42:59','2026-03-06 01:42:59'),(601,19,1,'id','24.04 cm','2026-03-06 01:42:59','2026-03-06 01:42:59'),(602,19,2,'id','7.57 cm','2026-03-06 01:42:59','2026-03-06 01:42:59'),(603,19,3,'id','87.55 cm','2026-03-06 01:42:59','2026-03-06 01:42:59'),(604,19,4,'id','44.93 cm','2026-03-06 01:42:59','2026-03-06 01:42:59'),(605,19,5,'id','96.42 cm','2026-03-06 01:42:59','2026-03-06 01:42:59'),(606,20,1,'id','64.8 cm','2026-03-06 01:42:59','2026-03-06 01:42:59'),(607,20,2,'id','14.29 cm','2026-03-06 01:42:59','2026-03-06 01:42:59'),(608,20,3,'id','38.68 cm','2026-03-06 01:42:59','2026-03-06 01:42:59'),(609,20,4,'id','61.88 cm','2026-03-06 01:42:59','2026-03-06 01:42:59'),(610,20,5,'id','36.81 cm','2026-03-06 01:42:59','2026-03-06 01:42:59'),(611,21,6,'id','50.29 cm','2026-03-06 01:42:59','2026-03-06 01:42:59'),(612,21,7,'id','24.56 cm','2026-03-06 01:42:59','2026-03-06 01:42:59'),(613,22,6,'id','86.39 cm','2026-03-06 01:42:59','2026-03-06 01:42:59'),(614,22,7,'id','18.23 cm','2026-03-06 01:42:59','2026-03-06 01:42:59'),(615,23,1,'id','81 cm','2026-03-06 01:42:59','2026-03-06 01:42:59'),(616,23,2,'id','13.6 cm','2026-03-06 01:42:59','2026-03-06 01:42:59'),(617,23,3,'id','81.61 cm','2026-03-06 01:42:59','2026-03-06 01:42:59'),(618,23,4,'id','1.13 cm','2026-03-06 01:42:59','2026-03-06 01:42:59'),(619,23,5,'id','77.74 cm','2026-03-06 01:42:59','2026-03-06 01:42:59'),(620,24,6,'id','75.21 cm','2026-03-06 01:42:59','2026-03-06 01:42:59'),(621,24,7,'id','89.8 cm','2026-03-06 01:42:59','2026-03-06 01:42:59'),(622,25,6,'id','1.8 cm','2026-03-06 01:42:59','2026-03-06 01:42:59'),(623,25,7,'id','46.97 cm','2026-03-06 01:42:59','2026-03-06 01:42:59'),(624,26,1,'id','73.66 cm','2026-03-06 01:42:59','2026-03-06 01:42:59'),(625,26,2,'id','39.8 cm','2026-03-06 01:42:59','2026-03-06 01:42:59'),(626,26,3,'id','94.82 cm','2026-03-06 01:42:59','2026-03-06 01:42:59'),(627,26,4,'id','61.6 cm','2026-03-06 01:42:59','2026-03-06 01:42:59'),(628,26,5,'id','45.55 cm','2026-03-06 01:42:59','2026-03-06 01:42:59'),(629,27,6,'id','61.75 cm','2026-03-06 01:42:59','2026-03-06 01:42:59'),(630,27,7,'id','82.75 cm','2026-03-06 01:42:59','2026-03-06 01:42:59'),(631,28,6,'id','75.47 cm','2026-03-06 01:42:59','2026-03-06 01:42:59'),(632,28,7,'id','21.05 cm','2026-03-06 01:42:59','2026-03-06 01:42:59'),(633,29,6,'id','2.43 cm','2026-03-06 01:42:59','2026-03-06 01:42:59'),(634,29,7,'id','40.81 cm','2026-03-06 01:42:59','2026-03-06 01:42:59'),(635,30,1,'id','92.56 cm','2026-03-06 01:42:59','2026-03-06 01:42:59'),(636,30,2,'id','89.31 cm','2026-03-06 01:42:59','2026-03-06 01:42:59'),(637,30,3,'id','10.39 cm','2026-03-06 01:42:59','2026-03-06 01:42:59'),(638,30,4,'id','56.75 cm','2026-03-06 01:42:59','2026-03-06 01:42:59'),(639,30,5,'id','27.83 cm','2026-03-06 01:42:59','2026-03-06 01:42:59'),(640,31,6,'id','82.62 cm','2026-03-06 01:42:59','2026-03-06 01:42:59'),(641,31,7,'id','66.41 cm','2026-03-06 01:42:59','2026-03-06 01:42:59'),(642,32,6,'id','50.78 cm','2026-03-06 01:42:59','2026-03-06 01:42:59'),(643,32,7,'id','30.23 cm','2026-03-06 01:42:59','2026-03-06 01:42:59'),(644,33,6,'id','32.68 cm','2026-03-06 01:42:59','2026-03-06 01:42:59'),(645,33,7,'id','24.6 cm','2026-03-06 01:42:59','2026-03-06 01:42:59'),(646,34,1,'id','5.12 cm','2026-03-06 01:42:59','2026-03-06 01:42:59'),(647,34,2,'id','16.84 cm','2026-03-06 01:42:59','2026-03-06 01:42:59'),(648,34,3,'id','53.82 cm','2026-03-06 01:42:59','2026-03-06 01:42:59'),(649,34,4,'id','22.85 cm','2026-03-06 01:42:59','2026-03-06 01:42:59'),(650,34,5,'id','28.47 cm','2026-03-06 01:42:59','2026-03-06 01:42:59'),(651,35,6,'id','91.89 cm','2026-03-06 01:42:59','2026-03-06 01:42:59'),(652,35,7,'id','54.61 cm','2026-03-06 01:42:59','2026-03-06 01:42:59'),(653,36,6,'id','52.99 cm','2026-03-06 01:42:59','2026-03-06 01:42:59'),(654,36,7,'id','25.5 cm','2026-03-06 01:42:59','2026-03-06 01:42:59'),(655,37,1,'id','46.91 cm','2026-03-06 01:42:59','2026-03-06 01:42:59'),(656,37,2,'id','41.86 cm','2026-03-06 01:42:59','2026-03-06 01:42:59'),(657,37,3,'id','52.38 cm','2026-03-06 01:42:59','2026-03-06 01:42:59'),(658,37,4,'id','78.63 cm','2026-03-06 01:42:59','2026-03-06 01:42:59'),(659,37,5,'id','32.88 cm','2026-03-06 01:42:59','2026-03-06 01:42:59'),(660,38,6,'id','23.57 cm','2026-03-06 01:42:59','2026-03-06 01:42:59'),(661,38,7,'id','55.03 cm','2026-03-06 01:42:59','2026-03-06 01:42:59'),(662,39,1,'id','2.55 cm','2026-03-06 01:42:59','2026-03-06 01:42:59'),(663,39,2,'id','93.16 cm','2026-03-06 01:42:59','2026-03-06 01:42:59'),(664,39,3,'id','34.58 cm','2026-03-06 01:42:59','2026-03-06 01:42:59'),(665,39,4,'id','39.04 cm','2026-03-06 01:42:59','2026-03-06 01:42:59'),(666,39,5,'id','86.4 cm','2026-03-06 01:42:59','2026-03-06 01:42:59'),(667,40,6,'id','55.34 cm','2026-03-06 01:42:59','2026-03-06 01:42:59'),(668,40,7,'id','44.31 cm','2026-03-06 01:42:59','2026-03-06 01:42:59'),(669,41,1,'id','65.55 cm','2026-03-06 01:42:59','2026-03-06 01:42:59'),(670,41,2,'id','81.71 cm','2026-03-06 01:42:59','2026-03-06 01:42:59'),(671,41,3,'id','86.15 cm','2026-03-06 01:42:59','2026-03-06 01:42:59'),(672,41,4,'id','71.05 cm','2026-03-06 01:42:59','2026-03-06 01:42:59'),(673,41,5,'id','53.73 cm','2026-03-06 01:42:59','2026-03-06 01:42:59'),(674,42,1,'id','23.28 cm','2026-03-06 01:42:59','2026-03-06 01:42:59'),(675,42,2,'id','72.77 cm','2026-03-06 01:42:59','2026-03-06 01:42:59'),(676,42,3,'id','51.91 cm','2026-03-06 01:42:59','2026-03-06 01:42:59'),(677,42,4,'id','22.77 cm','2026-03-06 01:42:59','2026-03-06 01:42:59'),(678,42,5,'id','58.75 cm','2026-03-06 01:42:59','2026-03-06 01:42:59'),(679,43,6,'id','32.8 cm','2026-03-06 01:42:59','2026-03-06 01:42:59'),(680,43,7,'id','40.17 cm','2026-03-06 01:42:59','2026-03-06 01:42:59'),(681,44,6,'id','1.59 cm','2026-03-06 01:42:59','2026-03-06 01:42:59'),(682,44,7,'id','19.21 cm','2026-03-06 01:42:59','2026-03-06 01:42:59'),(683,45,6,'id','95.86 cm','2026-03-06 01:42:59','2026-03-06 01:42:59'),(684,45,7,'id','4.17 cm','2026-03-06 01:42:59','2026-03-06 01:42:59'),(685,46,1,'id','57.58 cm','2026-03-06 01:42:59','2026-03-06 01:42:59'),(686,46,2,'id','80.76 cm','2026-03-06 01:42:59','2026-03-06 01:42:59'),(687,46,3,'id','96.35 cm','2026-03-06 01:42:59','2026-03-06 01:42:59'),(688,46,4,'id','14.63 cm','2026-03-06 01:42:59','2026-03-06 01:42:59'),(689,46,5,'id','32.75 cm','2026-03-06 01:42:59','2026-03-06 01:42:59'),(690,47,1,'id','88.52 cm','2026-03-06 01:42:59','2026-03-06 01:42:59'),(691,47,2,'id','51.18 cm','2026-03-06 01:42:59','2026-03-06 01:42:59'),(692,47,3,'id','97.35 cm','2026-03-06 01:42:59','2026-03-06 01:42:59'),(693,47,4,'id','92.61 cm','2026-03-06 01:42:59','2026-03-06 01:42:59'),(694,47,5,'id','40.96 cm','2026-03-06 01:42:59','2026-03-06 01:42:59'),(695,48,6,'id','51.1 cm','2026-03-06 01:42:59','2026-03-06 01:42:59'),(696,48,7,'id','90.27 cm','2026-03-06 01:42:59','2026-03-06 01:42:59'),(697,49,1,'id','40.87 cm','2026-03-06 01:42:59','2026-03-06 01:42:59'),(698,49,2,'id','51.24 cm','2026-03-06 01:42:59','2026-03-06 01:42:59'),(699,49,3,'id','52.39 cm','2026-03-06 01:42:59','2026-03-06 01:42:59'),(700,49,4,'id','65.58 cm','2026-03-06 01:42:59','2026-03-06 01:42:59'),(701,49,5,'id','88.61 cm','2026-03-06 01:42:59','2026-03-06 01:42:59'),(702,50,1,'id','31.71 cm','2026-03-06 01:42:59','2026-03-06 01:42:59'),(703,50,2,'id','14.56 cm','2026-03-06 01:42:59','2026-03-06 01:42:59'),(704,50,3,'id','78.35 cm','2026-03-06 01:42:59','2026-03-06 01:42:59'),(705,50,4,'id','21.55 cm','2026-03-06 01:42:59','2026-03-06 01:42:59'),(706,50,5,'id','10.49 cm','2026-03-06 01:42:59','2026-03-06 01:42:59'),(707,51,6,'id','61.39 cm','2026-03-06 01:42:59','2026-03-06 01:42:59'),(708,51,7,'id','71.67 cm','2026-03-06 01:42:59','2026-03-06 01:42:59'),(709,52,1,'id','38.46 cm','2026-03-06 01:42:59','2026-03-06 01:42:59'),(710,52,2,'id','47.88 cm','2026-03-06 01:42:59','2026-03-06 01:42:59'),(711,52,3,'id','88.95 cm','2026-03-06 01:42:59','2026-03-06 01:42:59'),(712,52,4,'id','6.91 cm','2026-03-06 01:42:59','2026-03-06 01:42:59'),(713,52,5,'id','61.99 cm','2026-03-06 01:42:59','2026-03-06 01:42:59'),(714,53,6,'id','37.75 cm','2026-03-06 01:42:59','2026-03-06 01:42:59'),(715,53,7,'id','69.81 cm','2026-03-06 01:42:59','2026-03-06 01:42:59'),(716,54,1,'id','82.62 cm','2026-03-06 01:42:59','2026-03-06 01:42:59'),(717,54,2,'id','82.67 cm','2026-03-06 01:42:59','2026-03-06 01:42:59'),(718,54,3,'id','17.5 cm','2026-03-06 01:42:59','2026-03-06 01:42:59'),(719,54,4,'id','35.25 cm','2026-03-06 01:42:59','2026-03-06 01:42:59'),(720,54,5,'id','76.99 cm','2026-03-06 01:42:59','2026-03-06 01:42:59'),(721,1,6,'tr','68.2 cm','2026-03-06 01:42:59','2026-03-06 01:42:59'),(722,1,7,'tr','98.46 cm','2026-03-06 01:42:59','2026-03-06 01:42:59'),(723,2,1,'tr','4.41 cm','2026-03-06 01:42:59','2026-03-06 01:42:59'),(724,2,2,'tr','33.5 cm','2026-03-06 01:42:59','2026-03-06 01:42:59'),(725,2,3,'tr','28.59 cm','2026-03-06 01:42:59','2026-03-06 01:42:59'),(726,2,4,'tr','89.36 cm','2026-03-06 01:42:59','2026-03-06 01:42:59'),(727,2,5,'tr','24.56 cm','2026-03-06 01:42:59','2026-03-06 01:42:59'),(728,3,6,'tr','23.81 cm','2026-03-06 01:42:59','2026-03-06 01:42:59'),(729,3,7,'tr','39.48 cm','2026-03-06 01:42:59','2026-03-06 01:42:59'),(730,4,1,'tr','9.3 cm','2026-03-06 01:42:59','2026-03-06 01:42:59'),(731,4,2,'tr','7.11 cm','2026-03-06 01:42:59','2026-03-06 01:42:59'),(732,4,3,'tr','54.94 cm','2026-03-06 01:42:59','2026-03-06 01:42:59'),(733,4,4,'tr','89.91 cm','2026-03-06 01:42:59','2026-03-06 01:42:59'),(734,4,5,'tr','27.25 cm','2026-03-06 01:42:59','2026-03-06 01:42:59'),(735,5,6,'tr','33.44 cm','2026-03-06 01:42:59','2026-03-06 01:42:59'),(736,5,7,'tr','18.04 cm','2026-03-06 01:42:59','2026-03-06 01:42:59'),(737,6,6,'tr','32.26 cm','2026-03-06 01:42:59','2026-03-06 01:42:59'),(738,6,7,'tr','9.52 cm','2026-03-06 01:42:59','2026-03-06 01:42:59'),(739,7,6,'tr','75.48 cm','2026-03-06 01:42:59','2026-03-06 01:42:59'),(740,7,7,'tr','92.18 cm','2026-03-06 01:42:59','2026-03-06 01:42:59'),(741,8,1,'tr','46.44 cm','2026-03-06 01:42:59','2026-03-06 01:42:59'),(742,8,2,'tr','44.37 cm','2026-03-06 01:42:59','2026-03-06 01:42:59'),(743,8,3,'tr','54.82 cm','2026-03-06 01:42:59','2026-03-06 01:42:59'),(744,8,4,'tr','27.7 cm','2026-03-06 01:42:59','2026-03-06 01:42:59'),(745,8,5,'tr','6.41 cm','2026-03-06 01:42:59','2026-03-06 01:42:59'),(746,9,1,'tr','59.1 cm','2026-03-06 01:42:59','2026-03-06 01:42:59'),(747,9,2,'tr','50.62 cm','2026-03-06 01:42:59','2026-03-06 01:42:59'),(748,9,3,'tr','25.04 cm','2026-03-06 01:42:59','2026-03-06 01:42:59'),(749,9,4,'tr','77.93 cm','2026-03-06 01:42:59','2026-03-06 01:42:59'),(750,9,5,'tr','65.59 cm','2026-03-06 01:42:59','2026-03-06 01:42:59'),(751,10,1,'tr','36.83 cm','2026-03-06 01:42:59','2026-03-06 01:42:59'),(752,10,2,'tr','41.11 cm','2026-03-06 01:42:59','2026-03-06 01:42:59'),(753,10,3,'tr','73.2 cm','2026-03-06 01:42:59','2026-03-06 01:42:59'),(754,10,4,'tr','96.59 cm','2026-03-06 01:42:59','2026-03-06 01:42:59'),(755,10,5,'tr','64.12 cm','2026-03-06 01:42:59','2026-03-06 01:42:59'),(756,11,1,'tr','34.95 cm','2026-03-06 01:42:59','2026-03-06 01:42:59'),(757,11,2,'tr','39.03 cm','2026-03-06 01:42:59','2026-03-06 01:42:59'),(758,11,3,'tr','79.92 cm','2026-03-06 01:42:59','2026-03-06 01:42:59'),(759,11,4,'tr','82.56 cm','2026-03-06 01:42:59','2026-03-06 01:42:59'),(760,11,5,'tr','24.41 cm','2026-03-06 01:42:59','2026-03-06 01:42:59'),(761,12,6,'tr','17.08 cm','2026-03-06 01:42:59','2026-03-06 01:42:59'),(762,12,7,'tr','71.17 cm','2026-03-06 01:42:59','2026-03-06 01:42:59'),(763,13,6,'tr','39.23 cm','2026-03-06 01:42:59','2026-03-06 01:42:59'),(764,13,7,'tr','17.12 cm','2026-03-06 01:42:59','2026-03-06 01:42:59'),(765,14,1,'tr','32.11 cm','2026-03-06 01:42:59','2026-03-06 01:42:59'),(766,14,2,'tr','34 cm','2026-03-06 01:42:59','2026-03-06 01:42:59'),(767,14,3,'tr','47.25 cm','2026-03-06 01:42:59','2026-03-06 01:42:59'),(768,14,4,'tr','78.68 cm','2026-03-06 01:42:59','2026-03-06 01:42:59'),(769,14,5,'tr','64.48 cm','2026-03-06 01:42:59','2026-03-06 01:42:59'),(770,15,6,'tr','29.76 cm','2026-03-06 01:42:59','2026-03-06 01:42:59'),(771,15,7,'tr','53.86 cm','2026-03-06 01:42:59','2026-03-06 01:42:59'),(772,16,6,'tr','72.51 cm','2026-03-06 01:42:59','2026-03-06 01:42:59'),(773,16,7,'tr','2.34 cm','2026-03-06 01:42:59','2026-03-06 01:42:59'),(774,17,1,'tr','21.17 cm','2026-03-06 01:42:59','2026-03-06 01:42:59'),(775,17,2,'tr','49.22 cm','2026-03-06 01:42:59','2026-03-06 01:42:59'),(776,17,3,'tr','76.56 cm','2026-03-06 01:42:59','2026-03-06 01:42:59'),(777,17,4,'tr','72.24 cm','2026-03-06 01:42:59','2026-03-06 01:42:59'),(778,17,5,'tr','72.88 cm','2026-03-06 01:42:59','2026-03-06 01:42:59'),(779,18,6,'tr','29 cm','2026-03-06 01:42:59','2026-03-06 01:42:59'),(780,18,7,'tr','61.99 cm','2026-03-06 01:42:59','2026-03-06 01:42:59'),(781,19,1,'tr','24.04 cm','2026-03-06 01:42:59','2026-03-06 01:42:59'),(782,19,2,'tr','7.57 cm','2026-03-06 01:42:59','2026-03-06 01:42:59'),(783,19,3,'tr','87.55 cm','2026-03-06 01:42:59','2026-03-06 01:42:59'),(784,19,4,'tr','44.93 cm','2026-03-06 01:42:59','2026-03-06 01:42:59'),(785,19,5,'tr','96.42 cm','2026-03-06 01:42:59','2026-03-06 01:42:59'),(786,20,1,'tr','64.8 cm','2026-03-06 01:42:59','2026-03-06 01:42:59'),(787,20,2,'tr','14.29 cm','2026-03-06 01:42:59','2026-03-06 01:42:59'),(788,20,3,'tr','38.68 cm','2026-03-06 01:42:59','2026-03-06 01:42:59'),(789,20,4,'tr','61.88 cm','2026-03-06 01:42:59','2026-03-06 01:42:59'),(790,20,5,'tr','36.81 cm','2026-03-06 01:42:59','2026-03-06 01:42:59'),(791,21,6,'tr','50.29 cm','2026-03-06 01:42:59','2026-03-06 01:42:59'),(792,21,7,'tr','24.56 cm','2026-03-06 01:42:59','2026-03-06 01:42:59'),(793,22,6,'tr','86.39 cm','2026-03-06 01:42:59','2026-03-06 01:42:59'),(794,22,7,'tr','18.23 cm','2026-03-06 01:42:59','2026-03-06 01:42:59'),(795,23,1,'tr','81 cm','2026-03-06 01:42:59','2026-03-06 01:42:59'),(796,23,2,'tr','13.6 cm','2026-03-06 01:42:59','2026-03-06 01:42:59'),(797,23,3,'tr','81.61 cm','2026-03-06 01:42:59','2026-03-06 01:42:59'),(798,23,4,'tr','1.13 cm','2026-03-06 01:42:59','2026-03-06 01:42:59'),(799,23,5,'tr','77.74 cm','2026-03-06 01:42:59','2026-03-06 01:42:59'),(800,24,6,'tr','75.21 cm','2026-03-06 01:42:59','2026-03-06 01:42:59'),(801,24,7,'tr','89.8 cm','2026-03-06 01:42:59','2026-03-06 01:42:59'),(802,25,6,'tr','1.8 cm','2026-03-06 01:42:59','2026-03-06 01:42:59'),(803,25,7,'tr','46.97 cm','2026-03-06 01:42:59','2026-03-06 01:42:59'),(804,26,1,'tr','73.66 cm','2026-03-06 01:42:59','2026-03-06 01:42:59'),(805,26,2,'tr','39.8 cm','2026-03-06 01:42:59','2026-03-06 01:42:59'),(806,26,3,'tr','94.82 cm','2026-03-06 01:42:59','2026-03-06 01:42:59'),(807,26,4,'tr','61.6 cm','2026-03-06 01:42:59','2026-03-06 01:42:59'),(808,26,5,'tr','45.55 cm','2026-03-06 01:42:59','2026-03-06 01:42:59'),(809,27,6,'tr','61.75 cm','2026-03-06 01:42:59','2026-03-06 01:42:59'),(810,27,7,'tr','82.75 cm','2026-03-06 01:42:59','2026-03-06 01:42:59'),(811,28,6,'tr','75.47 cm','2026-03-06 01:42:59','2026-03-06 01:42:59'),(812,28,7,'tr','21.05 cm','2026-03-06 01:42:59','2026-03-06 01:42:59'),(813,29,6,'tr','2.43 cm','2026-03-06 01:42:59','2026-03-06 01:42:59'),(814,29,7,'tr','40.81 cm','2026-03-06 01:42:59','2026-03-06 01:42:59'),(815,30,1,'tr','92.56 cm','2026-03-06 01:42:59','2026-03-06 01:42:59'),(816,30,2,'tr','89.31 cm','2026-03-06 01:42:59','2026-03-06 01:42:59'),(817,30,3,'tr','10.39 cm','2026-03-06 01:42:59','2026-03-06 01:42:59'),(818,30,4,'tr','56.75 cm','2026-03-06 01:42:59','2026-03-06 01:42:59'),(819,30,5,'tr','27.83 cm','2026-03-06 01:42:59','2026-03-06 01:42:59'),(820,31,6,'tr','82.62 cm','2026-03-06 01:42:59','2026-03-06 01:42:59'),(821,31,7,'tr','66.41 cm','2026-03-06 01:42:59','2026-03-06 01:42:59'),(822,32,6,'tr','50.78 cm','2026-03-06 01:42:59','2026-03-06 01:42:59'),(823,32,7,'tr','30.23 cm','2026-03-06 01:42:59','2026-03-06 01:42:59'),(824,33,6,'tr','32.68 cm','2026-03-06 01:42:59','2026-03-06 01:42:59'),(825,33,7,'tr','24.6 cm','2026-03-06 01:42:59','2026-03-06 01:42:59'),(826,34,1,'tr','5.12 cm','2026-03-06 01:42:59','2026-03-06 01:42:59'),(827,34,2,'tr','16.84 cm','2026-03-06 01:42:59','2026-03-06 01:42:59'),(828,34,3,'tr','53.82 cm','2026-03-06 01:42:59','2026-03-06 01:42:59'),(829,34,4,'tr','22.85 cm','2026-03-06 01:42:59','2026-03-06 01:42:59'),(830,34,5,'tr','28.47 cm','2026-03-06 01:42:59','2026-03-06 01:42:59'),(831,35,6,'tr','91.89 cm','2026-03-06 01:42:59','2026-03-06 01:42:59'),(832,35,7,'tr','54.61 cm','2026-03-06 01:42:59','2026-03-06 01:42:59'),(833,36,6,'tr','52.99 cm','2026-03-06 01:42:59','2026-03-06 01:42:59'),(834,36,7,'tr','25.5 cm','2026-03-06 01:42:59','2026-03-06 01:42:59'),(835,37,1,'tr','46.91 cm','2026-03-06 01:42:59','2026-03-06 01:42:59'),(836,37,2,'tr','41.86 cm','2026-03-06 01:42:59','2026-03-06 01:42:59'),(837,37,3,'tr','52.38 cm','2026-03-06 01:42:59','2026-03-06 01:42:59'),(838,37,4,'tr','78.63 cm','2026-03-06 01:42:59','2026-03-06 01:42:59'),(839,37,5,'tr','32.88 cm','2026-03-06 01:42:59','2026-03-06 01:42:59'),(840,38,6,'tr','23.57 cm','2026-03-06 01:42:59','2026-03-06 01:42:59'),(841,38,7,'tr','55.03 cm','2026-03-06 01:42:59','2026-03-06 01:42:59'),(842,39,1,'tr','2.55 cm','2026-03-06 01:42:59','2026-03-06 01:42:59'),(843,39,2,'tr','93.16 cm','2026-03-06 01:42:59','2026-03-06 01:42:59'),(844,39,3,'tr','34.58 cm','2026-03-06 01:42:59','2026-03-06 01:42:59'),(845,39,4,'tr','39.04 cm','2026-03-06 01:42:59','2026-03-06 01:42:59'),(846,39,5,'tr','86.4 cm','2026-03-06 01:42:59','2026-03-06 01:42:59'),(847,40,6,'tr','55.34 cm','2026-03-06 01:42:59','2026-03-06 01:42:59'),(848,40,7,'tr','44.31 cm','2026-03-06 01:42:59','2026-03-06 01:42:59'),(849,41,1,'tr','65.55 cm','2026-03-06 01:42:59','2026-03-06 01:42:59'),(850,41,2,'tr','81.71 cm','2026-03-06 01:42:59','2026-03-06 01:42:59'),(851,41,3,'tr','86.15 cm','2026-03-06 01:42:59','2026-03-06 01:42:59'),(852,41,4,'tr','71.05 cm','2026-03-06 01:42:59','2026-03-06 01:42:59'),(853,41,5,'tr','53.73 cm','2026-03-06 01:42:59','2026-03-06 01:42:59'),(854,42,1,'tr','23.28 cm','2026-03-06 01:42:59','2026-03-06 01:42:59'),(855,42,2,'tr','72.77 cm','2026-03-06 01:42:59','2026-03-06 01:42:59'),(856,42,3,'tr','51.91 cm','2026-03-06 01:42:59','2026-03-06 01:42:59'),(857,42,4,'tr','22.77 cm','2026-03-06 01:42:59','2026-03-06 01:42:59'),(858,42,5,'tr','58.75 cm','2026-03-06 01:42:59','2026-03-06 01:42:59'),(859,43,6,'tr','32.8 cm','2026-03-06 01:42:59','2026-03-06 01:42:59'),(860,43,7,'tr','40.17 cm','2026-03-06 01:42:59','2026-03-06 01:42:59'),(861,44,6,'tr','1.59 cm','2026-03-06 01:42:59','2026-03-06 01:42:59'),(862,44,7,'tr','19.21 cm','2026-03-06 01:42:59','2026-03-06 01:42:59'),(863,45,6,'tr','95.86 cm','2026-03-06 01:42:59','2026-03-06 01:42:59'),(864,45,7,'tr','4.17 cm','2026-03-06 01:42:59','2026-03-06 01:42:59'),(865,46,1,'tr','57.58 cm','2026-03-06 01:42:59','2026-03-06 01:42:59'),(866,46,2,'tr','80.76 cm','2026-03-06 01:42:59','2026-03-06 01:42:59'),(867,46,3,'tr','96.35 cm','2026-03-06 01:42:59','2026-03-06 01:42:59'),(868,46,4,'tr','14.63 cm','2026-03-06 01:42:59','2026-03-06 01:42:59'),(869,46,5,'tr','32.75 cm','2026-03-06 01:42:59','2026-03-06 01:42:59'),(870,47,1,'tr','88.52 cm','2026-03-06 01:42:59','2026-03-06 01:42:59'),(871,47,2,'tr','51.18 cm','2026-03-06 01:42:59','2026-03-06 01:42:59'),(872,47,3,'tr','97.35 cm','2026-03-06 01:42:59','2026-03-06 01:42:59'),(873,47,4,'tr','92.61 cm','2026-03-06 01:42:59','2026-03-06 01:42:59'),(874,47,5,'tr','40.96 cm','2026-03-06 01:42:59','2026-03-06 01:42:59'),(875,48,6,'tr','51.1 cm','2026-03-06 01:42:59','2026-03-06 01:42:59'),(876,48,7,'tr','90.27 cm','2026-03-06 01:42:59','2026-03-06 01:42:59'),(877,49,1,'tr','40.87 cm','2026-03-06 01:42:59','2026-03-06 01:42:59'),(878,49,2,'tr','51.24 cm','2026-03-06 01:42:59','2026-03-06 01:42:59'),(879,49,3,'tr','52.39 cm','2026-03-06 01:42:59','2026-03-06 01:42:59'),(880,49,4,'tr','65.58 cm','2026-03-06 01:42:59','2026-03-06 01:42:59'),(881,49,5,'tr','88.61 cm','2026-03-06 01:42:59','2026-03-06 01:42:59'),(882,50,1,'tr','31.71 cm','2026-03-06 01:42:59','2026-03-06 01:42:59'),(883,50,2,'tr','14.56 cm','2026-03-06 01:42:59','2026-03-06 01:42:59'),(884,50,3,'tr','78.35 cm','2026-03-06 01:42:59','2026-03-06 01:42:59'),(885,50,4,'tr','21.55 cm','2026-03-06 01:42:59','2026-03-06 01:42:59'),(886,50,5,'tr','10.49 cm','2026-03-06 01:42:59','2026-03-06 01:42:59'),(887,51,6,'tr','61.39 cm','2026-03-06 01:42:59','2026-03-06 01:42:59'),(888,51,7,'tr','71.67 cm','2026-03-06 01:42:59','2026-03-06 01:42:59'),(889,52,1,'tr','38.46 cm','2026-03-06 01:42:59','2026-03-06 01:42:59'),(890,52,2,'tr','47.88 cm','2026-03-06 01:42:59','2026-03-06 01:42:59'),(891,52,3,'tr','88.95 cm','2026-03-06 01:42:59','2026-03-06 01:42:59'),(892,52,4,'tr','6.91 cm','2026-03-06 01:42:59','2026-03-06 01:42:59'),(893,52,5,'tr','61.99 cm','2026-03-06 01:42:59','2026-03-06 01:42:59'),(894,53,6,'tr','37.75 cm','2026-03-06 01:42:59','2026-03-06 01:42:59'),(895,53,7,'tr','69.81 cm','2026-03-06 01:42:59','2026-03-06 01:42:59'),(896,54,1,'tr','82.62 cm','2026-03-06 01:42:59','2026-03-06 01:42:59'),(897,54,2,'tr','82.67 cm','2026-03-06 01:42:59','2026-03-06 01:42:59'),(898,54,3,'tr','17.5 cm','2026-03-06 01:42:59','2026-03-06 01:42:59'),(899,54,4,'tr','35.25 cm','2026-03-06 01:42:59','2026-03-06 01:42:59'),(900,54,5,'tr','76.99 cm','2026-03-06 01:42:59','2026-03-06 01:42:59');

--
-- Table structure for table `ec_product_tag_product`
--

CREATE TABLE `ec_product_tag_product` (
  `product_id` bigint unsigned NOT NULL,
  `tag_id` bigint unsigned NOT NULL,
  PRIMARY KEY (`product_id`,`tag_id`),
  KEY `ec_product_tag_product_product_id_index` (`product_id`),
  KEY `ec_product_tag_product_tag_id_index` (`tag_id`)
) ENGINE=InnoDB DEFAULT CHARSET=utf8mb4 COLLATE=utf8mb4_unicode_ci;

--
-- Dumping data for table `ec_product_tag_product`
--


--
-- Table structure for table `ec_product_tags`
--

CREATE TABLE `ec_product_tags` (
  `id` bigint unsigned NOT NULL AUTO_INCREMENT,
  `name` varchar(120) COLLATE utf8mb4_unicode_ci NOT NULL,
  `description` varchar(400) COLLATE utf8mb4_unicode_ci DEFAULT NULL,
  `content` mediumtext COLLATE utf8mb4_unicode_ci,
  `status` varchar(60) COLLATE utf8mb4_unicode_ci NOT NULL DEFAULT 'published',
  `created_at` timestamp NULL DEFAULT NULL,
  `updated_at` timestamp NULL DEFAULT NULL,
  PRIMARY KEY (`id`)
) ENGINE=InnoDB AUTO_INCREMENT=7 DEFAULT CHARSET=utf8mb4 COLLATE=utf8mb4_unicode_ci;

--
-- Dumping data for table `ec_product_tags`
--

INSERT INTO `ec_product_tags` VALUES (1,'Electronic',NULL,NULL,'published','2026-03-06 01:42:54','2026-03-06 01:42:54'),(2,'Mobile',NULL,NULL,'published','2026-03-06 01:42:54','2026-03-06 01:42:54'),(3,'Iphone',NULL,NULL,'published','2026-03-06 01:42:54','2026-03-06 01:42:54'),(4,'Printer',NULL,NULL,'published','2026-03-06 01:42:54','2026-03-06 01:42:54'),(5,'Office',NULL,NULL,'published','2026-03-06 01:42:54','2026-03-06 01:42:54'),(6,'IT',NULL,NULL,'published','2026-03-06 01:42:54','2026-03-06 01:42:54');

--
-- Table structure for table `ec_product_tags_translations`
--

CREATE TABLE `ec_product_tags_translations` (
  `lang_code` varchar(191) COLLATE utf8mb4_unicode_ci NOT NULL,
  `ec_product_tags_id` bigint unsigned NOT NULL,
  `name` varchar(191) COLLATE utf8mb4_unicode_ci DEFAULT NULL,
  `content` mediumtext COLLATE utf8mb4_unicode_ci,
  PRIMARY KEY (`lang_code`,`ec_product_tags_id`),
  KEY `idx_product_tags_fk` (`ec_product_tags_id`),
  KEY `idx_product_tags_product_tags_lang` (`ec_product_tags_id`,`lang_code`)
) ENGINE=InnoDB DEFAULT CHARSET=utf8mb4 COLLATE=utf8mb4_unicode_ci;

--
-- Dumping data for table `ec_product_tags_translations`
--


--
-- Table structure for table `ec_product_up_sale_relations`
--

CREATE TABLE `ec_product_up_sale_relations` (
  `from_product_id` bigint unsigned NOT NULL,
  `to_product_id` bigint unsigned NOT NULL,
  `is_variant` tinyint(1) NOT NULL DEFAULT '0',
  `price` decimal(15,2) DEFAULT '0.00',
  `price_type` varchar(191) COLLATE utf8mb4_unicode_ci NOT NULL DEFAULT 'fixed',
  `apply_to_all_variations` tinyint(1) NOT NULL DEFAULT '1',
  PRIMARY KEY (`from_product_id`,`to_product_id`),
  KEY `ec_product_up_sale_relations_from_product_id_index` (`from_product_id`),
  KEY `ec_product_up_sale_relations_to_product_id_index` (`to_product_id`)
) ENGINE=InnoDB DEFAULT CHARSET=utf8mb4 COLLATE=utf8mb4_unicode_ci;

--
-- Dumping data for table `ec_product_up_sale_relations`
--

INSERT INTO `ec_product_up_sale_relations` VALUES (1,13,0,10.00,'percent',1),(2,29,0,20.00,'fixed',1),(2,40,0,10.00,'fixed',1),(3,21,0,5.00,'percent',1),(3,46,0,5.00,'fixed',1),(4,22,0,15.00,'percent',1),(4,37,0,10.00,'percent',1),(5,18,0,5.00,'fixed',1),(5,51,0,20.00,'percent',1),(6,7,0,15.00,'percent',1),(6,33,0,10.00,'fixed',1),(7,21,0,5.00,'percent',1),(7,33,0,50.00,'fixed',1),(8,14,0,20.00,'percent',1),(8,31,0,10.00,'percent',1),(9,4,0,20.00,'fixed',1),(9,16,0,20.00,'fixed',1),(10,2,0,20.00,'fixed',1),(10,14,0,50.00,'fixed',1),(11,31,0,20.00,'percent',1),(11,35,0,10.00,'fixed',1),(12,39,0,15.00,'percent',1),(12,50,0,10.00,'fixed',1),(13,4,0,5.00,'fixed',1),(13,44,0,5.00,'percent',1),(14,43,0,5.00,'fixed',1),(14,46,0,10.00,'percent',1),(15,11,0,5.00,'percent',1),(15,14,0,50.00,'fixed',1),(16,10,0,50.00,'fixed',1),(16,51,0,10.00,'percent',1),(17,8,0,20.00,'fixed',1),(17,43,0,15.00,'percent',1),(18,17,0,20.00,'percent',1),(18,34,0,5.00,'fixed',1),(19,28,0,20.00,'fixed',1),(19,51,0,10.00,'fixed',1),(20,9,0,50.00,'fixed',1),(20,28,0,20.00,'percent',1),(21,10,0,20.00,'fixed',1),(21,30,0,20.00,'percent',1),(22,27,0,20.00,'fixed',1),(22,49,0,20.00,'percent',1),(23,5,0,50.00,'fixed',1),(23,15,0,50.00,'fixed',1),(24,1,0,10.00,'percent',1),(24,17,0,5.00,'fixed',1),(25,29,0,20.00,'percent',1),(25,52,0,50.00,'fixed',1),(26,2,0,50.00,'fixed',1),(26,7,0,20.00,'fixed',1),(27,11,0,20.00,'fixed',1),(27,12,0,10.00,'fixed',1),(28,6,0,10.00,'percent',1),(28,37,0,5.00,'percent',1),(29,2,0,20.00,'fixed',1),(29,12,0,5.00,'percent',1),(30,14,0,20.00,'fixed',1),(30,40,0,50.00,'fixed',1),(31,39,0,10.00,'fixed',1),(31,53,0,15.00,'percent',1),(32,14,0,50.00,'fixed',1),(32,38,0,50.00,'fixed',1),(33,13,0,50.00,'fixed',1),(33,52,0,10.00,'fixed',1),(34,9,0,5.00,'fixed',1),(34,13,0,10.00,'fixed',1),(35,9,0,10.00,'fixed',1),(35,36,0,5.00,'fixed',1),(36,29,0,15.00,'percent',1),(36,52,0,15.00,'percent',1),(37,3,0,15.00,'percent',1),(37,27,0,5.00,'percent',1),(38,30,0,5.00,'fixed',1),(38,31,0,5.00,'fixed',1),(39,12,0,5.00,'percent',1),(39,30,0,20.00,'percent',1),(40,23,0,20.00,'percent',1),(40,33,0,50.00,'fixed',1),(41,48,0,20.00,'percent',1),(41,52,0,5.00,'percent',1),(42,8,0,20.00,'percent',1),(42,53,0,5.00,'fixed',1),(43,4,0,20.00,'fixed',1),(43,50,0,5.00,'fixed',1),(44,47,0,20.00,'fixed',1),(44,54,0,50.00,'fixed',1),(45,19,0,15.00,'percent',1),(45,50,0,50.00,'fixed',1),(46,17,0,20.00,'percent',1),(46,54,0,5.00,'fixed',1),(47,5,0,20.00,'percent',1),(47,12,0,50.00,'fixed',1),(48,4,0,20.00,'fixed',1),(48,45,0,20.00,'fixed',1),(49,12,0,20.00,'percent',1),(49,16,0,20.00,'percent',1),(50,2,0,20.00,'fixed',1),(50,21,0,50.00,'fixed',1),(51,2,0,15.00,'percent',1),(51,46,0,5.00,'percent',1),(52,14,0,20.00,'fixed',1),(52,45,0,5.00,'fixed',1),(53,8,0,15.00,'percent',1),(53,16,0,20.00,'percent',1),(54,8,0,20.00,'percent',1),(54,20,0,50.00,'fixed',1);

--
-- Table structure for table `ec_product_variation_items`
--

CREATE TABLE `ec_product_variation_items` (
  `id` bigint unsigned NOT NULL AUTO_INCREMENT,
  `attribute_id` bigint unsigned NOT NULL,
  `variation_id` bigint unsigned NOT NULL,
  PRIMARY KEY (`id`),
  UNIQUE KEY `ec_product_variation_items_attribute_id_variation_id_unique` (`attribute_id`,`variation_id`),
  KEY `attribute_variation_index` (`attribute_id`,`variation_id`),
  KEY `idx_variation_id` (`variation_id`),
  KEY `idx_variation_attribute_covering` (`variation_id`,`attribute_id`),
  KEY `ec_product_variation_items_variation_id_attribute_id_index` (`variation_id`,`attribute_id`)
) ENGINE=InnoDB AUTO_INCREMENT=145 DEFAULT CHARSET=utf8mb4 COLLATE=utf8mb4_unicode_ci;

--
-- Dumping data for table `ec_product_variation_items`
--

INSERT INTO `ec_product_variation_items` VALUES (3,1,2),(9,1,5),(15,1,8),(21,1,11),(47,1,24),(51,1,26),(65,1,33),(71,1,36),(85,1,43),(103,1,52),(131,1,66),(135,1,68),(143,1,72),(11,2,6),(29,2,15),(33,2,17),(39,2,20),(43,2,22),(57,2,29),(63,2,32),(69,2,35),(79,2,40),(81,2,41),(83,2,42),(99,2,50),(105,2,53),(107,2,54),(111,2,56),(127,2,64),(7,3,4),(19,3,10),(35,3,18),(53,3,27),(59,3,30),(91,3,46),(93,3,47),(101,3,51),(113,3,57),(125,3,63),(129,3,65),(139,3,70),(1,4,1),(13,4,7),(17,4,9),(23,4,12),(27,4,14),(31,4,16),(41,4,21),(45,4,23),(55,4,28),(61,4,31),(67,4,34),(77,4,39),(87,4,44),(95,4,48),(115,4,58),(117,4,59),(133,4,67),(137,4,69),(5,5,3),(25,5,13),(37,5,19),(49,5,25),(73,5,37),(75,5,38),(89,5,45),(97,5,49),(109,5,55),(119,5,60),(121,5,61),(123,5,62),(141,5,71),(2,6,1),(14,6,7),(24,6,12),(66,6,33),(68,6,34),(94,6,47),(102,6,51),(108,6,54),(112,6,56),(116,6,58),(124,6,62),(10,7,5),(12,7,6),(18,7,9),(20,7,10),(26,7,13),(32,7,16),(42,7,21),(56,7,28),(62,7,31),(86,7,43),(90,7,45),(92,7,46),(130,7,65),(4,8,2),(6,8,3),(8,8,4),(30,8,15),(36,8,18),(38,8,19),(40,8,20),(44,8,22),(48,8,24),(50,8,25),(58,8,29),(60,8,30),(70,8,35),(76,8,38),(96,8,48),(106,8,53),(110,8,55),(132,8,66),(140,8,70),(16,9,8),(34,9,17),(54,9,27),(74,9,37),(80,9,40),(82,9,41),(88,9,44),(100,9,50),(114,9,57),(122,9,61),(126,9,63),(128,9,64),(136,9,68),(138,9,69),(22,10,11),(28,10,14),(46,10,23),(52,10,26),(64,10,32),(72,10,36),(78,10,39),(84,10,42),(98,10,49),(104,10,52),(118,10,59),(120,10,60),(134,10,67),(142,10,71),(144,10,72);

--
-- Table structure for table `ec_product_variations`
--

CREATE TABLE `ec_product_variations` (
  `id` bigint unsigned NOT NULL AUTO_INCREMENT,
  `product_id` bigint unsigned DEFAULT NULL,
  `configurable_product_id` bigint unsigned NOT NULL,
  `is_default` tinyint NOT NULL DEFAULT '0',
  PRIMARY KEY (`id`),
  UNIQUE KEY `ec_product_variations_product_id_configurable_product_id_unique` (`product_id`,`configurable_product_id`),
  KEY `configurable_product_index` (`product_id`,`configurable_product_id`),
  KEY `idx_configurable_product_id` (`configurable_product_id`),
  KEY `idx_product_variations_config` (`configurable_product_id`,`is_default`),
  KEY `ec_product_variations_product_id_index` (`product_id`),
  KEY `ec_product_variations_configurable_product_id_index` (`configurable_product_id`)
) ENGINE=InnoDB AUTO_INCREMENT=73 DEFAULT CHARSET=utf8mb4 COLLATE=utf8mb4_unicode_ci;

--
-- Dumping data for table `ec_product_variations`
--

INSERT INTO `ec_product_variations` VALUES (1,55,1,1),(2,56,1,0),(3,57,2,1),(4,58,2,0),(5,59,3,1),(6,60,4,1),(7,61,5,1),(8,62,5,0),(9,63,6,1),(10,64,7,1),(11,65,7,0),(12,66,7,0),(13,67,8,1),(14,68,8,0),(15,69,8,0),(16,70,14,1),(17,71,14,0),(18,72,14,0),(19,73,14,0),(20,74,15,1),(21,75,15,0),(22,76,17,1),(23,77,18,1),(24,78,18,0),(25,79,18,0),(26,80,18,0),(27,81,19,1),(28,82,19,0),(29,83,22,1),(30,84,23,1),(31,85,23,0),(32,86,23,0),(33,87,24,1),(34,88,24,0),(35,89,26,1),(36,90,26,0),(37,91,26,0),(38,92,30,1),(39,93,30,0),(40,94,32,1),(41,95,32,0),(42,96,33,1),(43,97,33,0),(44,98,34,1),(45,99,34,0),(46,100,34,0),(47,101,34,0),(48,102,35,1),(49,103,35,0),(50,104,36,1),(51,105,37,1),(52,106,37,0),(53,107,40,1),(54,108,43,1),(55,109,43,0),(56,110,43,0),(57,111,43,0),(58,112,45,1),(59,113,45,0),(60,114,45,0),(61,115,46,1),(62,116,46,0),(63,117,46,0),(64,118,46,0),(65,119,49,1),(66,120,49,0),(67,121,50,1),(68,122,50,0),(69,123,50,0),(70,124,53,1),(71,125,53,0),(72,126,53,0);

--
-- Table structure for table `ec_product_views`
--

CREATE TABLE `ec_product_views` (
  `id` bigint unsigned NOT NULL AUTO_INCREMENT,
  `product_id` bigint unsigned NOT NULL,
  `views` int NOT NULL DEFAULT '1',
  `date` date NOT NULL DEFAULT '2026-03-06',
  PRIMARY KEY (`id`),
  UNIQUE KEY `ec_product_views_product_id_date_unique` (`product_id`,`date`),
  KEY `ec_product_views_product_id_index` (`product_id`)
) ENGINE=InnoDB DEFAULT CHARSET=utf8mb4 COLLATE=utf8mb4_unicode_ci;

--
-- Dumping data for table `ec_product_views`
--


--
-- Table structure for table `ec_product_with_attribute_set`
--

CREATE TABLE `ec_product_with_attribute_set` (
  `attribute_set_id` bigint unsigned NOT NULL,
  `product_id` bigint unsigned NOT NULL,
  `order` tinyint unsigned NOT NULL DEFAULT '0',
  PRIMARY KEY (`product_id`,`attribute_set_id`)
) ENGINE=InnoDB DEFAULT CHARSET=utf8mb4 COLLATE=utf8mb4_unicode_ci;

--
-- Dumping data for table `ec_product_with_attribute_set`
--

INSERT INTO `ec_product_with_attribute_set` VALUES (1,1,0),(2,1,0),(1,2,0),(2,2,0),(1,3,0),(2,3,0),(1,4,0),(2,4,0),(1,5,0),(2,5,0),(1,6,0),(2,6,0),(1,7,0),(2,7,0),(1,8,0),(2,8,0),(1,14,0),(2,14,0),(1,15,0),(2,15,0),(1,17,0),(2,17,0),(1,18,0),(2,18,0),(1,19,0),(2,19,0),(1,22,0),(2,22,0),(1,23,0),(2,23,0),(1,24,0),(2,24,0),(1,26,0),(2,26,0),(1,30,0),(2,30,0),(1,32,0),(2,32,0),(1,33,0),(2,33,0),(1,34,0),(2,34,0),(1,35,0),(2,35,0),(1,36,0),(2,36,0),(1,37,0),(2,37,0),(1,40,0),(2,40,0),(1,43,0),(2,43,0),(1,45,0),(2,45,0),(1,46,0),(2,46,0),(1,49,0),(2,49,0),(1,50,0),(2,50,0),(1,53,0),(2,53,0);

--
-- Table structure for table `ec_products`
--

CREATE TABLE `ec_products` (
  `id` bigint unsigned NOT NULL AUTO_INCREMENT,
  `name` varchar(191) COLLATE utf8mb4_unicode_ci NOT NULL,
  `slug` varchar(191) COLLATE utf8mb4_unicode_ci DEFAULT NULL,
  `description` text COLLATE utf8mb4_unicode_ci,
  `content` longtext COLLATE utf8mb4_unicode_ci,
  `status` varchar(60) COLLATE utf8mb4_unicode_ci NOT NULL DEFAULT 'published',
  `images` text COLLATE utf8mb4_unicode_ci,
  `video_media` text COLLATE utf8mb4_unicode_ci,
  `sku` varchar(191) COLLATE utf8mb4_unicode_ci DEFAULT NULL,
  `order` int unsigned NOT NULL DEFAULT '0',
  `quantity` int unsigned DEFAULT NULL,
  `allow_checkout_when_out_of_stock` tinyint unsigned NOT NULL DEFAULT '0',
  `with_storehouse_management` tinyint unsigned NOT NULL DEFAULT '0',
  `stock_status` varchar(191) COLLATE utf8mb4_unicode_ci DEFAULT 'in_stock',
  `is_featured` tinyint unsigned NOT NULL DEFAULT '0',
  `is_new_until` date DEFAULT NULL,
  `brand_id` bigint unsigned DEFAULT NULL,
  `is_variation` tinyint NOT NULL DEFAULT '0',
  `variations_count` int unsigned NOT NULL DEFAULT '0',
  `reviews_count` int unsigned NOT NULL DEFAULT '0',
  `reviews_avg` decimal(3,2) NOT NULL DEFAULT '0.00',
  `sale_type` tinyint NOT NULL DEFAULT '0',
  `price` double unsigned DEFAULT NULL,
  `sale_price` double unsigned DEFAULT NULL,
  `start_date` timestamp NULL DEFAULT NULL,
  `end_date` timestamp NULL DEFAULT NULL,
  `length` double DEFAULT NULL,
  `wide` double DEFAULT NULL,
  `height` double DEFAULT NULL,
  `weight` double DEFAULT NULL,
  `tax_id` bigint unsigned DEFAULT NULL,
  `tax_class` varchar(50) COLLATE utf8mb4_unicode_ci NOT NULL DEFAULT 'standard',
  `views` bigint NOT NULL DEFAULT '0',
  `created_at` timestamp NULL DEFAULT NULL,
  `updated_at` timestamp NULL DEFAULT NULL,
  `created_by_id` bigint unsigned DEFAULT '0',
  `created_by_type` varchar(191) COLLATE utf8mb4_unicode_ci NOT NULL DEFAULT 'Botble\\ACL\\Models\\User',
  `image` varchar(191) COLLATE utf8mb4_unicode_ci DEFAULT NULL,
  `product_type` varchar(60) COLLATE utf8mb4_unicode_ci DEFAULT 'physical',
  `barcode` varchar(150) COLLATE utf8mb4_unicode_ci DEFAULT NULL,
  `cost_per_item` double DEFAULT NULL,
  `currency_code` varchar(10) COLLATE utf8mb4_unicode_ci DEFAULT NULL,
  `price_includes_tax` tinyint(1) NOT NULL DEFAULT '0',
  `generate_license_code` tinyint(1) NOT NULL DEFAULT '0',
  `license_code_type` enum('auto_generate','pick_from_list') COLLATE utf8mb4_unicode_ci NOT NULL DEFAULT 'auto_generate',
  `minimum_order_quantity` int unsigned DEFAULT '0',
  `maximum_order_quantity` int unsigned DEFAULT '0',
  `notify_attachment_updated` tinyint(1) NOT NULL DEFAULT '0',
  `specification_table_id` bigint unsigned DEFAULT NULL,
  `store_id` bigint unsigned DEFAULT NULL,
  `approved_by` bigint unsigned DEFAULT '0',
  PRIMARY KEY (`id`),
  KEY `ec_products_brand_id_status_is_variation_created_at_index` (`brand_id`,`status`,`is_variation`,`created_at`),
  KEY `sale_type_index` (`sale_type`),
  KEY `start_date_index` (`start_date`),
  KEY `end_date_index` (`end_date`),
  KEY `sale_price_index` (`sale_price`),
  KEY `is_variation_index` (`is_variation`),
  KEY `ec_products_sku_index` (`sku`),
  KEY `idx_products_export` (`id`,`is_variation`),
  KEY `idx_variation_name_id` (`is_variation`,`name`,`id`),
  KEY `ec_products_variations_count_index` (`variations_count`),
  KEY `ec_products_slug_index` (`slug`),
  KEY `idx_products_status_variation` (`status`,`is_variation`,`id`),
  KEY `idx_products_price_sale` (`sale_type`,`sale_price`,`price`),
  KEY `idx_products_order_created` (`order`,`created_at`),
  KEY `idx_products_stock` (`with_storehouse_management`,`stock_status`,`quantity`),
  KEY `ec_products_reviews_count_index` (`reviews_count`),
  KEY `ec_products_reviews_avg_index` (`reviews_avg`),
  KEY `ec_products_status_is_variation_index` (`status`,`is_variation`),
  KEY `ec_products_storehouse_quantity_index` (`with_storehouse_management`,`quantity`),
  KEY `ec_products_currency_code_index` (`currency_code`),
  KEY `idx_store_variation_status` (`store_id`,`is_variation`,`status`)
) ENGINE=InnoDB AUTO_INCREMENT=127 DEFAULT CHARSET=utf8mb4 COLLATE=utf8mb4_unicode_ci;

--
-- Dumping data for table `ec_products`
--

INSERT INTO `ec_products` VALUES (1,'Smart Home Speaker','smart-home-speaker','<ul><li> Unrestrained and portable active stereo speaker</li>\n            <li> Free from the confines of wires and chords</li>\n            <li> 20 hours of portable capabilities</li>\n            <li> Double-ended Coil Cord with 3.5mm Stereo Plugs Included</li>\n            <li> 3/4″ Dome Tweeters: 2X and 4″ Woofer: 1X</li></ul>','<p>Short Hooded Coat features a straight body, large pockets with button flaps, ventilation air holes, and a string detail along the hemline. The style is completed with a drawstring hood, featuring Rains’ signature built-in cap. Made from waterproof, matte PU, this lightweight unisex rain jacket is an ode to nostalgia through its classic silhouette and utilitarian design details.</p>\n                                <p>- Casual unisex fit</p>\n\n                                <p>- 64% polyester, 36% polyurethane</p>\n\n                                <p>- Water column pressure: 4000 mm</p>\n\n                                <p>- Model is 187cm tall and wearing a size S / M</p>\n\n                                <p>- Unisex fit</p>\n\n                                <p>- Drawstring hood with built-in cap</p>\n\n                                <p>- Front placket with snap buttons</p>\n\n                                <p>- Ventilation under armpit</p>\n\n                                <p>- Adjustable cuffs</p>\n\n                                <p>- Double welted front pockets</p>\n\n                                <p>- Adjustable elastic string at hempen</p>\n\n                                <p>- Ultrasonically welded seams</p>\n\n                                <p>This is a unisex item, please check our clothing &amp; footwear sizing guide for specific Rains jacket sizing information. RAINS comes from the rainy nation of Denmark at the edge of the European continent, close to the ocean and with prevailing westerly winds; all factors that contribute to an average of 121 rain days each year. Arising from these rainy weather conditions comes the attitude that a quick rain shower may be beautiful, as well as moody- but first and foremost requires the right outfit. Rains focus on the whole experience of going outside on rainy days, issuing an invitation to explore even in the most mercurial weather.</p>','published','[\"products\\/1-1.jpg\",\"products\\/1-2.jpg\",\"products\\/1-3.jpg\",\"products\\/1-4.jpg\"]',NULL,'IU-102-A1',0,15,0,1,'in_stock',0,NULL,7,0,2,10,4.30,0,1773.78,NULL,NULL,NULL,14,19,17,741,NULL,'standard',173941,'2026-03-06 01:42:44','2026-03-06 01:43:03',0,'Botble\\ACL\\Models\\User',NULL,'physical','8021311641388',NULL,NULL,0,0,'auto_generate',0,0,0,2,6,0),(2,'Headphone Ultra Bass','headphone-ultra-bass','<ul><li> Unrestrained and portable active stereo speaker</li>\n            <li> Free from the confines of wires and chords</li>\n            <li> 20 hours of portable capabilities</li>\n            <li> Double-ended Coil Cord with 3.5mm Stereo Plugs Included</li>\n            <li> 3/4″ Dome Tweeters: 2X and 4″ Woofer: 1X</li></ul>','<p>Short Hooded Coat features a straight body, large pockets with button flaps, ventilation air holes, and a string detail along the hemline. The style is completed with a drawstring hood, featuring Rains’ signature built-in cap. Made from waterproof, matte PU, this lightweight unisex rain jacket is an ode to nostalgia through its classic silhouette and utilitarian design details.</p>\n                                <p>- Casual unisex fit</p>\n\n                                <p>- 64% polyester, 36% polyurethane</p>\n\n                                <p>- Water column pressure: 4000 mm</p>\n\n                                <p>- Model is 187cm tall and wearing a size S / M</p>\n\n                                <p>- Unisex fit</p>\n\n                                <p>- Drawstring hood with built-in cap</p>\n\n                                <p>- Front placket with snap buttons</p>\n\n                                <p>- Ventilation under armpit</p>\n\n                                <p>- Adjustable cuffs</p>\n\n                                <p>- Double welted front pockets</p>\n\n                                <p>- Adjustable elastic string at hempen</p>\n\n                                <p>- Ultrasonically welded seams</p>\n\n                                <p>This is a unisex item, please check our clothing &amp; footwear sizing guide for specific Rains jacket sizing information. RAINS comes from the rainy nation of Denmark at the edge of the European continent, close to the ocean and with prevailing westerly winds; all factors that contribute to an average of 121 rain days each year. Arising from these rainy weather conditions comes the attitude that a quick rain shower may be beautiful, as well as moody- but first and foremost requires the right outfit. Rains focus on the whole experience of going outside on rainy days, issuing an invitation to explore even in the most mercurial weather.</p>','published','[\"products\\/2-1.jpg\",\"products\\/2-2.jpg\",\"products\\/2-3.jpg\",\"products\\/2-4.jpg\"]',NULL,'N9-113-A1',0,13,0,1,'in_stock',0,NULL,2,0,2,10,2.80,0,149.28,NULL,NULL,NULL,18,14,19,549,NULL,'standard',49981,'2026-03-06 01:42:44','2026-03-06 01:43:03',0,'Botble\\ACL\\Models\\User',NULL,'physical','6954604782210',NULL,NULL,0,0,'auto_generate',0,0,0,1,2,0),(3,'Boxed - Bluetooth Headphone','boxed-bluetooth-headphone','<ul><li> Unrestrained and portable active stereo speaker</li>\n            <li> Free from the confines of wires and chords</li>\n            <li> 20 hours of portable capabilities</li>\n            <li> Double-ended Coil Cord with 3.5mm Stereo Plugs Included</li>\n            <li> 3/4″ Dome Tweeters: 2X and 4″ Woofer: 1X</li></ul>','<p>Short Hooded Coat features a straight body, large pockets with button flaps, ventilation air holes, and a string detail along the hemline. The style is completed with a drawstring hood, featuring Rains’ signature built-in cap. Made from waterproof, matte PU, this lightweight unisex rain jacket is an ode to nostalgia through its classic silhouette and utilitarian design details.</p>\n                                <p>- Casual unisex fit</p>\n\n                                <p>- 64% polyester, 36% polyurethane</p>\n\n                                <p>- Water column pressure: 4000 mm</p>\n\n                                <p>- Model is 187cm tall and wearing a size S / M</p>\n\n                                <p>- Unisex fit</p>\n\n                                <p>- Drawstring hood with built-in cap</p>\n\n                                <p>- Front placket with snap buttons</p>\n\n                                <p>- Ventilation under armpit</p>\n\n                                <p>- Adjustable cuffs</p>\n\n                                <p>- Double welted front pockets</p>\n\n                                <p>- Adjustable elastic string at hempen</p>\n\n                                <p>- Ultrasonically welded seams</p>\n\n                                <p>This is a unisex item, please check our clothing &amp; footwear sizing guide for specific Rains jacket sizing information. RAINS comes from the rainy nation of Denmark at the edge of the European continent, close to the ocean and with prevailing westerly winds; all factors that contribute to an average of 121 rain days each year. Arising from these rainy weather conditions comes the attitude that a quick rain shower may be beautiful, as well as moody- but first and foremost requires the right outfit. Rains focus on the whole experience of going outside on rainy days, issuing an invitation to explore even in the most mercurial weather.</p>','published','[\"products\\/3-1.jpg\",\"products\\/3-2.jpg\",\"products\\/3-3.jpg\",\"products\\/3-4.jpg\"]',NULL,'PM-184-A1',0,16,0,1,'in_stock',0,NULL,2,0,1,10,3.50,0,1548.42,NULL,NULL,NULL,11,14,11,712,NULL,'standard',76352,'2026-03-06 01:42:44','2026-03-06 01:43:03',0,'Botble\\ACL\\Models\\User',NULL,'physical','6207900036854',NULL,NULL,0,0,'auto_generate',0,0,0,2,1,0),(4,'Camera Samsung SS-24 (Digital)','camera-samsung-ss-24','<ul><li> Unrestrained and portable active stereo speaker</li>\n            <li> Free from the confines of wires and chords</li>\n            <li> 20 hours of portable capabilities</li>\n            <li> Double-ended Coil Cord with 3.5mm Stereo Plugs Included</li>\n            <li> 3/4″ Dome Tweeters: 2X and 4″ Woofer: 1X</li></ul>','<p>Short Hooded Coat features a straight body, large pockets with button flaps, ventilation air holes, and a string detail along the hemline. The style is completed with a drawstring hood, featuring Rains’ signature built-in cap. Made from waterproof, matte PU, this lightweight unisex rain jacket is an ode to nostalgia through its classic silhouette and utilitarian design details.</p>\n                                <p>- Casual unisex fit</p>\n\n                                <p>- 64% polyester, 36% polyurethane</p>\n\n                                <p>- Water column pressure: 4000 mm</p>\n\n                                <p>- Model is 187cm tall and wearing a size S / M</p>\n\n                                <p>- Unisex fit</p>\n\n                                <p>- Drawstring hood with built-in cap</p>\n\n                                <p>- Front placket with snap buttons</p>\n\n                                <p>- Ventilation under armpit</p>\n\n                                <p>- Adjustable cuffs</p>\n\n                                <p>- Double welted front pockets</p>\n\n                                <p>- Adjustable elastic string at hempen</p>\n\n                                <p>- Ultrasonically welded seams</p>\n\n                                <p>This is a unisex item, please check our clothing &amp; footwear sizing guide for specific Rains jacket sizing information. RAINS comes from the rainy nation of Denmark at the edge of the European continent, close to the ocean and with prevailing westerly winds; all factors that contribute to an average of 121 rain days each year. Arising from these rainy weather conditions comes the attitude that a quick rain shower may be beautiful, as well as moody- but first and foremost requires the right outfit. Rains focus on the whole experience of going outside on rainy days, issuing an invitation to explore even in the most mercurial weather.</p>','published','[\"products\\/4-1.jpg\",\"products\\/4-2.jpg\",\"products\\/4-3.jpg\",\"products\\/4-4.jpg\"]',NULL,'KG-149-A1',0,16,0,1,'in_stock',0,NULL,1,0,1,10,3.30,0,1774.65,1508.4525,NULL,NULL,16,11,16,743,NULL,'standard',160482,'2026-03-06 01:42:44','2026-03-06 01:43:03',0,'Botble\\ACL\\Models\\User',NULL,'digital','5360433758189',NULL,NULL,0,0,'auto_generate',0,0,0,1,6,0),(5,'Macbook Pro 2015','macbook-pro-2015','<ul><li> Unrestrained and portable active stereo speaker</li>\n            <li> Free from the confines of wires and chords</li>\n            <li> 20 hours of portable capabilities</li>\n            <li> Double-ended Coil Cord with 3.5mm Stereo Plugs Included</li>\n            <li> 3/4″ Dome Tweeters: 2X and 4″ Woofer: 1X</li></ul>','<p>Short Hooded Coat features a straight body, large pockets with button flaps, ventilation air holes, and a string detail along the hemline. The style is completed with a drawstring hood, featuring Rains’ signature built-in cap. Made from waterproof, matte PU, this lightweight unisex rain jacket is an ode to nostalgia through its classic silhouette and utilitarian design details.</p>\n                                <p>- Casual unisex fit</p>\n\n                                <p>- 64% polyester, 36% polyurethane</p>\n\n                                <p>- Water column pressure: 4000 mm</p>\n\n                                <p>- Model is 187cm tall and wearing a size S / M</p>\n\n                                <p>- Unisex fit</p>\n\n                                <p>- Drawstring hood with built-in cap</p>\n\n                                <p>- Front placket with snap buttons</p>\n\n                                <p>- Ventilation under armpit</p>\n\n                                <p>- Adjustable cuffs</p>\n\n                                <p>- Double welted front pockets</p>\n\n                                <p>- Adjustable elastic string at hempen</p>\n\n                                <p>- Ultrasonically welded seams</p>\n\n                                <p>This is a unisex item, please check our clothing &amp; footwear sizing guide for specific Rains jacket sizing information. RAINS comes from the rainy nation of Denmark at the edge of the European continent, close to the ocean and with prevailing westerly winds; all factors that contribute to an average of 121 rain days each year. Arising from these rainy weather conditions comes the attitude that a quick rain shower may be beautiful, as well as moody- but first and foremost requires the right outfit. Rains focus on the whole experience of going outside on rainy days, issuing an invitation to explore even in the most mercurial weather.</p>','published','[\"products\\/5-1.jpg\",\"products\\/5-2.jpg\",\"products\\/5-3.jpg\",\"products\\/5-4.jpg\"]',NULL,'R6-195-A1',0,13,0,1,'in_stock',0,NULL,2,0,2,10,2.70,0,472.7,NULL,NULL,NULL,19,16,12,818,NULL,'standard',28152,'2026-03-06 01:42:44','2026-03-06 01:43:03',0,'Botble\\ACL\\Models\\User',NULL,'physical','0882171973747',NULL,NULL,0,0,'auto_generate',0,0,0,2,8,0),(6,'Apple Watch Serial 7','apple-watch-serial-7','<ul><li> Unrestrained and portable active stereo speaker</li>\n            <li> Free from the confines of wires and chords</li>\n            <li> 20 hours of portable capabilities</li>\n            <li> Double-ended Coil Cord with 3.5mm Stereo Plugs Included</li>\n            <li> 3/4″ Dome Tweeters: 2X and 4″ Woofer: 1X</li></ul>','<p>Short Hooded Coat features a straight body, large pockets with button flaps, ventilation air holes, and a string detail along the hemline. The style is completed with a drawstring hood, featuring Rains’ signature built-in cap. Made from waterproof, matte PU, this lightweight unisex rain jacket is an ode to nostalgia through its classic silhouette and utilitarian design details.</p>\n                                <p>- Casual unisex fit</p>\n\n                                <p>- 64% polyester, 36% polyurethane</p>\n\n                                <p>- Water column pressure: 4000 mm</p>\n\n                                <p>- Model is 187cm tall and wearing a size S / M</p>\n\n                                <p>- Unisex fit</p>\n\n                                <p>- Drawstring hood with built-in cap</p>\n\n                                <p>- Front placket with snap buttons</p>\n\n                                <p>- Ventilation under armpit</p>\n\n                                <p>- Adjustable cuffs</p>\n\n                                <p>- Double welted front pockets</p>\n\n                                <p>- Adjustable elastic string at hempen</p>\n\n                                <p>- Ultrasonically welded seams</p>\n\n                                <p>This is a unisex item, please check our clothing &amp; footwear sizing guide for specific Rains jacket sizing information. RAINS comes from the rainy nation of Denmark at the edge of the European continent, close to the ocean and with prevailing westerly winds; all factors that contribute to an average of 121 rain days each year. Arising from these rainy weather conditions comes the attitude that a quick rain shower may be beautiful, as well as moody- but first and foremost requires the right outfit. Rains focus on the whole experience of going outside on rainy days, issuing an invitation to explore even in the most mercurial weather.</p>','published','[\"products\\/6-1.jpg\",\"products\\/6-2.jpg\",\"products\\/6-3.jpg\",\"products\\/6-4.jpg\"]',NULL,'DE-100-A1',0,18,0,1,'in_stock',0,NULL,4,0,1,9,3.22,0,424.58,NULL,NULL,NULL,19,16,19,618,NULL,'standard',30030,'2026-03-06 01:42:44','2026-03-06 01:43:03',0,'Botble\\ACL\\Models\\User',NULL,'physical','6719099727036',NULL,NULL,0,0,'auto_generate',0,0,0,2,5,0),(7,'Macbook Pro 13 inch','macbook-pro-13-inch','<ul><li> Unrestrained and portable active stereo speaker</li>\n            <li> Free from the confines of wires and chords</li>\n            <li> 20 hours of portable capabilities</li>\n            <li> Double-ended Coil Cord with 3.5mm Stereo Plugs Included</li>\n            <li> 3/4″ Dome Tweeters: 2X and 4″ Woofer: 1X</li></ul>','<p>Short Hooded Coat features a straight body, large pockets with button flaps, ventilation air holes, and a string detail along the hemline. The style is completed with a drawstring hood, featuring Rains’ signature built-in cap. Made from waterproof, matte PU, this lightweight unisex rain jacket is an ode to nostalgia through its classic silhouette and utilitarian design details.</p>\n                                <p>- Casual unisex fit</p>\n\n                                <p>- 64% polyester, 36% polyurethane</p>\n\n                                <p>- Water column pressure: 4000 mm</p>\n\n                                <p>- Model is 187cm tall and wearing a size S / M</p>\n\n                                <p>- Unisex fit</p>\n\n                                <p>- Drawstring hood with built-in cap</p>\n\n                                <p>- Front placket with snap buttons</p>\n\n                                <p>- Ventilation under armpit</p>\n\n                                <p>- Adjustable cuffs</p>\n\n                                <p>- Double welted front pockets</p>\n\n                                <p>- Adjustable elastic string at hempen</p>\n\n                                <p>- Ultrasonically welded seams</p>\n\n                                <p>This is a unisex item, please check our clothing &amp; footwear sizing guide for specific Rains jacket sizing information. RAINS comes from the rainy nation of Denmark at the edge of the European continent, close to the ocean and with prevailing westerly winds; all factors that contribute to an average of 121 rain days each year. Arising from these rainy weather conditions comes the attitude that a quick rain shower may be beautiful, as well as moody- but first and foremost requires the right outfit. Rains focus on the whole experience of going outside on rainy days, issuing an invitation to explore even in the most mercurial weather.</p>','published','[\"products\\/7-1.jpg\",\"products\\/7-2.jpg\",\"products\\/7-3.jpg\"]',NULL,'OM-135-A1',0,15,0,1,'in_stock',0,NULL,6,0,3,10,2.80,0,71.03,NULL,NULL,NULL,16,12,19,857,NULL,'standard',49052,'2026-03-06 01:42:44','2026-03-06 01:43:03',0,'Botble\\ACL\\Models\\User',NULL,'physical','8706598095481',NULL,NULL,0,0,'auto_generate',0,0,0,2,9,0),(8,'Apple Keyboard (Digital)','apple-keyboard','<ul><li> Unrestrained and portable active stereo speaker</li>\n            <li> Free from the confines of wires and chords</li>\n            <li> 20 hours of portable capabilities</li>\n            <li> Double-ended Coil Cord with 3.5mm Stereo Plugs Included</li>\n            <li> 3/4″ Dome Tweeters: 2X and 4″ Woofer: 1X</li></ul>','<p>Short Hooded Coat features a straight body, large pockets with button flaps, ventilation air holes, and a string detail along the hemline. The style is completed with a drawstring hood, featuring Rains’ signature built-in cap. Made from waterproof, matte PU, this lightweight unisex rain jacket is an ode to nostalgia through its classic silhouette and utilitarian design details.</p>\n                                <p>- Casual unisex fit</p>\n\n                                <p>- 64% polyester, 36% polyurethane</p>\n\n                                <p>- Water column pressure: 4000 mm</p>\n\n                                <p>- Model is 187cm tall and wearing a size S / M</p>\n\n                                <p>- Unisex fit</p>\n\n                                <p>- Drawstring hood with built-in cap</p>\n\n                                <p>- Front placket with snap buttons</p>\n\n                                <p>- Ventilation under armpit</p>\n\n                                <p>- Adjustable cuffs</p>\n\n                                <p>- Double welted front pockets</p>\n\n                                <p>- Adjustable elastic string at hempen</p>\n\n                                <p>- Ultrasonically welded seams</p>\n\n                                <p>This is a unisex item, please check our clothing &amp; footwear sizing guide for specific Rains jacket sizing information. RAINS comes from the rainy nation of Denmark at the edge of the European continent, close to the ocean and with prevailing westerly winds; all factors that contribute to an average of 121 rain days each year. Arising from these rainy weather conditions comes the attitude that a quick rain shower may be beautiful, as well as moody- but first and foremost requires the right outfit. Rains focus on the whole experience of going outside on rainy days, issuing an invitation to explore even in the most mercurial weather.</p>','published','[\"products\\/8-1.jpg\",\"products\\/8-2.jpg\",\"products\\/8-3.jpg\",\"products\\/8-4.jpg\"]',NULL,'JZ-197-A1',0,20,0,1,'in_stock',0,NULL,3,0,3,9,3.33,0,619.67,477.1459,NULL,NULL,18,11,14,737,NULL,'standard',5062,'2026-03-06 01:42:44','2026-03-06 01:43:03',0,'Botble\\ACL\\Models\\User',NULL,'digital','1620865745725',NULL,NULL,0,0,'auto_generate',0,0,0,1,9,0),(9,'MacSafe 80W','macsafe-80w','<ul><li> Unrestrained and portable active stereo speaker</li>\n            <li> Free from the confines of wires and chords</li>\n            <li> 20 hours of portable capabilities</li>\n            <li> Double-ended Coil Cord with 3.5mm Stereo Plugs Included</li>\n            <li> 3/4″ Dome Tweeters: 2X and 4″ Woofer: 1X</li></ul>','<p>Short Hooded Coat features a straight body, large pockets with button flaps, ventilation air holes, and a string detail along the hemline. The style is completed with a drawstring hood, featuring Rains’ signature built-in cap. Made from waterproof, matte PU, this lightweight unisex rain jacket is an ode to nostalgia through its classic silhouette and utilitarian design details.</p>\n                                <p>- Casual unisex fit</p>\n\n                                <p>- 64% polyester, 36% polyurethane</p>\n\n                                <p>- Water column pressure: 4000 mm</p>\n\n                                <p>- Model is 187cm tall and wearing a size S / M</p>\n\n                                <p>- Unisex fit</p>\n\n                                <p>- Drawstring hood with built-in cap</p>\n\n                                <p>- Front placket with snap buttons</p>\n\n                                <p>- Ventilation under armpit</p>\n\n                                <p>- Adjustable cuffs</p>\n\n                                <p>- Double welted front pockets</p>\n\n                                <p>- Adjustable elastic string at hempen</p>\n\n                                <p>- Ultrasonically welded seams</p>\n\n                                <p>This is a unisex item, please check our clothing &amp; footwear sizing guide for specific Rains jacket sizing information. RAINS comes from the rainy nation of Denmark at the edge of the European continent, close to the ocean and with prevailing westerly winds; all factors that contribute to an average of 121 rain days each year. Arising from these rainy weather conditions comes the attitude that a quick rain shower may be beautiful, as well as moody- but first and foremost requires the right outfit. Rains focus on the whole experience of going outside on rainy days, issuing an invitation to explore even in the most mercurial weather.</p>','published','[\"products\\/9-1.jpg\",\"products\\/9-2.jpg\",\"products\\/9-3.jpg\"]',NULL,'WZ-175',0,17,0,1,'in_stock',0,NULL,5,0,0,10,3.00,0,764.63,710.63,NULL,NULL,13,19,18,859,NULL,'standard',150240,'2026-03-06 01:42:44','2026-03-06 01:43:03',0,'Botble\\ACL\\Models\\User',NULL,'physical','4642500199196',NULL,NULL,0,0,'auto_generate',0,0,0,1,8,0),(10,'Hand playstation','hand-playstation','<ul><li> Unrestrained and portable active stereo speaker</li>\n            <li> Free from the confines of wires and chords</li>\n            <li> 20 hours of portable capabilities</li>\n            <li> Double-ended Coil Cord with 3.5mm Stereo Plugs Included</li>\n            <li> 3/4″ Dome Tweeters: 2X and 4″ Woofer: 1X</li></ul>','<p>Short Hooded Coat features a straight body, large pockets with button flaps, ventilation air holes, and a string detail along the hemline. The style is completed with a drawstring hood, featuring Rains’ signature built-in cap. Made from waterproof, matte PU, this lightweight unisex rain jacket is an ode to nostalgia through its classic silhouette and utilitarian design details.</p>\n                                <p>- Casual unisex fit</p>\n\n                                <p>- 64% polyester, 36% polyurethane</p>\n\n                                <p>- Water column pressure: 4000 mm</p>\n\n                                <p>- Model is 187cm tall and wearing a size S / M</p>\n\n                                <p>- Unisex fit</p>\n\n                                <p>- Drawstring hood with built-in cap</p>\n\n                                <p>- Front placket with snap buttons</p>\n\n                                <p>- Ventilation under armpit</p>\n\n                                <p>- Adjustable cuffs</p>\n\n                                <p>- Double welted front pockets</p>\n\n                                <p>- Adjustable elastic string at hempen</p>\n\n                                <p>- Ultrasonically welded seams</p>\n\n                                <p>This is a unisex item, please check our clothing &amp; footwear sizing guide for specific Rains jacket sizing information. RAINS comes from the rainy nation of Denmark at the edge of the European continent, close to the ocean and with prevailing westerly winds; all factors that contribute to an average of 121 rain days each year. Arising from these rainy weather conditions comes the attitude that a quick rain shower may be beautiful, as well as moody- but first and foremost requires the right outfit. Rains focus on the whole experience of going outside on rainy days, issuing an invitation to explore even in the most mercurial weather.</p>','published','[\"products\\/10-1.jpg\",\"products\\/10-2.jpg\",\"products\\/10-3.jpg\",\"products\\/10-4.jpg\"]',NULL,'CC-152',0,11,0,1,'in_stock',0,NULL,4,0,0,9,3.00,0,511.9,208.9,NULL,NULL,13,16,20,633,NULL,'standard',104477,'2026-03-06 01:42:44','2026-03-06 01:43:03',0,'Botble\\ACL\\Models\\User',NULL,'physical','7079042881918',NULL,NULL,0,0,'auto_generate',0,0,0,1,9,0),(11,'Apple Airpods Serial 3','apple-airpods-serial-3','<ul><li> Unrestrained and portable active stereo speaker</li>\n            <li> Free from the confines of wires and chords</li>\n            <li> 20 hours of portable capabilities</li>\n            <li> Double-ended Coil Cord with 3.5mm Stereo Plugs Included</li>\n            <li> 3/4″ Dome Tweeters: 2X and 4″ Woofer: 1X</li></ul>','<p>Short Hooded Coat features a straight body, large pockets with button flaps, ventilation air holes, and a string detail along the hemline. The style is completed with a drawstring hood, featuring Rains’ signature built-in cap. Made from waterproof, matte PU, this lightweight unisex rain jacket is an ode to nostalgia through its classic silhouette and utilitarian design details.</p>\n                                <p>- Casual unisex fit</p>\n\n                                <p>- 64% polyester, 36% polyurethane</p>\n\n                                <p>- Water column pressure: 4000 mm</p>\n\n                                <p>- Model is 187cm tall and wearing a size S / M</p>\n\n                                <p>- Unisex fit</p>\n\n                                <p>- Drawstring hood with built-in cap</p>\n\n                                <p>- Front placket with snap buttons</p>\n\n                                <p>- Ventilation under armpit</p>\n\n                                <p>- Adjustable cuffs</p>\n\n                                <p>- Double welted front pockets</p>\n\n                                <p>- Adjustable elastic string at hempen</p>\n\n                                <p>- Ultrasonically welded seams</p>\n\n                                <p>This is a unisex item, please check our clothing &amp; footwear sizing guide for specific Rains jacket sizing information. RAINS comes from the rainy nation of Denmark at the edge of the European continent, close to the ocean and with prevailing westerly winds; all factors that contribute to an average of 121 rain days each year. Arising from these rainy weather conditions comes the attitude that a quick rain shower may be beautiful, as well as moody- but first and foremost requires the right outfit. Rains focus on the whole experience of going outside on rainy days, issuing an invitation to explore even in the most mercurial weather.</p>','published','[\"products\\/11-1.jpg\",\"products\\/11-2.jpg\",\"products\\/11-3.jpg\",\"products\\/11-4.jpg\"]',NULL,'NO-172',0,15,0,1,'in_stock',0,NULL,6,0,0,10,2.80,0,1504.73,1053.311,NULL,NULL,13,16,12,820,NULL,'standard',130977,'2026-03-06 01:42:44','2026-03-06 01:43:03',0,'Botble\\ACL\\Models\\User',NULL,'physical','8825995678247',NULL,NULL,0,0,'auto_generate',0,0,0,1,6,0),(12,'Cool Smart Watches (Digital)','cool-smart-watches','<ul><li> Unrestrained and portable active stereo speaker</li>\n            <li> Free from the confines of wires and chords</li>\n            <li> 20 hours of portable capabilities</li>\n            <li> Double-ended Coil Cord with 3.5mm Stereo Plugs Included</li>\n            <li> 3/4″ Dome Tweeters: 2X and 4″ Woofer: 1X</li></ul>','<p>Short Hooded Coat features a straight body, large pockets with button flaps, ventilation air holes, and a string detail along the hemline. The style is completed with a drawstring hood, featuring Rains’ signature built-in cap. Made from waterproof, matte PU, this lightweight unisex rain jacket is an ode to nostalgia through its classic silhouette and utilitarian design details.</p>\n                                <p>- Casual unisex fit</p>\n\n                                <p>- 64% polyester, 36% polyurethane</p>\n\n                                <p>- Water column pressure: 4000 mm</p>\n\n                                <p>- Model is 187cm tall and wearing a size S / M</p>\n\n                                <p>- Unisex fit</p>\n\n                                <p>- Drawstring hood with built-in cap</p>\n\n                                <p>- Front placket with snap buttons</p>\n\n                                <p>- Ventilation under armpit</p>\n\n                                <p>- Adjustable cuffs</p>\n\n                                <p>- Double welted front pockets</p>\n\n                                <p>- Adjustable elastic string at hempen</p>\n\n                                <p>- Ultrasonically welded seams</p>\n\n                                <p>This is a unisex item, please check our clothing &amp; footwear sizing guide for specific Rains jacket sizing information. RAINS comes from the rainy nation of Denmark at the edge of the European continent, close to the ocean and with prevailing westerly winds; all factors that contribute to an average of 121 rain days each year. Arising from these rainy weather conditions comes the attitude that a quick rain shower may be beautiful, as well as moody- but first and foremost requires the right outfit. Rains focus on the whole experience of going outside on rainy days, issuing an invitation to explore even in the most mercurial weather.</p>','published','[\"products\\/12-1.jpg\",\"products\\/12-2.jpg\",\"products\\/12-3.jpg\",\"products\\/12-4.jpg\"]',NULL,'J5-197',0,15,0,1,'in_stock',0,NULL,6,0,0,10,2.20,0,589.11,505.11,NULL,NULL,16,11,19,879,NULL,'standard',33838,'2026-03-06 01:42:44','2026-03-06 01:43:03',0,'Botble\\ACL\\Models\\User',NULL,'digital','3032760386770',NULL,NULL,0,0,'auto_generate',0,0,0,2,6,0),(13,'Black Smart Watches','black-smart-watches','<ul><li> Unrestrained and portable active stereo speaker</li>\n            <li> Free from the confines of wires and chords</li>\n            <li> 20 hours of portable capabilities</li>\n            <li> Double-ended Coil Cord with 3.5mm Stereo Plugs Included</li>\n            <li> 3/4″ Dome Tweeters: 2X and 4″ Woofer: 1X</li></ul>','<p>Short Hooded Coat features a straight body, large pockets with button flaps, ventilation air holes, and a string detail along the hemline. The style is completed with a drawstring hood, featuring Rains’ signature built-in cap. Made from waterproof, matte PU, this lightweight unisex rain jacket is an ode to nostalgia through its classic silhouette and utilitarian design details.</p>\n                                <p>- Casual unisex fit</p>\n\n                                <p>- 64% polyester, 36% polyurethane</p>\n\n                                <p>- Water column pressure: 4000 mm</p>\n\n                                <p>- Model is 187cm tall and wearing a size S / M</p>\n\n                                <p>- Unisex fit</p>\n\n                                <p>- Drawstring hood with built-in cap</p>\n\n                                <p>- Front placket with snap buttons</p>\n\n                                <p>- Ventilation under armpit</p>\n\n                                <p>- Adjustable cuffs</p>\n\n                                <p>- Double welted front pockets</p>\n\n                                <p>- Adjustable elastic string at hempen</p>\n\n                                <p>- Ultrasonically welded seams</p>\n\n                                <p>This is a unisex item, please check our clothing &amp; footwear sizing guide for specific Rains jacket sizing information. RAINS comes from the rainy nation of Denmark at the edge of the European continent, close to the ocean and with prevailing westerly winds; all factors that contribute to an average of 121 rain days each year. Arising from these rainy weather conditions comes the attitude that a quick rain shower may be beautiful, as well as moody- but first and foremost requires the right outfit. Rains focus on the whole experience of going outside on rainy days, issuing an invitation to explore even in the most mercurial weather.</p>','published','[\"products\\/13-1.jpg\",\"products\\/13-2.jpg\",\"products\\/13-3.jpg\",\"products\\/13-4.jpg\"]',NULL,'CM-152',0,13,0,1,'in_stock',0,NULL,5,0,0,10,3.30,0,1503.33,1292.8638,NULL,NULL,18,17,18,842,NULL,'standard',132339,'2026-03-06 01:42:44','2026-03-06 01:43:03',0,'Botble\\ACL\\Models\\User',NULL,'physical','2292203793676',NULL,NULL,0,0,'auto_generate',0,0,0,2,4,0),(14,'Leather Watch In Black','leather-watch-in-black','<ul><li> Unrestrained and portable active stereo speaker</li>\n            <li> Free from the confines of wires and chords</li>\n            <li> 20 hours of portable capabilities</li>\n            <li> Double-ended Coil Cord with 3.5mm Stereo Plugs Included</li>\n            <li> 3/4″ Dome Tweeters: 2X and 4″ Woofer: 1X</li></ul>','<p>Short Hooded Coat features a straight body, large pockets with button flaps, ventilation air holes, and a string detail along the hemline. The style is completed with a drawstring hood, featuring Rains’ signature built-in cap. Made from waterproof, matte PU, this lightweight unisex rain jacket is an ode to nostalgia through its classic silhouette and utilitarian design details.</p>\n                                <p>- Casual unisex fit</p>\n\n                                <p>- 64% polyester, 36% polyurethane</p>\n\n                                <p>- Water column pressure: 4000 mm</p>\n\n                                <p>- Model is 187cm tall and wearing a size S / M</p>\n\n                                <p>- Unisex fit</p>\n\n                                <p>- Drawstring hood with built-in cap</p>\n\n                                <p>- Front placket with snap buttons</p>\n\n                                <p>- Ventilation under armpit</p>\n\n                                <p>- Adjustable cuffs</p>\n\n                                <p>- Double welted front pockets</p>\n\n                                <p>- Adjustable elastic string at hempen</p>\n\n                                <p>- Ultrasonically welded seams</p>\n\n                                <p>This is a unisex item, please check our clothing &amp; footwear sizing guide for specific Rains jacket sizing information. RAINS comes from the rainy nation of Denmark at the edge of the European continent, close to the ocean and with prevailing westerly winds; all factors that contribute to an average of 121 rain days each year. Arising from these rainy weather conditions comes the attitude that a quick rain shower may be beautiful, as well as moody- but first and foremost requires the right outfit. Rains focus on the whole experience of going outside on rainy days, issuing an invitation to explore even in the most mercurial weather.</p>','published','[\"products\\/14-1.jpg\",\"products\\/14-2.jpg\",\"products\\/14-3.jpg\",\"products\\/14-4.jpg\"]',NULL,'L1-105-A1',0,17,0,1,'in_stock',0,NULL,5,0,4,10,2.70,0,1217.71,NULL,NULL,NULL,20,20,15,822,NULL,'standard',109278,'2026-03-06 01:42:44','2026-03-06 01:43:03',0,'Botble\\ACL\\Models\\User',NULL,'physical','0907286727990',NULL,NULL,0,0,'auto_generate',0,0,0,1,8,0),(15,'Macbook Pro 2015 13 inch','macbook-pro-2015-13-inch','<ul><li> Unrestrained and portable active stereo speaker</li>\n            <li> Free from the confines of wires and chords</li>\n            <li> 20 hours of portable capabilities</li>\n            <li> Double-ended Coil Cord with 3.5mm Stereo Plugs Included</li>\n            <li> 3/4″ Dome Tweeters: 2X and 4″ Woofer: 1X</li></ul>','<p>Short Hooded Coat features a straight body, large pockets with button flaps, ventilation air holes, and a string detail along the hemline. The style is completed with a drawstring hood, featuring Rains’ signature built-in cap. Made from waterproof, matte PU, this lightweight unisex rain jacket is an ode to nostalgia through its classic silhouette and utilitarian design details.</p>\n                                <p>- Casual unisex fit</p>\n\n                                <p>- 64% polyester, 36% polyurethane</p>\n\n                                <p>- Water column pressure: 4000 mm</p>\n\n                                <p>- Model is 187cm tall and wearing a size S / M</p>\n\n                                <p>- Unisex fit</p>\n\n                                <p>- Drawstring hood with built-in cap</p>\n\n                                <p>- Front placket with snap buttons</p>\n\n                                <p>- Ventilation under armpit</p>\n\n                                <p>- Adjustable cuffs</p>\n\n                                <p>- Double welted front pockets</p>\n\n                                <p>- Adjustable elastic string at hempen</p>\n\n                                <p>- Ultrasonically welded seams</p>\n\n                                <p>This is a unisex item, please check our clothing &amp; footwear sizing guide for specific Rains jacket sizing information. RAINS comes from the rainy nation of Denmark at the edge of the European continent, close to the ocean and with prevailing westerly winds; all factors that contribute to an average of 121 rain days each year. Arising from these rainy weather conditions comes the attitude that a quick rain shower may be beautiful, as well as moody- but first and foremost requires the right outfit. Rains focus on the whole experience of going outside on rainy days, issuing an invitation to explore even in the most mercurial weather.</p>','published','[\"products\\/15-1.jpg\",\"products\\/15-2.jpg\",\"products\\/15-3.jpg\",\"products\\/15-4.jpg\"]',NULL,'P6-200-A1',0,18,0,1,'in_stock',0,NULL,3,0,2,9,3.22,0,1762.32,NULL,NULL,NULL,13,20,17,550,NULL,'standard',133442,'2026-03-06 01:42:44','2026-03-06 01:43:03',0,'Botble\\ACL\\Models\\User',NULL,'physical','6770047676103',NULL,NULL,0,0,'auto_generate',0,0,0,2,6,0),(16,'Historic Alarm Clock (Digital)','historic-alarm-clock','<ul><li> Unrestrained and portable active stereo speaker</li>\n            <li> Free from the confines of wires and chords</li>\n            <li> 20 hours of portable capabilities</li>\n            <li> Double-ended Coil Cord with 3.5mm Stereo Plugs Included</li>\n            <li> 3/4″ Dome Tweeters: 2X and 4″ Woofer: 1X</li></ul>','<p>Short Hooded Coat features a straight body, large pockets with button flaps, ventilation air holes, and a string detail along the hemline. The style is completed with a drawstring hood, featuring Rains’ signature built-in cap. Made from waterproof, matte PU, this lightweight unisex rain jacket is an ode to nostalgia through its classic silhouette and utilitarian design details.</p>\n                                <p>- Casual unisex fit</p>\n\n                                <p>- 64% polyester, 36% polyurethane</p>\n\n                                <p>- Water column pressure: 4000 mm</p>\n\n                                <p>- Model is 187cm tall and wearing a size S / M</p>\n\n                                <p>- Unisex fit</p>\n\n                                <p>- Drawstring hood with built-in cap</p>\n\n                                <p>- Front placket with snap buttons</p>\n\n                                <p>- Ventilation under armpit</p>\n\n                                <p>- Adjustable cuffs</p>\n\n                                <p>- Double welted front pockets</p>\n\n                                <p>- Adjustable elastic string at hempen</p>\n\n                                <p>- Ultrasonically welded seams</p>\n\n                                <p>This is a unisex item, please check our clothing &amp; footwear sizing guide for specific Rains jacket sizing information. RAINS comes from the rainy nation of Denmark at the edge of the European continent, close to the ocean and with prevailing westerly winds; all factors that contribute to an average of 121 rain days each year. Arising from these rainy weather conditions comes the attitude that a quick rain shower may be beautiful, as well as moody- but first and foremost requires the right outfit. Rains focus on the whole experience of going outside on rainy days, issuing an invitation to explore even in the most mercurial weather.</p>','published','[\"products\\/16-1.jpg\",\"products\\/16-2.jpg\",\"products\\/16-3.jpg\",\"products\\/16-4.jpg\"]',NULL,'5P-152',0,19,0,1,'in_stock',0,NULL,6,0,0,10,3.30,0,525.7,410.046,NULL,NULL,12,14,19,630,NULL,'standard',11562,'2026-03-06 01:42:44','2026-03-06 01:43:03',0,'Botble\\ACL\\Models\\User',NULL,'digital','9207356963237',NULL,NULL,0,0,'auto_generate',0,0,0,2,3,0),(17,'Black Glasses','black-glasses','<ul><li> Unrestrained and portable active stereo speaker</li>\n            <li> Free from the confines of wires and chords</li>\n            <li> 20 hours of portable capabilities</li>\n            <li> Double-ended Coil Cord with 3.5mm Stereo Plugs Included</li>\n            <li> 3/4″ Dome Tweeters: 2X and 4″ Woofer: 1X</li></ul>','<p>Short Hooded Coat features a straight body, large pockets with button flaps, ventilation air holes, and a string detail along the hemline. The style is completed with a drawstring hood, featuring Rains’ signature built-in cap. Made from waterproof, matte PU, this lightweight unisex rain jacket is an ode to nostalgia through its classic silhouette and utilitarian design details.</p>\n                                <p>- Casual unisex fit</p>\n\n                                <p>- 64% polyester, 36% polyurethane</p>\n\n                                <p>- Water column pressure: 4000 mm</p>\n\n                                <p>- Model is 187cm tall and wearing a size S / M</p>\n\n                                <p>- Unisex fit</p>\n\n                                <p>- Drawstring hood with built-in cap</p>\n\n                                <p>- Front placket with snap buttons</p>\n\n                                <p>- Ventilation under armpit</p>\n\n                                <p>- Adjustable cuffs</p>\n\n                                <p>- Double welted front pockets</p>\n\n                                <p>- Adjustable elastic string at hempen</p>\n\n                                <p>- Ultrasonically welded seams</p>\n\n                                <p>This is a unisex item, please check our clothing &amp; footwear sizing guide for specific Rains jacket sizing information. RAINS comes from the rainy nation of Denmark at the edge of the European continent, close to the ocean and with prevailing westerly winds; all factors that contribute to an average of 121 rain days each year. Arising from these rainy weather conditions comes the attitude that a quick rain shower may be beautiful, as well as moody- but first and foremost requires the right outfit. Rains focus on the whole experience of going outside on rainy days, issuing an invitation to explore even in the most mercurial weather.</p>','published','[\"products\\/17-1.jpg\",\"products\\/17-2.jpg\",\"products\\/17-3.jpg\",\"products\\/17-4.jpg\"]',NULL,'TG-176-A1',0,18,0,1,'in_stock',0,NULL,2,0,1,10,2.90,0,1250.35,NULL,NULL,NULL,18,10,13,563,NULL,'standard',172942,'2026-03-06 01:42:44','2026-03-06 01:43:03',0,'Botble\\ACL\\Models\\User',NULL,'physical','8913551119546',NULL,NULL,0,0,'auto_generate',0,0,0,1,6,0),(18,'Phillips Mouse','phillips-mouse','<ul><li> Unrestrained and portable active stereo speaker</li>\n            <li> Free from the confines of wires and chords</li>\n            <li> 20 hours of portable capabilities</li>\n            <li> Double-ended Coil Cord with 3.5mm Stereo Plugs Included</li>\n            <li> 3/4″ Dome Tweeters: 2X and 4″ Woofer: 1X</li></ul>','<p>Short Hooded Coat features a straight body, large pockets with button flaps, ventilation air holes, and a string detail along the hemline. The style is completed with a drawstring hood, featuring Rains’ signature built-in cap. Made from waterproof, matte PU, this lightweight unisex rain jacket is an ode to nostalgia through its classic silhouette and utilitarian design details.</p>\n                                <p>- Casual unisex fit</p>\n\n                                <p>- 64% polyester, 36% polyurethane</p>\n\n                                <p>- Water column pressure: 4000 mm</p>\n\n                                <p>- Model is 187cm tall and wearing a size S / M</p>\n\n                                <p>- Unisex fit</p>\n\n                                <p>- Drawstring hood with built-in cap</p>\n\n                                <p>- Front placket with snap buttons</p>\n\n                                <p>- Ventilation under armpit</p>\n\n                                <p>- Adjustable cuffs</p>\n\n                                <p>- Double welted front pockets</p>\n\n                                <p>- Adjustable elastic string at hempen</p>\n\n                                <p>- Ultrasonically welded seams</p>\n\n                                <p>This is a unisex item, please check our clothing &amp; footwear sizing guide for specific Rains jacket sizing information. RAINS comes from the rainy nation of Denmark at the edge of the European continent, close to the ocean and with prevailing westerly winds; all factors that contribute to an average of 121 rain days each year. Arising from these rainy weather conditions comes the attitude that a quick rain shower may be beautiful, as well as moody- but first and foremost requires the right outfit. Rains focus on the whole experience of going outside on rainy days, issuing an invitation to explore even in the most mercurial weather.</p>','published','[\"products\\/18-1.jpg\",\"products\\/18-2.jpg\",\"products\\/18-3.jpg\",\"products\\/18-4.jpg\"]',NULL,'NC-155-A1',0,12,0,1,'in_stock',0,NULL,4,0,4,10,2.00,0,1947.75,NULL,NULL,NULL,12,16,15,675,NULL,'standard',16752,'2026-03-06 01:42:44','2026-03-06 01:43:03',0,'Botble\\ACL\\Models\\User',NULL,'physical','5173208367444',NULL,NULL,0,0,'auto_generate',0,0,0,2,2,0),(19,'Gaming Keyboard','gaming-keyboard','<ul><li> Unrestrained and portable active stereo speaker</li>\n            <li> Free from the confines of wires and chords</li>\n            <li> 20 hours of portable capabilities</li>\n            <li> Double-ended Coil Cord with 3.5mm Stereo Plugs Included</li>\n            <li> 3/4″ Dome Tweeters: 2X and 4″ Woofer: 1X</li></ul>','<p>Short Hooded Coat features a straight body, large pockets with button flaps, ventilation air holes, and a string detail along the hemline. The style is completed with a drawstring hood, featuring Rains’ signature built-in cap. Made from waterproof, matte PU, this lightweight unisex rain jacket is an ode to nostalgia through its classic silhouette and utilitarian design details.</p>\n                                <p>- Casual unisex fit</p>\n\n                                <p>- 64% polyester, 36% polyurethane</p>\n\n                                <p>- Water column pressure: 4000 mm</p>\n\n                                <p>- Model is 187cm tall and wearing a size S / M</p>\n\n                                <p>- Unisex fit</p>\n\n                                <p>- Drawstring hood with built-in cap</p>\n\n                                <p>- Front placket with snap buttons</p>\n\n                                <p>- Ventilation under armpit</p>\n\n                                <p>- Adjustable cuffs</p>\n\n                                <p>- Double welted front pockets</p>\n\n                                <p>- Adjustable elastic string at hempen</p>\n\n                                <p>- Ultrasonically welded seams</p>\n\n                                <p>This is a unisex item, please check our clothing &amp; footwear sizing guide for specific Rains jacket sizing information. RAINS comes from the rainy nation of Denmark at the edge of the European continent, close to the ocean and with prevailing westerly winds; all factors that contribute to an average of 121 rain days each year. Arising from these rainy weather conditions comes the attitude that a quick rain shower may be beautiful, as well as moody- but first and foremost requires the right outfit. Rains focus on the whole experience of going outside on rainy days, issuing an invitation to explore even in the most mercurial weather.</p>','published','[\"products\\/19-1.jpg\",\"products\\/19-2.jpg\",\"products\\/19-3.jpg\",\"products\\/19-4.jpg\"]',NULL,'YR-153-A1',0,17,0,1,'in_stock',1,NULL,7,0,2,9,3.22,0,835.93,NULL,NULL,NULL,17,11,17,737,NULL,'standard',38752,'2026-03-06 01:42:44','2026-03-06 01:43:03',0,'Botble\\ACL\\Models\\User',NULL,'physical','5592672540106',NULL,NULL,0,0,'auto_generate',0,0,0,1,6,0),(20,'Wireless Keyboard (Digital)','wireless-keyboard','<ul><li> Unrestrained and portable active stereo speaker</li>\n            <li> Free from the confines of wires and chords</li>\n            <li> 20 hours of portable capabilities</li>\n            <li> Double-ended Coil Cord with 3.5mm Stereo Plugs Included</li>\n            <li> 3/4″ Dome Tweeters: 2X and 4″ Woofer: 1X</li></ul>','<p>Short Hooded Coat features a straight body, large pockets with button flaps, ventilation air holes, and a string detail along the hemline. The style is completed with a drawstring hood, featuring Rains’ signature built-in cap. Made from waterproof, matte PU, this lightweight unisex rain jacket is an ode to nostalgia through its classic silhouette and utilitarian design details.</p>\n                                <p>- Casual unisex fit</p>\n\n                                <p>- 64% polyester, 36% polyurethane</p>\n\n                                <p>- Water column pressure: 4000 mm</p>\n\n                                <p>- Model is 187cm tall and wearing a size S / M</p>\n\n                                <p>- Unisex fit</p>\n\n                                <p>- Drawstring hood with built-in cap</p>\n\n                                <p>- Front placket with snap buttons</p>\n\n                                <p>- Ventilation under armpit</p>\n\n                                <p>- Adjustable cuffs</p>\n\n                                <p>- Double welted front pockets</p>\n\n                                <p>- Adjustable elastic string at hempen</p>\n\n                                <p>- Ultrasonically welded seams</p>\n\n                                <p>This is a unisex item, please check our clothing &amp; footwear sizing guide for specific Rains jacket sizing information. RAINS comes from the rainy nation of Denmark at the edge of the European continent, close to the ocean and with prevailing westerly winds; all factors that contribute to an average of 121 rain days each year. Arising from these rainy weather conditions comes the attitude that a quick rain shower may be beautiful, as well as moody- but first and foremost requires the right outfit. Rains focus on the whole experience of going outside on rainy days, issuing an invitation to explore even in the most mercurial weather.</p>','published','[\"products\\/20-1.jpg\",\"products\\/20-2.jpg\",\"products\\/20-3.jpg\",\"products\\/20-4.jpg\"]',NULL,'I6-122',0,19,0,1,'in_stock',0,NULL,1,0,0,9,2.78,0,453.37,189.37,NULL,NULL,18,19,20,659,NULL,'standard',94318,'2026-03-06 01:42:44','2026-03-06 01:43:03',0,'Botble\\ACL\\Models\\User',NULL,'digital','6802162526862',NULL,NULL,0,0,'auto_generate',0,0,0,1,9,0),(21,'Black Smart Watches','black-smart-watches','<ul><li> Unrestrained and portable active stereo speaker</li>\n            <li> Free from the confines of wires and chords</li>\n            <li> 20 hours of portable capabilities</li>\n            <li> Double-ended Coil Cord with 3.5mm Stereo Plugs Included</li>\n            <li> 3/4″ Dome Tweeters: 2X and 4″ Woofer: 1X</li></ul>','<p>Short Hooded Coat features a straight body, large pockets with button flaps, ventilation air holes, and a string detail along the hemline. The style is completed with a drawstring hood, featuring Rains’ signature built-in cap. Made from waterproof, matte PU, this lightweight unisex rain jacket is an ode to nostalgia through its classic silhouette and utilitarian design details.</p>\n                                <p>- Casual unisex fit</p>\n\n                                <p>- 64% polyester, 36% polyurethane</p>\n\n                                <p>- Water column pressure: 4000 mm</p>\n\n                                <p>- Model is 187cm tall and wearing a size S / M</p>\n\n                                <p>- Unisex fit</p>\n\n                                <p>- Drawstring hood with built-in cap</p>\n\n                                <p>- Front placket with snap buttons</p>\n\n                                <p>- Ventilation under armpit</p>\n\n                                <p>- Adjustable cuffs</p>\n\n                                <p>- Double welted front pockets</p>\n\n                                <p>- Adjustable elastic string at hempen</p>\n\n                                <p>- Ultrasonically welded seams</p>\n\n                                <p>This is a unisex item, please check our clothing &amp; footwear sizing guide for specific Rains jacket sizing information. RAINS comes from the rainy nation of Denmark at the edge of the European continent, close to the ocean and with prevailing westerly winds; all factors that contribute to an average of 121 rain days each year. Arising from these rainy weather conditions comes the attitude that a quick rain shower may be beautiful, as well as moody- but first and foremost requires the right outfit. Rains focus on the whole experience of going outside on rainy days, issuing an invitation to explore even in the most mercurial weather.</p>','published','[\"products\\/21-1.jpg\",\"products\\/21-2.jpg\",\"products\\/21-3.jpg\",\"products\\/21-4.jpg\"]',NULL,'QA-153',0,18,0,1,'in_stock',0,NULL,4,0,0,10,2.70,0,1424.16,1029.16,NULL,NULL,15,16,20,579,NULL,'standard',39772,'2026-03-06 01:42:44','2026-03-06 01:43:03',0,'Botble\\ACL\\Models\\User',NULL,'physical','3311996635754',NULL,NULL,0,0,'auto_generate',0,0,0,2,2,0),(22,'Smart Home Speaker','smart-home-speaker','<ul><li> Unrestrained and portable active stereo speaker</li>\n            <li> Free from the confines of wires and chords</li>\n            <li> 20 hours of portable capabilities</li>\n            <li> Double-ended Coil Cord with 3.5mm Stereo Plugs Included</li>\n            <li> 3/4″ Dome Tweeters: 2X and 4″ Woofer: 1X</li></ul>','<p>Short Hooded Coat features a straight body, large pockets with button flaps, ventilation air holes, and a string detail along the hemline. The style is completed with a drawstring hood, featuring Rains’ signature built-in cap. Made from waterproof, matte PU, this lightweight unisex rain jacket is an ode to nostalgia through its classic silhouette and utilitarian design details.</p>\n                                <p>- Casual unisex fit</p>\n\n                                <p>- 64% polyester, 36% polyurethane</p>\n\n                                <p>- Water column pressure: 4000 mm</p>\n\n                                <p>- Model is 187cm tall and wearing a size S / M</p>\n\n                                <p>- Unisex fit</p>\n\n                                <p>- Drawstring hood with built-in cap</p>\n\n                                <p>- Front placket with snap buttons</p>\n\n                                <p>- Ventilation under armpit</p>\n\n                                <p>- Adjustable cuffs</p>\n\n                                <p>- Double welted front pockets</p>\n\n                                <p>- Adjustable elastic string at hempen</p>\n\n                                <p>- Ultrasonically welded seams</p>\n\n                                <p>This is a unisex item, please check our clothing &amp; footwear sizing guide for specific Rains jacket sizing information. RAINS comes from the rainy nation of Denmark at the edge of the European continent, close to the ocean and with prevailing westerly winds; all factors that contribute to an average of 121 rain days each year. Arising from these rainy weather conditions comes the attitude that a quick rain shower may be beautiful, as well as moody- but first and foremost requires the right outfit. Rains focus on the whole experience of going outside on rainy days, issuing an invitation to explore even in the most mercurial weather.</p>','published','[\"products\\/22-1.jpg\",\"products\\/22-2.jpg\",\"products\\/22-3.jpg\",\"products\\/22-4.jpg\"]',NULL,'CK-138-A1',0,17,0,1,'in_stock',0,NULL,3,0,1,10,3.30,0,1278.06,NULL,NULL,NULL,16,19,14,720,NULL,'standard',55388,'2026-03-06 01:42:44','2026-03-06 01:43:03',0,'Botble\\ACL\\Models\\User',NULL,'physical','0152406850304',NULL,NULL,0,0,'auto_generate',0,0,0,2,3,0),(23,'Headphone Ultra Bass','headphone-ultra-bass','<ul><li> Unrestrained and portable active stereo speaker</li>\n            <li> Free from the confines of wires and chords</li>\n            <li> 20 hours of portable capabilities</li>\n            <li> Double-ended Coil Cord with 3.5mm Stereo Plugs Included</li>\n            <li> 3/4″ Dome Tweeters: 2X and 4″ Woofer: 1X</li></ul>','<p>Short Hooded Coat features a straight body, large pockets with button flaps, ventilation air holes, and a string detail along the hemline. The style is completed with a drawstring hood, featuring Rains’ signature built-in cap. Made from waterproof, matte PU, this lightweight unisex rain jacket is an ode to nostalgia through its classic silhouette and utilitarian design details.</p>\n                                <p>- Casual unisex fit</p>\n\n                                <p>- 64% polyester, 36% polyurethane</p>\n\n                                <p>- Water column pressure: 4000 mm</p>\n\n                                <p>- Model is 187cm tall and wearing a size S / M</p>\n\n                                <p>- Unisex fit</p>\n\n                                <p>- Drawstring hood with built-in cap</p>\n\n                                <p>- Front placket with snap buttons</p>\n\n                                <p>- Ventilation under armpit</p>\n\n                                <p>- Adjustable cuffs</p>\n\n                                <p>- Double welted front pockets</p>\n\n                                <p>- Adjustable elastic string at hempen</p>\n\n                                <p>- Ultrasonically welded seams</p>\n\n                                <p>This is a unisex item, please check our clothing &amp; footwear sizing guide for specific Rains jacket sizing information. RAINS comes from the rainy nation of Denmark at the edge of the European continent, close to the ocean and with prevailing westerly winds; all factors that contribute to an average of 121 rain days each year. Arising from these rainy weather conditions comes the attitude that a quick rain shower may be beautiful, as well as moody- but first and foremost requires the right outfit. Rains focus on the whole experience of going outside on rainy days, issuing an invitation to explore even in the most mercurial weather.</p>','published','[\"products\\/23-1.jpg\",\"products\\/23-2.jpg\",\"products\\/23-3.jpg\",\"products\\/23-4.jpg\"]',NULL,'ML-145-A1',0,15,0,1,'in_stock',1,NULL,6,0,3,10,2.80,0,1920.63,NULL,NULL,NULL,15,13,10,726,NULL,'standard',178064,'2026-03-06 01:42:45','2026-03-06 01:43:03',0,'Botble\\ACL\\Models\\User',NULL,'physical','4400362347076',NULL,NULL,0,0,'auto_generate',0,0,0,1,5,0),(24,'Boxed - Bluetooth Headphone (Digital)','boxed-bluetooth-headphone','<ul><li> Unrestrained and portable active stereo speaker</li>\n            <li> Free from the confines of wires and chords</li>\n            <li> 20 hours of portable capabilities</li>\n            <li> Double-ended Coil Cord with 3.5mm Stereo Plugs Included</li>\n            <li> 3/4″ Dome Tweeters: 2X and 4″ Woofer: 1X</li></ul>','<p>Short Hooded Coat features a straight body, large pockets with button flaps, ventilation air holes, and a string detail along the hemline. The style is completed with a drawstring hood, featuring Rains’ signature built-in cap. Made from waterproof, matte PU, this lightweight unisex rain jacket is an ode to nostalgia through its classic silhouette and utilitarian design details.</p>\n                                <p>- Casual unisex fit</p>\n\n                                <p>- 64% polyester, 36% polyurethane</p>\n\n                                <p>- Water column pressure: 4000 mm</p>\n\n                                <p>- Model is 187cm tall and wearing a size S / M</p>\n\n                                <p>- Unisex fit</p>\n\n                                <p>- Drawstring hood with built-in cap</p>\n\n                                <p>- Front placket with snap buttons</p>\n\n                                <p>- Ventilation under armpit</p>\n\n                                <p>- Adjustable cuffs</p>\n\n                                <p>- Double welted front pockets</p>\n\n                                <p>- Adjustable elastic string at hempen</p>\n\n                                <p>- Ultrasonically welded seams</p>\n\n                                <p>This is a unisex item, please check our clothing &amp; footwear sizing guide for specific Rains jacket sizing information. RAINS comes from the rainy nation of Denmark at the edge of the European continent, close to the ocean and with prevailing westerly winds; all factors that contribute to an average of 121 rain days each year. Arising from these rainy weather conditions comes the attitude that a quick rain shower may be beautiful, as well as moody- but first and foremost requires the right outfit. Rains focus on the whole experience of going outside on rainy days, issuing an invitation to explore even in the most mercurial weather.</p>','published','[\"products\\/24-1.jpg\",\"products\\/24-2.jpg\",\"products\\/24-3.jpg\",\"products\\/24-4.jpg\"]',NULL,'QK-163-A1',0,13,0,1,'in_stock',0,NULL,2,0,2,9,2.44,0,1968.18,1574.544,NULL,NULL,15,11,18,838,NULL,'standard',141053,'2026-03-06 01:42:45','2026-03-06 01:43:03',0,'Botble\\ACL\\Models\\User',NULL,'digital','5393600248039',NULL,NULL,0,0,'auto_generate',0,0,0,2,2,0),(25,'Camera Samsung SS-24','camera-samsung-ss-24','<ul><li> Unrestrained and portable active stereo speaker</li>\n            <li> Free from the confines of wires and chords</li>\n            <li> 20 hours of portable capabilities</li>\n            <li> Double-ended Coil Cord with 3.5mm Stereo Plugs Included</li>\n            <li> 3/4″ Dome Tweeters: 2X and 4″ Woofer: 1X</li></ul>','<p>Short Hooded Coat features a straight body, large pockets with button flaps, ventilation air holes, and a string detail along the hemline. The style is completed with a drawstring hood, featuring Rains’ signature built-in cap. Made from waterproof, matte PU, this lightweight unisex rain jacket is an ode to nostalgia through its classic silhouette and utilitarian design details.</p>\n                                <p>- Casual unisex fit</p>\n\n                                <p>- 64% polyester, 36% polyurethane</p>\n\n                                <p>- Water column pressure: 4000 mm</p>\n\n                                <p>- Model is 187cm tall and wearing a size S / M</p>\n\n                                <p>- Unisex fit</p>\n\n                                <p>- Drawstring hood with built-in cap</p>\n\n                                <p>- Front placket with snap buttons</p>\n\n                                <p>- Ventilation under armpit</p>\n\n                                <p>- Adjustable cuffs</p>\n\n                                <p>- Double welted front pockets</p>\n\n                                <p>- Adjustable elastic string at hempen</p>\n\n                                <p>- Ultrasonically welded seams</p>\n\n                                <p>This is a unisex item, please check our clothing &amp; footwear sizing guide for specific Rains jacket sizing information. RAINS comes from the rainy nation of Denmark at the edge of the European continent, close to the ocean and with prevailing westerly winds; all factors that contribute to an average of 121 rain days each year. Arising from these rainy weather conditions comes the attitude that a quick rain shower may be beautiful, as well as moody- but first and foremost requires the right outfit. Rains focus on the whole experience of going outside on rainy days, issuing an invitation to explore even in the most mercurial weather.</p>','published','[\"products\\/25-1.jpg\",\"products\\/25-2.jpg\",\"products\\/25-3.jpg\",\"products\\/25-4.jpg\"]',NULL,'BJ-193',0,18,0,1,'in_stock',0,NULL,3,0,0,10,3.30,0,1205.27,994.27,NULL,NULL,10,13,12,667,NULL,'standard',12479,'2026-03-06 01:42:45','2026-03-06 01:43:04',0,'Botble\\ACL\\Models\\User',NULL,'physical','2934298805994',NULL,NULL,0,0,'auto_generate',0,0,0,2,4,0),(26,'Leather Watch In Black','leather-watch-in-black','<ul><li> Unrestrained and portable active stereo speaker</li>\n            <li> Free from the confines of wires and chords</li>\n            <li> 20 hours of portable capabilities</li>\n            <li> Double-ended Coil Cord with 3.5mm Stereo Plugs Included</li>\n            <li> 3/4″ Dome Tweeters: 2X and 4″ Woofer: 1X</li></ul>','<p>Short Hooded Coat features a straight body, large pockets with button flaps, ventilation air holes, and a string detail along the hemline. The style is completed with a drawstring hood, featuring Rains’ signature built-in cap. Made from waterproof, matte PU, this lightweight unisex rain jacket is an ode to nostalgia through its classic silhouette and utilitarian design details.</p>\n                                <p>- Casual unisex fit</p>\n\n                                <p>- 64% polyester, 36% polyurethane</p>\n\n                                <p>- Water column pressure: 4000 mm</p>\n\n                                <p>- Model is 187cm tall and wearing a size S / M</p>\n\n                                <p>- Unisex fit</p>\n\n                                <p>- Drawstring hood with built-in cap</p>\n\n                                <p>- Front placket with snap buttons</p>\n\n                                <p>- Ventilation under armpit</p>\n\n                                <p>- Adjustable cuffs</p>\n\n                                <p>- Double welted front pockets</p>\n\n                                <p>- Adjustable elastic string at hempen</p>\n\n                                <p>- Ultrasonically welded seams</p>\n\n                                <p>This is a unisex item, please check our clothing &amp; footwear sizing guide for specific Rains jacket sizing information. RAINS comes from the rainy nation of Denmark at the edge of the European continent, close to the ocean and with prevailing westerly winds; all factors that contribute to an average of 121 rain days each year. Arising from these rainy weather conditions comes the attitude that a quick rain shower may be beautiful, as well as moody- but first and foremost requires the right outfit. Rains focus on the whole experience of going outside on rainy days, issuing an invitation to explore even in the most mercurial weather.</p>','published','[\"products\\/26-1.jpg\",\"products\\/26-2.jpg\",\"products\\/26-3.jpg\",\"products\\/26-4.jpg\"]',NULL,'3R-144-A1',0,20,0,1,'in_stock',0,NULL,6,0,3,10,2.60,0,1477.45,NULL,NULL,NULL,12,18,15,797,NULL,'standard',190067,'2026-03-06 01:42:45','2026-03-06 01:43:04',0,'Botble\\ACL\\Models\\User',NULL,'physical','1811090058685',NULL,NULL,0,0,'auto_generate',0,0,0,1,7,0),(27,'Apple iPhone 13 Plus','apple-iphone-13-plus','<ul><li> Unrestrained and portable active stereo speaker</li>\n            <li> Free from the confines of wires and chords</li>\n            <li> 20 hours of portable capabilities</li>\n            <li> Double-ended Coil Cord with 3.5mm Stereo Plugs Included</li>\n            <li> 3/4″ Dome Tweeters: 2X and 4″ Woofer: 1X</li></ul>','<p>Short Hooded Coat features a straight body, large pockets with button flaps, ventilation air holes, and a string detail along the hemline. The style is completed with a drawstring hood, featuring Rains’ signature built-in cap. Made from waterproof, matte PU, this lightweight unisex rain jacket is an ode to nostalgia through its classic silhouette and utilitarian design details.</p>\n                                <p>- Casual unisex fit</p>\n\n                                <p>- 64% polyester, 36% polyurethane</p>\n\n                                <p>- Water column pressure: 4000 mm</p>\n\n                                <p>- Model is 187cm tall and wearing a size S / M</p>\n\n                                <p>- Unisex fit</p>\n\n                                <p>- Drawstring hood with built-in cap</p>\n\n                                <p>- Front placket with snap buttons</p>\n\n                                <p>- Ventilation under armpit</p>\n\n                                <p>- Adjustable cuffs</p>\n\n                                <p>- Double welted front pockets</p>\n\n                                <p>- Adjustable elastic string at hempen</p>\n\n                                <p>- Ultrasonically welded seams</p>\n\n                                <p>This is a unisex item, please check our clothing &amp; footwear sizing guide for specific Rains jacket sizing information. RAINS comes from the rainy nation of Denmark at the edge of the European continent, close to the ocean and with prevailing westerly winds; all factors that contribute to an average of 121 rain days each year. Arising from these rainy weather conditions comes the attitude that a quick rain shower may be beautiful, as well as moody- but first and foremost requires the right outfit. Rains focus on the whole experience of going outside on rainy days, issuing an invitation to explore even in the most mercurial weather.</p>','published','[\"products\\/27-1.jpg\",\"products\\/27-2.jpg\",\"products\\/27-3.jpg\",\"products\\/27-4.jpg\"]',NULL,'YY-171',0,18,0,1,'in_stock',0,NULL,3,0,0,9,3.22,0,1147.71,111.71,NULL,NULL,12,15,11,760,NULL,'standard',64922,'2026-03-06 01:42:45','2026-03-06 01:43:04',0,'Botble\\ACL\\Models\\User',NULL,'physical','3354292864855',NULL,NULL,0,0,'auto_generate',0,0,0,2,1,0),(28,'Macbook Pro 2015 (Digital)','macbook-pro-2015','<ul><li> Unrestrained and portable active stereo speaker</li>\n            <li> Free from the confines of wires and chords</li>\n            <li> 20 hours of portable capabilities</li>\n            <li> Double-ended Coil Cord with 3.5mm Stereo Plugs Included</li>\n            <li> 3/4″ Dome Tweeters: 2X and 4″ Woofer: 1X</li></ul>','<p>Short Hooded Coat features a straight body, large pockets with button flaps, ventilation air holes, and a string detail along the hemline. The style is completed with a drawstring hood, featuring Rains’ signature built-in cap. Made from waterproof, matte PU, this lightweight unisex rain jacket is an ode to nostalgia through its classic silhouette and utilitarian design details.</p>\n                                <p>- Casual unisex fit</p>\n\n                                <p>- 64% polyester, 36% polyurethane</p>\n\n                                <p>- Water column pressure: 4000 mm</p>\n\n                                <p>- Model is 187cm tall and wearing a size S / M</p>\n\n                                <p>- Unisex fit</p>\n\n                                <p>- Drawstring hood with built-in cap</p>\n\n                                <p>- Front placket with snap buttons</p>\n\n                                <p>- Ventilation under armpit</p>\n\n                                <p>- Adjustable cuffs</p>\n\n                                <p>- Double welted front pockets</p>\n\n                                <p>- Adjustable elastic string at hempen</p>\n\n                                <p>- Ultrasonically welded seams</p>\n\n                                <p>This is a unisex item, please check our clothing &amp; footwear sizing guide for specific Rains jacket sizing information. RAINS comes from the rainy nation of Denmark at the edge of the European continent, close to the ocean and with prevailing westerly winds; all factors that contribute to an average of 121 rain days each year. Arising from these rainy weather conditions comes the attitude that a quick rain shower may be beautiful, as well as moody- but first and foremost requires the right outfit. Rains focus on the whole experience of going outside on rainy days, issuing an invitation to explore even in the most mercurial weather.</p>','published','[\"products\\/28-1.jpg\",\"products\\/28-2.jpg\",\"products\\/28-3.jpg\",\"products\\/28-4.jpg\"]',NULL,'JX-184',0,18,0,1,'in_stock',0,NULL,2,0,0,9,2.44,0,605.77,545.193,NULL,NULL,13,10,14,836,NULL,'standard',45615,'2026-03-06 01:42:45','2026-03-06 01:43:04',0,'Botble\\ACL\\Models\\User',NULL,'digital','6806179039377',NULL,NULL,0,0,'auto_generate',0,0,0,2,3,0),(29,'Apple Watch Serial 7','apple-watch-serial-7','<ul><li> Unrestrained and portable active stereo speaker</li>\n            <li> Free from the confines of wires and chords</li>\n            <li> 20 hours of portable capabilities</li>\n            <li> Double-ended Coil Cord with 3.5mm Stereo Plugs Included</li>\n            <li> 3/4″ Dome Tweeters: 2X and 4″ Woofer: 1X</li></ul>','<p>Short Hooded Coat features a straight body, large pockets with button flaps, ventilation air holes, and a string detail along the hemline. The style is completed with a drawstring hood, featuring Rains’ signature built-in cap. Made from waterproof, matte PU, this lightweight unisex rain jacket is an ode to nostalgia through its classic silhouette and utilitarian design details.</p>\n                                <p>- Casual unisex fit</p>\n\n                                <p>- 64% polyester, 36% polyurethane</p>\n\n                                <p>- Water column pressure: 4000 mm</p>\n\n                                <p>- Model is 187cm tall and wearing a size S / M</p>\n\n                                <p>- Unisex fit</p>\n\n                                <p>- Drawstring hood with built-in cap</p>\n\n                                <p>- Front placket with snap buttons</p>\n\n                                <p>- Ventilation under armpit</p>\n\n                                <p>- Adjustable cuffs</p>\n\n                                <p>- Double welted front pockets</p>\n\n                                <p>- Adjustable elastic string at hempen</p>\n\n                                <p>- Ultrasonically welded seams</p>\n\n                                <p>This is a unisex item, please check our clothing &amp; footwear sizing guide for specific Rains jacket sizing information. RAINS comes from the rainy nation of Denmark at the edge of the European continent, close to the ocean and with prevailing westerly winds; all factors that contribute to an average of 121 rain days each year. Arising from these rainy weather conditions comes the attitude that a quick rain shower may be beautiful, as well as moody- but first and foremost requires the right outfit. Rains focus on the whole experience of going outside on rainy days, issuing an invitation to explore even in the most mercurial weather.</p>','published','[\"products\\/29-1.jpg\",\"products\\/29-2.jpg\",\"products\\/29-3.jpg\"]',NULL,'Z5-103',0,18,0,1,'in_stock',1,NULL,3,0,0,9,3.11,0,571.36,156.36,NULL,NULL,17,13,16,574,NULL,'standard',141250,'2026-03-06 01:42:45','2026-03-06 01:43:04',0,'Botble\\ACL\\Models\\User',NULL,'physical','4388841735777',NULL,NULL,0,0,'auto_generate',0,0,0,2,9,0),(30,'Macbook Pro 13 inch','macbook-pro-13-inch','<ul><li> Unrestrained and portable active stereo speaker</li>\n            <li> Free from the confines of wires and chords</li>\n            <li> 20 hours of portable capabilities</li>\n            <li> Double-ended Coil Cord with 3.5mm Stereo Plugs Included</li>\n            <li> 3/4″ Dome Tweeters: 2X and 4″ Woofer: 1X</li></ul>','<p>Short Hooded Coat features a straight body, large pockets with button flaps, ventilation air holes, and a string detail along the hemline. The style is completed with a drawstring hood, featuring Rains’ signature built-in cap. Made from waterproof, matte PU, this lightweight unisex rain jacket is an ode to nostalgia through its classic silhouette and utilitarian design details.</p>\n                                <p>- Casual unisex fit</p>\n\n                                <p>- 64% polyester, 36% polyurethane</p>\n\n                                <p>- Water column pressure: 4000 mm</p>\n\n                                <p>- Model is 187cm tall and wearing a size S / M</p>\n\n                                <p>- Unisex fit</p>\n\n                                <p>- Drawstring hood with built-in cap</p>\n\n                                <p>- Front placket with snap buttons</p>\n\n                                <p>- Ventilation under armpit</p>\n\n                                <p>- Adjustable cuffs</p>\n\n                                <p>- Double welted front pockets</p>\n\n                                <p>- Adjustable elastic string at hempen</p>\n\n                                <p>- Ultrasonically welded seams</p>\n\n                                <p>This is a unisex item, please check our clothing &amp; footwear sizing guide for specific Rains jacket sizing information. RAINS comes from the rainy nation of Denmark at the edge of the European continent, close to the ocean and with prevailing westerly winds; all factors that contribute to an average of 121 rain days each year. Arising from these rainy weather conditions comes the attitude that a quick rain shower may be beautiful, as well as moody- but first and foremost requires the right outfit. Rains focus on the whole experience of going outside on rainy days, issuing an invitation to explore even in the most mercurial weather.</p>','published','[\"products\\/30-1.jpg\",\"products\\/30-2.jpg\",\"products\\/30-3.jpg\",\"products\\/30-4.jpg\"]',NULL,'YA-119-A1',0,17,0,1,'in_stock',1,NULL,3,0,2,10,3.80,0,906.05,NULL,NULL,NULL,13,12,18,757,NULL,'standard',109508,'2026-03-06 01:42:45','2026-03-06 01:43:04',0,'Botble\\ACL\\Models\\User',NULL,'physical','1356298023115',NULL,NULL,0,0,'auto_generate',0,0,0,1,9,0),(31,'Apple Keyboard','apple-keyboard','<ul><li> Unrestrained and portable active stereo speaker</li>\n            <li> Free from the confines of wires and chords</li>\n            <li> 20 hours of portable capabilities</li>\n            <li> Double-ended Coil Cord with 3.5mm Stereo Plugs Included</li>\n            <li> 3/4″ Dome Tweeters: 2X and 4″ Woofer: 1X</li></ul>','<p>Short Hooded Coat features a straight body, large pockets with button flaps, ventilation air holes, and a string detail along the hemline. The style is completed with a drawstring hood, featuring Rains’ signature built-in cap. Made from waterproof, matte PU, this lightweight unisex rain jacket is an ode to nostalgia through its classic silhouette and utilitarian design details.</p>\n                                <p>- Casual unisex fit</p>\n\n                                <p>- 64% polyester, 36% polyurethane</p>\n\n                                <p>- Water column pressure: 4000 mm</p>\n\n                                <p>- Model is 187cm tall and wearing a size S / M</p>\n\n                                <p>- Unisex fit</p>\n\n                                <p>- Drawstring hood with built-in cap</p>\n\n                                <p>- Front placket with snap buttons</p>\n\n                                <p>- Ventilation under armpit</p>\n\n                                <p>- Adjustable cuffs</p>\n\n                                <p>- Double welted front pockets</p>\n\n                                <p>- Adjustable elastic string at hempen</p>\n\n                                <p>- Ultrasonically welded seams</p>\n\n                                <p>This is a unisex item, please check our clothing &amp; footwear sizing guide for specific Rains jacket sizing information. RAINS comes from the rainy nation of Denmark at the edge of the European continent, close to the ocean and with prevailing westerly winds; all factors that contribute to an average of 121 rain days each year. Arising from these rainy weather conditions comes the attitude that a quick rain shower may be beautiful, as well as moody- but first and foremost requires the right outfit. Rains focus on the whole experience of going outside on rainy days, issuing an invitation to explore even in the most mercurial weather.</p>','published','[\"products\\/31-1.jpg\",\"products\\/31-2.jpg\",\"products\\/31-3.jpg\",\"products\\/31-4.jpg\"]',NULL,'EM-177',0,13,0,1,'in_stock',0,NULL,6,0,0,10,3.40,0,853.24,294.24,NULL,NULL,15,12,18,840,NULL,'standard',108399,'2026-03-06 01:42:45','2026-03-06 01:43:04',0,'Botble\\ACL\\Models\\User',NULL,'physical','6854060221059',NULL,NULL,0,0,'auto_generate',0,0,0,2,1,0),(32,'MacSafe 80W (Digital)','macsafe-80w','<ul><li> Unrestrained and portable active stereo speaker</li>\n            <li> Free from the confines of wires and chords</li>\n            <li> 20 hours of portable capabilities</li>\n            <li> Double-ended Coil Cord with 3.5mm Stereo Plugs Included</li>\n            <li> 3/4″ Dome Tweeters: 2X and 4″ Woofer: 1X</li></ul>','<p>Short Hooded Coat features a straight body, large pockets with button flaps, ventilation air holes, and a string detail along the hemline. The style is completed with a drawstring hood, featuring Rains’ signature built-in cap. Made from waterproof, matte PU, this lightweight unisex rain jacket is an ode to nostalgia through its classic silhouette and utilitarian design details.</p>\n                                <p>- Casual unisex fit</p>\n\n                                <p>- 64% polyester, 36% polyurethane</p>\n\n                                <p>- Water column pressure: 4000 mm</p>\n\n                                <p>- Model is 187cm tall and wearing a size S / M</p>\n\n                                <p>- Unisex fit</p>\n\n                                <p>- Drawstring hood with built-in cap</p>\n\n                                <p>- Front placket with snap buttons</p>\n\n                                <p>- Ventilation under armpit</p>\n\n                                <p>- Adjustable cuffs</p>\n\n                                <p>- Double welted front pockets</p>\n\n                                <p>- Adjustable elastic string at hempen</p>\n\n                                <p>- Ultrasonically welded seams</p>\n\n                                <p>This is a unisex item, please check our clothing &amp; footwear sizing guide for specific Rains jacket sizing information. RAINS comes from the rainy nation of Denmark at the edge of the European continent, close to the ocean and with prevailing westerly winds; all factors that contribute to an average of 121 rain days each year. Arising from these rainy weather conditions comes the attitude that a quick rain shower may be beautiful, as well as moody- but first and foremost requires the right outfit. Rains focus on the whole experience of going outside on rainy days, issuing an invitation to explore even in the most mercurial weather.</p>','published','[\"products\\/32-1.jpg\",\"products\\/32-2.jpg\",\"products\\/32-3.jpg\",\"products\\/32-4.jpg\"]',NULL,'TY-123-A1',0,18,0,1,'in_stock',0,NULL,2,0,2,10,3.10,0,138.59,113.6438,NULL,NULL,14,20,19,508,NULL,'standard',61157,'2026-03-06 01:42:45','2026-03-06 01:43:04',0,'Botble\\ACL\\Models\\User',NULL,'digital','5995764966455',NULL,NULL,0,0,'auto_generate',0,0,0,2,8,0),(33,'Hand playstation','hand-playstation','<ul><li> Unrestrained and portable active stereo speaker</li>\n            <li> Free from the confines of wires and chords</li>\n            <li> 20 hours of portable capabilities</li>\n            <li> Double-ended Coil Cord with 3.5mm Stereo Plugs Included</li>\n            <li> 3/4″ Dome Tweeters: 2X and 4″ Woofer: 1X</li></ul>','<p>Short Hooded Coat features a straight body, large pockets with button flaps, ventilation air holes, and a string detail along the hemline. The style is completed with a drawstring hood, featuring Rains’ signature built-in cap. Made from waterproof, matte PU, this lightweight unisex rain jacket is an ode to nostalgia through its classic silhouette and utilitarian design details.</p>\n                                <p>- Casual unisex fit</p>\n\n                                <p>- 64% polyester, 36% polyurethane</p>\n\n                                <p>- Water column pressure: 4000 mm</p>\n\n                                <p>- Model is 187cm tall and wearing a size S / M</p>\n\n                                <p>- Unisex fit</p>\n\n                                <p>- Drawstring hood with built-in cap</p>\n\n                                <p>- Front placket with snap buttons</p>\n\n                                <p>- Ventilation under armpit</p>\n\n                                <p>- Adjustable cuffs</p>\n\n                                <p>- Double welted front pockets</p>\n\n                                <p>- Adjustable elastic string at hempen</p>\n\n                                <p>- Ultrasonically welded seams</p>\n\n                                <p>This is a unisex item, please check our clothing &amp; footwear sizing guide for specific Rains jacket sizing information. RAINS comes from the rainy nation of Denmark at the edge of the European continent, close to the ocean and with prevailing westerly winds; all factors that contribute to an average of 121 rain days each year. Arising from these rainy weather conditions comes the attitude that a quick rain shower may be beautiful, as well as moody- but first and foremost requires the right outfit. Rains focus on the whole experience of going outside on rainy days, issuing an invitation to explore even in the most mercurial weather.</p>','published','[\"products\\/33-1.jpg\",\"products\\/33-2.jpg\",\"products\\/33-3.jpg\",\"products\\/33-4.jpg\"]',NULL,'XK-102-A1',0,13,0,1,'in_stock',0,NULL,5,0,2,9,3.56,0,1435.81,NULL,NULL,NULL,16,19,20,875,NULL,'standard',192099,'2026-03-06 01:42:45','2026-03-06 01:43:04',0,'Botble\\ACL\\Models\\User',NULL,'physical','3590005880952',NULL,NULL,0,0,'auto_generate',0,0,0,2,8,0),(34,'Apple Airpods Serial 3','apple-airpods-serial-3','<ul><li> Unrestrained and portable active stereo speaker</li>\n            <li> Free from the confines of wires and chords</li>\n            <li> 20 hours of portable capabilities</li>\n            <li> Double-ended Coil Cord with 3.5mm Stereo Plugs Included</li>\n            <li> 3/4″ Dome Tweeters: 2X and 4″ Woofer: 1X</li></ul>','<p>Short Hooded Coat features a straight body, large pockets with button flaps, ventilation air holes, and a string detail along the hemline. The style is completed with a drawstring hood, featuring Rains’ signature built-in cap. Made from waterproof, matte PU, this lightweight unisex rain jacket is an ode to nostalgia through its classic silhouette and utilitarian design details.</p>\n                                <p>- Casual unisex fit</p>\n\n                                <p>- 64% polyester, 36% polyurethane</p>\n\n                                <p>- Water column pressure: 4000 mm</p>\n\n                                <p>- Model is 187cm tall and wearing a size S / M</p>\n\n                                <p>- Unisex fit</p>\n\n                                <p>- Drawstring hood with built-in cap</p>\n\n                                <p>- Front placket with snap buttons</p>\n\n                                <p>- Ventilation under armpit</p>\n\n                                <p>- Adjustable cuffs</p>\n\n                                <p>- Double welted front pockets</p>\n\n                                <p>- Adjustable elastic string at hempen</p>\n\n                                <p>- Ultrasonically welded seams</p>\n\n                                <p>This is a unisex item, please check our clothing &amp; footwear sizing guide for specific Rains jacket sizing information. RAINS comes from the rainy nation of Denmark at the edge of the European continent, close to the ocean and with prevailing westerly winds; all factors that contribute to an average of 121 rain days each year. Arising from these rainy weather conditions comes the attitude that a quick rain shower may be beautiful, as well as moody- but first and foremost requires the right outfit. Rains focus on the whole experience of going outside on rainy days, issuing an invitation to explore even in the most mercurial weather.</p>','published','[\"products\\/34-1.jpg\",\"products\\/34-2.jpg\",\"products\\/34-3.jpg\",\"products\\/34-4.jpg\"]',NULL,'DB-197-A1',0,12,0,1,'in_stock',0,NULL,7,0,4,10,1.90,0,1816.84,NULL,NULL,NULL,10,14,17,729,NULL,'standard',48982,'2026-03-06 01:42:45','2026-03-06 01:43:04',0,'Botble\\ACL\\Models\\User',NULL,'physical','1017342045681',NULL,NULL,0,0,'auto_generate',0,0,0,1,1,0),(35,'Cool Smart Watches','cool-smart-watches','<ul><li> Unrestrained and portable active stereo speaker</li>\n            <li> Free from the confines of wires and chords</li>\n            <li> 20 hours of portable capabilities</li>\n            <li> Double-ended Coil Cord with 3.5mm Stereo Plugs Included</li>\n            <li> 3/4″ Dome Tweeters: 2X and 4″ Woofer: 1X</li></ul>','<p>Short Hooded Coat features a straight body, large pockets with button flaps, ventilation air holes, and a string detail along the hemline. The style is completed with a drawstring hood, featuring Rains’ signature built-in cap. Made from waterproof, matte PU, this lightweight unisex rain jacket is an ode to nostalgia through its classic silhouette and utilitarian design details.</p>\n                                <p>- Casual unisex fit</p>\n\n                                <p>- 64% polyester, 36% polyurethane</p>\n\n                                <p>- Water column pressure: 4000 mm</p>\n\n                                <p>- Model is 187cm tall and wearing a size S / M</p>\n\n                                <p>- Unisex fit</p>\n\n                                <p>- Drawstring hood with built-in cap</p>\n\n                                <p>- Front placket with snap buttons</p>\n\n                                <p>- Ventilation under armpit</p>\n\n                                <p>- Adjustable cuffs</p>\n\n                                <p>- Double welted front pockets</p>\n\n                                <p>- Adjustable elastic string at hempen</p>\n\n                                <p>- Ultrasonically welded seams</p>\n\n                                <p>This is a unisex item, please check our clothing &amp; footwear sizing guide for specific Rains jacket sizing information. RAINS comes from the rainy nation of Denmark at the edge of the European continent, close to the ocean and with prevailing westerly winds; all factors that contribute to an average of 121 rain days each year. Arising from these rainy weather conditions comes the attitude that a quick rain shower may be beautiful, as well as moody- but first and foremost requires the right outfit. Rains focus on the whole experience of going outside on rainy days, issuing an invitation to explore even in the most mercurial weather.</p>','published','[\"products\\/35-1.jpg\",\"products\\/35-2.jpg\",\"products\\/35-3.jpg\",\"products\\/35-4.jpg\"]',NULL,'OY-102-A1',0,15,0,1,'in_stock',0,NULL,4,0,2,10,2.10,0,1082.33,NULL,NULL,NULL,11,15,18,821,NULL,'standard',149538,'2026-03-06 01:42:45','2026-03-06 01:43:04',0,'Botble\\ACL\\Models\\User',NULL,'physical','9729847070878',NULL,NULL,0,0,'auto_generate',0,0,0,2,6,0),(36,'Black Smart Watches (Digital)','black-smart-watches','<ul><li> Unrestrained and portable active stereo speaker</li>\n            <li> Free from the confines of wires and chords</li>\n            <li> 20 hours of portable capabilities</li>\n            <li> Double-ended Coil Cord with 3.5mm Stereo Plugs Included</li>\n            <li> 3/4″ Dome Tweeters: 2X and 4″ Woofer: 1X</li></ul>','<p>Short Hooded Coat features a straight body, large pockets with button flaps, ventilation air holes, and a string detail along the hemline. The style is completed with a drawstring hood, featuring Rains’ signature built-in cap. Made from waterproof, matte PU, this lightweight unisex rain jacket is an ode to nostalgia through its classic silhouette and utilitarian design details.</p>\n                                <p>- Casual unisex fit</p>\n\n                                <p>- 64% polyester, 36% polyurethane</p>\n\n                                <p>- Water column pressure: 4000 mm</p>\n\n                                <p>- Model is 187cm tall and wearing a size S / M</p>\n\n                                <p>- Unisex fit</p>\n\n                                <p>- Drawstring hood with built-in cap</p>\n\n                                <p>- Front placket with snap buttons</p>\n\n                                <p>- Ventilation under armpit</p>\n\n                                <p>- Adjustable cuffs</p>\n\n                                <p>- Double welted front pockets</p>\n\n                                <p>- Adjustable elastic string at hempen</p>\n\n                                <p>- Ultrasonically welded seams</p>\n\n                                <p>This is a unisex item, please check our clothing &amp; footwear sizing guide for specific Rains jacket sizing information. RAINS comes from the rainy nation of Denmark at the edge of the European continent, close to the ocean and with prevailing westerly winds; all factors that contribute to an average of 121 rain days each year. Arising from these rainy weather conditions comes the attitude that a quick rain shower may be beautiful, as well as moody- but first and foremost requires the right outfit. Rains focus on the whole experience of going outside on rainy days, issuing an invitation to explore even in the most mercurial weather.</p>','published','[\"products\\/36-1.jpg\",\"products\\/36-2.jpg\",\"products\\/36-3.jpg\"]',NULL,'VR-129-A1',0,14,0,1,'in_stock',1,NULL,3,0,1,9,2.89,0,1637.96,1293.9884,NULL,NULL,19,16,19,504,NULL,'standard',110082,'2026-03-06 01:42:45','2026-03-06 01:43:04',0,'Botble\\ACL\\Models\\User',NULL,'digital','4498054546470',NULL,NULL,0,0,'auto_generate',0,0,0,2,3,0),(37,'Leather Watch In Black','leather-watch-in-black','<ul><li> Unrestrained and portable active stereo speaker</li>\n            <li> Free from the confines of wires and chords</li>\n            <li> 20 hours of portable capabilities</li>\n            <li> Double-ended Coil Cord with 3.5mm Stereo Plugs Included</li>\n            <li> 3/4″ Dome Tweeters: 2X and 4″ Woofer: 1X</li></ul>','<p>Short Hooded Coat features a straight body, large pockets with button flaps, ventilation air holes, and a string detail along the hemline. The style is completed with a drawstring hood, featuring Rains’ signature built-in cap. Made from waterproof, matte PU, this lightweight unisex rain jacket is an ode to nostalgia through its classic silhouette and utilitarian design details.</p>\n                                <p>- Casual unisex fit</p>\n\n                                <p>- 64% polyester, 36% polyurethane</p>\n\n                                <p>- Water column pressure: 4000 mm</p>\n\n                                <p>- Model is 187cm tall and wearing a size S / M</p>\n\n                                <p>- Unisex fit</p>\n\n                                <p>- Drawstring hood with built-in cap</p>\n\n                                <p>- Front placket with snap buttons</p>\n\n                                <p>- Ventilation under armpit</p>\n\n                                <p>- Adjustable cuffs</p>\n\n                                <p>- Double welted front pockets</p>\n\n                                <p>- Adjustable elastic string at hempen</p>\n\n                                <p>- Ultrasonically welded seams</p>\n\n                                <p>This is a unisex item, please check our clothing &amp; footwear sizing guide for specific Rains jacket sizing information. RAINS comes from the rainy nation of Denmark at the edge of the European continent, close to the ocean and with prevailing westerly winds; all factors that contribute to an average of 121 rain days each year. Arising from these rainy weather conditions comes the attitude that a quick rain shower may be beautiful, as well as moody- but first and foremost requires the right outfit. Rains focus on the whole experience of going outside on rainy days, issuing an invitation to explore even in the most mercurial weather.</p>','published','[\"products\\/37-1.jpg\",\"products\\/37-2.jpg\",\"products\\/37-3.jpg\"]',NULL,'PR-139-A1',0,14,0,1,'in_stock',0,NULL,4,0,2,10,3.20,0,378.25,NULL,NULL,NULL,15,20,20,825,NULL,'standard',56327,'2026-03-06 01:42:45','2026-03-06 01:43:04',0,'Botble\\ACL\\Models\\User',NULL,'physical','8827907969757',NULL,NULL,0,0,'auto_generate',0,0,0,1,3,0),(38,'Macbook Pro 2015 13 inch','macbook-pro-2015-13-inch','<ul><li> Unrestrained and portable active stereo speaker</li>\n            <li> Free from the confines of wires and chords</li>\n            <li> 20 hours of portable capabilities</li>\n            <li> Double-ended Coil Cord with 3.5mm Stereo Plugs Included</li>\n            <li> 3/4″ Dome Tweeters: 2X and 4″ Woofer: 1X</li></ul>','<p>Short Hooded Coat features a straight body, large pockets with button flaps, ventilation air holes, and a string detail along the hemline. The style is completed with a drawstring hood, featuring Rains’ signature built-in cap. Made from waterproof, matte PU, this lightweight unisex rain jacket is an ode to nostalgia through its classic silhouette and utilitarian design details.</p>\n                                <p>- Casual unisex fit</p>\n\n                                <p>- 64% polyester, 36% polyurethane</p>\n\n                                <p>- Water column pressure: 4000 mm</p>\n\n                                <p>- Model is 187cm tall and wearing a size S / M</p>\n\n                                <p>- Unisex fit</p>\n\n                                <p>- Drawstring hood with built-in cap</p>\n\n                                <p>- Front placket with snap buttons</p>\n\n                                <p>- Ventilation under armpit</p>\n\n                                <p>- Adjustable cuffs</p>\n\n                                <p>- Double welted front pockets</p>\n\n                                <p>- Adjustable elastic string at hempen</p>\n\n                                <p>- Ultrasonically welded seams</p>\n\n                                <p>This is a unisex item, please check our clothing &amp; footwear sizing guide for specific Rains jacket sizing information. RAINS comes from the rainy nation of Denmark at the edge of the European continent, close to the ocean and with prevailing westerly winds; all factors that contribute to an average of 121 rain days each year. Arising from these rainy weather conditions comes the attitude that a quick rain shower may be beautiful, as well as moody- but first and foremost requires the right outfit. Rains focus on the whole experience of going outside on rainy days, issuing an invitation to explore even in the most mercurial weather.</p>','published','[\"products\\/38-1.jpg\",\"products\\/38-2.jpg\",\"products\\/38-3.jpg\",\"products\\/38-4.jpg\"]',NULL,'DP-161',0,18,0,1,'in_stock',0,NULL,6,0,0,10,4.10,0,823.6,533.6,NULL,NULL,12,12,13,684,NULL,'standard',50050,'2026-03-06 01:42:45','2026-03-06 01:43:04',0,'Botble\\ACL\\Models\\User',NULL,'physical','1294290022104',NULL,NULL,0,0,'auto_generate',0,0,0,2,4,0),(39,'Sony WH-1000XM4 Wireless Headphones','sony-wh-1000xm4-wireless-headphones','<ul><li> Unrestrained and portable active stereo speaker</li>\n            <li> Free from the confines of wires and chords</li>\n            <li> 20 hours of portable capabilities</li>\n            <li> Double-ended Coil Cord with 3.5mm Stereo Plugs Included</li>\n            <li> 3/4″ Dome Tweeters: 2X and 4″ Woofer: 1X</li></ul>','<p>Short Hooded Coat features a straight body, large pockets with button flaps, ventilation air holes, and a string detail along the hemline. The style is completed with a drawstring hood, featuring Rains’ signature built-in cap. Made from waterproof, matte PU, this lightweight unisex rain jacket is an ode to nostalgia through its classic silhouette and utilitarian design details.</p>\n                                <p>- Casual unisex fit</p>\n\n                                <p>- 64% polyester, 36% polyurethane</p>\n\n                                <p>- Water column pressure: 4000 mm</p>\n\n                                <p>- Model is 187cm tall and wearing a size S / M</p>\n\n                                <p>- Unisex fit</p>\n\n                                <p>- Drawstring hood with built-in cap</p>\n\n                                <p>- Front placket with snap buttons</p>\n\n                                <p>- Ventilation under armpit</p>\n\n                                <p>- Adjustable cuffs</p>\n\n                                <p>- Double welted front pockets</p>\n\n                                <p>- Adjustable elastic string at hempen</p>\n\n                                <p>- Ultrasonically welded seams</p>\n\n                                <p>This is a unisex item, please check our clothing &amp; footwear sizing guide for specific Rains jacket sizing information. RAINS comes from the rainy nation of Denmark at the edge of the European continent, close to the ocean and with prevailing westerly winds; all factors that contribute to an average of 121 rain days each year. Arising from these rainy weather conditions comes the attitude that a quick rain shower may be beautiful, as well as moody- but first and foremost requires the right outfit. Rains focus on the whole experience of going outside on rainy days, issuing an invitation to explore even in the most mercurial weather.</p>','published','[\"products\\/39-1.jpg\",\"products\\/39-2.jpg\",\"products\\/39-3.jpg\",\"products\\/39-4.jpg\"]',NULL,'KZ-168',0,10,0,1,'in_stock',0,NULL,7,0,0,10,3.10,0,1476.01,1088.01,NULL,NULL,19,13,11,689,NULL,'standard',19484,'2026-03-06 01:42:45','2026-03-06 01:43:04',0,'Botble\\ACL\\Models\\User',NULL,'physical','0693328213353',NULL,NULL,0,0,'auto_generate',0,0,0,1,5,0),(40,'Samsung Galaxy S22 Ultra (Digital)','samsung-galaxy-s22-ultra','<ul><li> Unrestrained and portable active stereo speaker</li>\n            <li> Free from the confines of wires and chords</li>\n            <li> 20 hours of portable capabilities</li>\n            <li> Double-ended Coil Cord with 3.5mm Stereo Plugs Included</li>\n            <li> 3/4″ Dome Tweeters: 2X and 4″ Woofer: 1X</li></ul>','<p>Short Hooded Coat features a straight body, large pockets with button flaps, ventilation air holes, and a string detail along the hemline. The style is completed with a drawstring hood, featuring Rains’ signature built-in cap. Made from waterproof, matte PU, this lightweight unisex rain jacket is an ode to nostalgia through its classic silhouette and utilitarian design details.</p>\n                                <p>- Casual unisex fit</p>\n\n                                <p>- 64% polyester, 36% polyurethane</p>\n\n                                <p>- Water column pressure: 4000 mm</p>\n\n                                <p>- Model is 187cm tall and wearing a size S / M</p>\n\n                                <p>- Unisex fit</p>\n\n                                <p>- Drawstring hood with built-in cap</p>\n\n                                <p>- Front placket with snap buttons</p>\n\n                                <p>- Ventilation under armpit</p>\n\n                                <p>- Adjustable cuffs</p>\n\n                                <p>- Double welted front pockets</p>\n\n                                <p>- Adjustable elastic string at hempen</p>\n\n                                <p>- Ultrasonically welded seams</p>\n\n                                <p>This is a unisex item, please check our clothing &amp; footwear sizing guide for specific Rains jacket sizing information. RAINS comes from the rainy nation of Denmark at the edge of the European continent, close to the ocean and with prevailing westerly winds; all factors that contribute to an average of 121 rain days each year. Arising from these rainy weather conditions comes the attitude that a quick rain shower may be beautiful, as well as moody- but first and foremost requires the right outfit. Rains focus on the whole experience of going outside on rainy days, issuing an invitation to explore even in the most mercurial weather.</p>','published','[\"products\\/40-1.jpg\",\"products\\/40-2.jpg\",\"products\\/40-3.jpg\",\"products\\/40-4.jpg\"]',NULL,'2Q-142-A1',0,12,0,1,'in_stock',1,NULL,1,0,1,10,2.90,0,664.29,564.6465,NULL,NULL,11,13,16,562,NULL,'standard',183597,'2026-03-06 01:42:45','2026-03-06 01:43:04',0,'Botble\\ACL\\Models\\User',NULL,'digital','1128591826362',NULL,NULL,0,0,'auto_generate',0,0,0,2,3,0),(41,'Dell XPS 15 Laptop','dell-xps-15-laptop','<ul><li> Unrestrained and portable active stereo speaker</li>\n            <li> Free from the confines of wires and chords</li>\n            <li> 20 hours of portable capabilities</li>\n            <li> Double-ended Coil Cord with 3.5mm Stereo Plugs Included</li>\n            <li> 3/4″ Dome Tweeters: 2X and 4″ Woofer: 1X</li></ul>','<p>Short Hooded Coat features a straight body, large pockets with button flaps, ventilation air holes, and a string detail along the hemline. The style is completed with a drawstring hood, featuring Rains’ signature built-in cap. Made from waterproof, matte PU, this lightweight unisex rain jacket is an ode to nostalgia through its classic silhouette and utilitarian design details.</p>\n                                <p>- Casual unisex fit</p>\n\n                                <p>- 64% polyester, 36% polyurethane</p>\n\n                                <p>- Water column pressure: 4000 mm</p>\n\n                                <p>- Model is 187cm tall and wearing a size S / M</p>\n\n                                <p>- Unisex fit</p>\n\n                                <p>- Drawstring hood with built-in cap</p>\n\n                                <p>- Front placket with snap buttons</p>\n\n                                <p>- Ventilation under armpit</p>\n\n                                <p>- Adjustable cuffs</p>\n\n                                <p>- Double welted front pockets</p>\n\n                                <p>- Adjustable elastic string at hempen</p>\n\n                                <p>- Ultrasonically welded seams</p>\n\n                                <p>This is a unisex item, please check our clothing &amp; footwear sizing guide for specific Rains jacket sizing information. RAINS comes from the rainy nation of Denmark at the edge of the European continent, close to the ocean and with prevailing westerly winds; all factors that contribute to an average of 121 rain days each year. Arising from these rainy weather conditions comes the attitude that a quick rain shower may be beautiful, as well as moody- but first and foremost requires the right outfit. Rains focus on the whole experience of going outside on rainy days, issuing an invitation to explore even in the most mercurial weather.</p>','published','[\"products\\/41-1.jpg\",\"products\\/41-2.jpg\",\"products\\/41-3.jpg\",\"products\\/41-4.jpg\"]',NULL,'WK-179',0,20,0,1,'in_stock',0,NULL,1,0,0,10,3.20,0,1474.82,1321.82,NULL,NULL,10,19,19,850,NULL,'standard',51366,'2026-03-06 01:42:45','2026-03-06 01:43:04',0,'Botble\\ACL\\Models\\User',NULL,'physical','8879815347165',NULL,NULL,0,0,'auto_generate',0,0,0,1,8,0),(42,'iPad Pro 12.9-inch','ipad-pro-129-inch','<ul><li> Unrestrained and portable active stereo speaker</li>\n            <li> Free from the confines of wires and chords</li>\n            <li> 20 hours of portable capabilities</li>\n            <li> Double-ended Coil Cord with 3.5mm Stereo Plugs Included</li>\n            <li> 3/4″ Dome Tweeters: 2X and 4″ Woofer: 1X</li></ul>','<p>Short Hooded Coat features a straight body, large pockets with button flaps, ventilation air holes, and a string detail along the hemline. The style is completed with a drawstring hood, featuring Rains’ signature built-in cap. Made from waterproof, matte PU, this lightweight unisex rain jacket is an ode to nostalgia through its classic silhouette and utilitarian design details.</p>\n                                <p>- Casual unisex fit</p>\n\n                                <p>- 64% polyester, 36% polyurethane</p>\n\n                                <p>- Water column pressure: 4000 mm</p>\n\n                                <p>- Model is 187cm tall and wearing a size S / M</p>\n\n                                <p>- Unisex fit</p>\n\n                                <p>- Drawstring hood with built-in cap</p>\n\n                                <p>- Front placket with snap buttons</p>\n\n                                <p>- Ventilation under armpit</p>\n\n                                <p>- Adjustable cuffs</p>\n\n                                <p>- Double welted front pockets</p>\n\n                                <p>- Adjustable elastic string at hempen</p>\n\n                                <p>- Ultrasonically welded seams</p>\n\n                                <p>This is a unisex item, please check our clothing &amp; footwear sizing guide for specific Rains jacket sizing information. RAINS comes from the rainy nation of Denmark at the edge of the European continent, close to the ocean and with prevailing westerly winds; all factors that contribute to an average of 121 rain days each year. Arising from these rainy weather conditions comes the attitude that a quick rain shower may be beautiful, as well as moody- but first and foremost requires the right outfit. Rains focus on the whole experience of going outside on rainy days, issuing an invitation to explore even in the most mercurial weather.</p>','published','[\"products\\/42-1.jpg\",\"products\\/42-2.jpg\",\"products\\/42-3.jpg\"]',NULL,'BZ-100',0,15,0,1,'in_stock',0,NULL,7,0,0,10,2.60,0,781.63,601.63,NULL,NULL,13,20,10,589,NULL,'standard',97210,'2026-03-06 01:42:45','2026-03-06 01:43:04',0,'Botble\\ACL\\Models\\User',NULL,'physical','9517153297689',NULL,NULL,0,0,'auto_generate',0,0,0,1,4,0),(43,'Bose QuietComfort Earbuds','bose-quietcomfort-earbuds','<ul><li> Unrestrained and portable active stereo speaker</li>\n            <li> Free from the confines of wires and chords</li>\n            <li> 20 hours of portable capabilities</li>\n            <li> Double-ended Coil Cord with 3.5mm Stereo Plugs Included</li>\n            <li> 3/4″ Dome Tweeters: 2X and 4″ Woofer: 1X</li></ul>','<p>Short Hooded Coat features a straight body, large pockets with button flaps, ventilation air holes, and a string detail along the hemline. The style is completed with a drawstring hood, featuring Rains’ signature built-in cap. Made from waterproof, matte PU, this lightweight unisex rain jacket is an ode to nostalgia through its classic silhouette and utilitarian design details.</p>\n                                <p>- Casual unisex fit</p>\n\n                                <p>- 64% polyester, 36% polyurethane</p>\n\n                                <p>- Water column pressure: 4000 mm</p>\n\n                                <p>- Model is 187cm tall and wearing a size S / M</p>\n\n                                <p>- Unisex fit</p>\n\n                                <p>- Drawstring hood with built-in cap</p>\n\n                                <p>- Front placket with snap buttons</p>\n\n                                <p>- Ventilation under armpit</p>\n\n                                <p>- Adjustable cuffs</p>\n\n                                <p>- Double welted front pockets</p>\n\n                                <p>- Adjustable elastic string at hempen</p>\n\n                                <p>- Ultrasonically welded seams</p>\n\n                                <p>This is a unisex item, please check our clothing &amp; footwear sizing guide for specific Rains jacket sizing information. RAINS comes from the rainy nation of Denmark at the edge of the European continent, close to the ocean and with prevailing westerly winds; all factors that contribute to an average of 121 rain days each year. Arising from these rainy weather conditions comes the attitude that a quick rain shower may be beautiful, as well as moody- but first and foremost requires the right outfit. Rains focus on the whole experience of going outside on rainy days, issuing an invitation to explore even in the most mercurial weather.</p>','published','[\"products\\/43-1.jpg\",\"products\\/43-2.jpg\",\"products\\/43-3.jpg\"]',NULL,'QP-124-A1',0,18,0,1,'in_stock',0,NULL,4,0,4,10,4.10,0,1440.94,NULL,NULL,NULL,11,16,16,793,NULL,'standard',42004,'2026-03-06 01:42:45','2026-03-06 01:43:04',0,'Botble\\ACL\\Models\\User',NULL,'physical','5939303453709',NULL,NULL,0,0,'auto_generate',0,0,0,2,5,0),(44,'LG OLED C1 Series TV (Digital)','lg-oled-c1-series-tv','<ul><li> Unrestrained and portable active stereo speaker</li>\n            <li> Free from the confines of wires and chords</li>\n            <li> 20 hours of portable capabilities</li>\n            <li> Double-ended Coil Cord with 3.5mm Stereo Plugs Included</li>\n            <li> 3/4″ Dome Tweeters: 2X and 4″ Woofer: 1X</li></ul>','<p>Short Hooded Coat features a straight body, large pockets with button flaps, ventilation air holes, and a string detail along the hemline. The style is completed with a drawstring hood, featuring Rains’ signature built-in cap. Made from waterproof, matte PU, this lightweight unisex rain jacket is an ode to nostalgia through its classic silhouette and utilitarian design details.</p>\n                                <p>- Casual unisex fit</p>\n\n                                <p>- 64% polyester, 36% polyurethane</p>\n\n                                <p>- Water column pressure: 4000 mm</p>\n\n                                <p>- Model is 187cm tall and wearing a size S / M</p>\n\n                                <p>- Unisex fit</p>\n\n                                <p>- Drawstring hood with built-in cap</p>\n\n                                <p>- Front placket with snap buttons</p>\n\n                                <p>- Ventilation under armpit</p>\n\n                                <p>- Adjustable cuffs</p>\n\n                                <p>- Double welted front pockets</p>\n\n                                <p>- Adjustable elastic string at hempen</p>\n\n                                <p>- Ultrasonically welded seams</p>\n\n                                <p>This is a unisex item, please check our clothing &amp; footwear sizing guide for specific Rains jacket sizing information. RAINS comes from the rainy nation of Denmark at the edge of the European continent, close to the ocean and with prevailing westerly winds; all factors that contribute to an average of 121 rain days each year. Arising from these rainy weather conditions comes the attitude that a quick rain shower may be beautiful, as well as moody- but first and foremost requires the right outfit. Rains focus on the whole experience of going outside on rainy days, issuing an invitation to explore even in the most mercurial weather.</p>','published','[\"products\\/44-1.jpg\",\"products\\/44-2.jpg\",\"products\\/44-3.jpg\"]',NULL,'SN-161',0,16,0,1,'in_stock',0,NULL,1,0,0,10,3.10,0,558.78,493.78,NULL,NULL,18,17,15,655,NULL,'standard',50855,'2026-03-06 01:42:45','2026-03-06 01:43:04',0,'Botble\\ACL\\Models\\User',NULL,'digital','9941736544073',NULL,NULL,0,0,'auto_generate',0,0,0,2,6,0),(45,'Dyson V11 Vacuum Cleaner','dyson-v11-vacuum-cleaner','<ul><li> Unrestrained and portable active stereo speaker</li>\n            <li> Free from the confines of wires and chords</li>\n            <li> 20 hours of portable capabilities</li>\n            <li> Double-ended Coil Cord with 3.5mm Stereo Plugs Included</li>\n            <li> 3/4″ Dome Tweeters: 2X and 4″ Woofer: 1X</li></ul>','<p>Short Hooded Coat features a straight body, large pockets with button flaps, ventilation air holes, and a string detail along the hemline. The style is completed with a drawstring hood, featuring Rains’ signature built-in cap. Made from waterproof, matte PU, this lightweight unisex rain jacket is an ode to nostalgia through its classic silhouette and utilitarian design details.</p>\n                                <p>- Casual unisex fit</p>\n\n                                <p>- 64% polyester, 36% polyurethane</p>\n\n                                <p>- Water column pressure: 4000 mm</p>\n\n                                <p>- Model is 187cm tall and wearing a size S / M</p>\n\n                                <p>- Unisex fit</p>\n\n                                <p>- Drawstring hood with built-in cap</p>\n\n                                <p>- Front placket with snap buttons</p>\n\n                                <p>- Ventilation under armpit</p>\n\n                                <p>- Adjustable cuffs</p>\n\n                                <p>- Double welted front pockets</p>\n\n                                <p>- Adjustable elastic string at hempen</p>\n\n                                <p>- Ultrasonically welded seams</p>\n\n                                <p>This is a unisex item, please check our clothing &amp; footwear sizing guide for specific Rains jacket sizing information. RAINS comes from the rainy nation of Denmark at the edge of the European continent, close to the ocean and with prevailing westerly winds; all factors that contribute to an average of 121 rain days each year. Arising from these rainy weather conditions comes the attitude that a quick rain shower may be beautiful, as well as moody- but first and foremost requires the right outfit. Rains focus on the whole experience of going outside on rainy days, issuing an invitation to explore even in the most mercurial weather.</p>','published','[\"products\\/45-1.jpg\",\"products\\/45-2.jpg\",\"products\\/45-3.jpg\",\"products\\/45-4.jpg\"]',NULL,'PY-185-A1',0,20,0,1,'in_stock',0,NULL,7,0,3,10,2.00,0,1167.9,NULL,NULL,NULL,17,11,13,539,NULL,'standard',32605,'2026-03-06 01:42:45','2026-03-06 01:43:04',0,'Botble\\ACL\\Models\\User',NULL,'physical','8586486903803',NULL,NULL,0,0,'auto_generate',0,0,0,2,3,0),(46,'Nintendo Switch OLED Model','nintendo-switch-oled-model','<ul><li> Unrestrained and portable active stereo speaker</li>\n            <li> Free from the confines of wires and chords</li>\n            <li> 20 hours of portable capabilities</li>\n            <li> Double-ended Coil Cord with 3.5mm Stereo Plugs Included</li>\n            <li> 3/4″ Dome Tweeters: 2X and 4″ Woofer: 1X</li></ul>','<p>Short Hooded Coat features a straight body, large pockets with button flaps, ventilation air holes, and a string detail along the hemline. The style is completed with a drawstring hood, featuring Rains’ signature built-in cap. Made from waterproof, matte PU, this lightweight unisex rain jacket is an ode to nostalgia through its classic silhouette and utilitarian design details.</p>\n                                <p>- Casual unisex fit</p>\n\n                                <p>- 64% polyester, 36% polyurethane</p>\n\n                                <p>- Water column pressure: 4000 mm</p>\n\n                                <p>- Model is 187cm tall and wearing a size S / M</p>\n\n                                <p>- Unisex fit</p>\n\n                                <p>- Drawstring hood with built-in cap</p>\n\n                                <p>- Front placket with snap buttons</p>\n\n                                <p>- Ventilation under armpit</p>\n\n                                <p>- Adjustable cuffs</p>\n\n                                <p>- Double welted front pockets</p>\n\n                                <p>- Adjustable elastic string at hempen</p>\n\n                                <p>- Ultrasonically welded seams</p>\n\n                                <p>This is a unisex item, please check our clothing &amp; footwear sizing guide for specific Rains jacket sizing information. RAINS comes from the rainy nation of Denmark at the edge of the European continent, close to the ocean and with prevailing westerly winds; all factors that contribute to an average of 121 rain days each year. Arising from these rainy weather conditions comes the attitude that a quick rain shower may be beautiful, as well as moody- but first and foremost requires the right outfit. Rains focus on the whole experience of going outside on rainy days, issuing an invitation to explore even in the most mercurial weather.</p>','published','[\"products\\/46-1.jpg\",\"products\\/46-2.jpg\",\"products\\/46-3.jpg\",\"products\\/46-4.jpg\"]',NULL,'CO-130-A1',0,13,0,1,'in_stock',0,NULL,7,0,4,10,2.60,0,1339.35,NULL,NULL,NULL,20,11,11,637,NULL,'standard',133462,'2026-03-06 01:42:45','2026-03-06 01:43:04',0,'Botble\\ACL\\Models\\User',NULL,'physical','3566595470309',NULL,NULL,0,0,'auto_generate',0,0,0,1,6,0),(47,'Canon EOS R5 Camera','canon-eos-r5-camera','<ul><li> Unrestrained and portable active stereo speaker</li>\n            <li> Free from the confines of wires and chords</li>\n            <li> 20 hours of portable capabilities</li>\n            <li> Double-ended Coil Cord with 3.5mm Stereo Plugs Included</li>\n            <li> 3/4″ Dome Tweeters: 2X and 4″ Woofer: 1X</li></ul>','<p>Short Hooded Coat features a straight body, large pockets with button flaps, ventilation air holes, and a string detail along the hemline. The style is completed with a drawstring hood, featuring Rains’ signature built-in cap. Made from waterproof, matte PU, this lightweight unisex rain jacket is an ode to nostalgia through its classic silhouette and utilitarian design details.</p>\n                                <p>- Casual unisex fit</p>\n\n                                <p>- 64% polyester, 36% polyurethane</p>\n\n                                <p>- Water column pressure: 4000 mm</p>\n\n                                <p>- Model is 187cm tall and wearing a size S / M</p>\n\n                                <p>- Unisex fit</p>\n\n                                <p>- Drawstring hood with built-in cap</p>\n\n                                <p>- Front placket with snap buttons</p>\n\n                                <p>- Ventilation under armpit</p>\n\n                                <p>- Adjustable cuffs</p>\n\n                                <p>- Double welted front pockets</p>\n\n                                <p>- Adjustable elastic string at hempen</p>\n\n                                <p>- Ultrasonically welded seams</p>\n\n                                <p>This is a unisex item, please check our clothing &amp; footwear sizing guide for specific Rains jacket sizing information. RAINS comes from the rainy nation of Denmark at the edge of the European continent, close to the ocean and with prevailing westerly winds; all factors that contribute to an average of 121 rain days each year. Arising from these rainy weather conditions comes the attitude that a quick rain shower may be beautiful, as well as moody- but first and foremost requires the right outfit. Rains focus on the whole experience of going outside on rainy days, issuing an invitation to explore even in the most mercurial weather.</p>','published','[\"products\\/47-1.jpg\",\"products\\/47-2.jpg\",\"products\\/47-3.jpg\"]',NULL,'UW-103',0,10,0,1,'in_stock',1,NULL,6,0,0,9,3.89,0,61.43,3.43,NULL,NULL,14,12,13,879,NULL,'standard',84439,'2026-03-06 01:42:45','2026-03-06 01:43:04',0,'Botble\\ACL\\Models\\User',NULL,'physical','8540848776122',NULL,NULL,0,0,'auto_generate',0,0,0,1,6,0),(48,'Fitbit Sense Smartwatch (Digital)','fitbit-sense-smartwatch','<ul><li> Unrestrained and portable active stereo speaker</li>\n            <li> Free from the confines of wires and chords</li>\n            <li> 20 hours of portable capabilities</li>\n            <li> Double-ended Coil Cord with 3.5mm Stereo Plugs Included</li>\n            <li> 3/4″ Dome Tweeters: 2X and 4″ Woofer: 1X</li></ul>','<p>Short Hooded Coat features a straight body, large pockets with button flaps, ventilation air holes, and a string detail along the hemline. The style is completed with a drawstring hood, featuring Rains’ signature built-in cap. Made from waterproof, matte PU, this lightweight unisex rain jacket is an ode to nostalgia through its classic silhouette and utilitarian design details.</p>\n                                <p>- Casual unisex fit</p>\n\n                                <p>- 64% polyester, 36% polyurethane</p>\n\n                                <p>- Water column pressure: 4000 mm</p>\n\n                                <p>- Model is 187cm tall and wearing a size S / M</p>\n\n                                <p>- Unisex fit</p>\n\n                                <p>- Drawstring hood with built-in cap</p>\n\n                                <p>- Front placket with snap buttons</p>\n\n                                <p>- Ventilation under armpit</p>\n\n                                <p>- Adjustable cuffs</p>\n\n                                <p>- Double welted front pockets</p>\n\n                                <p>- Adjustable elastic string at hempen</p>\n\n                                <p>- Ultrasonically welded seams</p>\n\n                                <p>This is a unisex item, please check our clothing &amp; footwear sizing guide for specific Rains jacket sizing information. RAINS comes from the rainy nation of Denmark at the edge of the European continent, close to the ocean and with prevailing westerly winds; all factors that contribute to an average of 121 rain days each year. Arising from these rainy weather conditions comes the attitude that a quick rain shower may be beautiful, as well as moody- but first and foremost requires the right outfit. Rains focus on the whole experience of going outside on rainy days, issuing an invitation to explore even in the most mercurial weather.</p>','published','[\"products\\/48-1.jpg\",\"products\\/48-2.jpg\",\"products\\/48-3.jpg\",\"products\\/48-4.jpg\"]',NULL,'EZ-106',0,12,0,1,'in_stock',0,NULL,2,0,0,10,2.80,0,1550.82,1147.6068,NULL,NULL,14,10,15,821,NULL,'standard',112589,'2026-03-06 01:42:46','2026-03-06 01:43:04',0,'Botble\\ACL\\Models\\User',NULL,'digital','9443911618864',NULL,NULL,0,0,'auto_generate',0,0,0,2,7,0),(49,'Sonos Beam Soundbar','sonos-beam-soundbar','<ul><li> Unrestrained and portable active stereo speaker</li>\n            <li> Free from the confines of wires and chords</li>\n            <li> 20 hours of portable capabilities</li>\n            <li> Double-ended Coil Cord with 3.5mm Stereo Plugs Included</li>\n            <li> 3/4″ Dome Tweeters: 2X and 4″ Woofer: 1X</li></ul>','<p>Short Hooded Coat features a straight body, large pockets with button flaps, ventilation air holes, and a string detail along the hemline. The style is completed with a drawstring hood, featuring Rains’ signature built-in cap. Made from waterproof, matte PU, this lightweight unisex rain jacket is an ode to nostalgia through its classic silhouette and utilitarian design details.</p>\n                                <p>- Casual unisex fit</p>\n\n                                <p>- 64% polyester, 36% polyurethane</p>\n\n                                <p>- Water column pressure: 4000 mm</p>\n\n                                <p>- Model is 187cm tall and wearing a size S / M</p>\n\n                                <p>- Unisex fit</p>\n\n                                <p>- Drawstring hood with built-in cap</p>\n\n                                <p>- Front placket with snap buttons</p>\n\n                                <p>- Ventilation under armpit</p>\n\n                                <p>- Adjustable cuffs</p>\n\n                                <p>- Double welted front pockets</p>\n\n                                <p>- Adjustable elastic string at hempen</p>\n\n                                <p>- Ultrasonically welded seams</p>\n\n                                <p>This is a unisex item, please check our clothing &amp; footwear sizing guide for specific Rains jacket sizing information. RAINS comes from the rainy nation of Denmark at the edge of the European continent, close to the ocean and with prevailing westerly winds; all factors that contribute to an average of 121 rain days each year. Arising from these rainy weather conditions comes the attitude that a quick rain shower may be beautiful, as well as moody- but first and foremost requires the right outfit. Rains focus on the whole experience of going outside on rainy days, issuing an invitation to explore even in the most mercurial weather.</p>','published','[\"products\\/49-1.jpg\",\"products\\/49-2.jpg\",\"products\\/49-3.jpg\",\"products\\/49-4.jpg\"]',NULL,'DR-106-A1',0,17,0,1,'in_stock',0,NULL,5,0,2,10,3.80,0,1471.21,NULL,NULL,NULL,17,17,16,555,NULL,'standard',141785,'2026-03-06 01:42:46','2026-03-06 01:43:04',0,'Botble\\ACL\\Models\\User',NULL,'physical','0728414718297',NULL,NULL,0,0,'auto_generate',0,0,0,1,2,0),(50,'Logitech MX Master 3 Mouse','logitech-mx-master-3-mouse','<ul><li> Unrestrained and portable active stereo speaker</li>\n            <li> Free from the confines of wires and chords</li>\n            <li> 20 hours of portable capabilities</li>\n            <li> Double-ended Coil Cord with 3.5mm Stereo Plugs Included</li>\n            <li> 3/4″ Dome Tweeters: 2X and 4″ Woofer: 1X</li></ul>','<p>Short Hooded Coat features a straight body, large pockets with button flaps, ventilation air holes, and a string detail along the hemline. The style is completed with a drawstring hood, featuring Rains’ signature built-in cap. Made from waterproof, matte PU, this lightweight unisex rain jacket is an ode to nostalgia through its classic silhouette and utilitarian design details.</p>\n                                <p>- Casual unisex fit</p>\n\n                                <p>- 64% polyester, 36% polyurethane</p>\n\n                                <p>- Water column pressure: 4000 mm</p>\n\n                                <p>- Model is 187cm tall and wearing a size S / M</p>\n\n                                <p>- Unisex fit</p>\n\n                                <p>- Drawstring hood with built-in cap</p>\n\n                                <p>- Front placket with snap buttons</p>\n\n                                <p>- Ventilation under armpit</p>\n\n                                <p>- Adjustable cuffs</p>\n\n                                <p>- Double welted front pockets</p>\n\n                                <p>- Adjustable elastic string at hempen</p>\n\n                                <p>- Ultrasonically welded seams</p>\n\n                                <p>This is a unisex item, please check our clothing &amp; footwear sizing guide for specific Rains jacket sizing information. RAINS comes from the rainy nation of Denmark at the edge of the European continent, close to the ocean and with prevailing westerly winds; all factors that contribute to an average of 121 rain days each year. Arising from these rainy weather conditions comes the attitude that a quick rain shower may be beautiful, as well as moody- but first and foremost requires the right outfit. Rains focus on the whole experience of going outside on rainy days, issuing an invitation to explore even in the most mercurial weather.</p>','published','[\"products\\/50-1.jpg\",\"products\\/50-2.jpg\",\"products\\/50-3.jpg\",\"products\\/50-4.jpg\"]',NULL,'PY-122-A1',0,16,0,1,'in_stock',0,NULL,3,0,3,9,2.33,0,508,NULL,NULL,NULL,15,19,12,659,NULL,'standard',59325,'2026-03-06 01:42:46','2026-03-06 01:43:04',0,'Botble\\ACL\\Models\\User',NULL,'physical','6663059798775',NULL,NULL,0,0,'auto_generate',0,0,0,1,7,0),(51,'Kindle Paperwhite E-reader','kindle-paperwhite-e-reader','<ul><li> Unrestrained and portable active stereo speaker</li>\n            <li> Free from the confines of wires and chords</li>\n            <li> 20 hours of portable capabilities</li>\n            <li> Double-ended Coil Cord with 3.5mm Stereo Plugs Included</li>\n            <li> 3/4″ Dome Tweeters: 2X and 4″ Woofer: 1X</li></ul>','<p>Short Hooded Coat features a straight body, large pockets with button flaps, ventilation air holes, and a string detail along the hemline. The style is completed with a drawstring hood, featuring Rains’ signature built-in cap. Made from waterproof, matte PU, this lightweight unisex rain jacket is an ode to nostalgia through its classic silhouette and utilitarian design details.</p>\n                                <p>- Casual unisex fit</p>\n\n                                <p>- 64% polyester, 36% polyurethane</p>\n\n                                <p>- Water column pressure: 4000 mm</p>\n\n                                <p>- Model is 187cm tall and wearing a size S / M</p>\n\n                                <p>- Unisex fit</p>\n\n                                <p>- Drawstring hood with built-in cap</p>\n\n                                <p>- Front placket with snap buttons</p>\n\n                                <p>- Ventilation under armpit</p>\n\n                                <p>- Adjustable cuffs</p>\n\n                                <p>- Double welted front pockets</p>\n\n                                <p>- Adjustable elastic string at hempen</p>\n\n                                <p>- Ultrasonically welded seams</p>\n\n                                <p>This is a unisex item, please check our clothing &amp; footwear sizing guide for specific Rains jacket sizing information. RAINS comes from the rainy nation of Denmark at the edge of the European continent, close to the ocean and with prevailing westerly winds; all factors that contribute to an average of 121 rain days each year. Arising from these rainy weather conditions comes the attitude that a quick rain shower may be beautiful, as well as moody- but first and foremost requires the right outfit. Rains focus on the whole experience of going outside on rainy days, issuing an invitation to explore even in the most mercurial weather.</p>','published','[\"products\\/51-1.jpg\",\"products\\/51-2.jpg\",\"products\\/51-3.jpg\",\"products\\/51-4.jpg\"]',NULL,'QQ-137',0,10,0,1,'in_stock',0,NULL,6,0,0,8,3.50,0,304.2,7.2,NULL,NULL,18,12,20,899,NULL,'standard',144154,'2026-03-06 01:42:46','2026-03-06 01:43:04',0,'Botble\\ACL\\Models\\User',NULL,'physical','8346612710930',NULL,NULL,0,0,'auto_generate',0,0,0,2,1,0),(52,'GoPro HERO10 Black (Digital)','gopro-hero10-black','<ul><li> Unrestrained and portable active stereo speaker</li>\n            <li> Free from the confines of wires and chords</li>\n            <li> 20 hours of portable capabilities</li>\n            <li> Double-ended Coil Cord with 3.5mm Stereo Plugs Included</li>\n            <li> 3/4″ Dome Tweeters: 2X and 4″ Woofer: 1X</li></ul>','<p>Short Hooded Coat features a straight body, large pockets with button flaps, ventilation air holes, and a string detail along the hemline. The style is completed with a drawstring hood, featuring Rains’ signature built-in cap. Made from waterproof, matte PU, this lightweight unisex rain jacket is an ode to nostalgia through its classic silhouette and utilitarian design details.</p>\n                                <p>- Casual unisex fit</p>\n\n                                <p>- 64% polyester, 36% polyurethane</p>\n\n                                <p>- Water column pressure: 4000 mm</p>\n\n                                <p>- Model is 187cm tall and wearing a size S / M</p>\n\n                                <p>- Unisex fit</p>\n\n                                <p>- Drawstring hood with built-in cap</p>\n\n                                <p>- Front placket with snap buttons</p>\n\n                                <p>- Ventilation under armpit</p>\n\n                                <p>- Adjustable cuffs</p>\n\n                                <p>- Double welted front pockets</p>\n\n                                <p>- Adjustable elastic string at hempen</p>\n\n                                <p>- Ultrasonically welded seams</p>\n\n                                <p>This is a unisex item, please check our clothing &amp; footwear sizing guide for specific Rains jacket sizing information. RAINS comes from the rainy nation of Denmark at the edge of the European continent, close to the ocean and with prevailing westerly winds; all factors that contribute to an average of 121 rain days each year. Arising from these rainy weather conditions comes the attitude that a quick rain shower may be beautiful, as well as moody- but first and foremost requires the right outfit. Rains focus on the whole experience of going outside on rainy days, issuing an invitation to explore even in the most mercurial weather.</p>','published','[\"products\\/52-1.jpg\",\"products\\/52-2.jpg\",\"products\\/52-3.jpg\"]',NULL,'KR-180',0,12,0,1,'in_stock',0,NULL,1,0,0,10,4.00,0,1705.21,1193.647,NULL,NULL,12,18,12,669,NULL,'standard',111226,'2026-03-06 01:42:46','2026-03-06 01:43:04',0,'Botble\\ACL\\Models\\User',NULL,'digital','8731576585883',NULL,NULL,0,0,'auto_generate',0,0,0,1,3,0),(53,'Anker PowerCore Power Bank','anker-powercore-power-bank','<ul><li> Unrestrained and portable active stereo speaker</li>\n            <li> Free from the confines of wires and chords</li>\n            <li> 20 hours of portable capabilities</li>\n            <li> Double-ended Coil Cord with 3.5mm Stereo Plugs Included</li>\n            <li> 3/4″ Dome Tweeters: 2X and 4″ Woofer: 1X</li></ul>','<p>Short Hooded Coat features a straight body, large pockets with button flaps, ventilation air holes, and a string detail along the hemline. The style is completed with a drawstring hood, featuring Rains’ signature built-in cap. Made from waterproof, matte PU, this lightweight unisex rain jacket is an ode to nostalgia through its classic silhouette and utilitarian design details.</p>\n                                <p>- Casual unisex fit</p>\n\n                                <p>- 64% polyester, 36% polyurethane</p>\n\n                                <p>- Water column pressure: 4000 mm</p>\n\n                                <p>- Model is 187cm tall and wearing a size S / M</p>\n\n                                <p>- Unisex fit</p>\n\n                                <p>- Drawstring hood with built-in cap</p>\n\n                                <p>- Front placket with snap buttons</p>\n\n                                <p>- Ventilation under armpit</p>\n\n                                <p>- Adjustable cuffs</p>\n\n                                <p>- Double welted front pockets</p>\n\n                                <p>- Adjustable elastic string at hempen</p>\n\n                                <p>- Ultrasonically welded seams</p>\n\n                                <p>This is a unisex item, please check our clothing &amp; footwear sizing guide for specific Rains jacket sizing information. RAINS comes from the rainy nation of Denmark at the edge of the European continent, close to the ocean and with prevailing westerly winds; all factors that contribute to an average of 121 rain days each year. Arising from these rainy weather conditions comes the attitude that a quick rain shower may be beautiful, as well as moody- but first and foremost requires the right outfit. Rains focus on the whole experience of going outside on rainy days, issuing an invitation to explore even in the most mercurial weather.</p>','published','[\"products\\/53-1.jpg\",\"products\\/53-2.jpg\",\"products\\/53-3.jpg\",\"products\\/53-4.jpg\"]',NULL,'CB-100-A1',0,20,0,1,'in_stock',0,NULL,4,0,3,10,2.80,0,1023.95,NULL,NULL,NULL,20,15,16,643,NULL,'standard',22755,'2026-03-06 01:42:46','2026-03-06 01:43:04',0,'Botble\\ACL\\Models\\User',NULL,'physical','2951650207784',NULL,NULL,0,0,'auto_generate',0,0,0,2,1,0),(54,'Samsung Galaxy Buds Pro','samsung-galaxy-buds-pro','<ul><li> Unrestrained and portable active stereo speaker</li>\n            <li> Free from the confines of wires and chords</li>\n            <li> 20 hours of portable capabilities</li>\n            <li> Double-ended Coil Cord with 3.5mm Stereo Plugs Included</li>\n            <li> 3/4″ Dome Tweeters: 2X and 4″ Woofer: 1X</li></ul>','<p>Short Hooded Coat features a straight body, large pockets with button flaps, ventilation air holes, and a string detail along the hemline. The style is completed with a drawstring hood, featuring Rains’ signature built-in cap. Made from waterproof, matte PU, this lightweight unisex rain jacket is an ode to nostalgia through its classic silhouette and utilitarian design details.</p>\n                                <p>- Casual unisex fit</p>\n\n                                <p>- 64% polyester, 36% polyurethane</p>\n\n                                <p>- Water column pressure: 4000 mm</p>\n\n                                <p>- Model is 187cm tall and wearing a size S / M</p>\n\n                                <p>- Unisex fit</p>\n\n                                <p>- Drawstring hood with built-in cap</p>\n\n                                <p>- Front placket with snap buttons</p>\n\n                                <p>- Ventilation under armpit</p>\n\n                                <p>- Adjustable cuffs</p>\n\n                                <p>- Double welted front pockets</p>\n\n                                <p>- Adjustable elastic string at hempen</p>\n\n                                <p>- Ultrasonically welded seams</p>\n\n                                <p>This is a unisex item, please check our clothing &amp; footwear sizing guide for specific Rains jacket sizing information. RAINS comes from the rainy nation of Denmark at the edge of the European continent, close to the ocean and with prevailing westerly winds; all factors that contribute to an average of 121 rain days each year. Arising from these rainy weather conditions comes the attitude that a quick rain shower may be beautiful, as well as moody- but first and foremost requires the right outfit. Rains focus on the whole experience of going outside on rainy days, issuing an invitation to explore even in the most mercurial weather.</p>','published','[\"products\\/54-1.jpg\",\"products\\/54-2.jpg\",\"products\\/54-3.jpg\"]',NULL,'OU-130',0,17,0,1,'in_stock',0,NULL,6,0,0,10,2.30,0,352.23,260.6502,NULL,NULL,16,17,13,891,NULL,'standard',43385,'2026-03-06 01:42:46','2026-03-06 01:43:04',0,'Botble\\ACL\\Models\\User',NULL,'physical','2376210357189',NULL,NULL,0,0,'auto_generate',0,0,0,1,1,0),(55,'Smart Home Speaker',NULL,NULL,NULL,'published','[\"products\\/1-2.jpg\"]',NULL,'IU-102-A1',0,15,0,1,'in_stock',0,NULL,7,1,0,0,0.00,0,1773.78,NULL,NULL,NULL,14,19,17,741,NULL,'standard',0,'2026-03-06 01:42:46','2026-03-06 01:43:03',0,'Botble\\ACL\\Models\\User',NULL,'physical','1289125508755',NULL,NULL,0,0,'auto_generate',0,0,0,NULL,NULL,0),(56,'Smart Home Speaker',NULL,NULL,NULL,'published','[\"products\\/1-3.jpg\"]',NULL,'IU-102-A1-A2',0,15,0,1,'in_stock',0,NULL,7,1,0,0,0.00,0,1773.78,NULL,NULL,NULL,14,19,17,741,NULL,'standard',0,'2026-03-06 01:42:46','2026-03-06 01:43:03',0,'Botble\\ACL\\Models\\User',NULL,'physical','8846845223622',NULL,NULL,0,0,'auto_generate',0,0,0,NULL,NULL,0),(57,'Headphone Ultra Bass',NULL,NULL,NULL,'published','[\"products\\/2-2.jpg\"]',NULL,'N9-113-A1',0,13,0,1,'in_stock',0,NULL,2,1,0,0,0.00,0,149.28,NULL,NULL,NULL,18,14,19,549,NULL,'standard',0,'2026-03-06 01:42:46','2026-03-06 01:43:03',0,'Botble\\ACL\\Models\\User',NULL,'physical','5361749976847',NULL,NULL,0,0,'auto_generate',0,0,0,NULL,NULL,0),(58,'Headphone Ultra Bass',NULL,NULL,NULL,'published','[\"products\\/2-3.jpg\"]',NULL,'N9-113-A1-A2',0,13,0,1,'in_stock',0,NULL,2,1,0,0,0.00,0,149.28,NULL,NULL,NULL,18,14,19,549,NULL,'standard',0,'2026-03-06 01:42:46','2026-03-06 01:43:03',0,'Botble\\ACL\\Models\\User',NULL,'physical','6127683206971',NULL,NULL,0,0,'auto_generate',0,0,0,NULL,NULL,0),(59,'Boxed - Bluetooth Headphone',NULL,NULL,NULL,'published','[\"products\\/3-2.jpg\"]',NULL,'PM-184-A1',0,16,0,1,'in_stock',0,NULL,2,1,0,0,0.00,0,1548.42,NULL,NULL,NULL,11,14,11,712,NULL,'standard',0,'2026-03-06 01:42:46','2026-03-06 01:43:03',0,'Botble\\ACL\\Models\\User',NULL,'physical','2729670538122',NULL,NULL,0,0,'auto_generate',0,0,0,NULL,NULL,0),(60,'Camera Samsung SS-24 (Digital)',NULL,NULL,NULL,'published','[\"products\\/4-2.jpg\"]',NULL,'KG-149-A1',0,16,0,1,'in_stock',0,NULL,1,1,0,0,0.00,0,1774.65,1508.4525,NULL,NULL,16,11,16,743,NULL,'standard',0,'2026-03-06 01:42:46','2026-03-06 01:43:03',0,'Botble\\ACL\\Models\\User',NULL,'digital','4921821683455',NULL,NULL,0,0,'auto_generate',0,0,0,NULL,NULL,0),(61,'Macbook Pro 2015',NULL,NULL,NULL,'published','[\"products\\/5-2.jpg\"]',NULL,'R6-195-A1',0,13,0,1,'in_stock',0,NULL,2,1,0,0,0.00,0,472.7,NULL,NULL,NULL,19,16,12,818,NULL,'standard',0,'2026-03-06 01:42:46','2026-03-06 01:43:03',0,'Botble\\ACL\\Models\\User',NULL,'physical','7192460804199',NULL,NULL,0,0,'auto_generate',0,0,0,NULL,NULL,0),(62,'Macbook Pro 2015',NULL,NULL,NULL,'published','[\"products\\/5-3.jpg\"]',NULL,'R6-195-A1-A2',0,13,0,1,'in_stock',0,NULL,2,1,0,0,0.00,0,472.7,NULL,NULL,NULL,19,16,12,818,NULL,'standard',0,'2026-03-06 01:42:46','2026-03-06 01:43:03',0,'Botble\\ACL\\Models\\User',NULL,'physical','8174921880859',NULL,NULL,0,0,'auto_generate',0,0,0,NULL,NULL,0),(63,'Apple Watch Serial 7',NULL,NULL,NULL,'published','[\"products\\/6-2.jpg\"]',NULL,'DE-100-A1',0,18,0,1,'in_stock',0,NULL,4,1,0,0,0.00,0,424.58,NULL,NULL,NULL,19,16,19,618,NULL,'standard',0,'2026-03-06 01:42:46','2026-03-06 01:43:03',0,'Botble\\ACL\\Models\\User',NULL,'physical','3088224013461',NULL,NULL,0,0,'auto_generate',0,0,0,NULL,NULL,0),(64,'Macbook Pro 13 inch',NULL,NULL,NULL,'published','[\"products\\/7-2.jpg\"]',NULL,'OM-135-A1',0,15,0,1,'in_stock',0,NULL,6,1,0,0,0.00,0,71.03,NULL,NULL,NULL,16,12,19,857,NULL,'standard',0,'2026-03-06 01:42:46','2026-03-06 01:43:03',0,'Botble\\ACL\\Models\\User',NULL,'physical','7289319159996',NULL,NULL,0,0,'auto_generate',0,0,0,NULL,NULL,0),(65,'Macbook Pro 13 inch',NULL,NULL,NULL,'published','[\"products\\/7-3.jpg\"]',NULL,'OM-135-A1-A2',0,15,0,1,'in_stock',0,NULL,6,1,0,0,0.00,0,71.03,NULL,NULL,NULL,16,12,19,857,NULL,'standard',0,'2026-03-06 01:42:46','2026-03-06 01:43:03',0,'Botble\\ACL\\Models\\User',NULL,'physical','5553968608757',NULL,NULL,0,0,'auto_generate',0,0,0,NULL,NULL,0),(66,'Macbook Pro 13 inch',NULL,NULL,NULL,'published','[\"products\\/7-1.jpg\"]',NULL,'OM-135-A1-A3',0,15,0,1,'in_stock',0,NULL,6,1,0,0,0.00,0,71.03,NULL,NULL,NULL,16,12,19,857,NULL,'standard',0,'2026-03-06 01:42:46','2026-03-06 01:43:03',0,'Botble\\ACL\\Models\\User',NULL,'physical','8731530312722',NULL,NULL,0,0,'auto_generate',0,0,0,NULL,NULL,0),(67,'Apple Keyboard (Digital)',NULL,NULL,NULL,'published','[\"products\\/8-2.jpg\"]',NULL,'JZ-197-A1',0,20,0,1,'in_stock',0,NULL,3,1,0,0,0.00,0,619.67,477.1459,NULL,NULL,18,11,14,737,NULL,'standard',0,'2026-03-06 01:42:46','2026-03-06 01:43:03',0,'Botble\\ACL\\Models\\User',NULL,'digital','6492429511566',NULL,NULL,0,0,'auto_generate',0,0,0,NULL,NULL,0),(68,'Apple Keyboard (Digital)',NULL,NULL,NULL,'published','[\"products\\/8-3.jpg\"]',NULL,'JZ-197-A1-A2',0,20,0,1,'in_stock',0,NULL,3,1,0,0,0.00,0,619.67,470.9492,NULL,NULL,18,11,14,737,NULL,'standard',0,'2026-03-06 01:42:46','2026-03-06 01:43:03',0,'Botble\\ACL\\Models\\User',NULL,'digital','5475701583179',NULL,NULL,0,0,'auto_generate',0,0,0,NULL,NULL,0),(69,'Apple Keyboard (Digital)',NULL,NULL,NULL,'published','[\"products\\/8-4.jpg\"]',NULL,'JZ-197-A1-A3',0,20,0,1,'in_stock',0,NULL,3,1,0,0,0.00,0,619.67,439.9657,NULL,NULL,18,11,14,737,NULL,'standard',0,'2026-03-06 01:42:46','2026-03-06 01:43:03',0,'Botble\\ACL\\Models\\User',NULL,'digital','7300894806836',NULL,NULL,0,0,'auto_generate',0,0,0,NULL,NULL,0),(70,'Leather Watch In Black',NULL,NULL,NULL,'published','[\"products\\/14-2.jpg\"]',NULL,'L1-105-A1',0,17,0,1,'in_stock',0,NULL,5,1,0,0,0.00,0,1217.71,NULL,NULL,NULL,20,20,15,822,NULL,'standard',0,'2026-03-06 01:42:47','2026-03-06 01:43:03',0,'Botble\\ACL\\Models\\User',NULL,'physical','7962332741613',NULL,NULL,0,0,'auto_generate',0,0,0,NULL,NULL,0),(71,'Leather Watch In Black',NULL,NULL,NULL,'published','[\"products\\/14-3.jpg\"]',NULL,'L1-105-A1-A2',0,17,0,1,'in_stock',0,NULL,5,1,0,0,0.00,0,1217.71,NULL,NULL,NULL,20,20,15,822,NULL,'standard',0,'2026-03-06 01:42:47','2026-03-06 01:43:03',0,'Botble\\ACL\\Models\\User',NULL,'physical','5309284247312',NULL,NULL,0,0,'auto_generate',0,0,0,NULL,NULL,0),(72,'Leather Watch In Black',NULL,NULL,NULL,'published','[\"products\\/14-4.jpg\"]',NULL,'L1-105-A1-A3',0,17,0,1,'in_stock',0,NULL,5,1,0,0,0.00,0,1217.71,NULL,NULL,NULL,20,20,15,822,NULL,'standard',0,'2026-03-06 01:42:47','2026-03-06 01:43:03',0,'Botble\\ACL\\Models\\User',NULL,'physical','7806533362232',NULL,NULL,0,0,'auto_generate',0,0,0,NULL,NULL,0),(73,'Leather Watch In Black',NULL,NULL,NULL,'published','[\"products\\/14-1.jpg\"]',NULL,'L1-105-A1-A4',0,17,0,1,'in_stock',0,NULL,5,1,0,0,0.00,0,1217.71,NULL,NULL,NULL,20,20,15,822,NULL,'standard',0,'2026-03-06 01:42:47','2026-03-06 01:43:03',0,'Botble\\ACL\\Models\\User',NULL,'physical','4235054746666',NULL,NULL,0,0,'auto_generate',0,0,0,NULL,NULL,0),(74,'Macbook Pro 2015 13 inch',NULL,NULL,NULL,'published','[\"products\\/15-2.jpg\"]',NULL,'P6-200-A1',0,18,0,1,'in_stock',0,NULL,3,1,0,0,0.00,0,1762.32,NULL,NULL,NULL,13,20,17,550,NULL,'standard',0,'2026-03-06 01:42:47','2026-03-06 01:43:03',0,'Botble\\ACL\\Models\\User',NULL,'physical','1896334353658',NULL,NULL,0,0,'auto_generate',0,0,0,NULL,NULL,0),(75,'Macbook Pro 2015 13 inch',NULL,NULL,NULL,'published','[\"products\\/15-3.jpg\"]',NULL,'P6-200-A1-A2',0,18,0,1,'in_stock',0,NULL,3,1,0,0,0.00,0,1762.32,NULL,NULL,NULL,13,20,17,550,NULL,'standard',0,'2026-03-06 01:42:47','2026-03-06 01:43:03',0,'Botble\\ACL\\Models\\User',NULL,'physical','3151550107507',NULL,NULL,0,0,'auto_generate',0,0,0,NULL,NULL,0),(76,'Black Glasses',NULL,NULL,NULL,'published','[\"products\\/17-2.jpg\"]',NULL,'TG-176-A1',0,18,0,1,'in_stock',0,NULL,2,1,0,0,0.00,0,1250.35,NULL,NULL,NULL,18,10,13,563,NULL,'standard',0,'2026-03-06 01:42:47','2026-03-06 01:43:03',0,'Botble\\ACL\\Models\\User',NULL,'physical','0394403800887',NULL,NULL,0,0,'auto_generate',0,0,0,NULL,NULL,0),(77,'Phillips Mouse',NULL,NULL,NULL,'published','[\"products\\/18-2.jpg\"]',NULL,'NC-155-A1',0,12,0,1,'in_stock',0,NULL,4,1,0,0,0.00,0,1947.75,NULL,NULL,NULL,12,16,15,675,NULL,'standard',0,'2026-03-06 01:42:47','2026-03-06 01:43:03',0,'Botble\\ACL\\Models\\User',NULL,'physical','7571125754831',NULL,NULL,0,0,'auto_generate',0,0,0,NULL,NULL,0),(78,'Phillips Mouse',NULL,NULL,NULL,'published','[\"products\\/18-3.jpg\"]',NULL,'NC-155-A1-A2',0,12,0,1,'in_stock',0,NULL,4,1,0,0,0.00,0,1947.75,NULL,NULL,NULL,12,16,15,675,NULL,'standard',0,'2026-03-06 01:42:47','2026-03-06 01:43:03',0,'Botble\\ACL\\Models\\User',NULL,'physical','4671501012869',NULL,NULL,0,0,'auto_generate',0,0,0,NULL,NULL,0),(79,'Phillips Mouse',NULL,NULL,NULL,'published','[\"products\\/18-4.jpg\"]',NULL,'NC-155-A1-A3',0,12,0,1,'in_stock',0,NULL,4,1,0,0,0.00,0,1947.75,NULL,NULL,NULL,12,16,15,675,NULL,'standard',0,'2026-03-06 01:42:47','2026-03-06 01:43:03',0,'Botble\\ACL\\Models\\User',NULL,'physical','9106875030751',NULL,NULL,0,0,'auto_generate',0,0,0,NULL,NULL,0),(80,'Phillips Mouse',NULL,NULL,NULL,'published','[\"products\\/18-1.jpg\"]',NULL,'NC-155-A1-A4',0,12,0,1,'in_stock',0,NULL,4,1,0,0,0.00,0,1947.75,NULL,NULL,NULL,12,16,15,675,NULL,'standard',0,'2026-03-06 01:42:47','2026-03-06 01:43:03',0,'Botble\\ACL\\Models\\User',NULL,'physical','7138177644055',NULL,NULL,0,0,'auto_generate',0,0,0,NULL,NULL,0),(81,'Gaming Keyboard',NULL,NULL,NULL,'published','[\"products\\/19-2.jpg\"]',NULL,'YR-153-A1',0,17,0,1,'in_stock',0,NULL,7,1,0,0,0.00,0,835.93,NULL,NULL,NULL,17,11,17,737,NULL,'standard',0,'2026-03-06 01:42:47','2026-03-06 01:43:03',0,'Botble\\ACL\\Models\\User',NULL,'physical','8249663745909',NULL,NULL,0,0,'auto_generate',0,0,0,NULL,NULL,0),(82,'Gaming Keyboard',NULL,NULL,NULL,'published','[\"products\\/19-3.jpg\"]',NULL,'YR-153-A1-A2',0,17,0,1,'in_stock',0,NULL,7,1,0,0,0.00,0,835.93,NULL,NULL,NULL,17,11,17,737,NULL,'standard',0,'2026-03-06 01:42:47','2026-03-06 01:43:03',0,'Botble\\ACL\\Models\\User',NULL,'physical','0228868455361',NULL,NULL,0,0,'auto_generate',0,0,0,NULL,NULL,0),(83,'Smart Home Speaker',NULL,NULL,NULL,'published','[\"products\\/22-2.jpg\"]',NULL,'CK-138-A1',0,17,0,1,'in_stock',0,NULL,3,1,0,0,0.00,0,1278.06,NULL,NULL,NULL,16,19,14,720,NULL,'standard',0,'2026-03-06 01:42:47','2026-03-06 01:43:03',0,'Botble\\ACL\\Models\\User',NULL,'physical','0783182845835',NULL,NULL,0,0,'auto_generate',0,0,0,NULL,NULL,0),(84,'Headphone Ultra Bass',NULL,NULL,NULL,'published','[\"products\\/23-2.jpg\"]',NULL,'ML-145-A1',0,15,0,1,'in_stock',0,NULL,6,1,0,0,0.00,0,1920.63,NULL,NULL,NULL,15,13,10,726,NULL,'standard',0,'2026-03-06 01:42:47','2026-03-06 01:43:03',0,'Botble\\ACL\\Models\\User',NULL,'physical','7195281146752',NULL,NULL,0,0,'auto_generate',0,0,0,NULL,NULL,0),(85,'Headphone Ultra Bass',NULL,NULL,NULL,'published','[\"products\\/23-3.jpg\"]',NULL,'ML-145-A1-A2',0,15,0,1,'in_stock',0,NULL,6,1,0,0,0.00,0,1920.63,NULL,NULL,NULL,15,13,10,726,NULL,'standard',0,'2026-03-06 01:42:47','2026-03-06 01:43:03',0,'Botble\\ACL\\Models\\User',NULL,'physical','3814887346277',NULL,NULL,0,0,'auto_generate',0,0,0,NULL,NULL,0),(86,'Headphone Ultra Bass',NULL,NULL,NULL,'published','[\"products\\/23-4.jpg\"]',NULL,'ML-145-A1-A3',0,15,0,1,'in_stock',0,NULL,6,1,0,0,0.00,0,1920.63,NULL,NULL,NULL,15,13,10,726,NULL,'standard',0,'2026-03-06 01:42:47','2026-03-06 01:43:03',0,'Botble\\ACL\\Models\\User',NULL,'physical','0794276698961',NULL,NULL,0,0,'auto_generate',0,0,0,NULL,NULL,0),(87,'Boxed - Bluetooth Headphone (Digital)',NULL,NULL,NULL,'published','[\"products\\/24-2.jpg\"]',NULL,'QK-163-A1',0,13,0,1,'in_stock',0,NULL,2,1,0,0,0.00,0,1968.18,1574.544,NULL,NULL,15,11,18,838,NULL,'standard',0,'2026-03-06 01:42:47','2026-03-06 01:43:03',0,'Botble\\ACL\\Models\\User',NULL,'digital','5192717959834',NULL,NULL,0,0,'auto_generate',0,0,0,NULL,NULL,0),(88,'Boxed - Bluetooth Headphone (Digital)',NULL,NULL,NULL,'published','[\"products\\/24-3.jpg\"]',NULL,'QK-163-A1-A2',0,13,0,1,'in_stock',0,NULL,2,1,0,0,0.00,0,1968.18,1672.953,NULL,NULL,15,11,18,838,NULL,'standard',0,'2026-03-06 01:42:47','2026-03-06 01:43:03',0,'Botble\\ACL\\Models\\User',NULL,'digital','5228345766183',NULL,NULL,0,0,'auto_generate',0,0,0,NULL,NULL,0),(89,'Leather Watch In Black',NULL,NULL,NULL,'published','[\"products\\/26-2.jpg\"]',NULL,'3R-144-A1',0,20,0,1,'in_stock',0,NULL,6,1,0,0,0.00,0,1477.45,NULL,NULL,NULL,12,18,15,797,NULL,'standard',0,'2026-03-06 01:42:47','2026-03-06 01:43:04',0,'Botble\\ACL\\Models\\User',NULL,'physical','3974006536917',NULL,NULL,0,0,'auto_generate',0,0,0,NULL,NULL,0),(90,'Leather Watch In Black',NULL,NULL,NULL,'published','[\"products\\/26-3.jpg\"]',NULL,'3R-144-A1-A2',0,20,0,1,'in_stock',0,NULL,6,1,0,0,0.00,0,1477.45,NULL,NULL,NULL,12,18,15,797,NULL,'standard',0,'2026-03-06 01:42:47','2026-03-06 01:43:04',0,'Botble\\ACL\\Models\\User',NULL,'physical','1879504251428',NULL,NULL,0,0,'auto_generate',0,0,0,NULL,NULL,0),(91,'Leather Watch In Black',NULL,NULL,NULL,'published','[\"products\\/26-4.jpg\"]',NULL,'3R-144-A1-A3',0,20,0,1,'in_stock',0,NULL,6,1,0,0,0.00,0,1477.45,NULL,NULL,NULL,12,18,15,797,NULL,'standard',0,'2026-03-06 01:42:47','2026-03-06 01:43:04',0,'Botble\\ACL\\Models\\User',NULL,'physical','4794622401708',NULL,NULL,0,0,'auto_generate',0,0,0,NULL,NULL,0),(92,'Macbook Pro 13 inch',NULL,NULL,NULL,'published','[\"products\\/30-2.jpg\"]',NULL,'YA-119-A1',0,17,0,1,'in_stock',0,NULL,3,1,0,0,0.00,0,906.05,NULL,NULL,NULL,13,12,18,757,NULL,'standard',0,'2026-03-06 01:42:47','2026-03-06 01:43:04',0,'Botble\\ACL\\Models\\User',NULL,'physical','0984236107354',NULL,NULL,0,0,'auto_generate',0,0,0,NULL,NULL,0),(93,'Macbook Pro 13 inch',NULL,NULL,NULL,'published','[\"products\\/30-3.jpg\"]',NULL,'YA-119-A1-A2',0,17,0,1,'in_stock',0,NULL,3,1,0,0,0.00,0,906.05,NULL,NULL,NULL,13,12,18,757,NULL,'standard',0,'2026-03-06 01:42:48','2026-03-06 01:43:04',0,'Botble\\ACL\\Models\\User',NULL,'physical','5017149608689',NULL,NULL,0,0,'auto_generate',0,0,0,NULL,NULL,0),(94,'MacSafe 80W (Digital)',NULL,NULL,NULL,'published','[\"products\\/32-2.jpg\"]',NULL,'TY-123-A1',0,18,0,1,'in_stock',0,NULL,2,1,0,0,0.00,0,138.59,113.6438,NULL,NULL,14,20,19,508,NULL,'standard',0,'2026-03-06 01:42:48','2026-03-06 01:43:04',0,'Botble\\ACL\\Models\\User',NULL,'digital','2796404474100',NULL,NULL,0,0,'auto_generate',0,0,0,NULL,NULL,0),(95,'MacSafe 80W (Digital)',NULL,NULL,NULL,'published','[\"products\\/32-3.jpg\"]',NULL,'TY-123-A1-A2',0,18,0,1,'in_stock',0,NULL,2,1,0,0,0.00,0,138.59,106.7143,NULL,NULL,14,20,19,508,NULL,'standard',0,'2026-03-06 01:42:48','2026-03-06 01:43:04',0,'Botble\\ACL\\Models\\User',NULL,'digital','7128134512022',NULL,NULL,0,0,'auto_generate',0,0,0,NULL,NULL,0),(96,'Hand playstation',NULL,NULL,NULL,'published','[\"products\\/33-2.jpg\"]',NULL,'XK-102-A1',0,13,0,1,'in_stock',0,NULL,5,1,0,0,0.00,0,1435.81,NULL,NULL,NULL,16,19,20,875,NULL,'standard',0,'2026-03-06 01:42:48','2026-03-06 01:43:04',0,'Botble\\ACL\\Models\\User',NULL,'physical','6753796513875',NULL,NULL,0,0,'auto_generate',0,0,0,NULL,NULL,0),(97,'Hand playstation',NULL,NULL,NULL,'published','[\"products\\/33-3.jpg\"]',NULL,'XK-102-A1-A2',0,13,0,1,'in_stock',0,NULL,5,1,0,0,0.00,0,1435.81,NULL,NULL,NULL,16,19,20,875,NULL,'standard',0,'2026-03-06 01:42:48','2026-03-06 01:43:04',0,'Botble\\ACL\\Models\\User',NULL,'physical','5866293897537',NULL,NULL,0,0,'auto_generate',0,0,0,NULL,NULL,0),(98,'Apple Airpods Serial 3',NULL,NULL,NULL,'published','[\"products\\/34-2.jpg\"]',NULL,'DB-197-A1',0,12,0,1,'in_stock',0,NULL,7,1,0,0,0.00,0,1816.84,NULL,NULL,NULL,10,14,17,729,NULL,'standard',0,'2026-03-06 01:42:48','2026-03-06 01:43:04',0,'Botble\\ACL\\Models\\User',NULL,'physical','6619297560100',NULL,NULL,0,0,'auto_generate',0,0,0,NULL,NULL,0),(99,'Apple Airpods Serial 3',NULL,NULL,NULL,'published','[\"products\\/34-3.jpg\"]',NULL,'DB-197-A1-A2',0,12,0,1,'in_stock',0,NULL,7,1,0,0,0.00,0,1816.84,NULL,NULL,NULL,10,14,17,729,NULL,'standard',0,'2026-03-06 01:42:48','2026-03-06 01:43:04',0,'Botble\\ACL\\Models\\User',NULL,'physical','8447086016280',NULL,NULL,0,0,'auto_generate',0,0,0,NULL,NULL,0),(100,'Apple Airpods Serial 3',NULL,NULL,NULL,'published','[\"products\\/34-4.jpg\"]',NULL,'DB-197-A1-A3',0,12,0,1,'in_stock',0,NULL,7,1,0,0,0.00,0,1816.84,NULL,NULL,NULL,10,14,17,729,NULL,'standard',0,'2026-03-06 01:42:48','2026-03-06 01:43:04',0,'Botble\\ACL\\Models\\User',NULL,'physical','1243099635947',NULL,NULL,0,0,'auto_generate',0,0,0,NULL,NULL,0),(101,'Apple Airpods Serial 3',NULL,NULL,NULL,'published','[\"products\\/34-1.jpg\"]',NULL,'DB-197-A1-A4',0,12,0,1,'in_stock',0,NULL,7,1,0,0,0.00,0,1816.84,NULL,NULL,NULL,10,14,17,729,NULL,'standard',0,'2026-03-06 01:42:48','2026-03-06 01:43:04',0,'Botble\\ACL\\Models\\User',NULL,'physical','9630779575754',NULL,NULL,0,0,'auto_generate',0,0,0,NULL,NULL,0),(102,'Cool Smart Watches',NULL,NULL,NULL,'published','[\"products\\/35-2.jpg\"]',NULL,'OY-102-A1',0,15,0,1,'in_stock',0,NULL,4,1,0,0,0.00,0,1082.33,NULL,NULL,NULL,11,15,18,821,NULL,'standard',0,'2026-03-06 01:42:48','2026-03-06 01:43:04',0,'Botble\\ACL\\Models\\User',NULL,'physical','0638085528777',NULL,NULL,0,0,'auto_generate',0,0,0,NULL,NULL,0),(103,'Cool Smart Watches',NULL,NULL,NULL,'published','[\"products\\/35-3.jpg\"]',NULL,'OY-102-A1-A2',0,15,0,1,'in_stock',0,NULL,4,1,0,0,0.00,0,1082.33,NULL,NULL,NULL,11,15,18,821,NULL,'standard',0,'2026-03-06 01:42:48','2026-03-06 01:43:04',0,'Botble\\ACL\\Models\\User',NULL,'physical','8961639846358',NULL,NULL,0,0,'auto_generate',0,0,0,NULL,NULL,0),(104,'Black Smart Watches (Digital)',NULL,NULL,NULL,'published','[\"products\\/36-2.jpg\"]',NULL,'VR-129-A1',0,14,0,1,'in_stock',0,NULL,3,1,0,0,0.00,0,1637.96,1293.9884,NULL,NULL,19,16,19,504,NULL,'standard',0,'2026-03-06 01:42:48','2026-03-06 01:43:04',0,'Botble\\ACL\\Models\\User',NULL,'digital','5604431872585',NULL,NULL,0,0,'auto_generate',0,0,0,NULL,NULL,0),(105,'Leather Watch In Black',NULL,NULL,NULL,'published','[\"products\\/37-2.jpg\"]',NULL,'PR-139-A1',0,14,0,1,'in_stock',0,NULL,4,1,0,0,0.00,0,378.25,NULL,NULL,NULL,15,20,20,825,NULL,'standard',0,'2026-03-06 01:42:48','2026-03-06 01:43:04',0,'Botble\\ACL\\Models\\User',NULL,'physical','4086147342124',NULL,NULL,0,0,'auto_generate',0,0,0,NULL,NULL,0),(106,'Leather Watch In Black',NULL,NULL,NULL,'published','[\"products\\/37-3.jpg\"]',NULL,'PR-139-A1-A2',0,14,0,1,'in_stock',0,NULL,4,1,0,0,0.00,0,378.25,NULL,NULL,NULL,15,20,20,825,NULL,'standard',0,'2026-03-06 01:42:48','2026-03-06 01:43:04',0,'Botble\\ACL\\Models\\User',NULL,'physical','4185931471061',NULL,NULL,0,0,'auto_generate',0,0,0,NULL,NULL,0),(107,'Samsung Galaxy S22 Ultra (Digital)',NULL,NULL,NULL,'published','[\"products\\/40-2.jpg\"]',NULL,'2Q-142-A1',0,12,0,1,'in_stock',0,NULL,1,1,0,0,0.00,0,664.29,564.6465,NULL,NULL,11,13,16,562,NULL,'standard',0,'2026-03-06 01:42:48','2026-03-06 01:43:04',0,'Botble\\ACL\\Models\\User',NULL,'digital','6624523002934',NULL,NULL,0,0,'auto_generate',0,0,0,NULL,NULL,0),(108,'Bose QuietComfort Earbuds',NULL,NULL,NULL,'published','[\"products\\/43-2.jpg\"]',NULL,'QP-124-A1',0,18,0,1,'in_stock',0,NULL,4,1,0,0,0.00,0,1440.94,NULL,NULL,NULL,11,16,16,793,NULL,'standard',0,'2026-03-06 01:42:48','2026-03-06 01:43:04',0,'Botble\\ACL\\Models\\User',NULL,'physical','9501760527840',NULL,NULL,0,0,'auto_generate',0,0,0,NULL,NULL,0),(109,'Bose QuietComfort Earbuds',NULL,NULL,NULL,'published','[\"products\\/43-3.jpg\"]',NULL,'QP-124-A1-A2',0,18,0,1,'in_stock',0,NULL,4,1,0,0,0.00,0,1440.94,NULL,NULL,NULL,11,16,16,793,NULL,'standard',0,'2026-03-06 01:42:48','2026-03-06 01:43:04',0,'Botble\\ACL\\Models\\User',NULL,'physical','0911281345127',NULL,NULL,0,0,'auto_generate',0,0,0,NULL,NULL,0),(110,'Bose QuietComfort Earbuds',NULL,NULL,NULL,'published','[\"products\\/43-1.jpg\"]',NULL,'QP-124-A1-A3',0,18,0,1,'in_stock',0,NULL,4,1,0,0,0.00,0,1440.94,NULL,NULL,NULL,11,16,16,793,NULL,'standard',0,'2026-03-06 01:42:48','2026-03-06 01:43:04',0,'Botble\\ACL\\Models\\User',NULL,'physical','4659494696372',NULL,NULL,0,0,'auto_generate',0,0,0,NULL,NULL,0),(111,'Bose QuietComfort Earbuds',NULL,NULL,NULL,'published','[\"products\\/43-1.jpg\"]',NULL,'QP-124-A1-A4',0,18,0,1,'in_stock',0,NULL,4,1,0,0,0.00,0,1440.94,NULL,NULL,NULL,11,16,16,793,NULL,'standard',0,'2026-03-06 01:42:48','2026-03-06 01:43:04',0,'Botble\\ACL\\Models\\User',NULL,'physical','4577993068462',NULL,NULL,0,0,'auto_generate',0,0,0,NULL,NULL,0),(112,'Dyson V11 Vacuum Cleaner',NULL,NULL,NULL,'published','[\"products\\/45-2.jpg\"]',NULL,'PY-185-A1',0,20,0,1,'in_stock',0,NULL,7,1,0,0,0.00,0,1167.9,NULL,NULL,NULL,17,11,13,539,NULL,'standard',0,'2026-03-06 01:42:48','2026-03-06 01:43:04',0,'Botble\\ACL\\Models\\User',NULL,'physical','5307014041063',NULL,NULL,0,0,'auto_generate',0,0,0,NULL,NULL,0),(113,'Dyson V11 Vacuum Cleaner',NULL,NULL,NULL,'published','[\"products\\/45-3.jpg\"]',NULL,'PY-185-A1-A2',0,20,0,1,'in_stock',0,NULL,7,1,0,0,0.00,0,1167.9,NULL,NULL,NULL,17,11,13,539,NULL,'standard',0,'2026-03-06 01:42:48','2026-03-06 01:43:04',0,'Botble\\ACL\\Models\\User',NULL,'physical','3817699596212',NULL,NULL,0,0,'auto_generate',0,0,0,NULL,NULL,0),(114,'Dyson V11 Vacuum Cleaner',NULL,NULL,NULL,'published','[\"products\\/45-4.jpg\"]',NULL,'PY-185-A1-A3',0,20,0,1,'in_stock',0,NULL,7,1,0,0,0.00,0,1167.9,NULL,NULL,NULL,17,11,13,539,NULL,'standard',0,'2026-03-06 01:42:48','2026-03-06 01:43:04',0,'Botble\\ACL\\Models\\User',NULL,'physical','8450698181093',NULL,NULL,0,0,'auto_generate',0,0,0,NULL,NULL,0),(115,'Nintendo Switch OLED Model',NULL,NULL,NULL,'published','[\"products\\/46-2.jpg\"]',NULL,'CO-130-A1',0,13,0,1,'in_stock',0,NULL,7,1,0,0,0.00,0,1339.35,NULL,NULL,NULL,20,11,11,637,NULL,'standard',0,'2026-03-06 01:42:48','2026-03-06 01:43:04',0,'Botble\\ACL\\Models\\User',NULL,'physical','1369508807177',NULL,NULL,0,0,'auto_generate',0,0,0,NULL,NULL,0),(116,'Nintendo Switch OLED Model',NULL,NULL,NULL,'published','[\"products\\/46-3.jpg\"]',NULL,'CO-130-A1-A2',0,13,0,1,'in_stock',0,NULL,7,1,0,0,0.00,0,1339.35,NULL,NULL,NULL,20,11,11,637,NULL,'standard',0,'2026-03-06 01:42:48','2026-03-06 01:43:04',0,'Botble\\ACL\\Models\\User',NULL,'physical','0141377374667',NULL,NULL,0,0,'auto_generate',0,0,0,NULL,NULL,0),(117,'Nintendo Switch OLED Model',NULL,NULL,NULL,'published','[\"products\\/46-4.jpg\"]',NULL,'CO-130-A1-A3',0,13,0,1,'in_stock',0,NULL,7,1,0,0,0.00,0,1339.35,NULL,NULL,NULL,20,11,11,637,NULL,'standard',0,'2026-03-06 01:42:48','2026-03-06 01:43:04',0,'Botble\\ACL\\Models\\User',NULL,'physical','0891817808756',NULL,NULL,0,0,'auto_generate',0,0,0,NULL,NULL,0),(118,'Nintendo Switch OLED Model',NULL,NULL,NULL,'published','[\"products\\/46-1.jpg\"]',NULL,'CO-130-A1-A4',0,13,0,1,'in_stock',0,NULL,7,1,0,0,0.00,0,1339.35,NULL,NULL,NULL,20,11,11,637,NULL,'standard',0,'2026-03-06 01:42:48','2026-03-06 01:43:04',0,'Botble\\ACL\\Models\\User',NULL,'physical','0953527978881',NULL,NULL,0,0,'auto_generate',0,0,0,NULL,NULL,0),(119,'Sonos Beam Soundbar',NULL,NULL,NULL,'published','[\"products\\/49-2.jpg\"]',NULL,'DR-106-A1',0,17,0,1,'in_stock',0,NULL,5,1,0,0,0.00,0,1471.21,NULL,NULL,NULL,17,17,16,555,NULL,'standard',0,'2026-03-06 01:42:49','2026-03-06 01:43:04',0,'Botble\\ACL\\Models\\User',NULL,'physical','0453892129951',NULL,NULL,0,0,'auto_generate',0,0,0,NULL,NULL,0),(120,'Sonos Beam Soundbar',NULL,NULL,NULL,'published','[\"products\\/49-3.jpg\"]',NULL,'DR-106-A1-A2',0,17,0,1,'in_stock',0,NULL,5,1,0,0,0.00,0,1471.21,NULL,NULL,NULL,17,17,16,555,NULL,'standard',0,'2026-03-06 01:42:49','2026-03-06 01:43:04',0,'Botble\\ACL\\Models\\User',NULL,'physical','4851200709530',NULL,NULL,0,0,'auto_generate',0,0,0,NULL,NULL,0),(121,'Logitech MX Master 3 Mouse',NULL,NULL,NULL,'published','[\"products\\/50-2.jpg\"]',NULL,'PY-122-A1',0,16,0,1,'in_stock',0,NULL,3,1,0,0,0.00,0,508,NULL,NULL,NULL,15,19,12,659,NULL,'standard',0,'2026-03-06 01:42:49','2026-03-06 01:43:04',0,'Botble\\ACL\\Models\\User',NULL,'physical','8939914659863',NULL,NULL,0,0,'auto_generate',0,0,0,NULL,NULL,0),(122,'Logitech MX Master 3 Mouse',NULL,NULL,NULL,'published','[\"products\\/50-3.jpg\"]',NULL,'PY-122-A1-A2',0,16,0,1,'in_stock',0,NULL,3,1,0,0,0.00,0,508,NULL,NULL,NULL,15,19,12,659,NULL,'standard',0,'2026-03-06 01:42:49','2026-03-06 01:43:04',0,'Botble\\ACL\\Models\\User',NULL,'physical','4261638212548',NULL,NULL,0,0,'auto_generate',0,0,0,NULL,NULL,0),(123,'Logitech MX Master 3 Mouse',NULL,NULL,NULL,'published','[\"products\\/50-4.jpg\"]',NULL,'PY-122-A1-A3',0,16,0,1,'in_stock',0,NULL,3,1,0,0,0.00,0,508,NULL,NULL,NULL,15,19,12,659,NULL,'standard',0,'2026-03-06 01:42:49','2026-03-06 01:43:04',0,'Botble\\ACL\\Models\\User',NULL,'physical','2167371858659',NULL,NULL,0,0,'auto_generate',0,0,0,NULL,NULL,0),(124,'Anker PowerCore Power Bank',NULL,NULL,NULL,'published','[\"products\\/53-2.jpg\"]',NULL,'CB-100-A1',0,20,0,1,'in_stock',0,NULL,4,1,0,0,0.00,0,1023.95,NULL,NULL,NULL,20,15,16,643,NULL,'standard',0,'2026-03-06 01:42:49','2026-03-06 01:43:04',0,'Botble\\ACL\\Models\\User',NULL,'physical','1720483081806',NULL,NULL,0,0,'auto_generate',0,0,0,NULL,NULL,0),(125,'Anker PowerCore Power Bank',NULL,NULL,NULL,'published','[\"products\\/53-3.jpg\"]',NULL,'CB-100-A1-A2',0,20,0,1,'in_stock',0,NULL,4,1,0,0,0.00,0,1023.95,NULL,NULL,NULL,20,15,16,643,NULL,'standard',0,'2026-03-06 01:42:49','2026-03-06 01:43:04',0,'Botble\\ACL\\Models\\User',NULL,'physical','1316968331261',NULL,NULL,0,0,'auto_generate',0,0,0,NULL,NULL,0),(126,'Anker PowerCore Power Bank',NULL,NULL,NULL,'published','[\"products\\/53-4.jpg\"]',NULL,'CB-100-A1-A3',0,20,0,1,'in_stock',0,NULL,4,1,0,0,0.00,0,1023.95,NULL,NULL,NULL,20,15,16,643,NULL,'standard',0,'2026-03-06 01:42:49','2026-03-06 01:43:04',0,'Botble\\ACL\\Models\\User',NULL,'physical','5330511967895',NULL,NULL,0,0,'auto_generate',0,0,0,NULL,NULL,0);

--
