-- Table structure for table `migrations`
--

CREATE TABLE `migrations` (
  `id` int unsigned NOT NULL AUTO_INCREMENT,
  `migration` varchar(191) COLLATE utf8mb4_unicode_ci NOT NULL,
  `batch` int NOT NULL,
  PRIMARY KEY (`id`)
) ENGINE=InnoDB AUTO_INCREMENT=315 DEFAULT CHARSET=utf8mb4 COLLATE=utf8mb4_unicode_ci;

--
-- Dumping data for table `migrations`
--

INSERT INTO `migrations` VALUES (1,'0001_01_01_000001_create_cache_table',1),(2,'2013_04_09_032329_create_base_tables',1),(3,'2013_04_09_062329_create_revisions_table',1),(4,'2014_10_12_000000_create_users_table',1),(5,'2014_10_12_100000_create_password_reset_tokens_table',1),(6,'2016_06_10_230148_create_acl_tables',1),(7,'2016_06_14_230857_create_menus_table',1),(8,'2016_06_28_221418_create_pages_table',1),(9,'2016_10_05_074239_create_setting_table',1),(10,'2016_11_28_032840_create_dashboard_widget_tables',1),(11,'2016_12_16_084601_create_widgets_table',1),(12,'2017_05_09_070343_create_media_tables',1),(13,'2017_11_03_070450_create_slug_table',1),(14,'2019_01_05_053554_create_jobs_table',1),(15,'2019_08_19_000000_create_failed_jobs_table',1),(16,'2019_12_14_000001_create_personal_access_tokens_table',1),(17,'2021_08_02_084121_fix_old_shortcode',1),(18,'2022_04_20_100851_add_index_to_media_table',1),(19,'2022_04_20_101046_add_index_to_menu_table',1),(20,'2022_07_10_034813_move_lang_folder_to_root',1),(21,'2022_08_04_051940_add_missing_column_expires_at',1),(22,'2022_09_01_000001_create_admin_notifications_tables',1),(23,'2022_10_14_024629_drop_column_is_featured',1),(24,'2022_11_18_063357_add_missing_timestamp_in_table_settings',1),(25,'2022_12_02_093615_update_slug_index_columns',1),(26,'2023_01_30_024431_add_alt_to_media_table',1),(27,'2023_02_16_042611_drop_table_password_resets',1),(28,'2023_04_23_005903_add_column_permissions_to_admin_notifications',1),(29,'2023_05_10_075124_drop_column_id_in_role_users_table',1),(30,'2023_08_21_090810_make_page_content_nullable',1),(31,'2023_09_14_021936_update_index_for_slugs_table',1),(32,'2023_12_07_095130_add_color_column_to_media_folders_table',1),(33,'2023_12_17_162208_make_sure_column_color_in_media_folders_nullable',1),(34,'2024_04_04_110758_update_value_column_in_user_meta_table',1),(35,'2024_05_04_030654_improve_social_links',1),(36,'2024_05_12_091229_add_column_visibility_to_table_media_files',1),(37,'2024_07_07_091316_fix_column_url_in_menu_nodes_table',1),(38,'2024_07_12_100000_change_random_hash_for_media',1),(39,'2024_09_30_024515_create_sessions_table',1),(40,'2024_12_01_000000_add_indexes_to_pages_translations_table',1),(41,'2024_12_01_000000_add_key_prefix_index_to_slugs_table',1),(42,'2024_12_19_000001_create_device_tokens_table',1),(43,'2024_12_19_000002_create_push_notifications_table',1),(44,'2024_12_19_000003_create_push_notification_recipients_table',1),(45,'2024_12_30_000001_create_user_settings_table',1),(46,'2025_07_06_030754_add_phone_to_users_table',1),(47,'2025_07_31_add_performance_indexes_to_slugs_table',1),(48,'2025_11_10_000000_cleanup_duplicate_widgets',1),(49,'2025_11_30_100000_add_sessions_invalidated_at_to_users_table',1),(50,'2020_11_18_150916_ads_create_ads_table',2),(51,'2021_12_02_035301_add_ads_translations_table',2),(52,'2023_04_17_062645_add_open_in_new_tab',2),(53,'2023_11_07_023805_add_tablet_mobile_image',2),(54,'2024_04_01_043317_add_google_adsense_slot_id_to_ads_table',2),(55,'2025_04_21_000000_add_tablet_mobile_image_to_ads_translations_table',2),(56,'2024_04_27_100730_improve_analytics_setting',3),(57,'2015_06_29_025744_create_audit_history',4),(58,'2023_11_14_033417_change_request_column_in_table_audit_histories',4),(59,'2025_05_05_000001_add_user_type_to_audit_histories_table',4),(60,'2025_11_07_000001_add_actor_type_to_audit_histories_table',4),(61,'2015_06_18_033822_create_blog_table',5),(62,'2021_02_16_092633_remove_default_value_for_author_type',5),(63,'2021_12_03_030600_create_blog_translations',5),(64,'2022_04_19_113923_add_index_to_table_posts',5),(65,'2023_08_29_074620_make_column_author_id_nullable',5),(66,'2024_07_30_091615_fix_order_column_in_categories_table',5),(67,'2024_12_01_000000_add_indexes_to_blog_translations_tables',5),(68,'2025_01_06_033807_add_default_value_for_categories_author_type',5),(69,'2016_06_17_091537_create_contacts_table',6),(70,'2023_11_10_080225_migrate_contact_blacklist_email_domains_to_core',6),(71,'2024_03_20_080001_migrate_change_attribute_email_to_nullable_form_contacts_table',6),(72,'2024_03_25_000001_update_captcha_settings_for_contact',6),(73,'2024_04_19_063914_create_custom_fields_table',6),(74,'2024_12_01_000000_add_indexes_to_contact_translations_tables',6),(75,'2020_03_05_041139_create_ecommerce_tables',7),(76,'2021_01_01_044147_ecommerce_create_flash_sale_table',7),(77,'2021_01_17_082713_add_column_is_featured_to_product_collections_table',7),(78,'2021_01_18_024333_add_zip_code_into_table_customer_addresses',7),(79,'2021_02_18_073505_update_table_ec_reviews',7),(80,'2021_03_10_024419_add_column_confirmed_at_to_table_ec_customers',7),(81,'2021_03_10_025153_change_column_tax_amount',7),(82,'2021_03_20_033103_add_column_availability_to_table_ec_products',7),(83,'2021_04_28_074008_ecommerce_create_product_label_table',7),(84,'2021_05_31_173037_ecommerce_create_ec_products_translations',7),(85,'2021_08_17_105016_remove_column_currency_id_in_some_tables',7),(86,'2021_08_30_142128_add_images_column_to_ec_reviews_table',7),(87,'2021_10_04_030050_add_column_created_by_to_table_ec_products',7),(88,'2021_10_05_122616_add_status_column_to_ec_customers_table',7),(89,'2021_11_03_025806_nullable_phone_number_in_ec_customer_addresses',7),(90,'2021_11_23_071403_correct_languages_for_product_variations',7),(91,'2021_11_28_031808_add_product_tags_translations',7),(92,'2021_12_01_031123_add_featured_image_to_ec_products',7),(93,'2022_01_01_033107_update_table_ec_shipments',7),(94,'2022_02_16_042457_improve_product_attribute_sets',7),(95,'2022_03_22_075758_correct_product_name',7),(96,'2022_04_19_113334_add_index_to_ec_products',7),(97,'2022_04_28_144405_remove_unused_table',7),(98,'2022_05_05_115015_create_ec_customer_recently_viewed_products_table',7),(99,'2022_05_18_143720_add_index_to_table_ec_product_categories',7),(100,'2022_06_16_095633_add_index_to_some_tables',7),(101,'2022_06_30_035148_create_order_referrals_table',7),(102,'2022_07_24_153815_add_completed_at_to_ec_orders_table',7),(103,'2022_08_14_032836_create_ec_order_returns_table',7),(104,'2022_08_14_033554_create_ec_order_return_items_table',7),(105,'2022_08_15_040324_add_billing_address',7),(106,'2022_08_30_091114_support_digital_products_table',7),(107,'2022_09_13_095744_create_options_table',7),(108,'2022_09_13_104347_create_option_value_table',7),(109,'2022_10_05_163518_alter_table_ec_order_product',7),(110,'2022_10_12_041517_create_invoices_table',7),(111,'2022_10_12_142226_update_orders_table',7),(112,'2022_10_13_024916_update_table_order_returns',7),(113,'2022_10_21_030830_update_columns_in_ec_shipments_table',7),(114,'2022_10_28_021046_update_columns_in_ec_shipments_table',7),(115,'2022_11_16_034522_update_type_column_in_ec_shipping_rules_table',7),(116,'2022_11_19_041643_add_ec_tax_product_table',7),(117,'2022_12_12_063830_update_tax_defadult_in_ec_tax_products_table',7),(118,'2022_12_17_041532_fix_address_in_order_invoice',7),(119,'2022_12_26_070329_create_ec_product_views_table',7),(120,'2023_01_04_033051_fix_product_categories',7),(121,'2023_01_09_050400_add_ec_global_options_translations_table',7),(122,'2023_01_10_093754_add_missing_option_value_id',7),(123,'2023_01_17_082713_add_column_barcode_and_cost_per_item_to_product_table',7),(124,'2023_01_26_021854_add_ec_customer_used_coupons_table',7),(125,'2023_02_08_015900_update_options_column_in_ec_order_product_table',7),(126,'2023_02_27_095752_remove_duplicate_reviews',7),(127,'2023_03_20_115757_add_user_type_column_to_ec_shipment_histories_table',7),(128,'2023_04_21_082427_create_ec_product_categorizables_table',7),(129,'2023_05_03_011331_add_missing_column_price_into_invoice_items_table',7),(130,'2023_05_17_025812_fix_invoice_issue',7),(131,'2023_05_26_073140_move_option_make_phone_field_optional_at_checkout_page_to_mandatory_fields',7),(132,'2023_05_27_144611_fix_exchange_rate_setting',7),(133,'2023_06_22_084331_add_generate_license_code_to_ec_products_table',7),(134,'2023_06_30_042512_create_ec_order_tax_information_table',7),(135,'2023_07_14_022724_remove_column_id_from_ec_product_collection_products',7),(136,'2023_08_09_012940_remove_column_status_in_ec_product_attributes',7),(137,'2023_08_15_064505_create_ec_tax_rules_table',7),(138,'2023_08_21_021819_make_column_address_in_ec_customer_addresses_nullable',7),(139,'2023_08_22_094114_drop_unique_for_barcode',7),(140,'2023_08_30_031811_add_apply_via_url_column_to_ec_discounts_table',7),(141,'2023_09_07_094312_add_index_to_product_sku_and_translations',7),(142,'2023_09_19_024955_create_discount_product_categories_table',7),(143,'2023_10_17_070728_add_icon_and_icon_image_to_product_categories_table',7),(144,'2023_11_22_154643_add_unique_in_table_ec_products_variations',7),(145,'2023_11_27_032313_add_price_columns_to_ec_product_cross_sale_relations_table',7),(146,'2023_12_06_023945_add_display_on_checkout_column_to_ec_discounts_table',7),(147,'2023_12_25_040604_ec_create_review_replies_table',7),(148,'2023_12_26_090340_add_private_notes_column_to_ec_customers_table',7),(149,'2024_01_16_070706_fix_translation_tables',7),(150,'2024_01_23_075227_add_proof_file_to_ec_orders_table',7),(151,'2024_03_26_041531_add_cancel_reason_to_ec_orders_table',7),(152,'2024_03_27_062402_create_ec_customer_deletion_requests_table',7),(153,'2024_03_29_042242_migrate_old_captcha_settings',7),(154,'2024_03_29_093946_create_ec_order_return_histories_table',7),(155,'2024_04_01_063523_add_customer_columns_to_ec_reviews_table',7),(156,'2024_04_15_092654_migrate_ecommerce_google_tag_manager_code_setting',7),(157,'2024_04_16_035713_add_min_max_order_quantity_columns_to_products_table',7),(158,'2024_05_07_073153_improve_table_wishlist',7),(159,'2024_05_07_093703_add_missing_zip_code_into_table_store_locators',7),(160,'2024_05_15_021503_fix_invoice_path',7),(161,'2024_06_20_160724_create_ec_shared_wishlists_table',7),(162,'2024_06_28_025104_add_notify_attachment_updated_column_to_ec_products_table',7),(163,'2024_07_03_030900_add_downloaded_at_column_to_ec_order_product_table',7),(164,'2024_07_14_071826_make_customer_email_nullable',7),(165,'2024_07_15_104916_add_video_media_column_to_ec_products_table',7),(166,'2024_07_26_052530_add_percentage_to_tax_rules_table',7),(167,'2024_08_14_123028_add_customer_delivered_confirmed_at_column_to_ec_shipments_table',7),(168,'2024_08_19_132849_create_specification_tables',7),(169,'2024_09_07_060744_add_author_column_to_specification_tables',7),(170,'2024_09_14_064023_add_can_use_with_flash_sale_column_to_ec_discounts_table',7),(171,'2024_09_25_073928_remove_wrong_product_slugs',7),(172,'2024_12_01_000000_add_indexes_to_ecommerce_translations_tables',7),(173,'2025_01_10_000000_fix_order_invoice_rounding_issues',7),(174,'2025_01_15_050230_migrate_old_theme_options',7),(175,'2025_01_15_optimize_products_export_index',7),(176,'2025_01_17_082713_correct_column_barcode_and_cost_per_item_to_product_table',7),(177,'2025_01_24_044641_migrate_old_country_data',7),(178,'2025_01_28_233602_add_private_notes_into_ec_orders_table',7),(179,'2025_02_13_021247_add_tax_translations',7),(180,'2025_02_24_152621_add_text_color_to_product_labels_table',7),(181,'2025_04_12_000001_add_payment_fee_to_ec_orders_table',7),(182,'2025_04_12_000002_add_payment_fee_to_ec_invoices_table',7),(183,'2025_05_05_092036_make_user_id_and_tax_amount_nullable',7),(184,'2025_05_15_082342_drop_email_unique_index_in_ec_customers_table',7),(185,'2025_06_07_081731_add_translations_for_specification_groups_and_tables',7),(186,'2025_06_17_091813_increase_note_in_shipments_table',7),(187,'2025_06_24_000001_create_ec_product_license_codes_table',7),(188,'2025_06_24_080427_add_license_code_type_to_products_table',7),(189,'2025_07_06_062402_create_ec_customer_deletion_requests_table',7),(190,'2025_07_07_161729_change_license_code_to_text_in_ec_product_license_codes_table',7),(191,'2025_07_08_162756_increase_license_code_column_size_in_ec_order_product_table',7),(192,'2025_07_09_000001_add_customer_address_fields_to_ec_invoices_table',7),(193,'2025_07_15_090809_create_ec_abandoned_carts_table',7),(194,'2025_07_24_120510_increase_barcode_column_length_in_ec_products_table',7),(195,'2025_07_31_133600_add_performance_indexes_to_ec_product_categories_table',7),(196,'2025_08_01_161205_optimize_product_variation_query_indexes',7),(197,'2025_08_08_145059_correct_tax_amount_in_order_and_invoice_tables',7),(198,'2025_09_05_025247_create_ec_product_specification_attribute_translations_table',7),(199,'2025_09_08_025516_add_variations_count_to_ec_products_table',7),(200,'2025_09_08_080248_add_slug_column_to_ec_product_categories_table',7),(201,'2025_09_08_080330_add_slug_column_to_ec_product_categories_translations_table',7),(202,'2025_09_08_080443_populate_slug_column_for_product_categories',7),(203,'2025_09_08_081216_add_slug_column_to_ec_products_table',7),(204,'2025_09_08_081237_add_slug_column_to_ec_products_translations_table',7),(205,'2025_09_08_081321_populate_slug_column_for_products',7),(206,'2025_09_10_073321_add_performance_indexes_to_ecommerce_tables',7),(207,'2025_09_18_093922_fix_tax_rounding_in_order_products_and_invoices',7),(208,'2025_09_21_030756_add_reviews_cache_to_ec_products_table',7),(209,'2025_09_30_090432_add_performance_indexes_to_ec_product_categories_table',7),(210,'2025_10_10_090331_add_number_format_style_to_ec_currencies_table',7),(211,'2025_10_10_092235_add_space_between_price_and_currency_to_ec_currencies_table',7),(212,'2025_10_11_074318_add_price_includes_tax_to_ec_products_table',7),(213,'2025_10_13_043527_generate_slugs_for_product_collections',7),(214,'2025_10_22_020518_add_verification_code_to_ec_customer_deletion_requests_table',7),(215,'2025_10_22_090000_remove_duplicate_order_addresses',7),(216,'2025_10_28_133220_add_unique_order_id_to_shipments_table',7),(217,'2025_10_28_134738_fix_order_payment_shipment_discount_data_issues',7),(218,'2025_11_05_032148_add_performance_indexes_to_ecommerce_tables',7),(219,'2025_11_10_100000_create_ec_order_metadata_table',7),(220,'2025_11_12_100000_improve_ec_customer_recently_viewed_products_table',7),(221,'2025_11_18_214150_add_covering_indexes_to_product_relation_tables',7),(222,'2025_12_02_045049_add_index_to_product_labels_table',7),(223,'2025_12_12_150000_add_sequence_columns_to_abandoned_carts',7),(224,'2025_12_16_160000_add_is_new_until_to_ec_products_table',7),(225,'2025_12_28_000628_add_images_column_to_ec_order_returns_table',7),(226,'2026_01_05_162601_update_missing_slugs_for_ec_product_categories_table',7),(227,'2026_01_09_024811_add_currency_code_to_ec_products_table',7),(228,'2026_01_11_221755_add_price_columns_to_ec_product_up_sale_relations_table',7),(229,'2026_01_14_035001_add_customer_id_to_ec_cart_table',7),(230,'2026_01_26_084750_add_customer_id_to_ec_review_replies_table',7),(231,'2026_01_31_144854_add_zip_code_range_to_ec_shipping_rule_items_table',7),(232,'2026_02_02_090000_create_ec_order_product_tax_components_table',7),(233,'2026_02_02_090001_create_ec_invoice_item_tax_components_table',7),(234,'2026_02_02_090002_add_tax_class_to_ec_customers_table',7),(235,'2026_02_02_090003_add_tax_class_to_ec_products_table',7),(236,'2026_02_02_090004_add_tax_breakdown_to_ec_order_product_table',7),(237,'2026_02_03_090000_drop_foreign_key_from_ec_order_product_tax_components_table',7),(238,'2026_02_07_090000_remove_duplicate_product_variation_records',7),(239,'2026_02_11_090000_add_price_per_product_to_options_tables',7),(240,'2026_02_11_090000_add_shipping_tax_amount_to_ec_orders_and_invoices_table',7),(241,'2026_02_11_160300_convert_specification_options_to_id_based_format',7),(242,'2026_03_03_150041_add_content_to_ec_product_tags_table',7),(243,'2026_03_04_000001_add_name_to_ec_shipping_rule_items_table',7),(244,'2026_03_04_000002_normalize_zip_codes_in_ec_shipping_rule_items_table',7),(245,'2026_03_06_020547_make_comment_nullable_in_ec_reviews_table',7),(246,'2026_03_06_020805_fix_empty_status_in_ec_invoices_table',7),(247,'2018_07_09_221238_create_faq_table',8),(248,'2021_12_03_082134_create_faq_translations',8),(249,'2023_11_17_063408_add_description_column_to_faq_categories_table',8),(250,'2024_12_01_000000_add_indexes_to_faq_translations_tables',8),(251,'2016_10_03_032336_create_languages_table',9),(252,'2023_09_14_022423_add_index_for_language_table',9),(253,'2021_10_25_021023_fix-priority-load-for-language-advanced',10),(254,'2021_12_03_075608_create_page_translations',10),(255,'2023_07_06_011444_create_slug_translations_table',10),(256,'2024_12_01_000000_add_indexes_to_slugs_translations_table',10),(257,'2019_11_18_061011_create_country_table',11),(258,'2021_12_03_084118_create_location_translations',11),(259,'2021_12_03_094518_migrate_old_location_data',11),(260,'2021_12_10_034440_switch_plugin_location_to_use_language_advanced',11),(261,'2022_01_16_085908_improve_plugin_location',11),(262,'2022_08_04_052122_delete_location_backup_tables',11),(263,'2023_04_23_061847_increase_state_translations_abbreviation_column',11),(264,'2023_07_26_041451_add_more_columns_to_location_table',11),(265,'2023_07_27_041451_add_more_columns_to_location_translation_table',11),(266,'2023_08_15_073307_drop_unique_in_states_cities_translations',11),(267,'2023_10_21_065016_make_state_id_in_table_cities_nullable',11),(268,'2024_08_17_094600_add_image_into_countries',11),(269,'2025_01_08_093652_add_zip_code_to_cities',11),(270,'2025_07_31_083459_add_indexes_for_location_search_performance',11),(271,'2021_07_06_030002_create_marketplace_table',12),(272,'2021_09_04_150137_add_vendor_verified_at_to_ec_customers_table',12),(273,'2021_10_04_033903_add_column_approved_by_into_table_ec_products',12),(274,'2021_10_06_124943_add_transaction_id_column_to_mp_customer_withdrawals_table',12),(275,'2021_10_10_054216_add_columns_to_mp_customer_revenues_table',12),(276,'2021_12_06_031304_update_table_mp_customer_revenues',12),(277,'2022_10_19_152916_add_columns_to_mp_stores_table',12),(278,'2022_10_20_062849_create_mp_category_sale_commissions_table',12),(279,'2022_11_02_071413_add_more_info_for_store',12),(280,'2022_11_02_080444_add_tax_info',12),(281,'2023_02_01_062030_add_store_translations',12),(282,'2023_02_13_032133_update_fee_column_mp_customer_revenues_table',12),(283,'2023_02_17_023648_fix_store_prefix',12),(284,'2024_04_03_062451_add_cover_image_to_table_mp_stores',12),(285,'2024_05_07_082630_create_mp_messages_table',12),(286,'2024_07_19_131849_add_documents_to_mp_stores_table',12),(287,'2024_08_18_083119_add_tax_id_column_to_mp_stores_table',12),(288,'2024_08_27_141244_add_block_reason_to_ec_customers_table',12),(289,'2024_09_17_125408_add_square_logo_to_stores_table',12),(290,'2025_07_31_021805_add_indexes_for_vendor_categories_optimization',12),(291,'2025_08_07_073854_add_verification_fields_to_mp_stores_table',12),(292,'2025_11_05_000001_add_indexes_for_marketplace_performance_optimization',12),(293,'2026_02_02_090000_add_tax_location_to_mp_stores_table',12),(294,'2017_10_24_154832_create_newsletter_table',13),(295,'2024_03_25_000001_update_captcha_settings_for_newsletter',13),(296,'2017_05_18_080441_create_payment_tables',14),(297,'2021_03_27_144913_add_customer_type_into_table_payments',14),(298,'2021_05_24_034720_make_column_currency_nullable',14),(299,'2021_08_09_161302_add_metadata_column_to_payments_table',14),(300,'2021_10_19_020859_update_metadata_field',14),(301,'2022_06_28_151901_activate_paypal_stripe_plugin',14),(302,'2022_07_07_153354_update_charge_id_in_table_payments',14),(303,'2024_07_04_083133_create_payment_logs_table',14),(304,'2025_04_12_000003_add_payment_fee_to_payments_table',14),(305,'2025_05_22_000001_add_payment_fee_type_to_settings_table',14),(306,'2017_07_11_140018_create_simple_slider_table',15),(307,'2026_01_10_000001_add_status_to_simple_slider_items_table',15),(308,'2025_04_08_040931_create_social_logins_table',16),(309,'2024_09_14_100108_add_stripe_connect_details_to_ec_customers_table',17),(310,'2018_07_09_214610_create_testimonial_table',18),(311,'2021_12_03_083642_create_testimonials_translations',18),(312,'2024_12_01_000000_add_indexes_to_testimonials_translations_table',18),(313,'2016_10_07_193005_create_translations_table',19),(314,'2023_12_12_105220_drop_translations_table',19);

--
-- Table structure for table `mp_category_sale_commissions`
--

CREATE TABLE `mp_category_sale_commissions` (
  `id` bigint unsigned NOT NULL AUTO_INCREMENT,
  `product_category_id` bigint unsigned NOT NULL,
  `commission_percentage` decimal(8,2) NOT NULL DEFAULT '0.00',
  PRIMARY KEY (`id`),
  UNIQUE KEY `mp_category_sale_commissions_product_category_id_unique` (`product_category_id`)
) ENGINE=InnoDB DEFAULT CHARSET=utf8mb4 COLLATE=utf8mb4_unicode_ci;

--
-- Dumping data for table `mp_category_sale_commissions`
--


--
-- Table structure for table `mp_customer_revenues`
--

CREATE TABLE `mp_customer_revenues` (
  `id` bigint unsigned NOT NULL AUTO_INCREMENT,
  `customer_id` bigint unsigned DEFAULT NULL,
  `order_id` bigint unsigned DEFAULT NULL,
  `sub_amount` decimal(15,2) DEFAULT '0.00',
  `fee` decimal(15,2) unsigned DEFAULT '0.00',
  `amount` decimal(15,2) DEFAULT '0.00',
  `current_balance` decimal(15,2) DEFAULT '0.00',
  `currency` varchar(120) COLLATE utf8mb4_unicode_ci DEFAULT NULL,
  `description` text COLLATE utf8mb4_unicode_ci,
  `created_at` timestamp NULL DEFAULT NULL,
  `updated_at` timestamp NULL DEFAULT NULL,
  `user_id` bigint unsigned NOT NULL DEFAULT '0',
  `type` varchar(60) COLLATE utf8mb4_unicode_ci DEFAULT NULL,
  PRIMARY KEY (`id`),
  KEY `mp_customer_revenues_customer_id_index` (`customer_id`),
  KEY `mp_customer_revenues_order_id_index` (`order_id`)
) ENGINE=InnoDB DEFAULT CHARSET=utf8mb4 COLLATE=utf8mb4_unicode_ci;

--
-- Dumping data for table `mp_customer_revenues`
--


--
-- Table structure for table `mp_customer_withdrawals`
--

CREATE TABLE `mp_customer_withdrawals` (
  `id` bigint unsigned NOT NULL AUTO_INCREMENT,
  `customer_id` bigint unsigned DEFAULT NULL,
  `fee` decimal(15,2) unsigned DEFAULT '0.00',
  `amount` decimal(15,2) unsigned DEFAULT '0.00',
  `current_balance` decimal(15,2) unsigned DEFAULT '0.00',
  `currency` varchar(120) COLLATE utf8mb4_unicode_ci DEFAULT NULL,
  `description` text COLLATE utf8mb4_unicode_ci,
  `bank_info` text COLLATE utf8mb4_unicode_ci,
  `payment_channel` varchar(60) COLLATE utf8mb4_unicode_ci DEFAULT NULL,
  `user_id` bigint unsigned NOT NULL DEFAULT '0',
  `status` varchar(60) COLLATE utf8mb4_unicode_ci NOT NULL DEFAULT 'pending',
  `images` text COLLATE utf8mb4_unicode_ci,
  `created_at` timestamp NULL DEFAULT NULL,
  `updated_at` timestamp NULL DEFAULT NULL,
  `transaction_id` varchar(60) COLLATE utf8mb4_unicode_ci DEFAULT NULL,
  PRIMARY KEY (`id`),
  KEY `mp_customer_withdrawals_customer_id_index` (`customer_id`),
  KEY `mp_customer_withdrawals_status_index` (`status`)
) ENGINE=InnoDB DEFAULT CHARSET=utf8mb4 COLLATE=utf8mb4_unicode_ci;

--
-- Dumping data for table `mp_customer_withdrawals`
--


--
-- Table structure for table `mp_messages`
--

CREATE TABLE `mp_messages` (
  `id` bigint unsigned NOT NULL AUTO_INCREMENT,
  `store_id` bigint unsigned NOT NULL,
  `customer_id` bigint unsigned DEFAULT NULL,
  `name` varchar(60) COLLATE utf8mb4_unicode_ci NOT NULL,
  `email` varchar(60) COLLATE utf8mb4_unicode_ci NOT NULL,
  `content` longtext COLLATE utf8mb4_unicode_ci NOT NULL,
  `created_at` timestamp NULL DEFAULT NULL,
  `updated_at` timestamp NULL DEFAULT NULL,
  PRIMARY KEY (`id`)
) ENGINE=InnoDB DEFAULT CHARSET=utf8mb4 COLLATE=utf8mb4_unicode_ci;

--
-- Dumping data for table `mp_messages`
--


--
-- Table structure for table `mp_stores`
--

CREATE TABLE `mp_stores` (
  `id` bigint unsigned NOT NULL AUTO_INCREMENT,
  `name` varchar(191) COLLATE utf8mb4_unicode_ci NOT NULL,
  `email` varchar(60) COLLATE utf8mb4_unicode_ci DEFAULT NULL,
  `phone` varchar(20) COLLATE utf8mb4_unicode_ci DEFAULT NULL,
  `address` varchar(191) COLLATE utf8mb4_unicode_ci DEFAULT NULL,
  `country` varchar(120) COLLATE utf8mb4_unicode_ci DEFAULT NULL,
  `state` varchar(120) COLLATE utf8mb4_unicode_ci DEFAULT NULL,
  `city` varchar(120) COLLATE utf8mb4_unicode_ci DEFAULT NULL,
  `customer_id` bigint unsigned DEFAULT NULL,
  `logo` varchar(191) COLLATE utf8mb4_unicode_ci DEFAULT NULL,
  `logo_square` varchar(255) COLLATE utf8mb4_unicode_ci DEFAULT NULL,
  `cover_image` varchar(191) COLLATE utf8mb4_unicode_ci DEFAULT NULL,
  `description` varchar(400) COLLATE utf8mb4_unicode_ci DEFAULT NULL,
  `content` longtext COLLATE utf8mb4_unicode_ci,
  `status` varchar(60) COLLATE utf8mb4_unicode_ci NOT NULL DEFAULT 'published',
  `is_verified` tinyint(1) NOT NULL DEFAULT '0',
  `verified_at` timestamp NULL DEFAULT NULL,
  `verified_by` bigint unsigned DEFAULT NULL,
  `verification_note` text COLLATE utf8mb4_unicode_ci,
  `vendor_verified_at` datetime DEFAULT NULL,
  `created_at` timestamp NULL DEFAULT NULL,
  `updated_at` timestamp NULL DEFAULT NULL,
  `zip_code` varchar(20) COLLATE utf8mb4_unicode_ci DEFAULT NULL,
  `company` varchar(191) COLLATE utf8mb4_unicode_ci DEFAULT NULL,
  `tax_id` varchar(191) COLLATE utf8mb4_unicode_ci DEFAULT NULL,
  `tax_country` varchar(120) COLLATE utf8mb4_unicode_ci DEFAULT NULL,
  `tax_state` varchar(120) COLLATE utf8mb4_unicode_ci DEFAULT NULL,
  `certificate_file` varchar(191) COLLATE utf8mb4_unicode_ci DEFAULT NULL,
  `government_id_file` varchar(191) COLLATE utf8mb4_unicode_ci DEFAULT NULL,
  PRIMARY KEY (`id`),
  KEY `mp_stores_customer_id_index` (`customer_id`),
  KEY `mp_stores_status_index` (`status`)
) ENGINE=InnoDB AUTO_INCREMENT=10 DEFAULT CHARSET=utf8mb4 COLLATE=utf8mb4_unicode_ci;

--
-- Dumping data for table `mp_stores`
--

INSERT INTO `mp_stores` VALUES (1,'GoPro','torrey.hilpert@example.org','+18062216587','3183 Vickie Tunnel Apt. 336','LI','Iowa','Port Efren',2,'stores/1.png',NULL,NULL,'Aliquid sapiente id et. Optio aut facilis eaque repudiandae. Illo exercitationem optio qui ut. Tempore aperiam eligendi at officiis est. Distinctio quo incidunt voluptas veritatis voluptas molestiae voluptatem. Odit natus accusamus nam ut distinctio et. Eaque voluptatum sint inventore doloribus vero esse error. Dicta qui cumque ut impedit ipsam est in.','Founded in 2002, GoPro has grown into a global brand known for its action cameras and versatile accessories.','published',1,'2025-09-25 01:43:01',NULL,'Established vendor with proven track record',NULL,'2026-03-06 01:43:03','2026-03-06 01:43:03',NULL,NULL,NULL,NULL,NULL,NULL,NULL),(2,'Global Office','herminia27@example.com','+13176827487','10406 Joanny Shoal','TK','New Hampshire','East Nilshaven',6,'stores/2.png',NULL,NULL,'Id voluptatem sed porro. Provident et architecto porro illo accusantium voluptatum. Ex sequi et est possimus ipsum. Iusto quisquam dolorem quis hic minima exercitationem. Qui tempora dignissimos dolorem cumque qui hic.','Global Office provides high-quality office supplies and equipment for businesses of all sizes.','published',0,NULL,NULL,NULL,NULL,'2026-03-06 01:43:03','2026-03-06 01:43:03',NULL,NULL,NULL,NULL,NULL,NULL,NULL),(3,'Young Shop','gertrude.kub@example.net','+16148336915','98886 Bauch Points Suite 086','CO','New Hampshire','Sengermouth',8,'stores/3.png',NULL,NULL,'Quo enim consequatur maiores autem dolore vitae sunt. Repudiandae ipsam delectus deserunt quibusdam veritatis explicabo. Itaque et ut nemo non vitae rerum. Temporibus non et et quia. Nam nobis ut quia rerum. Labore ut deleniti quae. Velit ab fuga autem adipisci. Similique necessitatibus autem assumenda quam. Omnis enim non voluptatem. Amet illum ea dolores.','Young Shop specializes in trendy fashion and accessories for the youth market.','published',0,NULL,NULL,NULL,NULL,'2026-03-06 01:43:03','2026-03-06 01:43:03',NULL,NULL,NULL,NULL,NULL,NULL,NULL),(4,'Global Store','elsie46@example.com','+19345021961','1129 Noel Garden Apt. 105','PA','Oklahoma','Tyriquefort',3,'stores/4.png',NULL,NULL,'Sequi soluta enim a vel dicta fugiat. Ex consectetur rerum reiciendis vitae mollitia explicabo quibusdam. Culpa quis voluptate ipsam qui distinctio. Blanditiis veritatis sequi accusantium fugiat et. Dolores non aspernatur nisi occaecati mollitia. Suscipit enim quas dolores voluptatem nisi autem. Mollitia dicta quis voluptatum ut est. Perspiciatis commodi sunt rerum rerum adipisci et.','Global Store offers a wide range of products from electronics to home goods at competitive prices.','published',1,'2025-10-26 01:43:01',NULL,'Verified business with valid documentation',NULL,'2026-03-06 01:43:03','2026-03-06 01:43:03',NULL,NULL,NULL,NULL,NULL,NULL,NULL),(5,'Robert\'s Store','kip.tremblay@example.org','+18572437667','93209 Verlie Village','BM','Iowa','Port Camronview',2,'stores/5.png',NULL,NULL,'Rerum quas expedita unde minus. Laboriosam quia et omnis repellat sed mollitia repudiandae. Odit qui dolore amet eveniet ea. Veritatis unde qui aut placeat dolorem qui. Fugit delectus quaerat consectetur dolorem libero suscipit. Saepe vel et nostrum est aut. Porro nesciunt qui saepe dignissimos. Soluta ipsum est sed qui.','Robert\'s Store is your destination for premium quality clothing and accessories.','published',1,'2025-12-26 01:43:01',NULL,'Verified business with valid documentation',NULL,'2026-03-06 01:43:03','2026-03-06 01:43:03',NULL,NULL,NULL,NULL,NULL,NULL,NULL),(6,'Stouffer','hartmann.franz@example.net','+19084555182','697 Orland Views','NC','South Carolina','Bruenville',4,'stores/6.png',NULL,NULL,'Et accusamus provident delectus ea molestiae. Facilis enim delectus quidem fuga nihil totam optio sed. Voluptates et molestias quis quibusdam adipisci. Saepe expedita qui quia possimus et. Illo magnam aliquam maxime et id et. Autem fugiat aut voluptas aut vel accusantium aut. Repellat exercitationem repudiandae enim suscipit. Est laborum laborum aut facilis consequatur.','Stouffer brings you delicious, ready-to-eat meals that are perfect for busy lifestyles.','published',1,'2026-01-23 01:43:01',NULL,'Successfully completed verification process',NULL,'2026-03-06 01:43:03','2026-03-06 01:43:03',NULL,NULL,NULL,NULL,NULL,NULL,NULL),(7,'StarKist','yazmin09@example.net','+17754775635','82514 Camden Loaf Apt. 450','ET','Louisiana','South Jesusville',9,'stores/7.png',NULL,NULL,'Possimus consequatur officia quia facere ullam vel odit repellat. Aspernatur quo odio voluptas rerum accusamus. Et quos cum incidunt atque sit dolor et. Qui repellendus pariatur et deserunt nihil. Vel iusto beatae est debitis temporibus ut. Nemo cum nihil occaecati pariatur dolorem. Occaecati dolores reprehenderit neque.','StarKist is committed to providing sustainable seafood products of the highest quality.','published',0,NULL,NULL,NULL,NULL,'2026-03-06 01:43:03','2026-03-06 01:43:03',NULL,NULL,NULL,NULL,NULL,NULL,NULL),(8,'Old El Paso','bradly59@example.com','+16506815317','9039 Hoeger Cape Apt. 277','PE','Arkansas','Rodriguezhaven',3,'stores/8.png',NULL,NULL,'Aut rerum expedita sunt autem in rerum. Sequi aut vero sit vel rem veritatis ullam. Vel optio deleniti tempore consequatur in animi. Possimus veniam reprehenderit ratione odit. Reiciendis laudantium perspiciatis laudantium ut voluptate est dolorem. Excepturi natus est quaerat molestiae veritatis ducimus qui. Natus perferendis ab hic qui laboriosam.','Old El Paso brings the flavors of Mexico to your table with authentic ingredients and recipes.','published',1,'2026-01-05 01:43:01',NULL,'Authentic products and reliable service confirmed',NULL,'2026-03-06 01:43:03','2026-03-06 01:43:03',NULL,NULL,NULL,NULL,NULL,NULL,NULL),(9,'Tyson','xzemlak@example.com','+15418773379','5337 Stokes Vista','BL','South Carolina','North Cesar',5,'stores/9.png',NULL,NULL,'Voluptas consequuntur sunt nisi. Rerum id nesciunt sunt qui. Dolore quia sit quis laboriosam et. Ut autem fuga natus id. Cum occaecati libero ex omnis perferendis odit fugit. Repellendus deleniti quas voluptatem beatae ab itaque laboriosam eos. Magni minima est est. Maxime doloribus eos tenetur.','Tyson offers a variety of protein products to help you create delicious meals for your family.','published',0,NULL,NULL,NULL,NULL,'2026-03-06 01:43:03','2026-03-06 01:43:03',NULL,NULL,NULL,NULL,NULL,NULL,NULL);

--
-- Table structure for table `mp_stores_translations`
--

CREATE TABLE `mp_stores_translations` (
  `lang_code` varchar(191) COLLATE utf8mb4_unicode_ci NOT NULL,
  `mp_stores_id` bigint unsigned NOT NULL,
  `name` varchar(191) COLLATE utf8mb4_unicode_ci DEFAULT NULL,
  `description` varchar(400) COLLATE utf8mb4_unicode_ci DEFAULT NULL,
  `content` longtext COLLATE utf8mb4_unicode_ci,
  `address` varchar(191) COLLATE utf8mb4_unicode_ci DEFAULT NULL,
  `company` varchar(191) COLLATE utf8mb4_unicode_ci DEFAULT NULL,
  `cover_image` varchar(191) COLLATE utf8mb4_unicode_ci DEFAULT NULL,
  PRIMARY KEY (`lang_code`,`mp_stores_id`)
) ENGINE=InnoDB DEFAULT CHARSET=utf8mb4 COLLATE=utf8mb4_unicode_ci;

--
-- Dumping data for table `mp_stores_translations`
--


--
-- Table structure for table `mp_vendor_info`
--

CREATE TABLE `mp_vendor_info` (
  `id` bigint unsigned NOT NULL AUTO_INCREMENT,
  `customer_id` bigint unsigned NOT NULL DEFAULT '0',
  `balance` decimal(15,2) NOT NULL DEFAULT '0.00',
  `total_fee` decimal(15,2) NOT NULL DEFAULT '0.00',
  `total_revenue` decimal(15,2) NOT NULL DEFAULT '0.00',
  `signature` varchar(191) COLLATE utf8mb4_unicode_ci DEFAULT NULL,
  `bank_info` text COLLATE utf8mb4_unicode_ci,
  `created_at` timestamp NULL DEFAULT NULL,
  `updated_at` timestamp NULL DEFAULT NULL,
  `payout_payment_method` varchar(120) COLLATE utf8mb4_unicode_ci DEFAULT 'bank_transfer',
  `tax_info` text COLLATE utf8mb4_unicode_ci,
  PRIMARY KEY (`id`),
  KEY `mp_vendor_info_customer_id_index` (`customer_id`)
) ENGINE=InnoDB AUTO_INCREMENT=9 DEFAULT CHARSET=utf8mb4 COLLATE=utf8mb4_unicode_ci;

--
-- Dumping data for table `mp_vendor_info`
--

INSERT INTO `mp_vendor_info` VALUES (1,2,0.00,0.00,0.00,'$2y$12$h6x5RNsR3U5fEe/HyYk7z.QJpNLHH868tYUDGVsg5BZ6D/Q8nE4FO','{\"name\":\"Mr. Sylvester Lesch\",\"number\":\"+16805898203\",\"full_name\":\"Lenora Senger\",\"description\":\"Osbaldo Kuhlman\"}','2026-03-06 01:43:01','2026-03-06 01:43:01','bank_transfer',NULL),(2,3,0.00,0.00,0.00,'$2y$12$M.BmeNz3FiitLdxxe6fUXedOcLGJrXk3NbHDiFDJ/81pRqLbzu3WK','{\"name\":\"Prof. Harmon Rogahn\",\"number\":\"+18504581041\",\"full_name\":\"Weldon Kemmer\",\"description\":\"Sydni Mayer Sr.\"}','2026-03-06 01:43:01','2026-03-06 01:43:01','bank_transfer',NULL),(3,4,0.00,0.00,0.00,'$2y$12$jVXED/EvoE..ZOX4Us8wQ.f2YRXjkTtjt5uZ73Xtlz0RgsBHQH7F2','{\"name\":\"Ms. Tessie Lehner\",\"number\":\"+19032274049\",\"full_name\":\"Dr. Javier Harris\",\"description\":\"Lempi Fadel\"}','2026-03-06 01:43:02','2026-03-06 01:43:02','bank_transfer',NULL),(4,5,0.00,0.00,0.00,'$2y$12$fViT79AuZWh0V2SqzqClEOQxueWkvjhqzTxrmXhhx74E4VyeARatu','{\"name\":\"Kristofer Sporer\",\"number\":\"+15395909472\",\"full_name\":\"Hilma Abernathy\",\"description\":\"Dr. Maxine Hayes\"}','2026-03-06 01:43:02','2026-03-06 01:43:02','bank_transfer',NULL),(5,6,0.00,0.00,0.00,'$2y$12$psQowmRA2d6W3cM6Kt1o7e1e1N8VDJ8OMisrMuTF0E9QHpKZzrykW','{\"name\":\"Althea Hills\",\"number\":\"+17868121786\",\"full_name\":\"Francisca Hilpert\",\"description\":\"Jaren Marvin\"}','2026-03-06 01:43:02','2026-03-06 01:43:02','bank_transfer',NULL),(6,7,0.00,0.00,0.00,'$2y$12$6eO4qikIyukr9zDxtCeze.U.9sbsIlRRR8mSRNWdkcvpEqc3iRY9O','{\"name\":\"Lori Lynch\",\"number\":\"+12676044652\",\"full_name\":\"Mrs. Loren Wolf I\",\"description\":\"Delphia Effertz\"}','2026-03-06 01:43:02','2026-03-06 01:43:02','bank_transfer',NULL),(7,8,0.00,0.00,0.00,'$2y$12$IFXTeJUjdRRy0ZsldPmaHOT3dBQ.MWXJXKeIUmUsd2/sNLtdSNfg2','{\"name\":\"Ian Kozey DVM\",\"number\":\"+15396756849\",\"full_name\":\"Ms. Nayeli Schamberger\",\"description\":\"Louisa Nader\"}','2026-03-06 01:43:02','2026-03-06 01:43:02','bank_transfer',NULL),(8,9,0.00,0.00,0.00,'$2y$12$XjC69Co83Mo78g3x2j8.Q.oSjraZd7J30.AYSNwfmMk8saYTRNbaW','{\"name\":\"Abdul Harris\",\"number\":\"+19309071748\",\"full_name\":\"Violet Hammes\",\"description\":\"Mrs. Nelda Buckridge III\"}','2026-03-06 01:43:03','2026-03-06 01:43:03','bank_transfer',NULL);

--
-- Table structure for table `newsletters`
--

CREATE TABLE `newsletters` (
  `id` bigint unsigned NOT NULL AUTO_INCREMENT,
  `email` varchar(120) COLLATE utf8mb4_unicode_ci NOT NULL,
  `name` varchar(120) COLLATE utf8mb4_unicode_ci DEFAULT NULL,
  `status` varchar(60) COLLATE utf8mb4_unicode_ci NOT NULL DEFAULT 'subscribed',
  `created_at` timestamp NULL DEFAULT NULL,
  `updated_at` timestamp NULL DEFAULT NULL,
  PRIMARY KEY (`id`)
) ENGINE=InnoDB DEFAULT CHARSET=utf8mb4 COLLATE=utf8mb4_unicode_ci;

--
-- Dumping data for table `newsletters`
--


--
-- Table structure for table `pages`
--

CREATE TABLE `pages` (
  `id` bigint unsigned NOT NULL AUTO_INCREMENT,
  `name` varchar(120) COLLATE utf8mb4_unicode_ci NOT NULL,
  `content` longtext COLLATE utf8mb4_unicode_ci,
  `user_id` bigint unsigned DEFAULT NULL,
  `image` varchar(191) COLLATE utf8mb4_unicode_ci DEFAULT NULL,
  `template` varchar(60) COLLATE utf8mb4_unicode_ci DEFAULT NULL,
  `description` varchar(400) COLLATE utf8mb4_unicode_ci DEFAULT NULL,
  `status` varchar(60) COLLATE utf8mb4_unicode_ci NOT NULL DEFAULT 'published',
  `created_at` timestamp NULL DEFAULT NULL,
  `updated_at` timestamp NULL DEFAULT NULL,
  PRIMARY KEY (`id`),
  KEY `pages_user_id_index` (`user_id`)
) ENGINE=InnoDB AUTO_INCREMENT=13 DEFAULT CHARSET=utf8mb4 COLLATE=utf8mb4_unicode_ci;

--
-- Dumping data for table `pages`
--

INSERT INTO `pages` VALUES (1,'Home','<div>[simple-slider key=\"home-slider\" ads_1=\"VC2C8Q1UGCBG\" ads_2=\"NBDWRXTSVZ8N\"][/simple-slider]</div><div>[site-features icon1=\"icon-rocket\" title1=\"Free Delivery\" subtitle1=\"For all orders over $99\" icon2=\"icon-sync\" title2=\"90 Days Return\" subtitle2=\"If goods have problems\" icon3=\"icon-credit-card\" title3=\"Secure Payment\" subtitle3=\"100% secure payment\" icon4=\"icon-bubbles\" title4=\"24/7 Support\" subtitle4=\"Dedicated support\" icon5=\"icon-gift\" title5=\"Gift Service\" subtitle5=\"Support gift service\" enable_lazy_loading=\"yes\"][/site-features]</div><div>[flash-sale title=\"Deal of the day\" flash_sale_id=\"1\" enable_lazy_loading=\"yes\"][/flash-sale]</div><div>[featured-product-categories title=\"Top Categories\" enable_lazy_loading=\"yes\"][/featured-product-categories]</div><div>[theme-ads key_1=\"IZ6WU8KUALYD\" key_2=\"ILSFJVYFGCPZ\" key_3=\"ZDOZUZZIU7FT\" enable_lazy_loading=\"yes\"][/theme-ads]</div><div>[featured-products title=\"Featured products\" enable_lazy_loading=\"yes\"][/featured-products]</div><div>[theme-ads key_1=\"Q9YDUIC9HSWS\" key_2=\"IZ6WU8KUALYE\" enable_lazy_loading=\"yes\"][/theme-ads]</div><div>[product-collections title=\"Exclusive Products\" enable_lazy_loading=\"yes\"][/product-collections]</div><div>[product-category-products category_id=\"18\" enable_lazy_loading=\"yes\"][/product-category-products]</div>[testimonials title=\"What our Clients say\" subtitle=\"Customers Review\" testimonial_ids=\"1,2,3,4\" enable_lazy_loading=\"yes\"][/testimonials]<div>[download-app title=\"Download Martfury App Now!\" subtitle=\"Shopping fastly and easily more with our app. Get a link to download the app on your phone.\" screenshot=\"general/app.png\" android_app_url=\"https://www.appstore.com\" ios_app_url=\"https://play.google.com/store\" enable_lazy_loading=\"yes\"][/download-app]</div><div>[product-category-products category_id=\"23\" enable_lazy_loading=\"yes\"][/product-category-products]</div><div>[newsletter-form title=\"Join Our Newsletter Now\" subtitle=\"Subscribe to get information about products and coupons\" enable_lazy_loading=\"yes\"][/newsletter-form]</div>',1,NULL,'homepage',NULL,'published','2026-03-06 01:42:56','2026-03-06 01:42:56'),(2,'About us','<p>Lorem ipsum dolor sit amet, consectetur adipiscing elit. Sed do eiusmod tempor incididunt ut labore et dolore magna aliqua. Ut enim ad minim veniam, quis nostrud exercitation ullamco laboris nisi ut aliquip ex ea commodo consequat. Duis aute irure dolor in reprehenderit in voluptate velit esse cillum dolore eu fugiat nulla pariatur. Excepteur sint occaecat cupidatat non proident, sunt in culpa qui officia deserunt mollit anim id est laborum.</p><p>Lorem ipsum dolor sit amet, consectetur adipiscing elit. Sed do eiusmod tempor incididunt ut labore et dolore magna aliqua. Ut enim ad minim veniam, quis nostrud exercitation ullamco laboris nisi ut aliquip ex ea commodo consequat. Duis aute irure dolor in reprehenderit in voluptate velit esse cillum dolore eu fugiat nulla pariatur. Excepteur sint occaecat cupidatat non proident, sunt in culpa qui officia deserunt mollit anim id est laborum.</p><p>Lorem ipsum dolor sit amet, consectetur adipiscing elit. Sed do eiusmod tempor incididunt ut labore et dolore magna aliqua. Ut enim ad minim veniam, quis nostrud exercitation ullamco laboris nisi ut aliquip ex ea commodo consequat. Duis aute irure dolor in reprehenderit in voluptate velit esse cillum dolore eu fugiat nulla pariatur. Excepteur sint occaecat cupidatat non proident, sunt in culpa qui officia deserunt mollit anim id est laborum.</p><p>Lorem ipsum dolor sit amet, consectetur adipiscing elit. Sed do eiusmod tempor incididunt ut labore et dolore magna aliqua. Ut enim ad minim veniam, quis nostrud exercitation ullamco laboris nisi ut aliquip ex ea commodo consequat. Duis aute irure dolor in reprehenderit in voluptate velit esse cillum dolore eu fugiat nulla pariatur. Excepteur sint occaecat cupidatat non proident, sunt in culpa qui officia deserunt mollit anim id est laborum.</p>',1,NULL,'default',NULL,'published','2026-03-06 01:42:56','2026-03-06 01:42:56'),(3,'Terms Of Use','<p>Lorem ipsum dolor sit amet, consectetur adipiscing elit. Sed do eiusmod tempor incididunt ut labore et dolore magna aliqua. Ut enim ad minim veniam, quis nostrud exercitation ullamco laboris nisi ut aliquip ex ea commodo consequat. Duis aute irure dolor in reprehenderit in voluptate velit esse cillum dolore eu fugiat nulla pariatur. Excepteur sint occaecat cupidatat non proident, sunt in culpa qui officia deserunt mollit anim id est laborum.</p><p>Lorem ipsum dolor sit amet, consectetur adipiscing elit. Sed do eiusmod tempor incididunt ut labore et dolore magna aliqua. Ut enim ad minim veniam, quis nostrud exercitation ullamco laboris nisi ut aliquip ex ea commodo consequat. Duis aute irure dolor in reprehenderit in voluptate velit esse cillum dolore eu fugiat nulla pariatur. Excepteur sint occaecat cupidatat non proident, sunt in culpa qui officia deserunt mollit anim id est laborum.</p><p>Lorem ipsum dolor sit amet, consectetur adipiscing elit. Sed do eiusmod tempor incididunt ut labore et dolore magna aliqua. Ut enim ad minim veniam, quis nostrud exercitation ullamco laboris nisi ut aliquip ex ea commodo consequat. Duis aute irure dolor in reprehenderit in voluptate velit esse cillum dolore eu fugiat nulla pariatur. Excepteur sint occaecat cupidatat non proident, sunt in culpa qui officia deserunt mollit anim id est laborum.</p><p>Lorem ipsum dolor sit amet, consectetur adipiscing elit. Sed do eiusmod tempor incididunt ut labore et dolore magna aliqua. Ut enim ad minim veniam, quis nostrud exercitation ullamco laboris nisi ut aliquip ex ea commodo consequat. Duis aute irure dolor in reprehenderit in voluptate velit esse cillum dolore eu fugiat nulla pariatur. Excepteur sint occaecat cupidatat non proident, sunt in culpa qui officia deserunt mollit anim id est laborum.</p>',1,NULL,'default',NULL,'published','2026-03-06 01:42:56','2026-03-06 01:42:56'),(4,'Terms &amp; Conditions','<p>Lorem ipsum dolor sit amet, consectetur adipiscing elit. Sed do eiusmod tempor incididunt ut labore et dolore magna aliqua. Ut enim ad minim veniam, quis nostrud exercitation ullamco laboris nisi ut aliquip ex ea commodo consequat. Duis aute irure dolor in reprehenderit in voluptate velit esse cillum dolore eu fugiat nulla pariatur. Excepteur sint occaecat cupidatat non proident, sunt in culpa qui officia deserunt mollit anim id est laborum.</p><p>Lorem ipsum dolor sit amet, consectetur adipiscing elit. Sed do eiusmod tempor incididunt ut labore et dolore magna aliqua. Ut enim ad minim veniam, quis nostrud exercitation ullamco laboris nisi ut aliquip ex ea commodo consequat. Duis aute irure dolor in reprehenderit in voluptate velit esse cillum dolore eu fugiat nulla pariatur. Excepteur sint occaecat cupidatat non proident, sunt in culpa qui officia deserunt mollit anim id est laborum.</p><p>Lorem ipsum dolor sit amet, consectetur adipiscing elit. Sed do eiusmod tempor incididunt ut labore et dolore magna aliqua. Ut enim ad minim veniam, quis nostrud exercitation ullamco laboris nisi ut aliquip ex ea commodo consequat. Duis aute irure dolor in reprehenderit in voluptate velit esse cillum dolore eu fugiat nulla pariatur. Excepteur sint occaecat cupidatat non proident, sunt in culpa qui officia deserunt mollit anim id est laborum.</p><p>Lorem ipsum dolor sit amet, consectetur adipiscing elit. Sed do eiusmod tempor incididunt ut labore et dolore magna aliqua. Ut enim ad minim veniam, quis nostrud exercitation ullamco laboris nisi ut aliquip ex ea commodo consequat. Duis aute irure dolor in reprehenderit in voluptate velit esse cillum dolore eu fugiat nulla pariatur. Excepteur sint occaecat cupidatat non proident, sunt in culpa qui officia deserunt mollit anim id est laborum.</p>',1,NULL,'default',NULL,'published','2026-03-06 01:42:56','2026-03-06 01:42:56'),(5,'Refund Policy','<p>Lorem ipsum dolor sit amet, consectetur adipiscing elit. Sed do eiusmod tempor incididunt ut labore et dolore magna aliqua. Ut enim ad minim veniam, quis nostrud exercitation ullamco laboris nisi ut aliquip ex ea commodo consequat. Duis aute irure dolor in reprehenderit in voluptate velit esse cillum dolore eu fugiat nulla pariatur. Excepteur sint occaecat cupidatat non proident, sunt in culpa qui officia deserunt mollit anim id est laborum.</p><p>Lorem ipsum dolor sit amet, consectetur adipiscing elit. Sed do eiusmod tempor incididunt ut labore et dolore magna aliqua. Ut enim ad minim veniam, quis nostrud exercitation ullamco laboris nisi ut aliquip ex ea commodo consequat. Duis aute irure dolor in reprehenderit in voluptate velit esse cillum dolore eu fugiat nulla pariatur. Excepteur sint occaecat cupidatat non proident, sunt in culpa qui officia deserunt mollit anim id est laborum.</p><p>Lorem ipsum dolor sit amet, consectetur adipiscing elit. Sed do eiusmod tempor incididunt ut labore et dolore magna aliqua. Ut enim ad minim veniam, quis nostrud exercitation ullamco laboris nisi ut aliquip ex ea commodo consequat. Duis aute irure dolor in reprehenderit in voluptate velit esse cillum dolore eu fugiat nulla pariatur. Excepteur sint occaecat cupidatat non proident, sunt in culpa qui officia deserunt mollit anim id est laborum.</p><p>Lorem ipsum dolor sit amet, consectetur adipiscing elit. Sed do eiusmod tempor incididunt ut labore et dolore magna aliqua. Ut enim ad minim veniam, quis nostrud exercitation ullamco laboris nisi ut aliquip ex ea commodo consequat. Duis aute irure dolor in reprehenderit in voluptate velit esse cillum dolore eu fugiat nulla pariatur. Excepteur sint occaecat cupidatat non proident, sunt in culpa qui officia deserunt mollit anim id est laborum.</p>',1,NULL,'default',NULL,'published','2026-03-06 01:42:56','2026-03-06 01:42:56'),(6,'Blog','<p>---</p>',1,NULL,'blog-sidebar',NULL,'published','2026-03-06 01:42:56','2026-03-06 01:42:56'),(7,'FAQs','<div>[faq title=\"Frequently Asked Questions\"][/faq]</div>',1,NULL,'default',NULL,'published','2026-03-06 01:42:56','2026-03-06 01:42:56'),(8,'Contact','<div>[google-map]502 New Street, Brighton VIC, Australia[/google-map]</div><div>[contact-info-boxes title=\"Contact Us For Any Questions\"][/contact-info-boxes]</div><div>[contact-form][/contact-form]</div>',1,NULL,'full-width',NULL,'published','2026-03-06 01:42:56','2026-03-06 01:42:56'),(9,'Cookie Policy','<h3>EU Cookie Consent</h3><p>To use this Website we are using Cookies and collecting some Data. To be compliant with the EU GDPR we give you to choose if you allow us to use certain Cookies and to collect some Data.</p><h4>Essential Data</h4><p>The Essential Data is needed to run the Site you are visiting technically. You can not deactivate them.</p><p>- Session Cookie: PHP uses a Cookie to identify user sessions. Without this Cookie the Website is not working.</p><p>- XSRF-Token Cookie: Laravel automatically generates a CSRF \"token\" for each active user session managed by the application. This token is used to verify that the authenticated user is the one actually making the requests to the application.</p>',1,NULL,'default',NULL,'published','2026-03-06 01:42:56','2026-03-06 01:42:56'),(10,'Affiliate','<p>Lorem ipsum dolor sit amet, consectetur adipiscing elit. Sed do eiusmod tempor incididunt ut labore et dolore magna aliqua. Ut enim ad minim veniam, quis nostrud exercitation ullamco laboris nisi ut aliquip ex ea commodo consequat. Duis aute irure dolor in reprehenderit in voluptate velit esse cillum dolore eu fugiat nulla pariatur. Excepteur sint occaecat cupidatat non proident, sunt in culpa qui officia deserunt mollit anim id est laborum.</p><p>Lorem ipsum dolor sit amet, consectetur adipiscing elit. Sed do eiusmod tempor incididunt ut labore et dolore magna aliqua. Ut enim ad minim veniam, quis nostrud exercitation ullamco laboris nisi ut aliquip ex ea commodo consequat. Duis aute irure dolor in reprehenderit in voluptate velit esse cillum dolore eu fugiat nulla pariatur. Excepteur sint occaecat cupidatat non proident, sunt in culpa qui officia deserunt mollit anim id est laborum.</p><p>Lorem ipsum dolor sit amet, consectetur adipiscing elit. Sed do eiusmod tempor incididunt ut labore et dolore magna aliqua. Ut enim ad minim veniam, quis nostrud exercitation ullamco laboris nisi ut aliquip ex ea commodo consequat. Duis aute irure dolor in reprehenderit in voluptate velit esse cillum dolore eu fugiat nulla pariatur. Excepteur sint occaecat cupidatat non proident, sunt in culpa qui officia deserunt mollit anim id est laborum.</p><p>Lorem ipsum dolor sit amet, consectetur adipiscing elit. Sed do eiusmod tempor incididunt ut labore et dolore magna aliqua. Ut enim ad minim veniam, quis nostrud exercitation ullamco laboris nisi ut aliquip ex ea commodo consequat. Duis aute irure dolor in reprehenderit in voluptate velit esse cillum dolore eu fugiat nulla pariatur. Excepteur sint occaecat cupidatat non proident, sunt in culpa qui officia deserunt mollit anim id est laborum.</p>',1,NULL,'default',NULL,'published','2026-03-06 01:42:56','2026-03-06 01:42:56'),(11,'Career','<p>Lorem ipsum dolor sit amet, consectetur adipiscing elit. Sed do eiusmod tempor incididunt ut labore et dolore magna aliqua. Ut enim ad minim veniam, quis nostrud exercitation ullamco laboris nisi ut aliquip ex ea commodo consequat. Duis aute irure dolor in reprehenderit in voluptate velit esse cillum dolore eu fugiat nulla pariatur. Excepteur sint occaecat cupidatat non proident, sunt in culpa qui officia deserunt mollit anim id est laborum.</p><p>Lorem ipsum dolor sit amet, consectetur adipiscing elit. Sed do eiusmod tempor incididunt ut labore et dolore magna aliqua. Ut enim ad minim veniam, quis nostrud exercitation ullamco laboris nisi ut aliquip ex ea commodo consequat. Duis aute irure dolor in reprehenderit in voluptate velit esse cillum dolore eu fugiat nulla pariatur. Excepteur sint occaecat cupidatat non proident, sunt in culpa qui officia deserunt mollit anim id est laborum.</p><p>Lorem ipsum dolor sit amet, consectetur adipiscing elit. Sed do eiusmod tempor incididunt ut labore et dolore magna aliqua. Ut enim ad minim veniam, quis nostrud exercitation ullamco laboris nisi ut aliquip ex ea commodo consequat. Duis aute irure dolor in reprehenderit in voluptate velit esse cillum dolore eu fugiat nulla pariatur. Excepteur sint occaecat cupidatat non proident, sunt in culpa qui officia deserunt mollit anim id est laborum.</p><p>Lorem ipsum dolor sit amet, consectetur adipiscing elit. Sed do eiusmod tempor incididunt ut labore et dolore magna aliqua. Ut enim ad minim veniam, quis nostrud exercitation ullamco laboris nisi ut aliquip ex ea commodo consequat. Duis aute irure dolor in reprehenderit in voluptate velit esse cillum dolore eu fugiat nulla pariatur. Excepteur sint occaecat cupidatat non proident, sunt in culpa qui officia deserunt mollit anim id est laborum.</p>',1,NULL,'default',NULL,'published','2026-03-06 01:42:56','2026-03-06 01:42:56'),(12,'Coming soon','<p>Condimentum ipsum a adipiscing hac dolor set consectetur urna commodo elit parturient <br/>molestie ut nisl partu convallier ullamcorpe.</p><div>[coming-soon time=\"2027-03-06 08:42:56\" image=\"general/coming-soon.jpg\"][/coming-soon]</div>',1,NULL,'coming-soon',NULL,'published','2026-03-06 01:42:56','2026-03-06 01:42:56');

--
-- Table structure for table `pages_translations`
--

CREATE TABLE `pages_translations` (
  `lang_code` varchar(20) COLLATE utf8mb4_unicode_ci NOT NULL,
  `pages_id` bigint unsigned NOT NULL,
  `name` varchar(191) COLLATE utf8mb4_unicode_ci DEFAULT NULL,
  `description` varchar(400) COLLATE utf8mb4_unicode_ci DEFAULT NULL,
  `content` longtext COLLATE utf8mb4_unicode_ci,
  PRIMARY KEY (`lang_code`,`pages_id`)
) ENGINE=InnoDB DEFAULT CHARSET=utf8mb4 COLLATE=utf8mb4_unicode_ci;

--
-- Dumping data for table `pages_translations`
--

INSERT INTO `pages_translations` VALUES ('ar',1,'الصفحة الرئيسية',NULL,'<div>[simple-slider key=\"home-slider-ar\" ads_1=\"VC2C8Q1UGCBG\" ads_2=\"NBDWRXTSVZ8N\"][/simple-slider]</div><div>[site-features icon1=\"icon-rocket\" title1=\"التوصيل المجاني\" subtitle1=\"لجميع الطلبات التي تزيد عن 99 دولارًا\" icon2=\"icon-sync\" title2=\"الإرجاع خلال 90 يومًا\" subtitle2=\"إذا كانت البضائع بها مشاكل\" icon3=\"icon-credit-card\" title3=\"الدفع الآمن\" subtitle3=\"دفع آمن 100٪\" icon4=\"icon-bubbles\" title4=\"الدعم على مدار الساعة\" subtitle4=\"دعم مخصص\" icon5=\"icon-gift\" title5=\"خدمة الهدايا\" subtitle5=\"دعم خدمة الهدايا\" enable_lazy_loading=\"yes\"][/site-features]</div><div>[flash-sale title=\"صفقة اليوم\" flash_sale_id=\"1\" enable_lazy_loading=\"yes\"][/flash-sale]</div><div>[featured-product-categories title=\"الفئات الأعلى\" enable_lazy_loading=\"yes\"][/featured-product-categories]</div><div>[theme-ads key_1=\"IZ6WU8KUALYD\" key_2=\"ILSFJVYFGCPZ\" key_3=\"ZDOZUZZIU7FT\" enable_lazy_loading=\"yes\"][/theme-ads]</div><div>[featured-products title=\"المنتجات المميزة\" enable_lazy_loading=\"yes\"][/featured-products]</div><div>[theme-ads key_1=\"Q9YDUIC9HSWS\" key_2=\"IZ6WU8KUALYE\" enable_lazy_loading=\"yes\"][/theme-ads]</div><div>[product-collections title=\"المنتجات الحصرية\" enable_lazy_loading=\"yes\"][/product-collections]</div><div>[product-category-products category_id=\"18\" enable_lazy_loading=\"yes\"][/product-category-products]</div>[testimonials title=\"ماذا يقول عملاؤنا\" subtitle=\"تقييم العملاء\" testimonial_ids=\"1,2,3,4\" enable_lazy_loading=\"yes\"][/testimonials]<div>[download-app title=\"قم بتنزيل تطبيق Martfury الآن!\" subtitle=\"تسوق بسرعة وسهولة أكثر مع تطبيقنا. احصل على رابط لتنزيل التطبيق على هاتفك.\" screenshot=\"general/app.png\" android_app_url=\"https://www.appstore.com\" ios_app_url=\"https://play.google.com/store\" enable_lazy_loading=\"yes\"][/download-app]</div><div>[product-category-products category_id=\"23\" enable_lazy_loading=\"yes\"][/product-category-products]</div><div>[newsletter-form title=\"انضم إلى نشرتنا الإخبارية الآن\" subtitle=\"اشترك للحصول على معلومات حول المنتجات والكوبونات\" enable_lazy_loading=\"yes\"][/newsletter-form]</div>'),('ar',2,'من نحن',NULL,'<p>Lorem ipsum dolor sit amet, consectetur adipiscing elit. Sed do eiusmod tempor incididunt ut labore et dolore magna aliqua. Ut enim ad minim veniam, quis nostrud exercitation ullamco laboris nisi ut aliquip ex ea commodo consequat. Duis aute irure dolor in reprehenderit in voluptate velit esse cillum dolore eu fugiat nulla pariatur. Excepteur sint occaecat cupidatat non proident, sunt in culpa qui officia deserunt mollit anim id est laborum.</p><p>Lorem ipsum dolor sit amet, consectetur adipiscing elit. Sed do eiusmod tempor incididunt ut labore et dolore magna aliqua. Ut enim ad minim veniam, quis nostrud exercitation ullamco laboris nisi ut aliquip ex ea commodo consequat. Duis aute irure dolor in reprehenderit in voluptate velit esse cillum dolore eu fugiat nulla pariatur. Excepteur sint occaecat cupidatat non proident, sunt in culpa qui officia deserunt mollit anim id est laborum.</p><p>Lorem ipsum dolor sit amet, consectetur adipiscing elit. Sed do eiusmod tempor incididunt ut labore et dolore magna aliqua. Ut enim ad minim veniam, quis nostrud exercitation ullamco laboris nisi ut aliquip ex ea commodo consequat. Duis aute irure dolor in reprehenderit in voluptate velit esse cillum dolore eu fugiat nulla pariatur. Excepteur sint occaecat cupidatat non proident, sunt in culpa qui officia deserunt mollit anim id est laborum.</p><p>Lorem ipsum dolor sit amet, consectetur adipiscing elit. Sed do eiusmod tempor incididunt ut labore et dolore magna aliqua. Ut enim ad minim veniam, quis nostrud exercitation ullamco laboris nisi ut aliquip ex ea commodo consequat. Duis aute irure dolor in reprehenderit in voluptate velit esse cillum dolore eu fugiat nulla pariatur. Excepteur sint occaecat cupidatat non proident, sunt in culpa qui officia deserunt mollit anim id est laborum.</p>'),('ar',3,'شروط الاستخدام',NULL,'<p>Lorem ipsum dolor sit amet, consectetur adipiscing elit. Sed do eiusmod tempor incididunt ut labore et dolore magna aliqua. Ut enim ad minim veniam, quis nostrud exercitation ullamco laboris nisi ut aliquip ex ea commodo consequat. Duis aute irure dolor in reprehenderit in voluptate velit esse cillum dolore eu fugiat nulla pariatur. Excepteur sint occaecat cupidatat non proident, sunt in culpa qui officia deserunt mollit anim id est laborum.</p><p>Lorem ipsum dolor sit amet, consectetur adipiscing elit. Sed do eiusmod tempor incididunt ut labore et dolore magna aliqua. Ut enim ad minim veniam, quis nostrud exercitation ullamco laboris nisi ut aliquip ex ea commodo consequat. Duis aute irure dolor in reprehenderit in voluptate velit esse cillum dolore eu fugiat nulla pariatur. Excepteur sint occaecat cupidatat non proident, sunt in culpa qui officia deserunt mollit anim id est laborum.</p><p>Lorem ipsum dolor sit amet, consectetur adipiscing elit. Sed do eiusmod tempor incididunt ut labore et dolore magna aliqua. Ut enim ad minim veniam, quis nostrud exercitation ullamco laboris nisi ut aliquip ex ea commodo consequat. Duis aute irure dolor in reprehenderit in voluptate velit esse cillum dolore eu fugiat nulla pariatur. Excepteur sint occaecat cupidatat non proident, sunt in culpa qui officia deserunt mollit anim id est laborum.</p><p>Lorem ipsum dolor sit amet, consectetur adipiscing elit. Sed do eiusmod tempor incididunt ut labore et dolore magna aliqua. Ut enim ad minim veniam, quis nostrud exercitation ullamco laboris nisi ut aliquip ex ea commodo consequat. Duis aute irure dolor in reprehenderit in voluptate velit esse cillum dolore eu fugiat nulla pariatur. Excepteur sint occaecat cupidatat non proident, sunt in culpa qui officia deserunt mollit anim id est laborum.</p>'),('ar',4,'الشروط والأحكام',NULL,'<p>Lorem ipsum dolor sit amet, consectetur adipiscing elit. Sed do eiusmod tempor incididunt ut labore et dolore magna aliqua. Ut enim ad minim veniam, quis nostrud exercitation ullamco laboris nisi ut aliquip ex ea commodo consequat. Duis aute irure dolor in reprehenderit in voluptate velit esse cillum dolore eu fugiat nulla pariatur. Excepteur sint occaecat cupidatat non proident, sunt in culpa qui officia deserunt mollit anim id est laborum.</p><p>Lorem ipsum dolor sit amet, consectetur adipiscing elit. Sed do eiusmod tempor incididunt ut labore et dolore magna aliqua. Ut enim ad minim veniam, quis nostrud exercitation ullamco laboris nisi ut aliquip ex ea commodo consequat. Duis aute irure dolor in reprehenderit in voluptate velit esse cillum dolore eu fugiat nulla pariatur. Excepteur sint occaecat cupidatat non proident, sunt in culpa qui officia deserunt mollit anim id est laborum.</p><p>Lorem ipsum dolor sit amet, consectetur adipiscing elit. Sed do eiusmod tempor incididunt ut labore et dolore magna aliqua. Ut enim ad minim veniam, quis nostrud exercitation ullamco laboris nisi ut aliquip ex ea commodo consequat. Duis aute irure dolor in reprehenderit in voluptate velit esse cillum dolore eu fugiat nulla pariatur. Excepteur sint occaecat cupidatat non proident, sunt in culpa qui officia deserunt mollit anim id est laborum.</p><p>Lorem ipsum dolor sit amet, consectetur adipiscing elit. Sed do eiusmod tempor incididunt ut labore et dolore magna aliqua. Ut enim ad minim veniam, quis nostrud exercitation ullamco laboris nisi ut aliquip ex ea commodo consequat. Duis aute irure dolor in reprehenderit in voluptate velit esse cillum dolore eu fugiat nulla pariatur. Excepteur sint occaecat cupidatat non proident, sunt in culpa qui officia deserunt mollit anim id est laborum.</p>'),('ar',5,'سياسة الاسترجاع',NULL,'<p>Lorem ipsum dolor sit amet, consectetur adipiscing elit. Sed do eiusmod tempor incididunt ut labore et dolore magna aliqua. Ut enim ad minim veniam, quis nostrud exercitation ullamco laboris nisi ut aliquip ex ea commodo consequat. Duis aute irure dolor in reprehenderit in voluptate velit esse cillum dolore eu fugiat nulla pariatur. Excepteur sint occaecat cupidatat non proident, sunt in culpa qui officia deserunt mollit anim id est laborum.</p><p>Lorem ipsum dolor sit amet, consectetur adipiscing elit. Sed do eiusmod tempor incididunt ut labore et dolore magna aliqua. Ut enim ad minim veniam, quis nostrud exercitation ullamco laboris nisi ut aliquip ex ea commodo consequat. Duis aute irure dolor in reprehenderit in voluptate velit esse cillum dolore eu fugiat nulla pariatur. Excepteur sint occaecat cupidatat non proident, sunt in culpa qui officia deserunt mollit anim id est laborum.</p><p>Lorem ipsum dolor sit amet, consectetur adipiscing elit. Sed do eiusmod tempor incididunt ut labore et dolore magna aliqua. Ut enim ad minim veniam, quis nostrud exercitation ullamco laboris nisi ut aliquip ex ea commodo consequat. Duis aute irure dolor in reprehenderit in voluptate velit esse cillum dolore eu fugiat nulla pariatur. Excepteur sint occaecat cupidatat non proident, sunt in culpa qui officia deserunt mollit anim id est laborum.</p><p>Lorem ipsum dolor sit amet, consectetur adipiscing elit. Sed do eiusmod tempor incididunt ut labore et dolore magna aliqua. Ut enim ad minim veniam, quis nostrud exercitation ullamco laboris nisi ut aliquip ex ea commodo consequat. Duis aute irure dolor in reprehenderit in voluptate velit esse cillum dolore eu fugiat nulla pariatur. Excepteur sint occaecat cupidatat non proident, sunt in culpa qui officia deserunt mollit anim id est laborum.</p>'),('ar',6,'المدونة',NULL,'<p>---</p>'),('ar',7,'الأسئلة الشائعة',NULL,'<div>[faq title=\"Frequently Asked Questions\"][/faq]</div>'),('ar',8,'اتصل بنا',NULL,'<div>[google-map]502 New Street, Brighton VIC, Australia[/google-map]</div><div>[contact-info-boxes title=\"Contact Us For Any Questions\"][/contact-info-boxes]</div><div>[contact-form][/contact-form]</div>'),('ar',9,'سياسة ملفات تعريف الارتباط',NULL,'<h3>EU Cookie Consent</h3><p>To use this Website we are using Cookies and collecting some Data. To be compliant with the EU GDPR we give you to choose if you allow us to use certain Cookies and to collect some Data.</p><h4>Essential Data</h4><p>The Essential Data is needed to run the Site you are visiting technically. You can not deactivate them.</p><p>- Session Cookie: PHP uses a Cookie to identify user sessions. Without this Cookie the Website is not working.</p><p>- XSRF-Token Cookie: Laravel automatically generates a CSRF \"token\" for each active user session managed by the application. This token is used to verify that the authenticated user is the one actually making the requests to the application.</p>'),('ar',10,'الشركاء',NULL,'<p>Lorem ipsum dolor sit amet, consectetur adipiscing elit. Sed do eiusmod tempor incididunt ut labore et dolore magna aliqua. Ut enim ad minim veniam, quis nostrud exercitation ullamco laboris nisi ut aliquip ex ea commodo consequat. Duis aute irure dolor in reprehenderit in voluptate velit esse cillum dolore eu fugiat nulla pariatur. Excepteur sint occaecat cupidatat non proident, sunt in culpa qui officia deserunt mollit anim id est laborum.</p><p>Lorem ipsum dolor sit amet, consectetur adipiscing elit. Sed do eiusmod tempor incididunt ut labore et dolore magna aliqua. Ut enim ad minim veniam, quis nostrud exercitation ullamco laboris nisi ut aliquip ex ea commodo consequat. Duis aute irure dolor in reprehenderit in voluptate velit esse cillum dolore eu fugiat nulla pariatur. Excepteur sint occaecat cupidatat non proident, sunt in culpa qui officia deserunt mollit anim id est laborum.</p><p>Lorem ipsum dolor sit amet, consectetur adipiscing elit. Sed do eiusmod tempor incididunt ut labore et dolore magna aliqua. Ut enim ad minim veniam, quis nostrud exercitation ullamco laboris nisi ut aliquip ex ea commodo consequat. Duis aute irure dolor in reprehenderit in voluptate velit esse cillum dolore eu fugiat nulla pariatur. Excepteur sint occaecat cupidatat non proident, sunt in culpa qui officia deserunt mollit anim id est laborum.</p><p>Lorem ipsum dolor sit amet, consectetur adipiscing elit. Sed do eiusmod tempor incididunt ut labore et dolore magna aliqua. Ut enim ad minim veniam, quis nostrud exercitation ullamco laboris nisi ut aliquip ex ea commodo consequat. Duis aute irure dolor in reprehenderit in voluptate velit esse cillum dolore eu fugiat nulla pariatur. Excepteur sint occaecat cupidatat non proident, sunt in culpa qui officia deserunt mollit anim id est laborum.</p>'),('ar',11,'الوظائف',NULL,'<p>Lorem ipsum dolor sit amet, consectetur adipiscing elit. Sed do eiusmod tempor incididunt ut labore et dolore magna aliqua. Ut enim ad minim veniam, quis nostrud exercitation ullamco laboris nisi ut aliquip ex ea commodo consequat. Duis aute irure dolor in reprehenderit in voluptate velit esse cillum dolore eu fugiat nulla pariatur. Excepteur sint occaecat cupidatat non proident, sunt in culpa qui officia deserunt mollit anim id est laborum.</p><p>Lorem ipsum dolor sit amet, consectetur adipiscing elit. Sed do eiusmod tempor incididunt ut labore et dolore magna aliqua. Ut enim ad minim veniam, quis nostrud exercitation ullamco laboris nisi ut aliquip ex ea commodo consequat. Duis aute irure dolor in reprehenderit in voluptate velit esse cillum dolore eu fugiat nulla pariatur. Excepteur sint occaecat cupidatat non proident, sunt in culpa qui officia deserunt mollit anim id est laborum.</p><p>Lorem ipsum dolor sit amet, consectetur adipiscing elit. Sed do eiusmod tempor incididunt ut labore et dolore magna aliqua. Ut enim ad minim veniam, quis nostrud exercitation ullamco laboris nisi ut aliquip ex ea commodo consequat. Duis aute irure dolor in reprehenderit in voluptate velit esse cillum dolore eu fugiat nulla pariatur. Excepteur sint occaecat cupidatat non proident, sunt in culpa qui officia deserunt mollit anim id est laborum.</p><p>Lorem ipsum dolor sit amet, consectetur adipiscing elit. Sed do eiusmod tempor incididunt ut labore et dolore magna aliqua. Ut enim ad minim veniam, quis nostrud exercitation ullamco laboris nisi ut aliquip ex ea commodo consequat. Duis aute irure dolor in reprehenderit in voluptate velit esse cillum dolore eu fugiat nulla pariatur. Excepteur sint occaecat cupidatat non proident, sunt in culpa qui officia deserunt mollit anim id est laborum.</p>'),('ar',12,'قريباً',NULL,'<p>Condimentum ipsum a adipiscing hac dolor set consectetur urna commodo elit parturient <br/>molestie ut nisl partu convallier ullamcorpe.</p><div>[coming-soon time=\"2027-03-06 08:42:56\" image=\"general/coming-soon.jpg\"][/coming-soon]</div>'),('fr',1,'Accueil',NULL,'<div>[simple-slider key=\"home-slider-fr\" ads_1=\"VC2C8Q1UGCBG\" ads_2=\"NBDWRXTSVZ8N\"][/simple-slider]</div><div>[site-features icon1=\"icon-rocket\" title1=\"Livraison gratuite\" subtitle1=\"Pour toutes les commandes supérieures à 99 $\" icon2=\"icon-sync\" title2=\"Retour sous 90 jours\" subtitle2=\"Si les produits ont des problèmes\" icon3=\"icon-credit-card\" title3=\"Paiement sécurisé\" subtitle3=\"Paiement 100% sécurisé\" icon4=\"icon-bubbles\" title4=\"Support 24/7\" subtitle4=\"Support dédié\" icon5=\"icon-gift\" title5=\"Service cadeau\" subtitle5=\"Support service cadeau\" enable_lazy_loading=\"yes\"][/site-features]</div><div>[flash-sale title=\"Offre du jour\" flash_sale_id=\"1\" enable_lazy_loading=\"yes\"][/flash-sale]</div><div>[featured-product-categories title=\"Catégories principales\" enable_lazy_loading=\"yes\"][/featured-product-categories]</div><div>[theme-ads key_1=\"IZ6WU8KUALYD\" key_2=\"ILSFJVYFGCPZ\" key_3=\"ZDOZUZZIU7FT\" enable_lazy_loading=\"yes\"][/theme-ads]</div><div>[featured-products title=\"Produits en vedette\" enable_lazy_loading=\"yes\"][/featured-products]</div><div>[theme-ads key_1=\"Q9YDUIC9HSWS\" key_2=\"IZ6WU8KUALYE\" enable_lazy_loading=\"yes\"][/theme-ads]</div><div>[product-collections title=\"Produits exclusifs\" enable_lazy_loading=\"yes\"][/product-collections]</div><div>[product-category-products category_id=\"18\" enable_lazy_loading=\"yes\"][/product-category-products]</div>[testimonials title=\"Ce que disent nos clients\" subtitle=\"Avis des clients\" testimonial_ids=\"1,2,3,4\" enable_lazy_loading=\"yes\"][/testimonials]<div>[download-app title=\"Téléchargez l\'application Martfury maintenant !\" subtitle=\"Achetez rapidement et facilement avec notre application. Obtenez un lien pour télécharger l\'application sur votre téléphone.\" screenshot=\"general/app.png\" android_app_url=\"https://www.appstore.com\" ios_app_url=\"https://play.google.com/store\" enable_lazy_loading=\"yes\"][/download-app]</div><div>[product-category-products category_id=\"23\" enable_lazy_loading=\"yes\"][/product-category-products]</div><div>[newsletter-form title=\"Rejoignez notre newsletter maintenant\" subtitle=\"Abonnez-vous pour recevoir des informations sur les produits et les coupons\" enable_lazy_loading=\"yes\"][/newsletter-form]</div>'),('fr',2,'À propos',NULL,'<p>Lorem ipsum dolor sit amet, consectetur adipiscing elit. Sed do eiusmod tempor incididunt ut labore et dolore magna aliqua. Ut enim ad minim veniam, quis nostrud exercitation ullamco laboris nisi ut aliquip ex ea commodo consequat. Duis aute irure dolor in reprehenderit in voluptate velit esse cillum dolore eu fugiat nulla pariatur. Excepteur sint occaecat cupidatat non proident, sunt in culpa qui officia deserunt mollit anim id est laborum.</p><p>Lorem ipsum dolor sit amet, consectetur adipiscing elit. Sed do eiusmod tempor incididunt ut labore et dolore magna aliqua. Ut enim ad minim veniam, quis nostrud exercitation ullamco laboris nisi ut aliquip ex ea commodo consequat. Duis aute irure dolor in reprehenderit in voluptate velit esse cillum dolore eu fugiat nulla pariatur. Excepteur sint occaecat cupidatat non proident, sunt in culpa qui officia deserunt mollit anim id est laborum.</p><p>Lorem ipsum dolor sit amet, consectetur adipiscing elit. Sed do eiusmod tempor incididunt ut labore et dolore magna aliqua. Ut enim ad minim veniam, quis nostrud exercitation ullamco laboris nisi ut aliquip ex ea commodo consequat. Duis aute irure dolor in reprehenderit in voluptate velit esse cillum dolore eu fugiat nulla pariatur. Excepteur sint occaecat cupidatat non proident, sunt in culpa qui officia deserunt mollit anim id est laborum.</p><p>Lorem ipsum dolor sit amet, consectetur adipiscing elit. Sed do eiusmod tempor incididunt ut labore et dolore magna aliqua. Ut enim ad minim veniam, quis nostrud exercitation ullamco laboris nisi ut aliquip ex ea commodo consequat. Duis aute irure dolor in reprehenderit in voluptate velit esse cillum dolore eu fugiat nulla pariatur. Excepteur sint occaecat cupidatat non proident, sunt in culpa qui officia deserunt mollit anim id est laborum.</p>'),('fr',3,'Conditions d\'utilisation',NULL,'<p>Lorem ipsum dolor sit amet, consectetur adipiscing elit. Sed do eiusmod tempor incididunt ut labore et dolore magna aliqua. Ut enim ad minim veniam, quis nostrud exercitation ullamco laboris nisi ut aliquip ex ea commodo consequat. Duis aute irure dolor in reprehenderit in voluptate velit esse cillum dolore eu fugiat nulla pariatur. Excepteur sint occaecat cupidatat non proident, sunt in culpa qui officia deserunt mollit anim id est laborum.</p><p>Lorem ipsum dolor sit amet, consectetur adipiscing elit. Sed do eiusmod tempor incididunt ut labore et dolore magna aliqua. Ut enim ad minim veniam, quis nostrud exercitation ullamco laboris nisi ut aliquip ex ea commodo consequat. Duis aute irure dolor in reprehenderit in voluptate velit esse cillum dolore eu fugiat nulla pariatur. Excepteur sint occaecat cupidatat non proident, sunt in culpa qui officia deserunt mollit anim id est laborum.</p><p>Lorem ipsum dolor sit amet, consectetur adipiscing elit. Sed do eiusmod tempor incididunt ut labore et dolore magna aliqua. Ut enim ad minim veniam, quis nostrud exercitation ullamco laboris nisi ut aliquip ex ea commodo consequat. Duis aute irure dolor in reprehenderit in voluptate velit esse cillum dolore eu fugiat nulla pariatur. Excepteur sint occaecat cupidatat non proident, sunt in culpa qui officia deserunt mollit anim id est laborum.</p><p>Lorem ipsum dolor sit amet, consectetur adipiscing elit. Sed do eiusmod tempor incididunt ut labore et dolore magna aliqua. Ut enim ad minim veniam, quis nostrud exercitation ullamco laboris nisi ut aliquip ex ea commodo consequat. Duis aute irure dolor in reprehenderit in voluptate velit esse cillum dolore eu fugiat nulla pariatur. Excepteur sint occaecat cupidatat non proident, sunt in culpa qui officia deserunt mollit anim id est laborum.</p>'),('fr',4,'Termes et conditions',NULL,'<p>Lorem ipsum dolor sit amet, consectetur adipiscing elit. Sed do eiusmod tempor incididunt ut labore et dolore magna aliqua. Ut enim ad minim veniam, quis nostrud exercitation ullamco laboris nisi ut aliquip ex ea commodo consequat. Duis aute irure dolor in reprehenderit in voluptate velit esse cillum dolore eu fugiat nulla pariatur. Excepteur sint occaecat cupidatat non proident, sunt in culpa qui officia deserunt mollit anim id est laborum.</p><p>Lorem ipsum dolor sit amet, consectetur adipiscing elit. Sed do eiusmod tempor incididunt ut labore et dolore magna aliqua. Ut enim ad minim veniam, quis nostrud exercitation ullamco laboris nisi ut aliquip ex ea commodo consequat. Duis aute irure dolor in reprehenderit in voluptate velit esse cillum dolore eu fugiat nulla pariatur. Excepteur sint occaecat cupidatat non proident, sunt in culpa qui officia deserunt mollit anim id est laborum.</p><p>Lorem ipsum dolor sit amet, consectetur adipiscing elit. Sed do eiusmod tempor incididunt ut labore et dolore magna aliqua. Ut enim ad minim veniam, quis nostrud exercitation ullamco laboris nisi ut aliquip ex ea commodo consequat. Duis aute irure dolor in reprehenderit in voluptate velit esse cillum dolore eu fugiat nulla pariatur. Excepteur sint occaecat cupidatat non proident, sunt in culpa qui officia deserunt mollit anim id est laborum.</p><p>Lorem ipsum dolor sit amet, consectetur adipiscing elit. Sed do eiusmod tempor incididunt ut labore et dolore magna aliqua. Ut enim ad minim veniam, quis nostrud exercitation ullamco laboris nisi ut aliquip ex ea commodo consequat. Duis aute irure dolor in reprehenderit in voluptate velit esse cillum dolore eu fugiat nulla pariatur. Excepteur sint occaecat cupidatat non proident, sunt in culpa qui officia deserunt mollit anim id est laborum.</p>'),('fr',5,'Politique de remboursement',NULL,'<p>Lorem ipsum dolor sit amet, consectetur adipiscing elit. Sed do eiusmod tempor incididunt ut labore et dolore magna aliqua. Ut enim ad minim veniam, quis nostrud exercitation ullamco laboris nisi ut aliquip ex ea commodo consequat. Duis aute irure dolor in reprehenderit in voluptate velit esse cillum dolore eu fugiat nulla pariatur. Excepteur sint occaecat cupidatat non proident, sunt in culpa qui officia deserunt mollit anim id est laborum.</p><p>Lorem ipsum dolor sit amet, consectetur adipiscing elit. Sed do eiusmod tempor incididunt ut labore et dolore magna aliqua. Ut enim ad minim veniam, quis nostrud exercitation ullamco laboris nisi ut aliquip ex ea commodo consequat. Duis aute irure dolor in reprehenderit in voluptate velit esse cillum dolore eu fugiat nulla pariatur. Excepteur sint occaecat cupidatat non proident, sunt in culpa qui officia deserunt mollit anim id est laborum.</p><p>Lorem ipsum dolor sit amet, consectetur adipiscing elit. Sed do eiusmod tempor incididunt ut labore et dolore magna aliqua. Ut enim ad minim veniam, quis nostrud exercitation ullamco laboris nisi ut aliquip ex ea commodo consequat. Duis aute irure dolor in reprehenderit in voluptate velit esse cillum dolore eu fugiat nulla pariatur. Excepteur sint occaecat cupidatat non proident, sunt in culpa qui officia deserunt mollit anim id est laborum.</p><p>Lorem ipsum dolor sit amet, consectetur adipiscing elit. Sed do eiusmod tempor incididunt ut labore et dolore magna aliqua. Ut enim ad minim veniam, quis nostrud exercitation ullamco laboris nisi ut aliquip ex ea commodo consequat. Duis aute irure dolor in reprehenderit in voluptate velit esse cillum dolore eu fugiat nulla pariatur. Excepteur sint occaecat cupidatat non proident, sunt in culpa qui officia deserunt mollit anim id est laborum.</p>'),('fr',6,'Blog',NULL,'<p>---</p>'),('fr',7,'FAQ',NULL,'<div>[faq title=\"Frequently Asked Questions\"][/faq]</div>'),('fr',8,'Contact',NULL,'<div>[google-map]502 New Street, Brighton VIC, Australia[/google-map]</div><div>[contact-info-boxes title=\"Contact Us For Any Questions\"][/contact-info-boxes]</div><div>[contact-form][/contact-form]</div>'),('fr',9,'Politique des cookies',NULL,'<h3>EU Cookie Consent</h3><p>To use this Website we are using Cookies and collecting some Data. To be compliant with the EU GDPR we give you to choose if you allow us to use certain Cookies and to collect some Data.</p><h4>Essential Data</h4><p>The Essential Data is needed to run the Site you are visiting technically. You can not deactivate them.</p><p>- Session Cookie: PHP uses a Cookie to identify user sessions. Without this Cookie the Website is not working.</p><p>- XSRF-Token Cookie: Laravel automatically generates a CSRF \"token\" for each active user session managed by the application. This token is used to verify that the authenticated user is the one actually making the requests to the application.</p>'),('fr',10,'Affilié',NULL,'<p>Lorem ipsum dolor sit amet, consectetur adipiscing elit. Sed do eiusmod tempor incididunt ut labore et dolore magna aliqua. Ut enim ad minim veniam, quis nostrud exercitation ullamco laboris nisi ut aliquip ex ea commodo consequat. Duis aute irure dolor in reprehenderit in voluptate velit esse cillum dolore eu fugiat nulla pariatur. Excepteur sint occaecat cupidatat non proident, sunt in culpa qui officia deserunt mollit anim id est laborum.</p><p>Lorem ipsum dolor sit amet, consectetur adipiscing elit. Sed do eiusmod tempor incididunt ut labore et dolore magna aliqua. Ut enim ad minim veniam, quis nostrud exercitation ullamco laboris nisi ut aliquip ex ea commodo consequat. Duis aute irure dolor in reprehenderit in voluptate velit esse cillum dolore eu fugiat nulla pariatur. Excepteur sint occaecat cupidatat non proident, sunt in culpa qui officia deserunt mollit anim id est laborum.</p><p>Lorem ipsum dolor sit amet, consectetur adipiscing elit. Sed do eiusmod tempor incididunt ut labore et dolore magna aliqua. Ut enim ad minim veniam, quis nostrud exercitation ullamco laboris nisi ut aliquip ex ea commodo consequat. Duis aute irure dolor in reprehenderit in voluptate velit esse cillum dolore eu fugiat nulla pariatur. Excepteur sint occaecat cupidatat non proident, sunt in culpa qui officia deserunt mollit anim id est laborum.</p><p>Lorem ipsum dolor sit amet, consectetur adipiscing elit. Sed do eiusmod tempor incididunt ut labore et dolore magna aliqua. Ut enim ad minim veniam, quis nostrud exercitation ullamco laboris nisi ut aliquip ex ea commodo consequat. Duis aute irure dolor in reprehenderit in voluptate velit esse cillum dolore eu fugiat nulla pariatur. Excepteur sint occaecat cupidatat non proident, sunt in culpa qui officia deserunt mollit anim id est laborum.</p>'),('fr',11,'Carrière',NULL,'<p>Lorem ipsum dolor sit amet, consectetur adipiscing elit. Sed do eiusmod tempor incididunt ut labore et dolore magna aliqua. Ut enim ad minim veniam, quis nostrud exercitation ullamco laboris nisi ut aliquip ex ea commodo consequat. Duis aute irure dolor in reprehenderit in voluptate velit esse cillum dolore eu fugiat nulla pariatur. Excepteur sint occaecat cupidatat non proident, sunt in culpa qui officia deserunt mollit anim id est laborum.</p><p>Lorem ipsum dolor sit amet, consectetur adipiscing elit. Sed do eiusmod tempor incididunt ut labore et dolore magna aliqua. Ut enim ad minim veniam, quis nostrud exercitation ullamco laboris nisi ut aliquip ex ea commodo consequat. Duis aute irure dolor in reprehenderit in voluptate velit esse cillum dolore eu fugiat nulla pariatur. Excepteur sint occaecat cupidatat non proident, sunt in culpa qui officia deserunt mollit anim id est laborum.</p><p>Lorem ipsum dolor sit amet, consectetur adipiscing elit. Sed do eiusmod tempor incididunt ut labore et dolore magna aliqua. Ut enim ad minim veniam, quis nostrud exercitation ullamco laboris nisi ut aliquip ex ea commodo consequat. Duis aute irure dolor in reprehenderit in voluptate velit esse cillum dolore eu fugiat nulla pariatur. Excepteur sint occaecat cupidatat non proident, sunt in culpa qui officia deserunt mollit anim id est laborum.</p><p>Lorem ipsum dolor sit amet, consectetur adipiscing elit. Sed do eiusmod tempor incididunt ut labore et dolore magna aliqua. Ut enim ad minim veniam, quis nostrud exercitation ullamco laboris nisi ut aliquip ex ea commodo consequat. Duis aute irure dolor in reprehenderit in voluptate velit esse cillum dolore eu fugiat nulla pariatur. Excepteur sint occaecat cupidatat non proident, sunt in culpa qui officia deserunt mollit anim id est laborum.</p>'),('fr',12,'Bientôt disponible',NULL,'<p>Condimentum ipsum a adipiscing hac dolor set consectetur urna commodo elit parturient <br/>molestie ut nisl partu convallier ullamcorpe.</p><div>[coming-soon time=\"2027-03-06 08:42:56\" image=\"general/coming-soon.jpg\"][/coming-soon]</div>'),('id',1,'Beranda',NULL,'<div>[simple-slider key=\"home-slider-id\" ads_1=\"VC2C8Q1UGCBG\" ads_2=\"NBDWRXTSVZ8N\"][/simple-slider]</div><div>[site-features icon1=\"icon-rocket\" title1=\"Pengiriman gratis\" subtitle1=\"Untuk semua pesanan di atas $99\" icon2=\"icon-sync\" title2=\"Pengembalian 90 hari\" subtitle2=\"Jika barang bermasalah\" icon3=\"icon-credit-card\" title3=\"Pembayaran aman\" subtitle3=\"Pembayaran 100% aman\" icon4=\"icon-bubbles\" title4=\"Dukungan 24/7\" subtitle4=\"Dukungan khusus\" icon5=\"icon-gift\" title5=\"Layanan hadiah\" subtitle5=\"Dukungan layanan hadiah\" enable_lazy_loading=\"yes\"][/site-features]</div><div>[flash-sale title=\"Penawaran hari ini\" flash_sale_id=\"1\" enable_lazy_loading=\"yes\"][/flash-sale]</div><div>[featured-product-categories title=\"Kategori teratas\" enable_lazy_loading=\"yes\"][/featured-product-categories]</div><div>[theme-ads key_1=\"IZ6WU8KUALYD\" key_2=\"ILSFJVYFGCPZ\" key_3=\"ZDOZUZZIU7FT\" enable_lazy_loading=\"yes\"][/theme-ads]</div><div>[featured-products title=\"Produk unggulan\" enable_lazy_loading=\"yes\"][/featured-products]</div><div>[theme-ads key_1=\"Q9YDUIC9HSWS\" key_2=\"IZ6WU8KUALYE\" enable_lazy_loading=\"yes\"][/theme-ads]</div><div>[product-collections title=\"Produk eksklusif\" enable_lazy_loading=\"yes\"][/product-collections]</div><div>[product-category-products category_id=\"18\" enable_lazy_loading=\"yes\"][/product-category-products]</div>[testimonials title=\"Apa kata klien kami\" subtitle=\"Ulasan pelanggan\" testimonial_ids=\"1,2,3,4\" enable_lazy_loading=\"yes\"][/testimonials]<div>[download-app title=\"Unduh aplikasi Martfury sekarang!\" subtitle=\"Berbelanja dengan cepat dan mudah dengan aplikasi kami. Dapatkan tautan untuk mengunduh aplikasi di ponsel Anda.\" screenshot=\"general/app.png\" android_app_url=\"https://www.appstore.com\" ios_app_url=\"https://play.google.com/store\" enable_lazy_loading=\"yes\"][/download-app]</div><div>[product-category-products category_id=\"23\" enable_lazy_loading=\"yes\"][/product-category-products]</div><div>[newsletter-form title=\"Bergabunglah dengan buletin kami sekarang\" subtitle=\"Berlangganan untuk mendapatkan informasi tentang produk dan kupon\" enable_lazy_loading=\"yes\"][/newsletter-form]</div>'),('id',2,'Tentang kami',NULL,'<p>Lorem ipsum dolor sit amet, consectetur adipiscing elit. Sed do eiusmod tempor incididunt ut labore et dolore magna aliqua. Ut enim ad minim veniam, quis nostrud exercitation ullamco laboris nisi ut aliquip ex ea commodo consequat. Duis aute irure dolor in reprehenderit in voluptate velit esse cillum dolore eu fugiat nulla pariatur. Excepteur sint occaecat cupidatat non proident, sunt in culpa qui officia deserunt mollit anim id est laborum.</p><p>Lorem ipsum dolor sit amet, consectetur adipiscing elit. Sed do eiusmod tempor incididunt ut labore et dolore magna aliqua. Ut enim ad minim veniam, quis nostrud exercitation ullamco laboris nisi ut aliquip ex ea commodo consequat. Duis aute irure dolor in reprehenderit in voluptate velit esse cillum dolore eu fugiat nulla pariatur. Excepteur sint occaecat cupidatat non proident, sunt in culpa qui officia deserunt mollit anim id est laborum.</p><p>Lorem ipsum dolor sit amet, consectetur adipiscing elit. Sed do eiusmod tempor incididunt ut labore et dolore magna aliqua. Ut enim ad minim veniam, quis nostrud exercitation ullamco laboris nisi ut aliquip ex ea commodo consequat. Duis aute irure dolor in reprehenderit in voluptate velit esse cillum dolore eu fugiat nulla pariatur. Excepteur sint occaecat cupidatat non proident, sunt in culpa qui officia deserunt mollit anim id est laborum.</p><p>Lorem ipsum dolor sit amet, consectetur adipiscing elit. Sed do eiusmod tempor incididunt ut labore et dolore magna aliqua. Ut enim ad minim veniam, quis nostrud exercitation ullamco laboris nisi ut aliquip ex ea commodo consequat. Duis aute irure dolor in reprehenderit in voluptate velit esse cillum dolore eu fugiat nulla pariatur. Excepteur sint occaecat cupidatat non proident, sunt in culpa qui officia deserunt mollit anim id est laborum.</p>'),('id',3,'Syarat penggunaan',NULL,'<p>Lorem ipsum dolor sit amet, consectetur adipiscing elit. Sed do eiusmod tempor incididunt ut labore et dolore magna aliqua. Ut enim ad minim veniam, quis nostrud exercitation ullamco laboris nisi ut aliquip ex ea commodo consequat. Duis aute irure dolor in reprehenderit in voluptate velit esse cillum dolore eu fugiat nulla pariatur. Excepteur sint occaecat cupidatat non proident, sunt in culpa qui officia deserunt mollit anim id est laborum.</p><p>Lorem ipsum dolor sit amet, consectetur adipiscing elit. Sed do eiusmod tempor incididunt ut labore et dolore magna aliqua. Ut enim ad minim veniam, quis nostrud exercitation ullamco laboris nisi ut aliquip ex ea commodo consequat. Duis aute irure dolor in reprehenderit in voluptate velit esse cillum dolore eu fugiat nulla pariatur. Excepteur sint occaecat cupidatat non proident, sunt in culpa qui officia deserunt mollit anim id est laborum.</p><p>Lorem ipsum dolor sit amet, consectetur adipiscing elit. Sed do eiusmod tempor incididunt ut labore et dolore magna aliqua. Ut enim ad minim veniam, quis nostrud exercitation ullamco laboris nisi ut aliquip ex ea commodo consequat. Duis aute irure dolor in reprehenderit in voluptate velit esse cillum dolore eu fugiat nulla pariatur. Excepteur sint occaecat cupidatat non proident, sunt in culpa qui officia deserunt mollit anim id est laborum.</p><p>Lorem ipsum dolor sit amet, consectetur adipiscing elit. Sed do eiusmod tempor incididunt ut labore et dolore magna aliqua. Ut enim ad minim veniam, quis nostrud exercitation ullamco laboris nisi ut aliquip ex ea commodo consequat. Duis aute irure dolor in reprehenderit in voluptate velit esse cillum dolore eu fugiat nulla pariatur. Excepteur sint occaecat cupidatat non proident, sunt in culpa qui officia deserunt mollit anim id est laborum.</p>'),('id',4,'Syarat dan ketentuan',NULL,'<p>Lorem ipsum dolor sit amet, consectetur adipiscing elit. Sed do eiusmod tempor incididunt ut labore et dolore magna aliqua. Ut enim ad minim veniam, quis nostrud exercitation ullamco laboris nisi ut aliquip ex ea commodo consequat. Duis aute irure dolor in reprehenderit in voluptate velit esse cillum dolore eu fugiat nulla pariatur. Excepteur sint occaecat cupidatat non proident, sunt in culpa qui officia deserunt mollit anim id est laborum.</p><p>Lorem ipsum dolor sit amet, consectetur adipiscing elit. Sed do eiusmod tempor incididunt ut labore et dolore magna aliqua. Ut enim ad minim veniam, quis nostrud exercitation ullamco laboris nisi ut aliquip ex ea commodo consequat. Duis aute irure dolor in reprehenderit in voluptate velit esse cillum dolore eu fugiat nulla pariatur. Excepteur sint occaecat cupidatat non proident, sunt in culpa qui officia deserunt mollit anim id est laborum.</p><p>Lorem ipsum dolor sit amet, consectetur adipiscing elit. Sed do eiusmod tempor incididunt ut labore et dolore magna aliqua. Ut enim ad minim veniam, quis nostrud exercitation ullamco laboris nisi ut aliquip ex ea commodo consequat. Duis aute irure dolor in reprehenderit in voluptate velit esse cillum dolore eu fugiat nulla pariatur. Excepteur sint occaecat cupidatat non proident, sunt in culpa qui officia deserunt mollit anim id est laborum.</p><p>Lorem ipsum dolor sit amet, consectetur adipiscing elit. Sed do eiusmod tempor incididunt ut labore et dolore magna aliqua. Ut enim ad minim veniam, quis nostrud exercitation ullamco laboris nisi ut aliquip ex ea commodo consequat. Duis aute irure dolor in reprehenderit in voluptate velit esse cillum dolore eu fugiat nulla pariatur. Excepteur sint occaecat cupidatat non proident, sunt in culpa qui officia deserunt mollit anim id est laborum.</p>'),('id',5,'Kebijakan pengembalian dana',NULL,'<p>Lorem ipsum dolor sit amet, consectetur adipiscing elit. Sed do eiusmod tempor incididunt ut labore et dolore magna aliqua. Ut enim ad minim veniam, quis nostrud exercitation ullamco laboris nisi ut aliquip ex ea commodo consequat. Duis aute irure dolor in reprehenderit in voluptate velit esse cillum dolore eu fugiat nulla pariatur. Excepteur sint occaecat cupidatat non proident, sunt in culpa qui officia deserunt mollit anim id est laborum.</p><p>Lorem ipsum dolor sit amet, consectetur adipiscing elit. Sed do eiusmod tempor incididunt ut labore et dolore magna aliqua. Ut enim ad minim veniam, quis nostrud exercitation ullamco laboris nisi ut aliquip ex ea commodo consequat. Duis aute irure dolor in reprehenderit in voluptate velit esse cillum dolore eu fugiat nulla pariatur. Excepteur sint occaecat cupidatat non proident, sunt in culpa qui officia deserunt mollit anim id est laborum.</p><p>Lorem ipsum dolor sit amet, consectetur adipiscing elit. Sed do eiusmod tempor incididunt ut labore et dolore magna aliqua. Ut enim ad minim veniam, quis nostrud exercitation ullamco laboris nisi ut aliquip ex ea commodo consequat. Duis aute irure dolor in reprehenderit in voluptate velit esse cillum dolore eu fugiat nulla pariatur. Excepteur sint occaecat cupidatat non proident, sunt in culpa qui officia deserunt mollit anim id est laborum.</p><p>Lorem ipsum dolor sit amet, consectetur adipiscing elit. Sed do eiusmod tempor incididunt ut labore et dolore magna aliqua. Ut enim ad minim veniam, quis nostrud exercitation ullamco laboris nisi ut aliquip ex ea commodo consequat. Duis aute irure dolor in reprehenderit in voluptate velit esse cillum dolore eu fugiat nulla pariatur. Excepteur sint occaecat cupidatat non proident, sunt in culpa qui officia deserunt mollit anim id est laborum.</p>'),('id',6,'Blog',NULL,'<p>---</p>'),('id',7,'FAQ',NULL,'<div>[faq title=\"Frequently Asked Questions\"][/faq]</div>'),('id',8,'Kontak',NULL,'<div>[google-map]502 New Street, Brighton VIC, Australia[/google-map]</div><div>[contact-info-boxes title=\"Contact Us For Any Questions\"][/contact-info-boxes]</div><div>[contact-form][/contact-form]</div>'),('id',9,'Kebijakan cookie',NULL,'<h3>EU Cookie Consent</h3><p>To use this Website we are using Cookies and collecting some Data. To be compliant with the EU GDPR we give you to choose if you allow us to use certain Cookies and to collect some Data.</p><h4>Essential Data</h4><p>The Essential Data is needed to run the Site you are visiting technically. You can not deactivate them.</p><p>- Session Cookie: PHP uses a Cookie to identify user sessions. Without this Cookie the Website is not working.</p><p>- XSRF-Token Cookie: Laravel automatically generates a CSRF \"token\" for each active user session managed by the application. This token is used to verify that the authenticated user is the one actually making the requests to the application.</p>'),('id',10,'Afiliasi',NULL,'<p>Lorem ipsum dolor sit amet, consectetur adipiscing elit. Sed do eiusmod tempor incididunt ut labore et dolore magna aliqua. Ut enim ad minim veniam, quis nostrud exercitation ullamco laboris nisi ut aliquip ex ea commodo consequat. Duis aute irure dolor in reprehenderit in voluptate velit esse cillum dolore eu fugiat nulla pariatur. Excepteur sint occaecat cupidatat non proident, sunt in culpa qui officia deserunt mollit anim id est laborum.</p><p>Lorem ipsum dolor sit amet, consectetur adipiscing elit. Sed do eiusmod tempor incididunt ut labore et dolore magna aliqua. Ut enim ad minim veniam, quis nostrud exercitation ullamco laboris nisi ut aliquip ex ea commodo consequat. Duis aute irure dolor in reprehenderit in voluptate velit esse cillum dolore eu fugiat nulla pariatur. Excepteur sint occaecat cupidatat non proident, sunt in culpa qui officia deserunt mollit anim id est laborum.</p><p>Lorem ipsum dolor sit amet, consectetur adipiscing elit. Sed do eiusmod tempor incididunt ut labore et dolore magna aliqua. Ut enim ad minim veniam, quis nostrud exercitation ullamco laboris nisi ut aliquip ex ea commodo consequat. Duis aute irure dolor in reprehenderit in voluptate velit esse cillum dolore eu fugiat nulla pariatur. Excepteur sint occaecat cupidatat non proident, sunt in culpa qui officia deserunt mollit anim id est laborum.</p><p>Lorem ipsum dolor sit amet, consectetur adipiscing elit. Sed do eiusmod tempor incididunt ut labore et dolore magna aliqua. Ut enim ad minim veniam, quis nostrud exercitation ullamco laboris nisi ut aliquip ex ea commodo consequat. Duis aute irure dolor in reprehenderit in voluptate velit esse cillum dolore eu fugiat nulla pariatur. Excepteur sint occaecat cupidatat non proident, sunt in culpa qui officia deserunt mollit anim id est laborum.</p>'),('id',11,'Karir',NULL,'<p>Lorem ipsum dolor sit amet, consectetur adipiscing elit. Sed do eiusmod tempor incididunt ut labore et dolore magna aliqua. Ut enim ad minim veniam, quis nostrud exercitation ullamco laboris nisi ut aliquip ex ea commodo consequat. Duis aute irure dolor in reprehenderit in voluptate velit esse cillum dolore eu fugiat nulla pariatur. Excepteur sint occaecat cupidatat non proident, sunt in culpa qui officia deserunt mollit anim id est laborum.</p><p>Lorem ipsum dolor sit amet, consectetur adipiscing elit. Sed do eiusmod tempor incididunt ut labore et dolore magna aliqua. Ut enim ad minim veniam, quis nostrud exercitation ullamco laboris nisi ut aliquip ex ea commodo consequat. Duis aute irure dolor in reprehenderit in voluptate velit esse cillum dolore eu fugiat nulla pariatur. Excepteur sint occaecat cupidatat non proident, sunt in culpa qui officia deserunt mollit anim id est laborum.</p><p>Lorem ipsum dolor sit amet, consectetur adipiscing elit. Sed do eiusmod tempor incididunt ut labore et dolore magna aliqua. Ut enim ad minim veniam, quis nostrud exercitation ullamco laboris nisi ut aliquip ex ea commodo consequat. Duis aute irure dolor in reprehenderit in voluptate velit esse cillum dolore eu fugiat nulla pariatur. Excepteur sint occaecat cupidatat non proident, sunt in culpa qui officia deserunt mollit anim id est laborum.</p><p>Lorem ipsum dolor sit amet, consectetur adipiscing elit. Sed do eiusmod tempor incididunt ut labore et dolore magna aliqua. Ut enim ad minim veniam, quis nostrud exercitation ullamco laboris nisi ut aliquip ex ea commodo consequat. Duis aute irure dolor in reprehenderit in voluptate velit esse cillum dolore eu fugiat nulla pariatur. Excepteur sint occaecat cupidatat non proident, sunt in culpa qui officia deserunt mollit anim id est laborum.</p>'),('id',12,'Segera hadir',NULL,'<p>Condimentum ipsum a adipiscing hac dolor set consectetur urna commodo elit parturient <br/>molestie ut nisl partu convallier ullamcorpe.</p><div>[coming-soon time=\"2027-03-06 08:42:56\" image=\"general/coming-soon.jpg\"][/coming-soon]</div>'),('tr',1,'Ana Sayfa',NULL,'<div>[simple-slider key=\"home-slider-tr\" ads_1=\"VC2C8Q1UGCBG\" ads_2=\"NBDWRXTSVZ8N\"][/simple-slider]</div><div>[site-features icon1=\"icon-rocket\" title1=\"Ücretsiz teslimat\" subtitle1=\"99 $\'ın üzerindeki tüm siparişler için\" icon2=\"icon-sync\" title2=\"90 gün iade\" subtitle2=\"Ürünlerde sorun varsa\" icon3=\"icon-credit-card\" title3=\"Güvenli ödeme\" subtitle3=\"%100 güvenli ödeme\" icon4=\"icon-bubbles\" title4=\"7/24 destek\" subtitle4=\"Özel destek\" icon5=\"icon-gift\" title5=\"Hediye hizmeti\" subtitle5=\"Hediye hizmeti desteği\" enable_lazy_loading=\"yes\"][/site-features]</div><div>[flash-sale title=\"Günün fırsatı\" flash_sale_id=\"1\" enable_lazy_loading=\"yes\"][/flash-sale]</div><div>[featured-product-categories title=\"En iyi kategoriler\" enable_lazy_loading=\"yes\"][/featured-product-categories]</div><div>[theme-ads key_1=\"IZ6WU8KUALYD\" key_2=\"ILSFJVYFGCPZ\" key_3=\"ZDOZUZZIU7FT\" enable_lazy_loading=\"yes\"][/theme-ads]</div><div>[featured-products title=\"Öne çıkan ürünler\" enable_lazy_loading=\"yes\"][/featured-products]</div><div>[theme-ads key_1=\"Q9YDUIC9HSWS\" key_2=\"IZ6WU8KUALYE\" enable_lazy_loading=\"yes\"][/theme-ads]</div><div>[product-collections title=\"Özel ürünler\" enable_lazy_loading=\"yes\"][/product-collections]</div><div>[product-category-products category_id=\"18\" enable_lazy_loading=\"yes\"][/product-category-products]</div>[testimonials title=\"Müşterilerimiz ne diyor\" subtitle=\"Müşteri yorumları\" testimonial_ids=\"1,2,3,4\" enable_lazy_loading=\"yes\"][/testimonials]<div>[download-app title=\"Martfury uygulamasını şimdi indirin!\" subtitle=\"Uygulamamızla daha hızlı ve kolay alışveriş yapın. Uygulamayı telefonunuza indirmek için bir bağlantı alın.\" screenshot=\"general/app.png\" android_app_url=\"https://www.appstore.com\" ios_app_url=\"https://play.google.com/store\" enable_lazy_loading=\"yes\"][/download-app]</div><div>[product-category-products category_id=\"23\" enable_lazy_loading=\"yes\"][/product-category-products]</div><div>[newsletter-form title=\"Bültenimize şimdi katılın\" subtitle=\"Ürünler ve kuponlar hakkında bilgi almak için abone olun\" enable_lazy_loading=\"yes\"][/newsletter-form]</div>'),('tr',2,'Hakkımızda',NULL,'<p>Lorem ipsum dolor sit amet, consectetur adipiscing elit. Sed do eiusmod tempor incididunt ut labore et dolore magna aliqua. Ut enim ad minim veniam, quis nostrud exercitation ullamco laboris nisi ut aliquip ex ea commodo consequat. Duis aute irure dolor in reprehenderit in voluptate velit esse cillum dolore eu fugiat nulla pariatur. Excepteur sint occaecat cupidatat non proident, sunt in culpa qui officia deserunt mollit anim id est laborum.</p><p>Lorem ipsum dolor sit amet, consectetur adipiscing elit. Sed do eiusmod tempor incididunt ut labore et dolore magna aliqua. Ut enim ad minim veniam, quis nostrud exercitation ullamco laboris nisi ut aliquip ex ea commodo consequat. Duis aute irure dolor in reprehenderit in voluptate velit esse cillum dolore eu fugiat nulla pariatur. Excepteur sint occaecat cupidatat non proident, sunt in culpa qui officia deserunt mollit anim id est laborum.</p><p>Lorem ipsum dolor sit amet, consectetur adipiscing elit. Sed do eiusmod tempor incididunt ut labore et dolore magna aliqua. Ut enim ad minim veniam, quis nostrud exercitation ullamco laboris nisi ut aliquip ex ea commodo consequat. Duis aute irure dolor in reprehenderit in voluptate velit esse cillum dolore eu fugiat nulla pariatur. Excepteur sint occaecat cupidatat non proident, sunt in culpa qui officia deserunt mollit anim id est laborum.</p><p>Lorem ipsum dolor sit amet, consectetur adipiscing elit. Sed do eiusmod tempor incididunt ut labore et dolore magna aliqua. Ut enim ad minim veniam, quis nostrud exercitation ullamco laboris nisi ut aliquip ex ea commodo consequat. Duis aute irure dolor in reprehenderit in voluptate velit esse cillum dolore eu fugiat nulla pariatur. Excepteur sint occaecat cupidatat non proident, sunt in culpa qui officia deserunt mollit anim id est laborum.</p>'),('tr',3,'Kullanım Şartları',NULL,'<p>Lorem ipsum dolor sit amet, consectetur adipiscing elit. Sed do eiusmod tempor incididunt ut labore et dolore magna aliqua. Ut enim ad minim veniam, quis nostrud exercitation ullamco laboris nisi ut aliquip ex ea commodo consequat. Duis aute irure dolor in reprehenderit in voluptate velit esse cillum dolore eu fugiat nulla pariatur. Excepteur sint occaecat cupidatat non proident, sunt in culpa qui officia deserunt mollit anim id est laborum.</p><p>Lorem ipsum dolor sit amet, consectetur adipiscing elit. Sed do eiusmod tempor incididunt ut labore et dolore magna aliqua. Ut enim ad minim veniam, quis nostrud exercitation ullamco laboris nisi ut aliquip ex ea commodo consequat. Duis aute irure dolor in reprehenderit in voluptate velit esse cillum dolore eu fugiat nulla pariatur. Excepteur sint occaecat cupidatat non proident, sunt in culpa qui officia deserunt mollit anim id est laborum.</p><p>Lorem ipsum dolor sit amet, consectetur adipiscing elit. Sed do eiusmod tempor incididunt ut labore et dolore magna aliqua. Ut enim ad minim veniam, quis nostrud exercitation ullamco laboris nisi ut aliquip ex ea commodo consequat. Duis aute irure dolor in reprehenderit in voluptate velit esse cillum dolore eu fugiat nulla pariatur. Excepteur sint occaecat cupidatat non proident, sunt in culpa qui officia deserunt mollit anim id est laborum.</p><p>Lorem ipsum dolor sit amet, consectetur adipiscing elit. Sed do eiusmod tempor incididunt ut labore et dolore magna aliqua. Ut enim ad minim veniam, quis nostrud exercitation ullamco laboris nisi ut aliquip ex ea commodo consequat. Duis aute irure dolor in reprehenderit in voluptate velit esse cillum dolore eu fugiat nulla pariatur. Excepteur sint occaecat cupidatat non proident, sunt in culpa qui officia deserunt mollit anim id est laborum.</p>'),('tr',4,'Şartlar ve Koşullar',NULL,'<p>Lorem ipsum dolor sit amet, consectetur adipiscing elit. Sed do eiusmod tempor incididunt ut labore et dolore magna aliqua. Ut enim ad minim veniam, quis nostrud exercitation ullamco laboris nisi ut aliquip ex ea commodo consequat. Duis aute irure dolor in reprehenderit in voluptate velit esse cillum dolore eu fugiat nulla pariatur. Excepteur sint occaecat cupidatat non proident, sunt in culpa qui officia deserunt mollit anim id est laborum.</p><p>Lorem ipsum dolor sit amet, consectetur adipiscing elit. Sed do eiusmod tempor incididunt ut labore et dolore magna aliqua. Ut enim ad minim veniam, quis nostrud exercitation ullamco laboris nisi ut aliquip ex ea commodo consequat. Duis aute irure dolor in reprehenderit in voluptate velit esse cillum dolore eu fugiat nulla pariatur. Excepteur sint occaecat cupidatat non proident, sunt in culpa qui officia deserunt mollit anim id est laborum.</p><p>Lorem ipsum dolor sit amet, consectetur adipiscing elit. Sed do eiusmod tempor incididunt ut labore et dolore magna aliqua. Ut enim ad minim veniam, quis nostrud exercitation ullamco laboris nisi ut aliquip ex ea commodo consequat. Duis aute irure dolor in reprehenderit in voluptate velit esse cillum dolore eu fugiat nulla pariatur. Excepteur sint occaecat cupidatat non proident, sunt in culpa qui officia deserunt mollit anim id est laborum.</p><p>Lorem ipsum dolor sit amet, consectetur adipiscing elit. Sed do eiusmod tempor incididunt ut labore et dolore magna aliqua. Ut enim ad minim veniam, quis nostrud exercitation ullamco laboris nisi ut aliquip ex ea commodo consequat. Duis aute irure dolor in reprehenderit in voluptate velit esse cillum dolore eu fugiat nulla pariatur. Excepteur sint occaecat cupidatat non proident, sunt in culpa qui officia deserunt mollit anim id est laborum.</p>'),('tr',5,'İade Politikası',NULL,'<p>Lorem ipsum dolor sit amet, consectetur adipiscing elit. Sed do eiusmod tempor incididunt ut labore et dolore magna aliqua. Ut enim ad minim veniam, quis nostrud exercitation ullamco laboris nisi ut aliquip ex ea commodo consequat. Duis aute irure dolor in reprehenderit in voluptate velit esse cillum dolore eu fugiat nulla pariatur. Excepteur sint occaecat cupidatat non proident, sunt in culpa qui officia deserunt mollit anim id est laborum.</p><p>Lorem ipsum dolor sit amet, consectetur adipiscing elit. Sed do eiusmod tempor incididunt ut labore et dolore magna aliqua. Ut enim ad minim veniam, quis nostrud exercitation ullamco laboris nisi ut aliquip ex ea commodo consequat. Duis aute irure dolor in reprehenderit in voluptate velit esse cillum dolore eu fugiat nulla pariatur. Excepteur sint occaecat cupidatat non proident, sunt in culpa qui officia deserunt mollit anim id est laborum.</p><p>Lorem ipsum dolor sit amet, consectetur adipiscing elit. Sed do eiusmod tempor incididunt ut labore et dolore magna aliqua. Ut enim ad minim veniam, quis nostrud exercitation ullamco laboris nisi ut aliquip ex ea commodo consequat. Duis aute irure dolor in reprehenderit in voluptate velit esse cillum dolore eu fugiat nulla pariatur. Excepteur sint occaecat cupidatat non proident, sunt in culpa qui officia deserunt mollit anim id est laborum.</p><p>Lorem ipsum dolor sit amet, consectetur adipiscing elit. Sed do eiusmod tempor incididunt ut labore et dolore magna aliqua. Ut enim ad minim veniam, quis nostrud exercitation ullamco laboris nisi ut aliquip ex ea commodo consequat. Duis aute irure dolor in reprehenderit in voluptate velit esse cillum dolore eu fugiat nulla pariatur. Excepteur sint occaecat cupidatat non proident, sunt in culpa qui officia deserunt mollit anim id est laborum.</p>'),('tr',6,'Blog',NULL,'<p>---</p>'),('tr',7,'SSS',NULL,'<div>[faq title=\"Frequently Asked Questions\"][/faq]</div>'),('tr',8,'İletişim',NULL,'<div>[google-map]502 New Street, Brighton VIC, Australia[/google-map]</div><div>[contact-info-boxes title=\"Contact Us For Any Questions\"][/contact-info-boxes]</div><div>[contact-form][/contact-form]</div>'),('tr',9,'Çerez Politikası',NULL,'<h3>EU Cookie Consent</h3><p>To use this Website we are using Cookies and collecting some Data. To be compliant with the EU GDPR we give you to choose if you allow us to use certain Cookies and to collect some Data.</p><h4>Essential Data</h4><p>The Essential Data is needed to run the Site you are visiting technically. You can not deactivate them.</p><p>- Session Cookie: PHP uses a Cookie to identify user sessions. Without this Cookie the Website is not working.</p><p>- XSRF-Token Cookie: Laravel automatically generates a CSRF \"token\" for each active user session managed by the application. This token is used to verify that the authenticated user is the one actually making the requests to the application.</p>'),('tr',10,'İş Ortakları',NULL,'<p>Lorem ipsum dolor sit amet, consectetur adipiscing elit. Sed do eiusmod tempor incididunt ut labore et dolore magna aliqua. Ut enim ad minim veniam, quis nostrud exercitation ullamco laboris nisi ut aliquip ex ea commodo consequat. Duis aute irure dolor in reprehenderit in voluptate velit esse cillum dolore eu fugiat nulla pariatur. Excepteur sint occaecat cupidatat non proident, sunt in culpa qui officia deserunt mollit anim id est laborum.</p><p>Lorem ipsum dolor sit amet, consectetur adipiscing elit. Sed do eiusmod tempor incididunt ut labore et dolore magna aliqua. Ut enim ad minim veniam, quis nostrud exercitation ullamco laboris nisi ut aliquip ex ea commodo consequat. Duis aute irure dolor in reprehenderit in voluptate velit esse cillum dolore eu fugiat nulla pariatur. Excepteur sint occaecat cupidatat non proident, sunt in culpa qui officia deserunt mollit anim id est laborum.</p><p>Lorem ipsum dolor sit amet, consectetur adipiscing elit. Sed do eiusmod tempor incididunt ut labore et dolore magna aliqua. Ut enim ad minim veniam, quis nostrud exercitation ullamco laboris nisi ut aliquip ex ea commodo consequat. Duis aute irure dolor in reprehenderit in voluptate velit esse cillum dolore eu fugiat nulla pariatur. Excepteur sint occaecat cupidatat non proident, sunt in culpa qui officia deserunt mollit anim id est laborum.</p><p>Lorem ipsum dolor sit amet, consectetur adipiscing elit. Sed do eiusmod tempor incididunt ut labore et dolore magna aliqua. Ut enim ad minim veniam, quis nostrud exercitation ullamco laboris nisi ut aliquip ex ea commodo consequat. Duis aute irure dolor in reprehenderit in voluptate velit esse cillum dolore eu fugiat nulla pariatur. Excepteur sint occaecat cupidatat non proident, sunt in culpa qui officia deserunt mollit anim id est laborum.</p>'),('tr',11,'Kariyer',NULL,'<p>Lorem ipsum dolor sit amet, consectetur adipiscing elit. Sed do eiusmod tempor incididunt ut labore et dolore magna aliqua. Ut enim ad minim veniam, quis nostrud exercitation ullamco laboris nisi ut aliquip ex ea commodo consequat. Duis aute irure dolor in reprehenderit in voluptate velit esse cillum dolore eu fugiat nulla pariatur. Excepteur sint occaecat cupidatat non proident, sunt in culpa qui officia deserunt mollit anim id est laborum.</p><p>Lorem ipsum dolor sit amet, consectetur adipiscing elit. Sed do eiusmod tempor incididunt ut labore et dolore magna aliqua. Ut enim ad minim veniam, quis nostrud exercitation ullamco laboris nisi ut aliquip ex ea commodo consequat. Duis aute irure dolor in reprehenderit in voluptate velit esse cillum dolore eu fugiat nulla pariatur. Excepteur sint occaecat cupidatat non proident, sunt in culpa qui officia deserunt mollit anim id est laborum.</p><p>Lorem ipsum dolor sit amet, consectetur adipiscing elit. Sed do eiusmod tempor incididunt ut labore et dolore magna aliqua. Ut enim ad minim veniam, quis nostrud exercitation ullamco laboris nisi ut aliquip ex ea commodo consequat. Duis aute irure dolor in reprehenderit in voluptate velit esse cillum dolore eu fugiat nulla pariatur. Excepteur sint occaecat cupidatat non proident, sunt in culpa qui officia deserunt mollit anim id est laborum.</p><p>Lorem ipsum dolor sit amet, consectetur adipiscing elit. Sed do eiusmod tempor incididunt ut labore et dolore magna aliqua. Ut enim ad minim veniam, quis nostrud exercitation ullamco laboris nisi ut aliquip ex ea commodo consequat. Duis aute irure dolor in reprehenderit in voluptate velit esse cillum dolore eu fugiat nulla pariatur. Excepteur sint occaecat cupidatat non proident, sunt in culpa qui officia deserunt mollit anim id est laborum.</p>'),('tr',12,'Yakında',NULL,'<p>Condimentum ipsum a adipiscing hac dolor set consectetur urna commodo elit parturient <br/>molestie ut nisl partu convallier ullamcorpe.</p><div>[coming-soon time=\"2027-03-06 08:42:56\" image=\"general/coming-soon.jpg\"][/coming-soon]</div>'),('vi',1,'Trang chủ',NULL,'<div>[simple-slider key=\"home-slider-vi\" ads_1=\"VC2C8Q1UGCBG\" ads_2=\"NBDWRXTSVZ8N\"][/simple-slider]</div><div>[site-features icon1=\"icon-rocket\" title1=\"Giao hàng miễn phí\" subtitle1=\"Cho tất cả đơn hàng trên 99 đô la\" icon2=\"icon-sync\" title2=\"Đổi trả trong 90 ngày\" subtitle2=\"Nếu hàng hóa có vấn đề\" icon3=\"icon-credit-card\" title3=\"Thanh toán an toàn\" subtitle3=\"Thanh toán an toàn 100%\" icon4=\"icon-bubbles\" title4=\"Hỗ trợ 24/7\" subtitle4=\"Hỗ trợ tận tâm\" icon5=\"icon-gift\" title5=\"Dịch vụ quà tặng\" subtitle5=\"Hỗ trợ dịch vụ quà tặng\" enable_lazy_loading=\"yes\"][/site-features]</div><div>[flash-sale title=\"Ưu đãi trong ngày\" flash_sale_id=\"1\" enable_lazy_loading=\"yes\"][/flash-sale]</div><div>[featured-product-categories title=\"Danh mục hàng đầu\" enable_lazy_loading=\"yes\"][/featured-product-categories]</div><div>[theme-ads key_1=\"IZ6WU8KUALYD\" key_2=\"ILSFJVYFGCPZ\" key_3=\"ZDOZUZZIU7FT\" enable_lazy_loading=\"yes\"][/theme-ads]</div><div>[featured-products title=\"Sản phẩm nổi bật\" enable_lazy_loading=\"yes\"][/featured-products]</div><div>[theme-ads key_1=\"Q9YDUIC9HSWS\" key_2=\"IZ6WU8KUALYE\" enable_lazy_loading=\"yes\"][/theme-ads]</div><div>[product-collections title=\"Sản phẩm độc quyền\" enable_lazy_loading=\"yes\"][/product-collections]</div><div>[product-category-products category_id=\"18\" enable_lazy_loading=\"yes\"][/product-category-products]</div>[testimonials title=\"Khách hàng nói gì về chúng tôi\" subtitle=\"Đánh giá của khách hàng\" testimonial_ids=\"1,2,3,4\" enable_lazy_loading=\"yes\"][/testimonials]<div>[download-app title=\"Tải ứng dụng Martfury ngay bây giờ!\" subtitle=\"Mua sắm nhanh chóng và dễ dàng hơn với ứng dụng của chúng tôi. Nhận liên kết để tải ứng dụng trên điện thoại của bạn.\" screenshot=\"general/app.png\" android_app_url=\"https://www.appstore.com\" ios_app_url=\"https://play.google.com/store\" enable_lazy_loading=\"yes\"][/download-app]</div><div>[product-category-products category_id=\"23\" enable_lazy_loading=\"yes\"][/product-category-products]</div><div>[newsletter-form title=\"Tham gia bản tin của chúng tôi ngay bây giờ\" subtitle=\"Đăng ký để nhận thông tin về sản phẩm và phiếu giảm giá\" enable_lazy_loading=\"yes\"][/newsletter-form]</div>'),('vi',2,'Về chúng tôi',NULL,'<p>Lorem ipsum dolor sit amet, consectetur adipiscing elit. Sed do eiusmod tempor incididunt ut labore et dolore magna aliqua. Ut enim ad minim veniam, quis nostrud exercitation ullamco laboris nisi ut aliquip ex ea commodo consequat. Duis aute irure dolor in reprehenderit in voluptate velit esse cillum dolore eu fugiat nulla pariatur. Excepteur sint occaecat cupidatat non proident, sunt in culpa qui officia deserunt mollit anim id est laborum.</p><p>Lorem ipsum dolor sit amet, consectetur adipiscing elit. Sed do eiusmod tempor incididunt ut labore et dolore magna aliqua. Ut enim ad minim veniam, quis nostrud exercitation ullamco laboris nisi ut aliquip ex ea commodo consequat. Duis aute irure dolor in reprehenderit in voluptate velit esse cillum dolore eu fugiat nulla pariatur. Excepteur sint occaecat cupidatat non proident, sunt in culpa qui officia deserunt mollit anim id est laborum.</p><p>Lorem ipsum dolor sit amet, consectetur adipiscing elit. Sed do eiusmod tempor incididunt ut labore et dolore magna aliqua. Ut enim ad minim veniam, quis nostrud exercitation ullamco laboris nisi ut aliquip ex ea commodo consequat. Duis aute irure dolor in reprehenderit in voluptate velit esse cillum dolore eu fugiat nulla pariatur. Excepteur sint occaecat cupidatat non proident, sunt in culpa qui officia deserunt mollit anim id est laborum.</p><p>Lorem ipsum dolor sit amet, consectetur adipiscing elit. Sed do eiusmod tempor incididunt ut labore et dolore magna aliqua. Ut enim ad minim veniam, quis nostrud exercitation ullamco laboris nisi ut aliquip ex ea commodo consequat. Duis aute irure dolor in reprehenderit in voluptate velit esse cillum dolore eu fugiat nulla pariatur. Excepteur sint occaecat cupidatat non proident, sunt in culpa qui officia deserunt mollit anim id est laborum.</p>'),('vi',3,'Điều khoản sử dụng',NULL,'<p>Lorem ipsum dolor sit amet, consectetur adipiscing elit. Sed do eiusmod tempor incididunt ut labore et dolore magna aliqua. Ut enim ad minim veniam, quis nostrud exercitation ullamco laboris nisi ut aliquip ex ea commodo consequat. Duis aute irure dolor in reprehenderit in voluptate velit esse cillum dolore eu fugiat nulla pariatur. Excepteur sint occaecat cupidatat non proident, sunt in culpa qui officia deserunt mollit anim id est laborum.</p><p>Lorem ipsum dolor sit amet, consectetur adipiscing elit. Sed do eiusmod tempor incididunt ut labore et dolore magna aliqua. Ut enim ad minim veniam, quis nostrud exercitation ullamco laboris nisi ut aliquip ex ea commodo consequat. Duis aute irure dolor in reprehenderit in voluptate velit esse cillum dolore eu fugiat nulla pariatur. Excepteur sint occaecat cupidatat non proident, sunt in culpa qui officia deserunt mollit anim id est laborum.</p><p>Lorem ipsum dolor sit amet, consectetur adipiscing elit. Sed do eiusmod tempor incididunt ut labore et dolore magna aliqua. Ut enim ad minim veniam, quis nostrud exercitation ullamco laboris nisi ut aliquip ex ea commodo consequat. Duis aute irure dolor in reprehenderit in voluptate velit esse cillum dolore eu fugiat nulla pariatur. Excepteur sint occaecat cupidatat non proident, sunt in culpa qui officia deserunt mollit anim id est laborum.</p><p>Lorem ipsum dolor sit amet, consectetur adipiscing elit. Sed do eiusmod tempor incididunt ut labore et dolore magna aliqua. Ut enim ad minim veniam, quis nostrud exercitation ullamco laboris nisi ut aliquip ex ea commodo consequat. Duis aute irure dolor in reprehenderit in voluptate velit esse cillum dolore eu fugiat nulla pariatur. Excepteur sint occaecat cupidatat non proident, sunt in culpa qui officia deserunt mollit anim id est laborum.</p>'),('vi',4,'Điều khoản và điều kiện',NULL,'<p>Lorem ipsum dolor sit amet, consectetur adipiscing elit. Sed do eiusmod tempor incididunt ut labore et dolore magna aliqua. Ut enim ad minim veniam, quis nostrud exercitation ullamco laboris nisi ut aliquip ex ea commodo consequat. Duis aute irure dolor in reprehenderit in voluptate velit esse cillum dolore eu fugiat nulla pariatur. Excepteur sint occaecat cupidatat non proident, sunt in culpa qui officia deserunt mollit anim id est laborum.</p><p>Lorem ipsum dolor sit amet, consectetur adipiscing elit. Sed do eiusmod tempor incididunt ut labore et dolore magna aliqua. Ut enim ad minim veniam, quis nostrud exercitation ullamco laboris nisi ut aliquip ex ea commodo consequat. Duis aute irure dolor in reprehenderit in voluptate velit esse cillum dolore eu fugiat nulla pariatur. Excepteur sint occaecat cupidatat non proident, sunt in culpa qui officia deserunt mollit anim id est laborum.</p><p>Lorem ipsum dolor sit amet, consectetur adipiscing elit. Sed do eiusmod tempor incididunt ut labore et dolore magna aliqua. Ut enim ad minim veniam, quis nostrud exercitation ullamco laboris nisi ut aliquip ex ea commodo consequat. Duis aute irure dolor in reprehenderit in voluptate velit esse cillum dolore eu fugiat nulla pariatur. Excepteur sint occaecat cupidatat non proident, sunt in culpa qui officia deserunt mollit anim id est laborum.</p><p>Lorem ipsum dolor sit amet, consectetur adipiscing elit. Sed do eiusmod tempor incididunt ut labore et dolore magna aliqua. Ut enim ad minim veniam, quis nostrud exercitation ullamco laboris nisi ut aliquip ex ea commodo consequat. Duis aute irure dolor in reprehenderit in voluptate velit esse cillum dolore eu fugiat nulla pariatur. Excepteur sint occaecat cupidatat non proident, sunt in culpa qui officia deserunt mollit anim id est laborum.</p>'),('vi',5,'Chính sách hoàn tiền',NULL,'<p>Lorem ipsum dolor sit amet, consectetur adipiscing elit. Sed do eiusmod tempor incididunt ut labore et dolore magna aliqua. Ut enim ad minim veniam, quis nostrud exercitation ullamco laboris nisi ut aliquip ex ea commodo consequat. Duis aute irure dolor in reprehenderit in voluptate velit esse cillum dolore eu fugiat nulla pariatur. Excepteur sint occaecat cupidatat non proident, sunt in culpa qui officia deserunt mollit anim id est laborum.</p><p>Lorem ipsum dolor sit amet, consectetur adipiscing elit. Sed do eiusmod tempor incididunt ut labore et dolore magna aliqua. Ut enim ad minim veniam, quis nostrud exercitation ullamco laboris nisi ut aliquip ex ea commodo consequat. Duis aute irure dolor in reprehenderit in voluptate velit esse cillum dolore eu fugiat nulla pariatur. Excepteur sint occaecat cupidatat non proident, sunt in culpa qui officia deserunt mollit anim id est laborum.</p><p>Lorem ipsum dolor sit amet, consectetur adipiscing elit. Sed do eiusmod tempor incididunt ut labore et dolore magna aliqua. Ut enim ad minim veniam, quis nostrud exercitation ullamco laboris nisi ut aliquip ex ea commodo consequat. Duis aute irure dolor in reprehenderit in voluptate velit esse cillum dolore eu fugiat nulla pariatur. Excepteur sint occaecat cupidatat non proident, sunt in culpa qui officia deserunt mollit anim id est laborum.</p><p>Lorem ipsum dolor sit amet, consectetur adipiscing elit. Sed do eiusmod tempor incididunt ut labore et dolore magna aliqua. Ut enim ad minim veniam, quis nostrud exercitation ullamco laboris nisi ut aliquip ex ea commodo consequat. Duis aute irure dolor in reprehenderit in voluptate velit esse cillum dolore eu fugiat nulla pariatur. Excepteur sint occaecat cupidatat non proident, sunt in culpa qui officia deserunt mollit anim id est laborum.</p>'),('vi',6,'Tin tức',NULL,'<p>---</p>'),('vi',7,'Câu hỏi thường gặp',NULL,'<div>[faq title=\"Frequently Asked Questions\"][/faq]</div>'),('vi',8,'Liên hệ',NULL,'<div>[google-map]502 New Street, Brighton VIC, Australia[/google-map]</div><div>[contact-info-boxes title=\"Contact Us For Any Questions\"][/contact-info-boxes]</div><div>[contact-form][/contact-form]</div>'),('vi',9,'Chính sách cookie',NULL,'<h3>EU Cookie Consent</h3><p>To use this Website we are using Cookies and collecting some Data. To be compliant with the EU GDPR we give you to choose if you allow us to use certain Cookies and to collect some Data.</p><h4>Essential Data</h4><p>The Essential Data is needed to run the Site you are visiting technically. You can not deactivate them.</p><p>- Session Cookie: PHP uses a Cookie to identify user sessions. Without this Cookie the Website is not working.</p><p>- XSRF-Token Cookie: Laravel automatically generates a CSRF \"token\" for each active user session managed by the application. This token is used to verify that the authenticated user is the one actually making the requests to the application.</p>'),('vi',10,'Đối tác',NULL,'<p>Lorem ipsum dolor sit amet, consectetur adipiscing elit. Sed do eiusmod tempor incididunt ut labore et dolore magna aliqua. Ut enim ad minim veniam, quis nostrud exercitation ullamco laboris nisi ut aliquip ex ea commodo consequat. Duis aute irure dolor in reprehenderit in voluptate velit esse cillum dolore eu fugiat nulla pariatur. Excepteur sint occaecat cupidatat non proident, sunt in culpa qui officia deserunt mollit anim id est laborum.</p><p>Lorem ipsum dolor sit amet, consectetur adipiscing elit. Sed do eiusmod tempor incididunt ut labore et dolore magna aliqua. Ut enim ad minim veniam, quis nostrud exercitation ullamco laboris nisi ut aliquip ex ea commodo consequat. Duis aute irure dolor in reprehenderit in voluptate velit esse cillum dolore eu fugiat nulla pariatur. Excepteur sint occaecat cupidatat non proident, sunt in culpa qui officia deserunt mollit anim id est laborum.</p><p>Lorem ipsum dolor sit amet, consectetur adipiscing elit. Sed do eiusmod tempor incididunt ut labore et dolore magna aliqua. Ut enim ad minim veniam, quis nostrud exercitation ullamco laboris nisi ut aliquip ex ea commodo consequat. Duis aute irure dolor in reprehenderit in voluptate velit esse cillum dolore eu fugiat nulla pariatur. Excepteur sint occaecat cupidatat non proident, sunt in culpa qui officia deserunt mollit anim id est laborum.</p><p>Lorem ipsum dolor sit amet, consectetur adipiscing elit. Sed do eiusmod tempor incididunt ut labore et dolore magna aliqua. Ut enim ad minim veniam, quis nostrud exercitation ullamco laboris nisi ut aliquip ex ea commodo consequat. Duis aute irure dolor in reprehenderit in voluptate velit esse cillum dolore eu fugiat nulla pariatur. Excepteur sint occaecat cupidatat non proident, sunt in culpa qui officia deserunt mollit anim id est laborum.</p>'),('vi',11,'Tuyển dụng',NULL,'<p>Lorem ipsum dolor sit amet, consectetur adipiscing elit. Sed do eiusmod tempor incididunt ut labore et dolore magna aliqua. Ut enim ad minim veniam, quis nostrud exercitation ullamco laboris nisi ut aliquip ex ea commodo consequat. Duis aute irure dolor in reprehenderit in voluptate velit esse cillum dolore eu fugiat nulla pariatur. Excepteur sint occaecat cupidatat non proident, sunt in culpa qui officia deserunt mollit anim id est laborum.</p><p>Lorem ipsum dolor sit amet, consectetur adipiscing elit. Sed do eiusmod tempor incididunt ut labore et dolore magna aliqua. Ut enim ad minim veniam, quis nostrud exercitation ullamco laboris nisi ut aliquip ex ea commodo consequat. Duis aute irure dolor in reprehenderit in voluptate velit esse cillum dolore eu fugiat nulla pariatur. Excepteur sint occaecat cupidatat non proident, sunt in culpa qui officia deserunt mollit anim id est laborum.</p><p>Lorem ipsum dolor sit amet, consectetur adipiscing elit. Sed do eiusmod tempor incididunt ut labore et dolore magna aliqua. Ut enim ad minim veniam, quis nostrud exercitation ullamco laboris nisi ut aliquip ex ea commodo consequat. Duis aute irure dolor in reprehenderit in voluptate velit esse cillum dolore eu fugiat nulla pariatur. Excepteur sint occaecat cupidatat non proident, sunt in culpa qui officia deserunt mollit anim id est laborum.</p><p>Lorem ipsum dolor sit amet, consectetur adipiscing elit. Sed do eiusmod tempor incididunt ut labore et dolore magna aliqua. Ut enim ad minim veniam, quis nostrud exercitation ullamco laboris nisi ut aliquip ex ea commodo consequat. Duis aute irure dolor in reprehenderit in voluptate velit esse cillum dolore eu fugiat nulla pariatur. Excepteur sint occaecat cupidatat non proident, sunt in culpa qui officia deserunt mollit anim id est laborum.</p>'),('vi',12,'Sắp ra mắt',NULL,'<p>Condimentum ipsum a adipiscing hac dolor set consectetur urna commodo elit parturient <br/>molestie ut nisl partu convallier ullamcorpe.</p><div>[coming-soon time=\"2027-03-06 08:42:56\" image=\"general/coming-soon.jpg\"][/coming-soon]</div>');

--
-- Table structure for table `password_reset_tokens`
--

CREATE TABLE `password_reset_tokens` (
  `email` varchar(191) COLLATE utf8mb4_unicode_ci NOT NULL,
  `token` varchar(191) COLLATE utf8mb4_unicode_ci NOT NULL,
  `created_at` timestamp NULL DEFAULT NULL,
  PRIMARY KEY (`email`)
) ENGINE=InnoDB DEFAULT CHARSET=utf8mb4 COLLATE=utf8mb4_unicode_ci;

--
-- Dumping data for table `password_reset_tokens`
--


--
-- Table structure for table `payment_logs`
--

CREATE TABLE `payment_logs` (
  `id` bigint unsigned NOT NULL AUTO_INCREMENT,
  `payment_method` varchar(191) COLLATE utf8mb4_unicode_ci NOT NULL,
  `request` longtext COLLATE utf8mb4_unicode_ci,
  `response` longtext COLLATE utf8mb4_unicode_ci,
  `ip_address` varchar(45) COLLATE utf8mb4_unicode_ci NOT NULL,
  `created_at` timestamp NULL DEFAULT NULL,
  `updated_at` timestamp NULL DEFAULT NULL,
  PRIMARY KEY (`id`)
) ENGINE=InnoDB DEFAULT CHARSET=utf8mb4 COLLATE=utf8mb4_unicode_ci;

--
-- Dumping data for table `payment_logs`
--


--
-- Table structure for table `payments`
--

CREATE TABLE `payments` (
  `id` bigint unsigned NOT NULL AUTO_INCREMENT,
  `currency` varchar(120) COLLATE utf8mb4_unicode_ci DEFAULT NULL,
  `user_id` bigint unsigned NOT NULL DEFAULT '0',
  `charge_id` varchar(191) COLLATE utf8mb4_unicode_ci DEFAULT NULL,
  `payment_channel` varchar(60) COLLATE utf8mb4_unicode_ci DEFAULT NULL,
  `description` varchar(400) COLLATE utf8mb4_unicode_ci DEFAULT NULL,
  `amount` decimal(15,2) unsigned NOT NULL,
  `payment_fee` decimal(15,2) DEFAULT '0.00',
  `order_id` bigint unsigned DEFAULT NULL,
  `status` varchar(60) COLLATE utf8mb4_unicode_ci DEFAULT 'pending',
  `payment_type` varchar(191) COLLATE utf8mb4_unicode_ci DEFAULT 'confirm',
  `customer_id` bigint unsigned DEFAULT NULL,
  `refunded_amount` decimal(15,2) unsigned DEFAULT NULL,
  `refund_note` varchar(191) COLLATE utf8mb4_unicode_ci DEFAULT NULL,
  `created_at` timestamp NULL DEFAULT NULL,
  `updated_at` timestamp NULL DEFAULT NULL,
  `customer_type` varchar(191) COLLATE utf8mb4_unicode_ci DEFAULT NULL,
  `metadata` mediumtext COLLATE utf8mb4_unicode_ci,
  PRIMARY KEY (`id`)
) ENGINE=InnoDB DEFAULT CHARSET=utf8mb4 COLLATE=utf8mb4_unicode_ci;

--
-- Dumping data for table `payments`
--


--
-- Table structure for table `personal_access_tokens`
--

CREATE TABLE `personal_access_tokens` (
  `id` bigint unsigned NOT NULL AUTO_INCREMENT,
  `tokenable_type` varchar(191) COLLATE utf8mb4_unicode_ci NOT NULL,
  `tokenable_id` bigint unsigned NOT NULL,
  `name` varchar(191) COLLATE utf8mb4_unicode_ci NOT NULL,
  `token` varchar(64) COLLATE utf8mb4_unicode_ci NOT NULL,
  `abilities` text COLLATE utf8mb4_unicode_ci,
  `last_used_at` timestamp NULL DEFAULT NULL,
  `expires_at` timestamp NULL DEFAULT NULL,
  `created_at` timestamp NULL DEFAULT NULL,
  `updated_at` timestamp NULL DEFAULT NULL,
  PRIMARY KEY (`id`),
  UNIQUE KEY `personal_access_tokens_token_unique` (`token`),
  KEY `personal_access_tokens_tokenable_type_tokenable_id_index` (`tokenable_type`,`tokenable_id`)
) ENGINE=InnoDB DEFAULT CHARSET=utf8mb4 COLLATE=utf8mb4_unicode_ci;

--
-- Dumping data for table `personal_access_tokens`
--


--
-- Table structure for table `post_categories`
--

CREATE TABLE `post_categories` (
  `category_id` bigint unsigned NOT NULL,
  `post_id` bigint unsigned NOT NULL,
  KEY `post_categories_category_id_index` (`category_id`),
  KEY `post_categories_post_id_index` (`post_id`)
) ENGINE=InnoDB DEFAULT CHARSET=utf8mb4 COLLATE=utf8mb4_unicode_ci;

--
-- Dumping data for table `post_categories`
--

INSERT INTO `post_categories` VALUES (1,1),(3,1),(2,2),(3,2),(1,3),(4,3),(2,4),(4,4),(1,5),(4,5),(1,6),(3,6),(1,7),(3,7),(2,8),(4,8),(2,9),(3,9),(1,10),(3,10),(2,11),(3,11);

--
-- Table structure for table `post_tags`
--

CREATE TABLE `post_tags` (
  `tag_id` bigint unsigned NOT NULL,
  `post_id` bigint unsigned NOT NULL,
  KEY `post_tags_tag_id_index` (`tag_id`),
  KEY `post_tags_post_id_index` (`post_id`)
) ENGINE=InnoDB DEFAULT CHARSET=utf8mb4 COLLATE=utf8mb4_unicode_ci;

--
-- Dumping data for table `post_tags`
--

INSERT INTO `post_tags` VALUES (1,1),(2,1),(3,1),(4,1),(5,1),(1,2),(2,2),(3,2),(4,2),(5,2),(1,3),(2,3),(3,3),(4,3),(5,3),(1,4),(2,4),(3,4),(4,4),(5,4),(1,5),(2,5),(3,5),(4,5),(5,5),(1,6),(2,6),(3,6),(4,6),(5,6),(1,7),(2,7),(3,7),(4,7),(5,7),(1,8),(2,8),(3,8),(4,8),(5,8),(1,9),(2,9),(3,9),(4,9),(5,9),(1,10),(2,10),(3,10),(4,10),(5,10),(1,11),(2,11),(3,11),(4,11),(5,11);

--
-- Table structure for table `posts`
--

CREATE TABLE `posts` (
  `id` bigint unsigned NOT NULL AUTO_INCREMENT,
  `name` varchar(191) COLLATE utf8mb4_unicode_ci NOT NULL,
  `description` varchar(400) COLLATE utf8mb4_unicode_ci DEFAULT NULL,
  `content` longtext COLLATE utf8mb4_unicode_ci,
  `status` varchar(60) COLLATE utf8mb4_unicode_ci NOT NULL DEFAULT 'published',
  `author_id` bigint unsigned DEFAULT NULL,
  `author_type` varchar(191) COLLATE utf8mb4_unicode_ci NOT NULL,
  `is_featured` tinyint unsigned NOT NULL DEFAULT '0',
  `image` varchar(191) COLLATE utf8mb4_unicode_ci DEFAULT NULL,
  `views` int unsigned NOT NULL DEFAULT '0',
  `format_type` varchar(30) COLLATE utf8mb4_unicode_ci DEFAULT NULL,
  `created_at` timestamp NULL DEFAULT NULL,
  `updated_at` timestamp NULL DEFAULT NULL,
  PRIMARY KEY (`id`),
  KEY `posts_status_index` (`status`),
  KEY `posts_author_id_index` (`author_id`),
  KEY `posts_author_type_index` (`author_type`),
  KEY `posts_created_at_index` (`created_at`)
) ENGINE=InnoDB AUTO_INCREMENT=12 DEFAULT CHARSET=utf8mb4 COLLATE=utf8mb4_unicode_ci;

--
-- Dumping data for table `posts`
--

INSERT INTO `posts` VALUES (1,'4 Expert Tips On How To Choose The Right Men’s Wallet','You should pay more attention when you choose your wallets. There are a lot of them on the market with the different designs and styles. When you choose carefully, you would be able to buy a wallet that is catered to your needs. Not to mention that it will help to enhance your style significantly.','<p>I have seen many people underestimating the power of their wallets. To them, they are just a functional item they use to carry. As a result, they often end up with the wallets which are not really suitable for them.</p>\n\n<p>You should pay more attention when you choose your wallets. There are a lot of them on the market with the different designs and styles. When you choose carefully, you would be able to buy a wallet that is catered to your needs. Not to mention that it will help to enhance your style significantly.</p>\n\n<p style=\"text-align:center\"><img alt=\"f4\" src=\"/storage/news/1.jpg\" /></p>\n\n<p><br />\n&nbsp;</p>\n\n<p><strong><em>For all of the reason above, here are 7 expert tips to help you pick up the right men&rsquo;s wallet for you:</em></strong></p>\n\n<h4><strong>Number 1: Choose A Neat Wallet</strong></h4>\n\n<p>The wallet is an essential accessory that you should go simple. Simplicity is the best in this case. A simple and neat wallet with the plain color and even&nbsp;<strong>minimalist style</strong>&nbsp;is versatile. It can be used for both formal and casual events. In addition, that wallet will go well with most of the clothes in your wardrobe.</p>\n\n<p>Keep in mind that a wallet will tell other people about your personality and your fashion sense as much as other clothes you put on. Hence, don&rsquo;t go cheesy on your wallet or else people will think that you have a funny and particular style.</p>\n\n<p style=\"text-align:center\"><img alt=\"f5\" src=\"/storage/news/2.jpg\" /></p>\n\n<p><br />\n&nbsp;</p>\n<hr />\n<h4><strong>Number 2: Choose The Right Size For Your Wallet</strong></h4>\n\n<p>You should avoid having an over-sized wallet. Don&rsquo;t think that you need to buy a big wallet because you have a lot to carry with you. In addition, a fat wallet is very ugly. It will make it harder for you to slide the wallet into your trousers&rsquo; pocket. In addition, it will create a bulge and ruin your look.</p>\n\n<p>Before you go on to buy a new wallet, clean out your wallet and place all of the items from your wallet on a table. Throw away things that you would never need any more such as the old bills or the expired gift cards. Remember to check your wallet on a frequent basis to get rid of all of the old stuff that you don&rsquo;t need anymore.</p>\n\n<p style=\"text-align:center\"><img alt=\"f1\" src=\"/storage/news/3.jpg\" /></p>\n\n<p><br />\n&nbsp;</p>\n\n<hr />\n<h4><strong>Number 3: Don&rsquo;t Limit Your Options Of Materials</strong></h4>\n\n<p>The types and designs of wallets are not the only things that you should consider when you go out searching for your best wallet. You have more than 1 option of material rather than leather to choose from as well.</p>\n\n<p>You can experiment with other available options such as cotton, polyester and canvas. They all have their own pros and cons. As a result, they will be suitable for different needs and requirements. You should think about them all in order to choose the material which you would like the most.</p>\n\n<p style=\"text-align:center\"><img alt=\"f6\" height=\"375\" src=\"/storage/news/4.jpg\" /></p>\n\n<p><br />\n&nbsp;</p>\n\n<hr />\n<h4><strong>Number 4: Consider A Wallet As A Long Term Investment</strong></h4>\n\n<p>Your wallet is indeed an investment that you should consider spending a decent amount of time and effort on it. Another factor that you need to consider is how much you want to spend on your wallet. The price ranges of wallets on the market vary a great deal. You can find a wallet which is as cheap as about 5 to 7 dollars. On the other hand, you should expect to pay around 250 to 300 dollars for a high-quality wallet.</p>\n\n<p>In case you need a wallet to use for a long time, it is a good idea that you should invest a decent amount of money on a wallet. A high quality wallet from a reputational brand with the premium quality such as cowhide leather will last for a long time. In addition, it is an accessory to show off your fashion sense and your social status.</p>\n\n<p style=\"text-align:center\"><img alt=\"f2\" height=\"400\" src=\"/storage/news/5.jpg\" /></p>\n\n<p>&nbsp;</p>\n','published',1,'Botble\\ACL\\Models\\User',1,'news/1.jpg',1389,NULL,'2026-03-06 01:42:55','2026-03-06 01:42:55'),(2,'Sexy Clutches: How to Buy &amp; Wear a Designer Clutch Bag','You should pay more attention when you choose your wallets. There are a lot of them on the market with the different designs and styles. When you choose carefully, you would be able to buy a wallet that is catered to your needs. Not to mention that it will help to enhance your style significantly.','<p>I have seen many people underestimating the power of their wallets. To them, they are just a functional item they use to carry. As a result, they often end up with the wallets which are not really suitable for them.</p>\n\n<p>You should pay more attention when you choose your wallets. There are a lot of them on the market with the different designs and styles. When you choose carefully, you would be able to buy a wallet that is catered to your needs. Not to mention that it will help to enhance your style significantly.</p>\n\n<p style=\"text-align:center\"><img alt=\"f4\" src=\"/storage/news/1.jpg\" /></p>\n\n<p><br />\n&nbsp;</p>\n\n<p><strong><em>For all of the reason above, here are 7 expert tips to help you pick up the right men&rsquo;s wallet for you:</em></strong></p>\n\n<h4><strong>Number 1: Choose A Neat Wallet</strong></h4>\n\n<p>The wallet is an essential accessory that you should go simple. Simplicity is the best in this case. A simple and neat wallet with the plain color and even&nbsp;<strong>minimalist style</strong>&nbsp;is versatile. It can be used for both formal and casual events. In addition, that wallet will go well with most of the clothes in your wardrobe.</p>\n\n<p>Keep in mind that a wallet will tell other people about your personality and your fashion sense as much as other clothes you put on. Hence, don&rsquo;t go cheesy on your wallet or else people will think that you have a funny and particular style.</p>\n\n<p style=\"text-align:center\"><img alt=\"f5\" src=\"/storage/news/2.jpg\" /></p>\n\n<p><br />\n&nbsp;</p>\n<hr />\n<h4><strong>Number 2: Choose The Right Size For Your Wallet</strong></h4>\n\n<p>You should avoid having an over-sized wallet. Don&rsquo;t think that you need to buy a big wallet because you have a lot to carry with you. In addition, a fat wallet is very ugly. It will make it harder for you to slide the wallet into your trousers&rsquo; pocket. In addition, it will create a bulge and ruin your look.</p>\n\n<p>Before you go on to buy a new wallet, clean out your wallet and place all of the items from your wallet on a table. Throw away things that you would never need any more such as the old bills or the expired gift cards. Remember to check your wallet on a frequent basis to get rid of all of the old stuff that you don&rsquo;t need anymore.</p>\n\n<p style=\"text-align:center\"><img alt=\"f1\" src=\"/storage/news/3.jpg\" /></p>\n\n<p><br />\n&nbsp;</p>\n\n<hr />\n<h4><strong>Number 3: Don&rsquo;t Limit Your Options Of Materials</strong></h4>\n\n<p>The types and designs of wallets are not the only things that you should consider when you go out searching for your best wallet. You have more than 1 option of material rather than leather to choose from as well.</p>\n\n<p>You can experiment with other available options such as cotton, polyester and canvas. They all have their own pros and cons. As a result, they will be suitable for different needs and requirements. You should think about them all in order to choose the material which you would like the most.</p>\n\n<p style=\"text-align:center\"><img alt=\"f6\" height=\"375\" src=\"/storage/news/4.jpg\" /></p>\n\n<p><br />\n&nbsp;</p>\n\n<hr />\n<h4><strong>Number 4: Consider A Wallet As A Long Term Investment</strong></h4>\n\n<p>Your wallet is indeed an investment that you should consider spending a decent amount of time and effort on it. Another factor that you need to consider is how much you want to spend on your wallet. The price ranges of wallets on the market vary a great deal. You can find a wallet which is as cheap as about 5 to 7 dollars. On the other hand, you should expect to pay around 250 to 300 dollars for a high-quality wallet.</p>\n\n<p>In case you need a wallet to use for a long time, it is a good idea that you should invest a decent amount of money on a wallet. A high quality wallet from a reputational brand with the premium quality such as cowhide leather will last for a long time. In addition, it is an accessory to show off your fashion sense and your social status.</p>\n\n<p style=\"text-align:center\"><img alt=\"f2\" height=\"400\" src=\"/storage/news/5.jpg\" /></p>\n\n<p>&nbsp;</p>\n','published',1,'Botble\\ACL\\Models\\User',1,'news/2.jpg',1841,NULL,'2026-03-06 01:42:55','2026-03-06 01:42:55'),(3,'The Top 2020 Handbag Trends to Know','You should pay more attention when you choose your wallets. There are a lot of them on the market with the different designs and styles. When you choose carefully, you would be able to buy a wallet that is catered to your needs. Not to mention that it will help to enhance your style significantly.','<p>I have seen many people underestimating the power of their wallets. To them, they are just a functional item they use to carry. As a result, they often end up with the wallets which are not really suitable for them.</p>\n\n<p>You should pay more attention when you choose your wallets. There are a lot of them on the market with the different designs and styles. When you choose carefully, you would be able to buy a wallet that is catered to your needs. Not to mention that it will help to enhance your style significantly.</p>\n\n<p style=\"text-align:center\"><img alt=\"f4\" src=\"/storage/news/1.jpg\" /></p>\n\n<p><br />\n&nbsp;</p>\n\n<p><strong><em>For all of the reason above, here are 7 expert tips to help you pick up the right men&rsquo;s wallet for you:</em></strong></p>\n\n<h4><strong>Number 1: Choose A Neat Wallet</strong></h4>\n\n<p>The wallet is an essential accessory that you should go simple. Simplicity is the best in this case. A simple and neat wallet with the plain color and even&nbsp;<strong>minimalist style</strong>&nbsp;is versatile. It can be used for both formal and casual events. In addition, that wallet will go well with most of the clothes in your wardrobe.</p>\n\n<p>Keep in mind that a wallet will tell other people about your personality and your fashion sense as much as other clothes you put on. Hence, don&rsquo;t go cheesy on your wallet or else people will think that you have a funny and particular style.</p>\n\n<p style=\"text-align:center\"><img alt=\"f5\" src=\"/storage/news/2.jpg\" /></p>\n\n<p><br />\n&nbsp;</p>\n<hr />\n<h4><strong>Number 2: Choose The Right Size For Your Wallet</strong></h4>\n\n<p>You should avoid having an over-sized wallet. Don&rsquo;t think that you need to buy a big wallet because you have a lot to carry with you. In addition, a fat wallet is very ugly. It will make it harder for you to slide the wallet into your trousers&rsquo; pocket. In addition, it will create a bulge and ruin your look.</p>\n\n<p>Before you go on to buy a new wallet, clean out your wallet and place all of the items from your wallet on a table. Throw away things that you would never need any more such as the old bills or the expired gift cards. Remember to check your wallet on a frequent basis to get rid of all of the old stuff that you don&rsquo;t need anymore.</p>\n\n<p style=\"text-align:center\"><img alt=\"f1\" src=\"/storage/news/3.jpg\" /></p>\n\n<p><br />\n&nbsp;</p>\n\n<hr />\n<h4><strong>Number 3: Don&rsquo;t Limit Your Options Of Materials</strong></h4>\n\n<p>The types and designs of wallets are not the only things that you should consider when you go out searching for your best wallet. You have more than 1 option of material rather than leather to choose from as well.</p>\n\n<p>You can experiment with other available options such as cotton, polyester and canvas. They all have their own pros and cons. As a result, they will be suitable for different needs and requirements. You should think about them all in order to choose the material which you would like the most.</p>\n\n<p style=\"text-align:center\"><img alt=\"f6\" height=\"375\" src=\"/storage/news/4.jpg\" /></p>\n\n<p><br />\n&nbsp;</p>\n\n<hr />\n<h4><strong>Number 4: Consider A Wallet As A Long Term Investment</strong></h4>\n\n<p>Your wallet is indeed an investment that you should consider spending a decent amount of time and effort on it. Another factor that you need to consider is how much you want to spend on your wallet. The price ranges of wallets on the market vary a great deal. You can find a wallet which is as cheap as about 5 to 7 dollars. On the other hand, you should expect to pay around 250 to 300 dollars for a high-quality wallet.</p>\n\n<p>In case you need a wallet to use for a long time, it is a good idea that you should invest a decent amount of money on a wallet. A high quality wallet from a reputational brand with the premium quality such as cowhide leather will last for a long time. In addition, it is an accessory to show off your fashion sense and your social status.</p>\n\n<p style=\"text-align:center\"><img alt=\"f2\" height=\"400\" src=\"/storage/news/5.jpg\" /></p>\n\n<p>&nbsp;</p>\n','published',1,'Botble\\ACL\\Models\\User',1,'news/3.jpg',2173,NULL,'2026-03-06 01:42:55','2026-03-06 01:42:55'),(4,'How to Match the Color of Your Handbag With an Outfit','You should pay more attention when you choose your wallets. There are a lot of them on the market with the different designs and styles. When you choose carefully, you would be able to buy a wallet that is catered to your needs. Not to mention that it will help to enhance your style significantly.','<p>I have seen many people underestimating the power of their wallets. To them, they are just a functional item they use to carry. As a result, they often end up with the wallets which are not really suitable for them.</p>\n\n<p>You should pay more attention when you choose your wallets. There are a lot of them on the market with the different designs and styles. When you choose carefully, you would be able to buy a wallet that is catered to your needs. Not to mention that it will help to enhance your style significantly.</p>\n\n<p style=\"text-align:center\"><img alt=\"f4\" src=\"/storage/news/1.jpg\" /></p>\n\n<p><br />\n&nbsp;</p>\n\n<p><strong><em>For all of the reason above, here are 7 expert tips to help you pick up the right men&rsquo;s wallet for you:</em></strong></p>\n\n<h4><strong>Number 1: Choose A Neat Wallet</strong></h4>\n\n<p>The wallet is an essential accessory that you should go simple. Simplicity is the best in this case. A simple and neat wallet with the plain color and even&nbsp;<strong>minimalist style</strong>&nbsp;is versatile. It can be used for both formal and casual events. In addition, that wallet will go well with most of the clothes in your wardrobe.</p>\n\n<p>Keep in mind that a wallet will tell other people about your personality and your fashion sense as much as other clothes you put on. Hence, don&rsquo;t go cheesy on your wallet or else people will think that you have a funny and particular style.</p>\n\n<p style=\"text-align:center\"><img alt=\"f5\" src=\"/storage/news/2.jpg\" /></p>\n\n<p><br />\n&nbsp;</p>\n<hr />\n<h4><strong>Number 2: Choose The Right Size For Your Wallet</strong></h4>\n\n<p>You should avoid having an over-sized wallet. Don&rsquo;t think that you need to buy a big wallet because you have a lot to carry with you. In addition, a fat wallet is very ugly. It will make it harder for you to slide the wallet into your trousers&rsquo; pocket. In addition, it will create a bulge and ruin your look.</p>\n\n<p>Before you go on to buy a new wallet, clean out your wallet and place all of the items from your wallet on a table. Throw away things that you would never need any more such as the old bills or the expired gift cards. Remember to check your wallet on a frequent basis to get rid of all of the old stuff that you don&rsquo;t need anymore.</p>\n\n<p style=\"text-align:center\"><img alt=\"f1\" src=\"/storage/news/3.jpg\" /></p>\n\n<p><br />\n&nbsp;</p>\n\n<hr />\n<h4><strong>Number 3: Don&rsquo;t Limit Your Options Of Materials</strong></h4>\n\n<p>The types and designs of wallets are not the only things that you should consider when you go out searching for your best wallet. You have more than 1 option of material rather than leather to choose from as well.</p>\n\n<p>You can experiment with other available options such as cotton, polyester and canvas. They all have their own pros and cons. As a result, they will be suitable for different needs and requirements. You should think about them all in order to choose the material which you would like the most.</p>\n\n<p style=\"text-align:center\"><img alt=\"f6\" height=\"375\" src=\"/storage/news/4.jpg\" /></p>\n\n<p><br />\n&nbsp;</p>\n\n<hr />\n<h4><strong>Number 4: Consider A Wallet As A Long Term Investment</strong></h4>\n\n<p>Your wallet is indeed an investment that you should consider spending a decent amount of time and effort on it. Another factor that you need to consider is how much you want to spend on your wallet. The price ranges of wallets on the market vary a great deal. You can find a wallet which is as cheap as about 5 to 7 dollars. On the other hand, you should expect to pay around 250 to 300 dollars for a high-quality wallet.</p>\n\n<p>In case you need a wallet to use for a long time, it is a good idea that you should invest a decent amount of money on a wallet. A high quality wallet from a reputational brand with the premium quality such as cowhide leather will last for a long time. In addition, it is an accessory to show off your fashion sense and your social status.</p>\n\n<p style=\"text-align:center\"><img alt=\"f2\" height=\"400\" src=\"/storage/news/5.jpg\" /></p>\n\n<p>&nbsp;</p>\n','published',1,'Botble\\ACL\\Models\\User',1,'news/4.jpg',902,NULL,'2026-03-06 01:42:55','2026-03-06 01:42:55'),(5,'How to Care for Leather Bags','You should pay more attention when you choose your wallets. There are a lot of them on the market with the different designs and styles. When you choose carefully, you would be able to buy a wallet that is catered to your needs. Not to mention that it will help to enhance your style significantly.','<p>I have seen many people underestimating the power of their wallets. To them, they are just a functional item they use to carry. As a result, they often end up with the wallets which are not really suitable for them.</p>\n\n<p>You should pay more attention when you choose your wallets. There are a lot of them on the market with the different designs and styles. When you choose carefully, you would be able to buy a wallet that is catered to your needs. Not to mention that it will help to enhance your style significantly.</p>\n\n<p style=\"text-align:center\"><img alt=\"f4\" src=\"/storage/news/1.jpg\" /></p>\n\n<p><br />\n&nbsp;</p>\n\n<p><strong><em>For all of the reason above, here are 7 expert tips to help you pick up the right men&rsquo;s wallet for you:</em></strong></p>\n\n<h4><strong>Number 1: Choose A Neat Wallet</strong></h4>\n\n<p>The wallet is an essential accessory that you should go simple. Simplicity is the best in this case. A simple and neat wallet with the plain color and even&nbsp;<strong>minimalist style</strong>&nbsp;is versatile. It can be used for both formal and casual events. In addition, that wallet will go well with most of the clothes in your wardrobe.</p>\n\n<p>Keep in mind that a wallet will tell other people about your personality and your fashion sense as much as other clothes you put on. Hence, don&rsquo;t go cheesy on your wallet or else people will think that you have a funny and particular style.</p>\n\n<p style=\"text-align:center\"><img alt=\"f5\" src=\"/storage/news/2.jpg\" /></p>\n\n<p><br />\n&nbsp;</p>\n<hr />\n<h4><strong>Number 2: Choose The Right Size For Your Wallet</strong></h4>\n\n<p>You should avoid having an over-sized wallet. Don&rsquo;t think that you need to buy a big wallet because you have a lot to carry with you. In addition, a fat wallet is very ugly. It will make it harder for you to slide the wallet into your trousers&rsquo; pocket. In addition, it will create a bulge and ruin your look.</p>\n\n<p>Before you go on to buy a new wallet, clean out your wallet and place all of the items from your wallet on a table. Throw away things that you would never need any more such as the old bills or the expired gift cards. Remember to check your wallet on a frequent basis to get rid of all of the old stuff that you don&rsquo;t need anymore.</p>\n\n<p style=\"text-align:center\"><img alt=\"f1\" src=\"/storage/news/3.jpg\" /></p>\n\n<p><br />\n&nbsp;</p>\n\n<hr />\n<h4><strong>Number 3: Don&rsquo;t Limit Your Options Of Materials</strong></h4>\n\n<p>The types and designs of wallets are not the only things that you should consider when you go out searching for your best wallet. You have more than 1 option of material rather than leather to choose from as well.</p>\n\n<p>You can experiment with other available options such as cotton, polyester and canvas. They all have their own pros and cons. As a result, they will be suitable for different needs and requirements. You should think about them all in order to choose the material which you would like the most.</p>\n\n<p style=\"text-align:center\"><img alt=\"f6\" height=\"375\" src=\"/storage/news/4.jpg\" /></p>\n\n<p><br />\n&nbsp;</p>\n\n<hr />\n<h4><strong>Number 4: Consider A Wallet As A Long Term Investment</strong></h4>\n\n<p>Your wallet is indeed an investment that you should consider spending a decent amount of time and effort on it. Another factor that you need to consider is how much you want to spend on your wallet. The price ranges of wallets on the market vary a great deal. You can find a wallet which is as cheap as about 5 to 7 dollars. On the other hand, you should expect to pay around 250 to 300 dollars for a high-quality wallet.</p>\n\n<p>In case you need a wallet to use for a long time, it is a good idea that you should invest a decent amount of money on a wallet. A high quality wallet from a reputational brand with the premium quality such as cowhide leather will last for a long time. In addition, it is an accessory to show off your fashion sense and your social status.</p>\n\n<p style=\"text-align:center\"><img alt=\"f2\" height=\"400\" src=\"/storage/news/5.jpg\" /></p>\n\n<p>&nbsp;</p>\n','published',1,'Botble\\ACL\\Models\\User',1,'news/5.jpg',968,NULL,'2026-03-06 01:42:55','2026-03-06 01:42:55'),(6,'We\'re Crushing Hard on Summer\'s 10 Biggest Bag Trends','You should pay more attention when you choose your wallets. There are a lot of them on the market with the different designs and styles. When you choose carefully, you would be able to buy a wallet that is catered to your needs. Not to mention that it will help to enhance your style significantly.','<p>I have seen many people underestimating the power of their wallets. To them, they are just a functional item they use to carry. As a result, they often end up with the wallets which are not really suitable for them.</p>\n\n<p>You should pay more attention when you choose your wallets. There are a lot of them on the market with the different designs and styles. When you choose carefully, you would be able to buy a wallet that is catered to your needs. Not to mention that it will help to enhance your style significantly.</p>\n\n<p style=\"text-align:center\"><img alt=\"f4\" src=\"/storage/news/1.jpg\" /></p>\n\n<p><br />\n&nbsp;</p>\n\n<p><strong><em>For all of the reason above, here are 7 expert tips to help you pick up the right men&rsquo;s wallet for you:</em></strong></p>\n\n<h4><strong>Number 1: Choose A Neat Wallet</strong></h4>\n\n<p>The wallet is an essential accessory that you should go simple. Simplicity is the best in this case. A simple and neat wallet with the plain color and even&nbsp;<strong>minimalist style</strong>&nbsp;is versatile. It can be used for both formal and casual events. In addition, that wallet will go well with most of the clothes in your wardrobe.</p>\n\n<p>Keep in mind that a wallet will tell other people about your personality and your fashion sense as much as other clothes you put on. Hence, don&rsquo;t go cheesy on your wallet or else people will think that you have a funny and particular style.</p>\n\n<p style=\"text-align:center\"><img alt=\"f5\" src=\"/storage/news/2.jpg\" /></p>\n\n<p><br />\n&nbsp;</p>\n<hr />\n<h4><strong>Number 2: Choose The Right Size For Your Wallet</strong></h4>\n\n<p>You should avoid having an over-sized wallet. Don&rsquo;t think that you need to buy a big wallet because you have a lot to carry with you. In addition, a fat wallet is very ugly. It will make it harder for you to slide the wallet into your trousers&rsquo; pocket. In addition, it will create a bulge and ruin your look.</p>\n\n<p>Before you go on to buy a new wallet, clean out your wallet and place all of the items from your wallet on a table. Throw away things that you would never need any more such as the old bills or the expired gift cards. Remember to check your wallet on a frequent basis to get rid of all of the old stuff that you don&rsquo;t need anymore.</p>\n\n<p style=\"text-align:center\"><img alt=\"f1\" src=\"/storage/news/3.jpg\" /></p>\n\n<p><br />\n&nbsp;</p>\n\n<hr />\n<h4><strong>Number 3: Don&rsquo;t Limit Your Options Of Materials</strong></h4>\n\n<p>The types and designs of wallets are not the only things that you should consider when you go out searching for your best wallet. You have more than 1 option of material rather than leather to choose from as well.</p>\n\n<p>You can experiment with other available options such as cotton, polyester and canvas. They all have their own pros and cons. As a result, they will be suitable for different needs and requirements. You should think about them all in order to choose the material which you would like the most.</p>\n\n<p style=\"text-align:center\"><img alt=\"f6\" height=\"375\" src=\"/storage/news/4.jpg\" /></p>\n\n<p><br />\n&nbsp;</p>\n\n<hr />\n<h4><strong>Number 4: Consider A Wallet As A Long Term Investment</strong></h4>\n\n<p>Your wallet is indeed an investment that you should consider spending a decent amount of time and effort on it. Another factor that you need to consider is how much you want to spend on your wallet. The price ranges of wallets on the market vary a great deal. You can find a wallet which is as cheap as about 5 to 7 dollars. On the other hand, you should expect to pay around 250 to 300 dollars for a high-quality wallet.</p>\n\n<p>In case you need a wallet to use for a long time, it is a good idea that you should invest a decent amount of money on a wallet. A high quality wallet from a reputational brand with the premium quality such as cowhide leather will last for a long time. In addition, it is an accessory to show off your fashion sense and your social status.</p>\n\n<p style=\"text-align:center\"><img alt=\"f2\" height=\"400\" src=\"/storage/news/5.jpg\" /></p>\n\n<p>&nbsp;</p>\n','published',1,'Botble\\ACL\\Models\\User',1,'news/6.jpg',495,NULL,'2026-03-06 01:42:55','2026-03-06 01:42:55'),(7,'Essential Qualities of Highly Successful Music','You should pay more attention when you choose your wallets. There are a lot of them on the market with the different designs and styles. When you choose carefully, you would be able to buy a wallet that is catered to your needs. Not to mention that it will help to enhance your style significantly.','<p>I have seen many people underestimating the power of their wallets. To them, they are just a functional item they use to carry. As a result, they often end up with the wallets which are not really suitable for them.</p>\n\n<p>You should pay more attention when you choose your wallets. There are a lot of them on the market with the different designs and styles. When you choose carefully, you would be able to buy a wallet that is catered to your needs. Not to mention that it will help to enhance your style significantly.</p>\n\n<p style=\"text-align:center\"><img alt=\"f4\" src=\"/storage/news/1.jpg\" /></p>\n\n<p><br />\n&nbsp;</p>\n\n<p><strong><em>For all of the reason above, here are 7 expert tips to help you pick up the right men&rsquo;s wallet for you:</em></strong></p>\n\n<h4><strong>Number 1: Choose A Neat Wallet</strong></h4>\n\n<p>The wallet is an essential accessory that you should go simple. Simplicity is the best in this case. A simple and neat wallet with the plain color and even&nbsp;<strong>minimalist style</strong>&nbsp;is versatile. It can be used for both formal and casual events. In addition, that wallet will go well with most of the clothes in your wardrobe.</p>\n\n<p>Keep in mind that a wallet will tell other people about your personality and your fashion sense as much as other clothes you put on. Hence, don&rsquo;t go cheesy on your wallet or else people will think that you have a funny and particular style.</p>\n\n<p style=\"text-align:center\"><img alt=\"f5\" src=\"/storage/news/2.jpg\" /></p>\n\n<p><br />\n&nbsp;</p>\n<hr />\n<h4><strong>Number 2: Choose The Right Size For Your Wallet</strong></h4>\n\n<p>You should avoid having an over-sized wallet. Don&rsquo;t think that you need to buy a big wallet because you have a lot to carry with you. In addition, a fat wallet is very ugly. It will make it harder for you to slide the wallet into your trousers&rsquo; pocket. In addition, it will create a bulge and ruin your look.</p>\n\n<p>Before you go on to buy a new wallet, clean out your wallet and place all of the items from your wallet on a table. Throw away things that you would never need any more such as the old bills or the expired gift cards. Remember to check your wallet on a frequent basis to get rid of all of the old stuff that you don&rsquo;t need anymore.</p>\n\n<p style=\"text-align:center\"><img alt=\"f1\" src=\"/storage/news/3.jpg\" /></p>\n\n<p><br />\n&nbsp;</p>\n\n<hr />\n<h4><strong>Number 3: Don&rsquo;t Limit Your Options Of Materials</strong></h4>\n\n<p>The types and designs of wallets are not the only things that you should consider when you go out searching for your best wallet. You have more than 1 option of material rather than leather to choose from as well.</p>\n\n<p>You can experiment with other available options such as cotton, polyester and canvas. They all have their own pros and cons. As a result, they will be suitable for different needs and requirements. You should think about them all in order to choose the material which you would like the most.</p>\n\n<p style=\"text-align:center\"><img alt=\"f6\" height=\"375\" src=\"/storage/news/4.jpg\" /></p>\n\n<p><br />\n&nbsp;</p>\n\n<hr />\n<h4><strong>Number 4: Consider A Wallet As A Long Term Investment</strong></h4>\n\n<p>Your wallet is indeed an investment that you should consider spending a decent amount of time and effort on it. Another factor that you need to consider is how much you want to spend on your wallet. The price ranges of wallets on the market vary a great deal. You can find a wallet which is as cheap as about 5 to 7 dollars. On the other hand, you should expect to pay around 250 to 300 dollars for a high-quality wallet.</p>\n\n<p>In case you need a wallet to use for a long time, it is a good idea that you should invest a decent amount of money on a wallet. A high quality wallet from a reputational brand with the premium quality such as cowhide leather will last for a long time. In addition, it is an accessory to show off your fashion sense and your social status.</p>\n\n<p style=\"text-align:center\"><img alt=\"f2\" height=\"400\" src=\"/storage/news/5.jpg\" /></p>\n\n<p>&nbsp;</p>\n','published',1,'Botble\\ACL\\Models\\User',1,'news/7.jpg',924,NULL,'2026-03-06 01:42:55','2026-03-06 01:42:55'),(8,'9 Things I Love About Shaving My Head','You should pay more attention when you choose your wallets. There are a lot of them on the market with the different designs and styles. When you choose carefully, you would be able to buy a wallet that is catered to your needs. Not to mention that it will help to enhance your style significantly.','<p>I have seen many people underestimating the power of their wallets. To them, they are just a functional item they use to carry. As a result, they often end up with the wallets which are not really suitable for them.</p>\n\n<p>You should pay more attention when you choose your wallets. There are a lot of them on the market with the different designs and styles. When you choose carefully, you would be able to buy a wallet that is catered to your needs. Not to mention that it will help to enhance your style significantly.</p>\n\n<p style=\"text-align:center\"><img alt=\"f4\" src=\"/storage/news/1.jpg\" /></p>\n\n<p><br />\n&nbsp;</p>\n\n<p><strong><em>For all of the reason above, here are 7 expert tips to help you pick up the right men&rsquo;s wallet for you:</em></strong></p>\n\n<h4><strong>Number 1: Choose A Neat Wallet</strong></h4>\n\n<p>The wallet is an essential accessory that you should go simple. Simplicity is the best in this case. A simple and neat wallet with the plain color and even&nbsp;<strong>minimalist style</strong>&nbsp;is versatile. It can be used for both formal and casual events. In addition, that wallet will go well with most of the clothes in your wardrobe.</p>\n\n<p>Keep in mind that a wallet will tell other people about your personality and your fashion sense as much as other clothes you put on. Hence, don&rsquo;t go cheesy on your wallet or else people will think that you have a funny and particular style.</p>\n\n<p style=\"text-align:center\"><img alt=\"f5\" src=\"/storage/news/2.jpg\" /></p>\n\n<p><br />\n&nbsp;</p>\n<hr />\n<h4><strong>Number 2: Choose The Right Size For Your Wallet</strong></h4>\n\n<p>You should avoid having an over-sized wallet. Don&rsquo;t think that you need to buy a big wallet because you have a lot to carry with you. In addition, a fat wallet is very ugly. It will make it harder for you to slide the wallet into your trousers&rsquo; pocket. In addition, it will create a bulge and ruin your look.</p>\n\n<p>Before you go on to buy a new wallet, clean out your wallet and place all of the items from your wallet on a table. Throw away things that you would never need any more such as the old bills or the expired gift cards. Remember to check your wallet on a frequent basis to get rid of all of the old stuff that you don&rsquo;t need anymore.</p>\n\n<p style=\"text-align:center\"><img alt=\"f1\" src=\"/storage/news/3.jpg\" /></p>\n\n<p><br />\n&nbsp;</p>\n\n<hr />\n<h4><strong>Number 3: Don&rsquo;t Limit Your Options Of Materials</strong></h4>\n\n<p>The types and designs of wallets are not the only things that you should consider when you go out searching for your best wallet. You have more than 1 option of material rather than leather to choose from as well.</p>\n\n<p>You can experiment with other available options such as cotton, polyester and canvas. They all have their own pros and cons. As a result, they will be suitable for different needs and requirements. You should think about them all in order to choose the material which you would like the most.</p>\n\n<p style=\"text-align:center\"><img alt=\"f6\" height=\"375\" src=\"/storage/news/4.jpg\" /></p>\n\n<p><br />\n&nbsp;</p>\n\n<hr />\n<h4><strong>Number 4: Consider A Wallet As A Long Term Investment</strong></h4>\n\n<p>Your wallet is indeed an investment that you should consider spending a decent amount of time and effort on it. Another factor that you need to consider is how much you want to spend on your wallet. The price ranges of wallets on the market vary a great deal. You can find a wallet which is as cheap as about 5 to 7 dollars. On the other hand, you should expect to pay around 250 to 300 dollars for a high-quality wallet.</p>\n\n<p>In case you need a wallet to use for a long time, it is a good idea that you should invest a decent amount of money on a wallet. A high quality wallet from a reputational brand with the premium quality such as cowhide leather will last for a long time. In addition, it is an accessory to show off your fashion sense and your social status.</p>\n\n<p style=\"text-align:center\"><img alt=\"f2\" height=\"400\" src=\"/storage/news/5.jpg\" /></p>\n\n<p>&nbsp;</p>\n','published',1,'Botble\\ACL\\Models\\User',1,'news/8.jpg',1240,NULL,'2026-03-06 01:42:55','2026-03-06 01:42:55'),(9,'Why Teamwork Really Makes The Dream Work','You should pay more attention when you choose your wallets. There are a lot of them on the market with the different designs and styles. When you choose carefully, you would be able to buy a wallet that is catered to your needs. Not to mention that it will help to enhance your style significantly.','<p>I have seen many people underestimating the power of their wallets. To them, they are just a functional item they use to carry. As a result, they often end up with the wallets which are not really suitable for them.</p>\n\n<p>You should pay more attention when you choose your wallets. There are a lot of them on the market with the different designs and styles. When you choose carefully, you would be able to buy a wallet that is catered to your needs. Not to mention that it will help to enhance your style significantly.</p>\n\n<p style=\"text-align:center\"><img alt=\"f4\" src=\"/storage/news/1.jpg\" /></p>\n\n<p><br />\n&nbsp;</p>\n\n<p><strong><em>For all of the reason above, here are 7 expert tips to help you pick up the right men&rsquo;s wallet for you:</em></strong></p>\n\n<h4><strong>Number 1: Choose A Neat Wallet</strong></h4>\n\n<p>The wallet is an essential accessory that you should go simple. Simplicity is the best in this case. A simple and neat wallet with the plain color and even&nbsp;<strong>minimalist style</strong>&nbsp;is versatile. It can be used for both formal and casual events. In addition, that wallet will go well with most of the clothes in your wardrobe.</p>\n\n<p>Keep in mind that a wallet will tell other people about your personality and your fashion sense as much as other clothes you put on. Hence, don&rsquo;t go cheesy on your wallet or else people will think that you have a funny and particular style.</p>\n\n<p style=\"text-align:center\"><img alt=\"f5\" src=\"/storage/news/2.jpg\" /></p>\n\n<p><br />\n&nbsp;</p>\n<hr />\n<h4><strong>Number 2: Choose The Right Size For Your Wallet</strong></h4>\n\n<p>You should avoid having an over-sized wallet. Don&rsquo;t think that you need to buy a big wallet because you have a lot to carry with you. In addition, a fat wallet is very ugly. It will make it harder for you to slide the wallet into your trousers&rsquo; pocket. In addition, it will create a bulge and ruin your look.</p>\n\n<p>Before you go on to buy a new wallet, clean out your wallet and place all of the items from your wallet on a table. Throw away things that you would never need any more such as the old bills or the expired gift cards. Remember to check your wallet on a frequent basis to get rid of all of the old stuff that you don&rsquo;t need anymore.</p>\n\n<p style=\"text-align:center\"><img alt=\"f1\" src=\"/storage/news/3.jpg\" /></p>\n\n<p><br />\n&nbsp;</p>\n\n<hr />\n<h4><strong>Number 3: Don&rsquo;t Limit Your Options Of Materials</strong></h4>\n\n<p>The types and designs of wallets are not the only things that you should consider when you go out searching for your best wallet. You have more than 1 option of material rather than leather to choose from as well.</p>\n\n<p>You can experiment with other available options such as cotton, polyester and canvas. They all have their own pros and cons. As a result, they will be suitable for different needs and requirements. You should think about them all in order to choose the material which you would like the most.</p>\n\n<p style=\"text-align:center\"><img alt=\"f6\" height=\"375\" src=\"/storage/news/4.jpg\" /></p>\n\n<p><br />\n&nbsp;</p>\n\n<hr />\n<h4><strong>Number 4: Consider A Wallet As A Long Term Investment</strong></h4>\n\n<p>Your wallet is indeed an investment that you should consider spending a decent amount of time and effort on it. Another factor that you need to consider is how much you want to spend on your wallet. The price ranges of wallets on the market vary a great deal. You can find a wallet which is as cheap as about 5 to 7 dollars. On the other hand, you should expect to pay around 250 to 300 dollars for a high-quality wallet.</p>\n\n<p>In case you need a wallet to use for a long time, it is a good idea that you should invest a decent amount of money on a wallet. A high quality wallet from a reputational brand with the premium quality such as cowhide leather will last for a long time. In addition, it is an accessory to show off your fashion sense and your social status.</p>\n\n<p style=\"text-align:center\"><img alt=\"f2\" height=\"400\" src=\"/storage/news/5.jpg\" /></p>\n\n<p>&nbsp;</p>\n','published',1,'Botble\\ACL\\Models\\User',1,'news/9.jpg',411,NULL,'2026-03-06 01:42:55','2026-03-06 01:42:55'),(10,'The World Caters to Average People','You should pay more attention when you choose your wallets. There are a lot of them on the market with the different designs and styles. When you choose carefully, you would be able to buy a wallet that is catered to your needs. Not to mention that it will help to enhance your style significantly.','<p>I have seen many people underestimating the power of their wallets. To them, they are just a functional item they use to carry. As a result, they often end up with the wallets which are not really suitable for them.</p>\n\n<p>You should pay more attention when you choose your wallets. There are a lot of them on the market with the different designs and styles. When you choose carefully, you would be able to buy a wallet that is catered to your needs. Not to mention that it will help to enhance your style significantly.</p>\n\n<p style=\"text-align:center\"><img alt=\"f4\" src=\"/storage/news/1.jpg\" /></p>\n\n<p><br />\n&nbsp;</p>\n\n<p><strong><em>For all of the reason above, here are 7 expert tips to help you pick up the right men&rsquo;s wallet for you:</em></strong></p>\n\n<h4><strong>Number 1: Choose A Neat Wallet</strong></h4>\n\n<p>The wallet is an essential accessory that you should go simple. Simplicity is the best in this case. A simple and neat wallet with the plain color and even&nbsp;<strong>minimalist style</strong>&nbsp;is versatile. It can be used for both formal and casual events. In addition, that wallet will go well with most of the clothes in your wardrobe.</p>\n\n<p>Keep in mind that a wallet will tell other people about your personality and your fashion sense as much as other clothes you put on. Hence, don&rsquo;t go cheesy on your wallet or else people will think that you have a funny and particular style.</p>\n\n<p style=\"text-align:center\"><img alt=\"f5\" src=\"/storage/news/2.jpg\" /></p>\n\n<p><br />\n&nbsp;</p>\n<hr />\n<h4><strong>Number 2: Choose The Right Size For Your Wallet</strong></h4>\n\n<p>You should avoid having an over-sized wallet. Don&rsquo;t think that you need to buy a big wallet because you have a lot to carry with you. In addition, a fat wallet is very ugly. It will make it harder for you to slide the wallet into your trousers&rsquo; pocket. In addition, it will create a bulge and ruin your look.</p>\n\n<p>Before you go on to buy a new wallet, clean out your wallet and place all of the items from your wallet on a table. Throw away things that you would never need any more such as the old bills or the expired gift cards. Remember to check your wallet on a frequent basis to get rid of all of the old stuff that you don&rsquo;t need anymore.</p>\n\n<p style=\"text-align:center\"><img alt=\"f1\" src=\"/storage/news/3.jpg\" /></p>\n\n<p><br />\n&nbsp;</p>\n\n<hr />\n<h4><strong>Number 3: Don&rsquo;t Limit Your Options Of Materials</strong></h4>\n\n<p>The types and designs of wallets are not the only things that you should consider when you go out searching for your best wallet. You have more than 1 option of material rather than leather to choose from as well.</p>\n\n<p>You can experiment with other available options such as cotton, polyester and canvas. They all have their own pros and cons. As a result, they will be suitable for different needs and requirements. You should think about them all in order to choose the material which you would like the most.</p>\n\n<p style=\"text-align:center\"><img alt=\"f6\" height=\"375\" src=\"/storage/news/4.jpg\" /></p>\n\n<p><br />\n&nbsp;</p>\n\n<hr />\n<h4><strong>Number 4: Consider A Wallet As A Long Term Investment</strong></h4>\n\n<p>Your wallet is indeed an investment that you should consider spending a decent amount of time and effort on it. Another factor that you need to consider is how much you want to spend on your wallet. The price ranges of wallets on the market vary a great deal. You can find a wallet which is as cheap as about 5 to 7 dollars. On the other hand, you should expect to pay around 250 to 300 dollars for a high-quality wallet.</p>\n\n<p>In case you need a wallet to use for a long time, it is a good idea that you should invest a decent amount of money on a wallet. A high quality wallet from a reputational brand with the premium quality such as cowhide leather will last for a long time. In addition, it is an accessory to show off your fashion sense and your social status.</p>\n\n<p style=\"text-align:center\"><img alt=\"f2\" height=\"400\" src=\"/storage/news/5.jpg\" /></p>\n\n<p>&nbsp;</p>\n','published',1,'Botble\\ACL\\Models\\User',1,'news/10.jpg',389,NULL,'2026-03-06 01:42:55','2026-03-06 01:42:55'),(11,'The litigants on the screen are not actors','You should pay more attention when you choose your wallets. There are a lot of them on the market with the different designs and styles. When you choose carefully, you would be able to buy a wallet that is catered to your needs. Not to mention that it will help to enhance your style significantly.','<p>I have seen many people underestimating the power of their wallets. To them, they are just a functional item they use to carry. As a result, they often end up with the wallets which are not really suitable for them.</p>\n\n<p>You should pay more attention when you choose your wallets. There are a lot of them on the market with the different designs and styles. When you choose carefully, you would be able to buy a wallet that is catered to your needs. Not to mention that it will help to enhance your style significantly.</p>\n\n<p style=\"text-align:center\"><img alt=\"f4\" src=\"/storage/news/1.jpg\" /></p>\n\n<p><br />\n&nbsp;</p>\n\n<p><strong><em>For all of the reason above, here are 7 expert tips to help you pick up the right men&rsquo;s wallet for you:</em></strong></p>\n\n<h4><strong>Number 1: Choose A Neat Wallet</strong></h4>\n\n<p>The wallet is an essential accessory that you should go simple. Simplicity is the best in this case. A simple and neat wallet with the plain color and even&nbsp;<strong>minimalist style</strong>&nbsp;is versatile. It can be used for both formal and casual events. In addition, that wallet will go well with most of the clothes in your wardrobe.</p>\n\n<p>Keep in mind that a wallet will tell other people about your personality and your fashion sense as much as other clothes you put on. Hence, don&rsquo;t go cheesy on your wallet or else people will think that you have a funny and particular style.</p>\n\n<p style=\"text-align:center\"><img alt=\"f5\" src=\"/storage/news/2.jpg\" /></p>\n\n<p><br />\n&nbsp;</p>\n<hr />\n<h4><strong>Number 2: Choose The Right Size For Your Wallet</strong></h4>\n\n<p>You should avoid having an over-sized wallet. Don&rsquo;t think that you need to buy a big wallet because you have a lot to carry with you. In addition, a fat wallet is very ugly. It will make it harder for you to slide the wallet into your trousers&rsquo; pocket. In addition, it will create a bulge and ruin your look.</p>\n\n<p>Before you go on to buy a new wallet, clean out your wallet and place all of the items from your wallet on a table. Throw away things that you would never need any more such as the old bills or the expired gift cards. Remember to check your wallet on a frequent basis to get rid of all of the old stuff that you don&rsquo;t need anymore.</p>\n\n<p style=\"text-align:center\"><img alt=\"f1\" src=\"/storage/news/3.jpg\" /></p>\n\n<p><br />\n&nbsp;</p>\n\n<hr />\n<h4><strong>Number 3: Don&rsquo;t Limit Your Options Of Materials</strong></h4>\n\n<p>The types and designs of wallets are not the only things that you should consider when you go out searching for your best wallet. You have more than 1 option of material rather than leather to choose from as well.</p>\n\n<p>You can experiment with other available options such as cotton, polyester and canvas. They all have their own pros and cons. As a result, they will be suitable for different needs and requirements. You should think about them all in order to choose the material which you would like the most.</p>\n\n<p style=\"text-align:center\"><img alt=\"f6\" height=\"375\" src=\"/storage/news/4.jpg\" /></p>\n\n<p><br />\n&nbsp;</p>\n\n<hr />\n<h4><strong>Number 4: Consider A Wallet As A Long Term Investment</strong></h4>\n\n<p>Your wallet is indeed an investment that you should consider spending a decent amount of time and effort on it. Another factor that you need to consider is how much you want to spend on your wallet. The price ranges of wallets on the market vary a great deal. You can find a wallet which is as cheap as about 5 to 7 dollars. On the other hand, you should expect to pay around 250 to 300 dollars for a high-quality wallet.</p>\n\n<p>In case you need a wallet to use for a long time, it is a good idea that you should invest a decent amount of money on a wallet. A high quality wallet from a reputational brand with the premium quality such as cowhide leather will last for a long time. In addition, it is an accessory to show off your fashion sense and your social status.</p>\n\n<p style=\"text-align:center\"><img alt=\"f2\" height=\"400\" src=\"/storage/news/5.jpg\" /></p>\n\n<p>&nbsp;</p>\n','published',1,'Botble\\ACL\\Models\\User',0,'news/11.jpg',2385,NULL,'2026-03-06 01:42:55','2026-03-06 01:42:55');

--
-- Table structure for table `posts_translations`
--

CREATE TABLE `posts_translations` (
  `lang_code` varchar(20) COLLATE utf8mb4_unicode_ci NOT NULL,
  `posts_id` bigint unsigned NOT NULL,
  `name` varchar(191) COLLATE utf8mb4_unicode_ci DEFAULT NULL,
  `description` varchar(400) COLLATE utf8mb4_unicode_ci DEFAULT NULL,
  `content` longtext COLLATE utf8mb4_unicode_ci,
  PRIMARY KEY (`lang_code`,`posts_id`),
  KEY `idx_posts_trans_posts_id` (`posts_id`),
  KEY `idx_posts_trans_post_lang` (`posts_id`,`lang_code`)
) ENGINE=InnoDB DEFAULT CHARSET=utf8mb4 COLLATE=utf8mb4_unicode_ci;

--
-- Dumping data for table `posts_translations`
--


--
-- Table structure for table `push_notification_recipients`
--

CREATE TABLE `push_notification_recipients` (
  `id` bigint unsigned NOT NULL AUTO_INCREMENT,
  `push_notification_id` bigint unsigned NOT NULL,
  `user_type` varchar(50) COLLATE utf8mb4_unicode_ci NOT NULL,
  `user_id` bigint unsigned NOT NULL,
  `device_token` varchar(191) COLLATE utf8mb4_unicode_ci DEFAULT NULL,
  `platform` varchar(20) COLLATE utf8mb4_unicode_ci DEFAULT NULL,
  `status` varchar(20) COLLATE utf8mb4_unicode_ci NOT NULL DEFAULT 'sent',
  `sent_at` timestamp NULL DEFAULT NULL,
  `delivered_at` timestamp NULL DEFAULT NULL,
  `read_at` timestamp NULL DEFAULT NULL,
  `clicked_at` timestamp NULL DEFAULT NULL,
  `fcm_response` json DEFAULT NULL,
  `error_message` varchar(191) COLLATE utf8mb4_unicode_ci DEFAULT NULL,
  `created_at` timestamp NULL DEFAULT NULL,
  `updated_at` timestamp NULL DEFAULT NULL,
  PRIMARY KEY (`id`),
  KEY `pnr_notification_user_index` (`push_notification_id`,`user_type`,`user_id`),
  KEY `pnr_user_status_index` (`user_type`,`user_id`,`status`),
  KEY `pnr_user_read_index` (`user_type`,`user_id`,`read_at`),
  KEY `pnr_status_index` (`status`)
) ENGINE=InnoDB DEFAULT CHARSET=utf8mb4 COLLATE=utf8mb4_unicode_ci;

--
-- Dumping data for table `push_notification_recipients`
--


--
-- Table structure for table `push_notifications`
--

CREATE TABLE `push_notifications` (
  `id` bigint unsigned NOT NULL AUTO_INCREMENT,
  `title` varchar(191) COLLATE utf8mb4_unicode_ci NOT NULL,
  `message` text COLLATE utf8mb4_unicode_ci NOT NULL,
  `type` varchar(191) COLLATE utf8mb4_unicode_ci NOT NULL DEFAULT 'general',
  `target_type` varchar(191) COLLATE utf8mb4_unicode_ci DEFAULT NULL,
  `target_value` varchar(191) COLLATE utf8mb4_unicode_ci DEFAULT NULL,
  `action_url` varchar(191) COLLATE utf8mb4_unicode_ci DEFAULT NULL,
  `image_url` varchar(191) COLLATE utf8mb4_unicode_ci DEFAULT NULL,
  `data` json DEFAULT NULL,
  `status` varchar(191) COLLATE utf8mb4_unicode_ci NOT NULL DEFAULT 'sent',
  `sent_count` int NOT NULL DEFAULT '0',
  `failed_count` int NOT NULL DEFAULT '0',
  `delivered_count` int NOT NULL DEFAULT '0',
  `read_count` int NOT NULL DEFAULT '0',
  `scheduled_at` timestamp NULL DEFAULT NULL,
  `sent_at` timestamp NULL DEFAULT NULL,
  `created_by` bigint unsigned DEFAULT NULL,
  `created_at` timestamp NULL DEFAULT NULL,
  `updated_at` timestamp NULL DEFAULT NULL,
  PRIMARY KEY (`id`),
  KEY `push_notifications_type_created_at_index` (`type`,`created_at`),
  KEY `push_notifications_status_scheduled_at_index` (`status`,`scheduled_at`),
  KEY `push_notifications_created_by_index` (`created_by`)
) ENGINE=InnoDB DEFAULT CHARSET=utf8mb4 COLLATE=utf8mb4_unicode_ci;

--
-- Dumping data for table `push_notifications`
--


--
-- Table structure for table `revisions`
--

CREATE TABLE `revisions` (
  `id` bigint unsigned NOT NULL AUTO_INCREMENT,
  `revisionable_type` varchar(191) COLLATE utf8mb4_unicode_ci NOT NULL,
  `revisionable_id` bigint unsigned NOT NULL,
  `user_id` bigint unsigned DEFAULT NULL,
  `key` varchar(120) COLLATE utf8mb4_unicode_ci NOT NULL,
  `old_value` text COLLATE utf8mb4_unicode_ci,
  `new_value` text COLLATE utf8mb4_unicode_ci,
  `created_at` timestamp NULL DEFAULT NULL,
  `updated_at` timestamp NULL DEFAULT NULL,
  PRIMARY KEY (`id`),
  KEY `revisions_revisionable_id_revisionable_type_index` (`revisionable_id`,`revisionable_type`)
) ENGINE=InnoDB DEFAULT CHARSET=utf8mb4 COLLATE=utf8mb4_unicode_ci;

--
-- Dumping data for table `revisions`
--


--
-- Table structure for table `role_users`
--

CREATE TABLE `role_users` (
  `user_id` bigint unsigned NOT NULL,
  `role_id` bigint unsigned NOT NULL,
  `created_at` timestamp NULL DEFAULT NULL,
  `updated_at` timestamp NULL DEFAULT NULL,
  PRIMARY KEY (`user_id`,`role_id`),
  KEY `role_users_user_id_index` (`user_id`),
  KEY `role_users_role_id_index` (`role_id`)
) ENGINE=InnoDB DEFAULT CHARSET=utf8mb4 COLLATE=utf8mb4_unicode_ci;

--
-- Dumping data for table `role_users`
--


--
-- Table structure for table `roles`
--

CREATE TABLE `roles` (
  `id` bigint unsigned NOT NULL AUTO_INCREMENT,
  `slug` varchar(120) COLLATE utf8mb4_unicode_ci NOT NULL,
  `name` varchar(120) COLLATE utf8mb4_unicode_ci NOT NULL,
  `permissions` text COLLATE utf8mb4_unicode_ci,
  `description` varchar(400) COLLATE utf8mb4_unicode_ci DEFAULT NULL,
  `is_default` tinyint unsigned NOT NULL DEFAULT '0',
  `created_by` bigint unsigned NOT NULL,
  `updated_by` bigint unsigned NOT NULL,
  `created_at` timestamp NULL DEFAULT NULL,
  `updated_at` timestamp NULL DEFAULT NULL,
  PRIMARY KEY (`id`),
  UNIQUE KEY `roles_slug_unique` (`slug`),
  KEY `roles_created_by_index` (`created_by`),
  KEY `roles_updated_by_index` (`updated_by`)
) ENGINE=InnoDB AUTO_INCREMENT=2 DEFAULT CHARSET=utf8mb4 COLLATE=utf8mb4_unicode_ci;

--
-- Dumping data for table `roles`
--

INSERT INTO `roles` VALUES (1,'admin','Admin','{\"users.index\":true,\"users.create\":true,\"users.edit\":true,\"users.destroy\":true,\"roles.index\":true,\"roles.create\":true,\"roles.edit\":true,\"roles.destroy\":true,\"core.system\":true,\"core.cms\":true,\"core.manage.license\":true,\"systems.cronjob\":true,\"core.tools\":true,\"tools.data-synchronize\":true,\"media.index\":true,\"files.index\":true,\"files.create\":true,\"files.edit\":true,\"files.trash\":true,\"files.destroy\":true,\"folders.index\":true,\"folders.create\":true,\"folders.edit\":true,\"folders.trash\":true,\"folders.destroy\":true,\"settings.index\":true,\"settings.common\":true,\"settings.options\":true,\"settings.email\":true,\"settings.media\":true,\"settings.admin-appearance\":true,\"settings.cache\":true,\"settings.datatables\":true,\"settings.email.rules\":true,\"settings.phone-number\":true,\"settings.others\":true,\"menus.index\":true,\"menus.create\":true,\"menus.edit\":true,\"menus.destroy\":true,\"optimize.settings\":true,\"pages.index\":true,\"pages.create\":true,\"pages.edit\":true,\"pages.destroy\":true,\"pages.export\":true,\"pages.import\":true,\"plugins.index\":true,\"plugins.edit\":true,\"plugins.remove\":true,\"plugins.marketplace\":true,\"sitemap.settings\":true,\"core.appearance\":true,\"theme.index\":true,\"theme.activate\":true,\"theme.remove\":true,\"theme.options\":true,\"theme.custom-css\":true,\"theme.custom-js\":true,\"theme.custom-html\":true,\"theme.robots-txt\":true,\"settings.website-tracking\":true,\"widgets.index\":true,\"ads.index\":true,\"ads.create\":true,\"ads.edit\":true,\"ads.destroy\":true,\"ads.settings\":true,\"analytics.general\":true,\"analytics.page\":true,\"analytics.browser\":true,\"analytics.referrer\":true,\"analytics.settings\":true,\"audit-log.index\":true,\"audit-log.destroy\":true,\"backups.index\":true,\"backups.create\":true,\"backups.restore\":true,\"backups.destroy\":true,\"plugins.blog\":true,\"posts.index\":true,\"posts.create\":true,\"posts.edit\":true,\"posts.destroy\":true,\"categories.index\":true,\"categories.create\":true,\"categories.edit\":true,\"categories.destroy\":true,\"tags.index\":true,\"blog.reports\":true,\"tags.create\":true,\"tags.edit\":true,\"tags.destroy\":true,\"blog.settings\":true,\"posts.export\":true,\"posts.import\":true,\"captcha.settings\":true,\"contacts.index\":true,\"contacts.edit\":true,\"contacts.destroy\":true,\"contact.custom-fields\":true,\"contact.settings\":true,\"plugins.ecommerce\":true,\"ecommerce.report.index\":true,\"products.index\":true,\"products.create\":true,\"products.edit\":true,\"products.destroy\":true,\"products.duplicate\":true,\"ecommerce.product-prices.index\":true,\"ecommerce.product-prices.edit\":true,\"ecommerce.product-inventory.index\":true,\"ecommerce.product-inventory.edit\":true,\"product-categories.index\":true,\"product-categories.create\":true,\"product-categories.edit\":true,\"product-categories.destroy\":true,\"product-tag.index\":true,\"product-tag.create\":true,\"product-tag.edit\":true,\"product-tag.destroy\":true,\"brands.index\":true,\"brands.create\":true,\"brands.edit\":true,\"brands.destroy\":true,\"product-collections.index\":true,\"product-collections.create\":true,\"product-collections.edit\":true,\"product-collections.destroy\":true,\"product-attribute-sets.index\":true,\"product-attribute-sets.create\":true,\"product-attribute-sets.edit\":true,\"product-attribute-sets.destroy\":true,\"product-attributes.index\":true,\"product-attributes.create\":true,\"product-attributes.edit\":true,\"product-attributes.destroy\":true,\"tax.index\":true,\"tax.create\":true,\"tax.edit\":true,\"tax.destroy\":true,\"reviews.index\":true,\"reviews.create\":true,\"reviews.destroy\":true,\"reviews.publish\":true,\"reviews.reply\":true,\"ecommerce.shipments.index\":true,\"ecommerce.shipments.create\":true,\"ecommerce.shipments.edit\":true,\"ecommerce.shipments.destroy\":true,\"orders.index\":true,\"orders.create\":true,\"orders.edit\":true,\"orders.destroy\":true,\"discounts.index\":true,\"discounts.create\":true,\"discounts.edit\":true,\"discounts.destroy\":true,\"customers.index\":true,\"customers.create\":true,\"customers.edit\":true,\"customers.destroy\":true,\"ecommerce.customers.import\":true,\"ecommerce.customers.export\":true,\"ecommerce.customer-carts.index\":true,\"ecommerce.customer-carts.destroy\":true,\"flash-sale.index\":true,\"flash-sale.create\":true,\"flash-sale.edit\":true,\"flash-sale.destroy\":true,\"product-label.index\":true,\"product-label.create\":true,\"product-label.edit\":true,\"product-label.destroy\":true,\"ecommerce.import.products.index\":true,\"ecommerce.export.products.index\":true,\"order_returns.index\":true,\"order_returns.edit\":true,\"order_returns.destroy\":true,\"global-option.index\":true,\"global-option.create\":true,\"global-option.edit\":true,\"global-option.destroy\":true,\"ecommerce.invoice.index\":true,\"ecommerce.invoice.edit\":true,\"ecommerce.invoice.destroy\":true,\"ecommerce.settings\":true,\"ecommerce.settings.general\":true,\"ecommerce.invoice-template.index\":true,\"ecommerce.settings.currencies\":true,\"ecommerce.settings.products\":true,\"ecommerce.settings.product-search\":true,\"ecommerce.settings.digital-products\":true,\"ecommerce.settings.store-locators\":true,\"ecommerce.settings.invoices\":true,\"ecommerce.settings.product-reviews\":true,\"ecommerce.settings.customers\":true,\"ecommerce.settings.shopping\":true,\"ecommerce.settings.taxes\":true,\"ecommerce.settings.shipping\":true,\"ecommerce.shipping-rule-items.index\":true,\"ecommerce.shipping-rule-items.create\":true,\"ecommerce.shipping-rule-items.edit\":true,\"ecommerce.shipping-rule-items.destroy\":true,\"ecommerce.shipping-rule-items.bulk-import\":true,\"ecommerce.settings.tracking\":true,\"ecommerce.settings.standard-and-format\":true,\"ecommerce.settings.checkout\":true,\"ecommerce.settings.return\":true,\"ecommerce.settings.flash-sale\":true,\"ecommerce.settings.product-specification\":true,\"product-categories.export\":true,\"product-categories.import\":true,\"product-license-codes.import\":true,\"orders.export\":true,\"ecommerce.product-specification.index\":true,\"ecommerce.specification-groups.index\":true,\"ecommerce.specification-groups.create\":true,\"ecommerce.specification-groups.edit\":true,\"ecommerce.specification-groups.destroy\":true,\"ecommerce.specification-attributes.index\":true,\"ecommerce.specification-attributes.create\":true,\"ecommerce.specification-attributes.edit\":true,\"ecommerce.specification-attributes.destroy\":true,\"ecommerce.specification-tables.index\":true,\"ecommerce.specification-tables.create\":true,\"ecommerce.specification-tables.edit\":true,\"ecommerce.specification-tables.destroy\":true,\"ecommerce.product-specifications.import\":true,\"ecommerce.product-specifications.export\":true,\"plugin.faq\":true,\"faq.index\":true,\"faq.create\":true,\"faq.edit\":true,\"faq.destroy\":true,\"faq_category.index\":true,\"faq_category.create\":true,\"faq_category.edit\":true,\"faq_category.destroy\":true,\"faqs.settings\":true,\"languages.index\":true,\"languages.create\":true,\"languages.edit\":true,\"languages.destroy\":true,\"translations.import\":true,\"translations.export\":true,\"property-translations.import\":true,\"property-translations.export\":true,\"page-translations.export\":true,\"page-translations.import\":true,\"plugin.location\":true,\"country.index\":true,\"country.create\":true,\"country.edit\":true,\"country.destroy\":true,\"state.index\":true,\"state.create\":true,\"state.edit\":true,\"state.destroy\":true,\"city.index\":true,\"city.create\":true,\"city.edit\":true,\"city.destroy\":true,\"marketplace.index\":true,\"marketplace.store.index\":true,\"marketplace.store.create\":true,\"marketplace.store.edit\":true,\"marketplace.store.destroy\":true,\"marketplace.store.view\":true,\"marketplace.store.revenue.create\":true,\"marketplace.withdrawal.index\":true,\"marketplace.withdrawal.edit\":true,\"marketplace.withdrawal.destroy\":true,\"marketplace.withdrawal.invoice\":true,\"marketplace.vendors.index\":true,\"marketplace.unverified-vendors.index\":true,\"marketplace.vendors.control\":true,\"marketplace.unverified-vendors.edit\":true,\"marketplace.reports\":true,\"marketplace.settings\":true,\"marketplace.messages.index\":true,\"marketplace.messages.edit\":true,\"marketplace.messages.destroy\":true,\"newsletter.index\":true,\"newsletter.destroy\":true,\"newsletter.settings\":true,\"payment.index\":true,\"payments.settings\":true,\"payment.destroy\":true,\"payments.logs\":true,\"payments.logs.show\":true,\"payments.logs.destroy\":true,\"simple-slider.index\":true,\"simple-slider.create\":true,\"simple-slider.edit\":true,\"simple-slider.destroy\":true,\"simple-slider-item.index\":true,\"simple-slider-item.create\":true,\"simple-slider-item.edit\":true,\"simple-slider-item.destroy\":true,\"social-login.settings\":true,\"testimonial.index\":true,\"testimonial.create\":true,\"testimonial.edit\":true,\"testimonial.destroy\":true,\"plugins.translation\":true,\"translations.locales\":true,\"translations.theme-translations\":true,\"translations.index\":true,\"theme-translations.export\":true,\"other-translations.export\":true,\"theme-translations.import\":true,\"other-translations.import\":true,\"api.settings\":true,\"api.sanctum-token.index\":true,\"api.sanctum-token.create\":true,\"api.sanctum-token.destroy\":true}','Admin users role',1,1,1,'2026-03-06 01:42:54','2026-03-06 01:42:54');

--
-- Table structure for table `sessions`
--

CREATE TABLE `sessions` (
  `id` varchar(191) COLLATE utf8mb4_unicode_ci NOT NULL,
  `user_id` bigint unsigned DEFAULT NULL,
  `ip_address` varchar(45) COLLATE utf8mb4_unicode_ci DEFAULT NULL,
  `user_agent` text COLLATE utf8mb4_unicode_ci,
  `payload` longtext COLLATE utf8mb4_unicode_ci NOT NULL,
  `last_activity` int NOT NULL,
  PRIMARY KEY (`id`),
  KEY `sessions_user_id_index` (`user_id`),
  KEY `sessions_last_activity_index` (`last_activity`)
) ENGINE=InnoDB DEFAULT CHARSET=utf8mb4 COLLATE=utf8mb4_unicode_ci;

--
-- Dumping data for table `sessions`
--


--
-- Table structure for table `settings`
--

CREATE TABLE `settings` (
  `id` bigint unsigned NOT NULL AUTO_INCREMENT,
  `key` varchar(191) COLLATE utf8mb4_unicode_ci NOT NULL,
  `value` text COLLATE utf8mb4_unicode_ci,
  `created_at` timestamp NULL DEFAULT NULL,
  `updated_at` timestamp NULL DEFAULT NULL,
  PRIMARY KEY (`id`),
  UNIQUE KEY `settings_key_unique` (`key`)
) ENGINE=InnoDB AUTO_INCREMENT=209 DEFAULT CHARSET=utf8mb4 COLLATE=utf8mb4_unicode_ci;

--
-- Dumping data for table `settings`
--

INSERT INTO `settings` VALUES (1,'media_random_hash','edf21183d74b6b168cec1f290ddd8d90',NULL,'2026-03-06 01:43:05'),(2,'api_enabled','0',NULL,'2026-03-06 01:43:05'),(3,'activated_plugins','[\"language\",\"language-advanced\",\"ads\",\"analytics\",\"audit-log\",\"backup\",\"blog\",\"captcha\",\"contact\",\"cookie-consent\",\"ecommerce\",\"faq\",\"location\",\"marketplace\",\"mollie\",\"newsletter\",\"payment\",\"paypal\",\"paypal-payout\",\"paystack\",\"razorpay\",\"shippo\",\"simple-slider\",\"social-login\",\"sslcommerz\",\"stripe\",\"stripe-connect\",\"testimonial\",\"translation\"]',NULL,'2026-03-06 01:43:05'),(4,'analytics_dashboard_widgets','0','2026-03-06 01:42:19','2026-03-06 01:42:19'),(5,'enable_recaptcha_botble_contact_forms_fronts_contact_form','1','2026-03-06 01:42:19','2026-03-06 01:42:19'),(6,'api_layer_api_key','',NULL,'2026-03-06 01:43:05'),(9,'enable_recaptcha_botble_newsletter_forms_fronts_newsletter_form','1','2026-03-06 01:42:24','2026-03-06 01:42:24'),(10,'payment_cod_fee_type','fixed',NULL,'2026-03-06 01:43:05'),(11,'payment_bank_transfer_fee_type','fixed',NULL,'2026-03-06 01:43:05'),(12,'theme','martfury',NULL,'2026-03-06 01:43:05'),(13,'show_admin_bar','1',NULL,'2026-03-06 01:43:05'),(14,'language_hide_default','1',NULL,'2026-03-06 01:43:05'),(15,'language_switcher_display','dropdown',NULL,'2026-03-06 01:43:05'),(16,'language_display','all',NULL,'2026-03-06 01:43:05'),(17,'language_hide_languages','[]',NULL,'2026-03-06 01:43:05'),(18,'simple_slider_using_assets','0',NULL,NULL),(19,'admin_favicon','general/favicon.png',NULL,'2026-03-06 01:43:05'),(20,'admin_logo','general/logo-light.png',NULL,'2026-03-06 01:43:05'),(21,'payment_cod_status','1',NULL,'2026-03-06 01:43:05'),(22,'payment_bank_transfer_status','1',NULL,'2026-03-06 01:43:05'),(23,'payment_cod_description','Please pay money directly to the postman, if you choose cash on delivery method (COD).',NULL,'2026-03-06 01:43:05'),(24,'payment_bank_transfer_description','Please send money to our bank account: ACB - 69270 213 19.',NULL,'2026-03-06 01:43:05'),(25,'payment_stripe_payment_type','stripe_checkout',NULL,'2026-03-06 01:43:05'),(26,'plugins_ecommerce_customer_new_order_status','0',NULL,'2026-03-06 01:43:05'),(27,'plugins_ecommerce_admin_new_order_status','0',NULL,'2026-03-06 01:43:05'),(28,'ecommerce_is_enabled_support_digital_products','1',NULL,'2026-03-06 01:43:05'),(29,'ecommerce_enable_license_codes_for_digital_products','1',NULL,'2026-03-06 01:43:05'),(30,'ecommerce_auto_complete_digital_orders_after_payment','1',NULL,'2026-03-06 01:43:05'),(31,'ecommerce_load_countries_states_cities_from_location_plugin','0',NULL,'2026-03-06 01:43:05'),(32,'ecommerce_product_sku_format','SF-2443-%s%s%s%s',NULL,'2026-03-06 01:43:05'),(33,'ecommerce_store_order_prefix','SF',NULL,'2026-03-06 01:43:05'),(34,'ecommerce_enable_product_specification','1',NULL,'2026-03-06 01:43:05'),(35,'payment_bank_transfer_display_bank_info_at_the_checkout_success_page','1',NULL,'2026-03-06 01:43:05'),(36,'payment_cod_logo','payments/cod.png',NULL,'2026-03-06 01:43:05'),(37,'payment_bank_transfer_logo','payments/bank-transfer.png',NULL,'2026-03-06 01:43:05'),(38,'payment_stripe_logo','payments/stripe.webp',NULL,'2026-03-06 01:43:05'),(39,'payment_paypal_logo','payments/paypal.png',NULL,'2026-03-06 01:43:05'),(40,'payment_mollie_logo','payments/mollie.png',NULL,'2026-03-06 01:43:05'),(41,'payment_paystack_logo','payments/paystack.png',NULL,'2026-03-06 01:43:05'),(42,'payment_razorpay_logo','payments/razorpay.png',NULL,'2026-03-06 01:43:05'),(43,'payment_sslcommerz_logo','payments/sslcommerz.png',NULL,'2026-03-06 01:43:05'),(44,'permalink-botble-blog-models-post','blog',NULL,'2026-03-06 01:43:05'),(45,'permalink-botble-blog-models-category','blog',NULL,'2026-03-06 01:43:05'),(46,'ecommerce_store_name','Martfury',NULL,NULL),(47,'ecommerce_store_phone','1800979769',NULL,NULL),(48,'ecommerce_store_address','502 New Street',NULL,NULL),(49,'ecommerce_store_state','Brighton VIC',NULL,NULL),(50,'ecommerce_store_city','Brighton VIC',NULL,NULL),(51,'ecommerce_store_country','AU',NULL,NULL),(52,'theme-martfury-site_title','MartFury - Laravel Ecommerce system',NULL,'2026-03-06 01:43:05'),(53,'theme-martfury-seo_description','MartFury is a clean & modern Laravel Ecommerce System for multipurpose online stores. With design clean and trendy, MartFury will make your online store look more impressive and attractive to viewers.',NULL,'2026-03-06 01:43:05'),(54,'theme-martfury-copyright','© %Y MartFury. All Rights Reserved.',NULL,'2026-03-06 01:43:05'),(55,'theme-martfury-favicon','general/favicon.png',NULL,'2026-03-06 01:43:05'),(56,'theme-martfury-logo','general/logo.png',NULL,'2026-03-06 01:43:05'),(57,'theme-martfury-welcome_message','Welcome to MartFury Online Shopping Store!',NULL,'2026-03-06 01:43:05'),(58,'theme-martfury-address','502 New Street, Brighton VIC, Australia',NULL,'2026-03-06 01:43:05'),(59,'theme-martfury-hotline','1800 97 97 69',NULL,'2026-03-06 01:43:05'),(60,'theme-martfury-email','contact@martfury.co',NULL,'2026-03-06 01:43:05'),(61,'theme-martfury-newsletter_image','general/newsletter.jpg',NULL,'2026-03-06 01:43:05'),(62,'theme-martfury-homepage_id','1',NULL,'2026-03-06 01:43:05'),(63,'theme-martfury-blog_page_id','6',NULL,'2026-03-06 01:43:05'),(64,'theme-martfury-cookie_consent_message','Your experience on this site will be improved by allowing cookies ',NULL,'2026-03-06 01:43:05'),(65,'theme-martfury-cookie_consent_learn_more_url','/cookie-policy',NULL,'2026-03-06 01:43:05'),(66,'theme-martfury-cookie_consent_learn_more_text','Cookie Policy',NULL,'2026-03-06 01:43:05'),(67,'theme-martfury-number_of_products_per_page','42',NULL,'2026-03-06 01:43:05'),(68,'theme-martfury-product_feature_1_title','Shipping worldwide',NULL,'2026-03-06 01:43:05'),(69,'theme-martfury-product_feature_1_icon','icon-network',NULL,'2026-03-06 01:43:05'),(70,'theme-martfury-product_feature_2_title','Free 7-day return if eligible, so easy',NULL,'2026-03-06 01:43:05'),(71,'theme-martfury-product_feature_2_icon','icon-3d-rotate',NULL,'2026-03-06 01:43:05'),(72,'theme-martfury-product_feature_3_title','Supplier give bills for this product.',NULL,'2026-03-06 01:43:05'),(73,'theme-martfury-product_feature_3_icon','icon-receipt',NULL,'2026-03-06 01:43:05'),(74,'theme-martfury-product_feature_4_title','Pay online or when receiving goods',NULL,'2026-03-06 01:43:05'),(75,'theme-martfury-product_feature_4_icon','icon-credit-card',NULL,'2026-03-06 01:43:05'),(76,'theme-martfury-contact_info_box_1_title','Contact Directly',NULL,'2026-03-06 01:43:05'),(77,'theme-martfury-contact_info_box_1_subtitle','contact@martfury.com',NULL,'2026-03-06 01:43:05'),(78,'theme-martfury-contact_info_box_1_details','(+004) 912-3548-07',NULL,'2026-03-06 01:43:05'),(79,'theme-martfury-contact_info_box_2_title','Headquarters',NULL,'2026-03-06 01:43:05'),(80,'theme-martfury-contact_info_box_2_subtitle','17 Queen St, South bank, Melbourne 10560, Australia',NULL,'2026-03-06 01:43:05'),(81,'theme-martfury-contact_info_box_2_details','',NULL,'2026-03-06 01:43:05'),(82,'theme-martfury-contact_info_box_3_title','Work With Us',NULL,'2026-03-06 01:43:05'),(83,'theme-martfury-contact_info_box_3_subtitle','Send your CV to our email:',NULL,'2026-03-06 01:43:05'),(84,'theme-martfury-contact_info_box_3_details','career@martfury.com',NULL,'2026-03-06 01:43:05'),(85,'theme-martfury-contact_info_box_4_title','Customer Service',NULL,'2026-03-06 01:43:05'),(86,'theme-martfury-contact_info_box_4_subtitle','customercare@martfury.com',NULL,'2026-03-06 01:43:05'),(87,'theme-martfury-contact_info_box_4_details','(800) 843-2446',NULL,'2026-03-06 01:43:05'),(88,'theme-martfury-contact_info_box_5_title','Media Relations',NULL,'2026-03-06 01:43:05'),(89,'theme-martfury-contact_info_box_5_subtitle','media@martfury.com',NULL,'2026-03-06 01:43:05'),(90,'theme-martfury-contact_info_box_5_details','(801) 947-3564',NULL,'2026-03-06 01:43:05'),(91,'theme-martfury-contact_info_box_6_title','Vendor Support',NULL,'2026-03-06 01:43:05'),(92,'theme-martfury-contact_info_box_6_subtitle','vendorsupport@martfury.com',NULL,'2026-03-06 01:43:05'),(93,'theme-martfury-contact_info_box_6_details','(801) 947-3100',NULL,'2026-03-06 01:43:05'),(94,'theme-martfury-number_of_cross_sale_product','7',NULL,'2026-03-06 01:43:05'),(95,'theme-martfury-logo_in_the_checkout_page','general/logo-dark.png',NULL,'2026-03-06 01:43:05'),(96,'theme-martfury-logo_in_invoices','general/logo-dark.png',NULL,'2026-03-06 01:43:05'),(97,'theme-martfury-logo_vendor_dashboard','general/logo-dark.png',NULL,'2026-03-06 01:43:05'),(98,'theme-martfury-primary_font','Work Sans',NULL,'2026-03-06 01:43:05'),(99,'theme-martfury-payment_methods','[\"general\\/payment-method-1.jpg\",\"general\\/payment-method-2.jpg\",\"general\\/payment-method-3.jpg\",\"general\\/payment-method-4.jpg\",\"general\\/payment-method-5.jpg\"]',NULL,'2026-03-06 01:43:05'),(100,'theme-martfury-social_links','[[{\"key\":\"name\",\"value\":\"Facebook\"},{\"key\":\"icon\",\"value\":\"ti ti-brand-facebook\"},{\"key\":\"url\",\"value\":\"https:\\/\\/www.facebook.com\"}],[{\"key\":\"name\",\"value\":\"X (Twitter)\"},{\"key\":\"icon\",\"value\":\"ti ti-brand-x\"},{\"key\":\"url\",\"value\":\"https:\\/\\/x.com\"}],[{\"key\":\"name\",\"value\":\"YouTube\"},{\"key\":\"icon\",\"value\":\"ti ti-brand-youtube\"},{\"key\":\"url\",\"value\":\"https:\\/\\/www.youtube.com\"}],[{\"key\":\"name\",\"value\":\"Instagram\"},{\"key\":\"icon\",\"value\":\"ti ti-brand-linkedin\"},{\"key\":\"url\",\"value\":\"https:\\/\\/www.linkedin.com\"}]]',NULL,'2026-03-06 01:43:05'),(101,'theme-martfury-social_sharing','[[{\"key\":\"social\",\"value\":\"facebook\"},{\"key\":\"icon\",\"value\":\"ti ti-brand-facebook\"}],[{\"key\":\"social\",\"value\":\"x\"},{\"key\":\"icon\",\"value\":\"ti ti-brand-x\"}],[{\"key\":\"social\",\"value\":\"pinterest\"},{\"key\":\"icon\",\"value\":\"ti ti-brand-pinterest\"}],[{\"key\":\"social\",\"value\":\"linkedin\"},{\"key\":\"icon\",\"value\":\"ti ti-brand-linkedin\"}],[{\"key\":\"social\",\"value\":\"whatsapp\"},{\"key\":\"icon\",\"value\":\"ti ti-brand-whatsapp\"}],[{\"key\":\"social\",\"value\":\"email\"},{\"key\":\"icon\",\"value\":\"ti ti-mail\"}]]',NULL,'2026-03-06 01:43:05'),(102,'theme-martfury-lazy_load_images','1',NULL,'2026-03-06 01:43:05'),(103,'theme-martfury-lazy_load_placeholder_image','general/placeholder.png',NULL,'2026-03-06 01:43:05'),(104,'theme-martfury-ar-site_title','مارت فيوري - التسوق عبر الإنترنت',NULL,NULL),(105,'theme-martfury-ar-seo_description','تسوق عبر الإنترنت للإلكترونيات والأزياء والأجهزة المنزلية والمزيد. أفضل الأسعار وشحن سريع وخدمة عملاء ممتازة.',NULL,NULL),(106,'theme-martfury-ar-copyright','© %Y مارت فيوري. جميع الحقوق محفوظة.',NULL,NULL),(107,'theme-martfury-ar-welcome_message','مرحباً بك في مارت فيوري!',NULL,NULL),(108,'theme-martfury-ar-address','502 New Street, Brighton VIC, Australia',NULL,NULL),(109,'theme-martfury-ar-cookie_consent_message','تجربتك على هذا الموقع ستتحسن باستخدام ملفات تعريف الارتباط.',NULL,NULL),(110,'theme-martfury-ar-cookie_consent_learn_more_text','سياسة ملفات تعريف الارتباط',NULL,NULL),(111,'theme-martfury-ar-product_feature_1_title','شحن في جميع أنحاء العالم',NULL,NULL),(112,'theme-martfury-ar-product_feature_2_title','إرجاع مجاني لمدة 7 أيام',NULL,NULL),(113,'theme-martfury-ar-product_feature_3_title','يقدم المورد الفواتير',NULL,NULL),(114,'theme-martfury-ar-product_feature_4_title','الدفع عبر الإنترنت أو عند الاستلام',NULL,NULL),(115,'theme-martfury-ar-contact_info_box_1_title','اتصل مباشرة',NULL,NULL),(116,'theme-martfury-ar-contact_info_box_1_subtitle','contact@martfury.com',NULL,NULL),(117,'theme-martfury-ar-contact_info_box_1_details','(+004) 912-3548-07',NULL,NULL),(118,'theme-martfury-ar-contact_info_box_2_title','المقر الرئيسي',NULL,NULL),(119,'theme-martfury-ar-contact_info_box_2_subtitle','17 Queen St, Melbourne VIC 3000, Australia',NULL,NULL),(120,'theme-martfury-ar-contact_info_box_3_title','اعمل معنا',NULL,NULL),(121,'theme-martfury-ar-contact_info_box_3_subtitle','أرسل سيرتك الذاتية إلى بريدنا الإلكتروني',NULL,NULL),(122,'theme-martfury-ar-contact_info_box_4_title','خدمة العملاء',NULL,NULL),(123,'theme-martfury-ar-contact_info_box_5_title','العلاقات الإعلامية',NULL,NULL),(124,'theme-martfury-ar-contact_info_box_6_title','دعم البائعين',NULL,NULL),(125,'theme-martfury-vi-site_title','MartFury - Mua sắm trực tuyến',NULL,NULL),(126,'theme-martfury-vi-seo_description','Mua sắm trực tuyến điện tử, thời trang, đồ gia dụng và nhiều hơn nữa. Giá tốt nhất, vận chuyển nhanh và dịch vụ khách hàng xuất sắc.',NULL,NULL),(127,'theme-martfury-vi-copyright','© %Y MartFury. Bảo lưu mọi quyền.',NULL,NULL),(128,'theme-martfury-vi-welcome_message','Chào mừng đến với MartFury!',NULL,NULL),(129,'theme-martfury-vi-address','502 New Street, Brighton VIC, Australia',NULL,NULL),(130,'theme-martfury-vi-cookie_consent_message','Trải nghiệm của bạn trên trang web này sẽ được cải thiện bằng cách cho phép cookie.',NULL,NULL),(131,'theme-martfury-vi-cookie_consent_learn_more_text','Chính sách cookie',NULL,NULL),(132,'theme-martfury-vi-product_feature_1_title','Vận chuyển toàn cầu',NULL,NULL),(133,'theme-martfury-vi-product_feature_2_title','Hoàn trả miễn phí trong 7 ngày',NULL,NULL),(134,'theme-martfury-vi-product_feature_3_title','Nhà cung cấp cung cấp hóa đơn',NULL,NULL),(135,'theme-martfury-vi-product_feature_4_title','Thanh toán trực tuyến hoặc khi nhận hàng',NULL,NULL),(136,'theme-martfury-vi-contact_info_box_1_title','Liên hệ trực tiếp',NULL,NULL),(137,'theme-martfury-vi-contact_info_box_1_subtitle','contact@martfury.com',NULL,NULL),(138,'theme-martfury-vi-contact_info_box_1_details','(+004) 912-3548-07',NULL,NULL),(139,'theme-martfury-vi-contact_info_box_2_title','Trụ sở chính',NULL,NULL),(140,'theme-martfury-vi-contact_info_box_2_subtitle','17 Queen St, Melbourne VIC 3000, Australia',NULL,NULL),(141,'theme-martfury-vi-contact_info_box_3_title','Làm việc với chúng tôi',NULL,NULL),(142,'theme-martfury-vi-contact_info_box_3_subtitle','Gửi CV của bạn đến email của chúng tôi',NULL,NULL),(143,'theme-martfury-vi-contact_info_box_4_title','Dịch vụ khách hàng',NULL,NULL),(144,'theme-martfury-vi-contact_info_box_5_title','Quan hệ truyền thông',NULL,NULL),(145,'theme-martfury-vi-contact_info_box_6_title','Hỗ trợ nhà cung cấp',NULL,NULL),(146,'theme-martfury-fr-site_title','MartFury - Achats en ligne',NULL,NULL),(147,'theme-martfury-fr-seo_description','Achetez en ligne de l\'électronique, de la mode, des articles ménagers et bien plus encore. Les meilleurs prix, livraison rapide et excellent service client.',NULL,NULL),(148,'theme-martfury-fr-copyright','© %Y MartFury. Tous droits réservés.',NULL,NULL),(149,'theme-martfury-fr-welcome_message','Bienvenue chez MartFury !',NULL,NULL),(150,'theme-martfury-fr-address','502 New Street, Brighton VIC, Australia',NULL,NULL),(151,'theme-martfury-fr-cookie_consent_message','Votre expérience sur ce site sera améliorée en autorisant les cookies.',NULL,NULL),(152,'theme-martfury-fr-cookie_consent_learn_more_text','Politique des cookies',NULL,NULL),(153,'theme-martfury-fr-product_feature_1_title','Livraison dans le monde entier',NULL,NULL),(154,'theme-martfury-fr-product_feature_2_title','Retour gratuit sous 7 jours',NULL,NULL),(155,'theme-martfury-fr-product_feature_3_title','Le fournisseur fournit les factures',NULL,NULL),(156,'theme-martfury-fr-product_feature_4_title','Payer en ligne ou à la réception',NULL,NULL),(157,'theme-martfury-fr-contact_info_box_1_title','Contactez directement',NULL,NULL),(158,'theme-martfury-fr-contact_info_box_1_subtitle','contact@martfury.com',NULL,NULL),(159,'theme-martfury-fr-contact_info_box_1_details','(+004) 912-3548-07',NULL,NULL),(160,'theme-martfury-fr-contact_info_box_2_title','Siège social',NULL,NULL),(161,'theme-martfury-fr-contact_info_box_2_subtitle','17 Queen St, Melbourne VIC 3000, Australia',NULL,NULL),(162,'theme-martfury-fr-contact_info_box_3_title','Travaillez avec nous',NULL,NULL),(163,'theme-martfury-fr-contact_info_box_3_subtitle','Envoyez votre CV à notre adresse e-mail',NULL,NULL),(164,'theme-martfury-fr-contact_info_box_4_title','Service client',NULL,NULL),(165,'theme-martfury-fr-contact_info_box_5_title','Relations avec les médias',NULL,NULL),(166,'theme-martfury-fr-contact_info_box_6_title','Support fournisseur',NULL,NULL),(167,'theme-martfury-id-site_title','MartFury - Belanja online',NULL,NULL),(168,'theme-martfury-id-seo_description','Belanja online untuk elektronik, fashion, peralatan rumah tangga, dan banyak lagi. Harga terbaik, pengiriman cepat, dan layanan pelanggan yang sangat baik.',NULL,NULL),(169,'theme-martfury-id-copyright','© %Y MartFury. Semua hak dilindungi.',NULL,NULL),(170,'theme-martfury-id-welcome_message','Selamat datang di MartFury!',NULL,NULL),(171,'theme-martfury-id-address','502 New Street, Brighton VIC, Australia',NULL,NULL),(172,'theme-martfury-id-cookie_consent_message','Pengalaman Anda di situs ini akan ditingkatkan dengan mengizinkan cookie.',NULL,NULL),(173,'theme-martfury-id-cookie_consent_learn_more_text','Kebijakan cookie',NULL,NULL),(174,'theme-martfury-id-product_feature_1_title','Pengiriman ke seluruh dunia',NULL,NULL),(175,'theme-martfury-id-product_feature_2_title','Pengembalian gratis 7 hari',NULL,NULL),(176,'theme-martfury-id-product_feature_3_title','Pemasok memberikan tagihan',NULL,NULL),(177,'theme-martfury-id-product_feature_4_title','Bayar online atau saat menerima',NULL,NULL),(178,'theme-martfury-id-contact_info_box_1_title','Hubungi langsung',NULL,NULL),(179,'theme-martfury-id-contact_info_box_1_subtitle','contact@martfury.com',NULL,NULL),(180,'theme-martfury-id-contact_info_box_1_details','(+004) 912-3548-07',NULL,NULL),(181,'theme-martfury-id-contact_info_box_2_title','Kantor pusat',NULL,NULL),(182,'theme-martfury-id-contact_info_box_2_subtitle','17 Queen St, Melbourne VIC 3000, Australia',NULL,NULL),(183,'theme-martfury-id-contact_info_box_3_title','Bekerja dengan kami',NULL,NULL),(184,'theme-martfury-id-contact_info_box_3_subtitle','Kirim CV Anda ke email kami',NULL,NULL),(185,'theme-martfury-id-contact_info_box_4_title','Layanan pelanggan',NULL,NULL),(186,'theme-martfury-id-contact_info_box_5_title','Hubungan media',NULL,NULL),(187,'theme-martfury-id-contact_info_box_6_title','Dukungan vendor',NULL,NULL),(188,'theme-martfury-tr-site_title','MartFury - Çevrimiçi Alışveriş',NULL,NULL),(189,'theme-martfury-tr-seo_description','Elektronik, moda, ev eşyaları ve daha fazlası için çevrimiçi alışveriş yapın. En iyi fiyatlar, hızlı kargo ve mükemmel müşteri hizmeti.',NULL,NULL),(190,'theme-martfury-tr-copyright','© %Y MartFury. Tüm hakları saklıdır.',NULL,NULL),(191,'theme-martfury-tr-welcome_message','MartFury\'ye hoş geldiniz!',NULL,NULL),(192,'theme-martfury-tr-address','502 New Street, Brighton VIC, Australia',NULL,NULL),(193,'theme-martfury-tr-cookie_consent_message','Bu sitedeki deneyiminiz çerezlere izin vererek geliştirilecektir.',NULL,NULL),(194,'theme-martfury-tr-cookie_consent_learn_more_text','Çerez Politikası',NULL,NULL),(195,'theme-martfury-tr-product_feature_1_title','Dünya çapında kargo',NULL,NULL),(196,'theme-martfury-tr-product_feature_2_title','7 gün ücretsiz iade',NULL,NULL),(197,'theme-martfury-tr-product_feature_3_title','Tedarikçi fatura verir',NULL,NULL),(198,'theme-martfury-tr-product_feature_4_title','Çevrimiçi veya teslimatta ödeyin',NULL,NULL),(199,'theme-martfury-tr-contact_info_box_1_title','Doğrudan iletişim',NULL,NULL),(200,'theme-martfury-tr-contact_info_box_1_subtitle','contact@martfury.com',NULL,NULL),(201,'theme-martfury-tr-contact_info_box_1_details','(+004) 912-3548-07',NULL,NULL),(202,'theme-martfury-tr-contact_info_box_2_title','Genel merkez',NULL,NULL),(203,'theme-martfury-tr-contact_info_box_2_subtitle','17 Queen St, Melbourne VIC 3000, Australia',NULL,NULL),(204,'theme-martfury-tr-contact_info_box_3_title','Bizimle çalışın',NULL,NULL),(205,'theme-martfury-tr-contact_info_box_3_subtitle','CV\'nizi e-posta adresimize gönderin',NULL,NULL),(206,'theme-martfury-tr-contact_info_box_4_title','Müşteri hizmetleri',NULL,NULL),(207,'theme-martfury-tr-contact_info_box_5_title','Medya ilişkileri',NULL,NULL),(208,'theme-martfury-tr-contact_info_box_6_title','Satıcı desteği',NULL,NULL);

--
-- Table structure for table `simple_slider_items`
--

CREATE TABLE `simple_slider_items` (
  `id` bigint unsigned NOT NULL AUTO_INCREMENT,
  `simple_slider_id` bigint unsigned NOT NULL,
  `title` varchar(191) COLLATE utf8mb4_unicode_ci DEFAULT NULL,
  `image` varchar(191) COLLATE utf8mb4_unicode_ci NOT NULL,
  `link` varchar(191) COLLATE utf8mb4_unicode_ci DEFAULT NULL,
  `description` text COLLATE utf8mb4_unicode_ci,
  `order` int unsigned NOT NULL DEFAULT '0',
  `status` varchar(60) COLLATE utf8mb4_unicode_ci NOT NULL DEFAULT 'published',
  `created_at` timestamp NULL DEFAULT NULL,
  `updated_at` timestamp NULL DEFAULT NULL,
  PRIMARY KEY (`id`)
) ENGINE=InnoDB AUTO_INCREMENT=19 DEFAULT CHARSET=utf8mb4 COLLATE=utf8mb4_unicode_ci;

--
-- Dumping data for table `simple_slider_items`
--

INSERT INTO `simple_slider_items` VALUES (1,1,'Slider 1','sliders/1-lg.jpg','/products',NULL,1,'published','2026-03-06 01:42:56','2026-03-06 01:42:56'),(2,1,'Slider 2','sliders/2-lg.jpg','/products',NULL,2,'published','2026-03-06 01:42:56','2026-03-06 01:42:56'),(3,1,'Slider 3','sliders/3-lg.jpg','/products',NULL,3,'published','2026-03-06 01:42:56','2026-03-06 01:42:56'),(4,2,'سلايدر 1','sliders/1-lg.jpg','/products',NULL,1,'published','2026-03-06 01:43:05','2026-03-06 01:43:05'),(5,2,'سلايدر 2','sliders/2-lg.jpg','/products',NULL,2,'published','2026-03-06 01:43:05','2026-03-06 01:43:05'),(6,2,'سلايدر 3','sliders/3-lg.jpg','/products',NULL,3,'published','2026-03-06 01:43:05','2026-03-06 01:43:05'),(7,3,'Slider 1','sliders/1-lg.jpg','/products',NULL,1,'published','2026-03-06 01:43:05','2026-03-06 01:43:05'),(8,3,'Slider 2','sliders/2-lg.jpg','/products',NULL,2,'published','2026-03-06 01:43:05','2026-03-06 01:43:05'),(9,3,'Slider 3','sliders/3-lg.jpg','/products',NULL,3,'published','2026-03-06 01:43:05','2026-03-06 01:43:05'),(10,4,'Slider 1','sliders/1-lg.jpg','/products',NULL,1,'published','2026-03-06 01:43:05','2026-03-06 01:43:05'),(11,4,'Slider 2','sliders/2-lg.jpg','/products',NULL,2,'published','2026-03-06 01:43:05','2026-03-06 01:43:05'),(12,4,'Slider 3','sliders/3-lg.jpg','/products',NULL,3,'published','2026-03-06 01:43:05','2026-03-06 01:43:05'),(13,5,'Slider 1','sliders/1-lg.jpg','/products',NULL,1,'published','2026-03-06 01:43:05','2026-03-06 01:43:05'),(14,5,'Slider 2','sliders/2-lg.jpg','/products',NULL,2,'published','2026-03-06 01:43:05','2026-03-06 01:43:05'),(15,5,'Slider 3','sliders/3-lg.jpg','/products',NULL,3,'published','2026-03-06 01:43:05','2026-03-06 01:43:05'),(16,6,'Slider 1','sliders/1-lg.jpg','/products',NULL,1,'published','2026-03-06 01:43:05','2026-03-06 01:43:05'),(17,6,'Slider 2','sliders/2-lg.jpg','/products',NULL,2,'published','2026-03-06 01:43:05','2026-03-06 01:43:05'),(18,6,'Slider 3','sliders/3-lg.jpg','/products',NULL,3,'published','2026-03-06 01:43:05','2026-03-06 01:43:05');

--
-- Table structure for table `simple_sliders`
--

CREATE TABLE `simple_sliders` (
  `id` bigint unsigned NOT NULL AUTO_INCREMENT,
  `name` varchar(120) COLLATE utf8mb4_unicode_ci NOT NULL,
  `key` varchar(120) COLLATE utf8mb4_unicode_ci NOT NULL,
  `description` varchar(400) COLLATE utf8mb4_unicode_ci DEFAULT NULL,
  `status` varchar(60) COLLATE utf8mb4_unicode_ci NOT NULL DEFAULT 'published',
  `created_at` timestamp NULL DEFAULT NULL,
  `updated_at` timestamp NULL DEFAULT NULL,
  PRIMARY KEY (`id`)
) ENGINE=InnoDB AUTO_INCREMENT=7 DEFAULT CHARSET=utf8mb4 COLLATE=utf8mb4_unicode_ci;

--
-- Dumping data for table `simple_sliders`
--

INSERT INTO `simple_sliders` VALUES (1,'Home slider','home-slider','The main slider on homepage','published','2026-03-06 01:42:56','2026-03-06 01:42:56'),(2,'سلايدر الرئيسية','home-slider-ar',NULL,'published','2026-03-06 01:43:05','2026-03-06 01:43:05'),(3,'Slider trang chủ','home-slider-vi',NULL,'published','2026-03-06 01:43:05','2026-03-06 01:43:05'),(4,'Slider accueil','home-slider-fr',NULL,'published','2026-03-06 01:43:05','2026-03-06 01:43:05'),(5,'Slider beranda','home-slider-id',NULL,'published','2026-03-06 01:43:05','2026-03-06 01:43:05'),(6,'Ana sayfa slider','home-slider-tr',NULL,'published','2026-03-06 01:43:05','2026-03-06 01:43:05');

--
-- Table structure for table `slugs`
--

CREATE TABLE `slugs` (
  `id` bigint unsigned NOT NULL AUTO_INCREMENT,
  `key` varchar(191) COLLATE utf8mb4_unicode_ci NOT NULL,
  `reference_id` bigint unsigned NOT NULL,
  `reference_type` varchar(191) COLLATE utf8mb4_unicode_ci NOT NULL,
  `prefix` varchar(120) COLLATE utf8mb4_unicode_ci DEFAULT '',
  `created_at` timestamp NULL DEFAULT NULL,
  `updated_at` timestamp NULL DEFAULT NULL,
  PRIMARY KEY (`id`),
  KEY `slugs_reference_id_index` (`reference_id`),
  KEY `slugs_key_index` (`key`),
  KEY `slugs_prefix_index` (`prefix`),
  KEY `slugs_reference_index` (`reference_id`,`reference_type`),
  KEY `idx_key_prefix` (`key`,`prefix`),
  KEY `idx_slugs_reference` (`reference_type`,`reference_id`)
) ENGINE=InnoDB AUTO_INCREMENT=221 DEFAULT CHARSET=utf8mb4 COLLATE=utf8mb4_unicode_ci;

--
-- Dumping data for table `slugs`
--

INSERT INTO `slugs` VALUES (1,'fashion-live',1,'Botble\\Ecommerce\\Models\\Brand','brands','2026-03-06 01:42:25','2026-03-06 01:42:25'),(2,'hand-crafted',2,'Botble\\Ecommerce\\Models\\Brand','brands','2026-03-06 01:42:25','2026-03-06 01:42:25'),(3,'mestonix',3,'Botble\\Ecommerce\\Models\\Brand','brands','2026-03-06 01:42:25','2026-03-06 01:42:25'),(4,'sunshine',4,'Botble\\Ecommerce\\Models\\Brand','brands','2026-03-06 01:42:25','2026-03-06 01:42:25'),(5,'pure',5,'Botble\\Ecommerce\\Models\\Brand','brands','2026-03-06 01:42:25','2026-03-06 01:42:25'),(6,'anfold',6,'Botble\\Ecommerce\\Models\\Brand','brands','2026-03-06 01:42:25','2026-03-06 01:42:25'),(7,'automotive',7,'Botble\\Ecommerce\\Models\\Brand','brands','2026-03-06 01:42:25','2026-03-06 01:42:25'),(8,'hot-promotions',1,'Botble\\Ecommerce\\Models\\ProductCategory','product-categories','2026-03-06 01:42:26','2026-03-06 01:42:26'),(9,'electronics',2,'Botble\\Ecommerce\\Models\\ProductCategory','product-categories','2026-03-06 01:42:26','2026-03-06 01:42:26'),(10,'consumer-electronic',3,'Botble\\Ecommerce\\Models\\ProductCategory','product-categories','2026-03-06 01:42:26','2026-03-06 01:42:26'),(11,'home-audio-theaters',4,'Botble\\Ecommerce\\Models\\ProductCategory','product-categories','2026-03-06 01:42:26','2026-03-06 01:42:26'),(12,'tv-videos',5,'Botble\\Ecommerce\\Models\\ProductCategory','product-categories','2026-03-06 01:42:26','2026-03-06 01:42:26'),(13,'camera-photos-videos',6,'Botble\\Ecommerce\\Models\\ProductCategory','product-categories','2026-03-06 01:42:26','2026-03-06 01:42:26'),(14,'cellphones-accessories',7,'Botble\\Ecommerce\\Models\\ProductCategory','product-categories','2026-03-06 01:42:26','2026-03-06 01:42:26'),(15,'headphones',8,'Botble\\Ecommerce\\Models\\ProductCategory','product-categories','2026-03-06 01:42:26','2026-03-06 01:42:26'),(16,'videos-games',9,'Botble\\Ecommerce\\Models\\ProductCategory','product-categories','2026-03-06 01:42:26','2026-03-06 01:42:26'),(17,'wireless-speakers',10,'Botble\\Ecommerce\\Models\\ProductCategory','product-categories','2026-03-06 01:42:26','2026-03-06 01:42:26'),(18,'office-electronic',11,'Botble\\Ecommerce\\Models\\ProductCategory','product-categories','2026-03-06 01:42:26','2026-03-06 01:42:26'),(19,'accessories-parts',12,'Botble\\Ecommerce\\Models\\ProductCategory','product-categories','2026-03-06 01:42:26','2026-03-06 01:42:26'),(20,'digital-cables',13,'Botble\\Ecommerce\\Models\\ProductCategory','product-categories','2026-03-06 01:42:26','2026-03-06 01:42:26'),(21,'audio-video-cables',14,'Botble\\Ecommerce\\Models\\ProductCategory','product-categories','2026-03-06 01:42:26','2026-03-06 01:42:26'),(22,'batteries',15,'Botble\\Ecommerce\\Models\\ProductCategory','product-categories','2026-03-06 01:42:26','2026-03-06 01:42:26'),(23,'clothing',16,'Botble\\Ecommerce\\Models\\ProductCategory','product-categories','2026-03-06 01:42:26','2026-03-06 01:42:26'),(24,'computers',17,'Botble\\Ecommerce\\Models\\ProductCategory','product-categories','2026-03-06 01:42:26','2026-03-06 01:42:26'),(25,'computer-technologies',18,'Botble\\Ecommerce\\Models\\ProductCategory','product-categories','2026-03-06 01:42:26','2026-03-06 01:42:26'),(26,'computer-tablets',19,'Botble\\Ecommerce\\Models\\ProductCategory','product-categories','2026-03-06 01:42:26','2026-03-06 01:42:26'),(27,'laptop',20,'Botble\\Ecommerce\\Models\\ProductCategory','product-categories','2026-03-06 01:42:26','2026-03-06 01:42:26'),(28,'monitors',21,'Botble\\Ecommerce\\Models\\ProductCategory','product-categories','2026-03-06 01:42:26','2026-03-06 01:42:26'),(29,'computer-components',22,'Botble\\Ecommerce\\Models\\ProductCategory','product-categories','2026-03-06 01:42:26','2026-03-06 01:42:26'),(30,'networking',23,'Botble\\Ecommerce\\Models\\ProductCategory','product-categories','2026-03-06 01:42:26','2026-03-06 01:42:26'),(31,'drive-storages',24,'Botble\\Ecommerce\\Models\\ProductCategory','product-categories','2026-03-06 01:42:26','2026-03-06 01:42:26'),(32,'gaming-laptop',25,'Botble\\Ecommerce\\Models\\ProductCategory','product-categories','2026-03-06 01:42:26','2026-03-06 01:42:26'),(33,'security-protection',26,'Botble\\Ecommerce\\Models\\ProductCategory','product-categories','2026-03-06 01:42:26','2026-03-06 01:42:26'),(34,'accessories',27,'Botble\\Ecommerce\\Models\\ProductCategory','product-categories','2026-03-06 01:42:26','2026-03-06 01:42:26'),(35,'home-kitchen',28,'Botble\\Ecommerce\\Models\\ProductCategory','product-categories','2026-03-06 01:42:26','2026-03-06 01:42:26'),(36,'health-beauty',29,'Botble\\Ecommerce\\Models\\ProductCategory','product-categories','2026-03-06 01:42:26','2026-03-06 01:42:26'),(37,'jewelry-watch',30,'Botble\\Ecommerce\\Models\\ProductCategory','product-categories','2026-03-06 01:42:26','2026-03-06 01:42:26'),(38,'technology-toys',31,'Botble\\Ecommerce\\Models\\ProductCategory','product-categories','2026-03-06 01:42:26','2026-03-06 01:42:26'),(39,'phones',32,'Botble\\Ecommerce\\Models\\ProductCategory','product-categories','2026-03-06 01:42:26','2026-03-06 01:42:26'),(40,'babies-moms',33,'Botble\\Ecommerce\\Models\\ProductCategory','product-categories','2026-03-06 01:42:26','2026-03-06 01:42:26'),(41,'sport-outdoor',34,'Botble\\Ecommerce\\Models\\ProductCategory','product-categories','2026-03-06 01:42:26','2026-03-06 01:42:26'),(42,'books-office',35,'Botble\\Ecommerce\\Models\\ProductCategory','product-categories','2026-03-06 01:42:26','2026-03-06 01:42:26'),(43,'cars-motorcycles',36,'Botble\\Ecommerce\\Models\\ProductCategory','product-categories','2026-03-06 01:42:26','2026-03-06 01:42:26'),(44,'home-improvements',37,'Botble\\Ecommerce\\Models\\ProductCategory','product-categories','2026-03-06 01:42:26','2026-03-06 01:42:26'),(45,'smart-home-speaker',1,'Botble\\Ecommerce\\Models\\Product','products','2026-03-06 01:42:44','2026-03-06 01:42:44'),(46,'headphone-ultra-bass',2,'Botble\\Ecommerce\\Models\\Product','products','2026-03-06 01:42:44','2026-03-06 01:42:44'),(47,'boxed-bluetooth-headphone',3,'Botble\\Ecommerce\\Models\\Product','products','2026-03-06 01:42:44','2026-03-06 01:42:44'),(48,'camera-samsung-ss-24-digital',4,'Botble\\Ecommerce\\Models\\Product','products','2026-03-06 01:42:44','2026-03-06 01:43:05'),(49,'macbook-pro-2015',5,'Botble\\Ecommerce\\Models\\Product','products','2026-03-06 01:42:44','2026-03-06 01:42:44'),(50,'apple-watch-serial-7',6,'Botble\\Ecommerce\\Models\\Product','products','2026-03-06 01:42:44','2026-03-06 01:42:44'),(51,'macbook-pro-13-inch',7,'Botble\\Ecommerce\\Models\\Product','products','2026-03-06 01:42:44','2026-03-06 01:42:44'),(52,'apple-keyboard-digital',8,'Botble\\Ecommerce\\Models\\Product','products','2026-03-06 01:42:44','2026-03-06 01:43:05'),(53,'macsafe-80w',9,'Botble\\Ecommerce\\Models\\Product','products','2026-03-06 01:42:44','2026-03-06 01:42:44'),(54,'hand-playstation',10,'Botble\\Ecommerce\\Models\\Product','products','2026-03-06 01:42:44','2026-03-06 01:42:44'),(55,'apple-airpods-serial-3',11,'Botble\\Ecommerce\\Models\\Product','products','2026-03-06 01:42:44','2026-03-06 01:42:44'),(56,'cool-smart-watches-digital',12,'Botble\\Ecommerce\\Models\\Product','products','2026-03-06 01:42:44','2026-03-06 01:43:05'),(57,'black-smart-watches',13,'Botble\\Ecommerce\\Models\\Product','products','2026-03-06 01:42:44','2026-03-06 01:42:44'),(58,'leather-watch-in-black',14,'Botble\\Ecommerce\\Models\\Product','products','2026-03-06 01:42:44','2026-03-06 01:42:44'),(59,'macbook-pro-2015-13-inch',15,'Botble\\Ecommerce\\Models\\Product','products','2026-03-06 01:42:44','2026-03-06 01:42:44'),(60,'historic-alarm-clock-digital',16,'Botble\\Ecommerce\\Models\\Product','products','2026-03-06 01:42:44','2026-03-06 01:43:05'),(61,'black-glasses',17,'Botble\\Ecommerce\\Models\\Product','products','2026-03-06 01:42:44','2026-03-06 01:42:44'),(62,'phillips-mouse',18,'Botble\\Ecommerce\\Models\\Product','products','2026-03-06 01:42:44','2026-03-06 01:42:44'),(63,'gaming-keyboard',19,'Botble\\Ecommerce\\Models\\Product','products','2026-03-06 01:42:44','2026-03-06 01:42:44'),(64,'wireless-keyboard-digital',20,'Botble\\Ecommerce\\Models\\Product','products','2026-03-06 01:42:44','2026-03-06 01:43:05'),(65,'black-smart-watches',21,'Botble\\Ecommerce\\Models\\Product','products','2026-03-06 01:42:44','2026-03-06 01:42:44'),(66,'smart-home-speaker',22,'Botble\\Ecommerce\\Models\\Product','products','2026-03-06 01:42:44','2026-03-06 01:42:44'),(67,'headphone-ultra-bass',23,'Botble\\Ecommerce\\Models\\Product','products','2026-03-06 01:42:45','2026-03-06 01:42:45'),(68,'boxed-bluetooth-headphone-digital',24,'Botble\\Ecommerce\\Models\\Product','products','2026-03-06 01:42:45','2026-03-06 01:43:05'),(69,'camera-samsung-ss-24',25,'Botble\\Ecommerce\\Models\\Product','products','2026-03-06 01:42:45','2026-03-06 01:42:45'),(70,'leather-watch-in-black',26,'Botble\\Ecommerce\\Models\\Product','products','2026-03-06 01:42:45','2026-03-06 01:42:45'),(71,'apple-iphone-13-plus',27,'Botble\\Ecommerce\\Models\\Product','products','2026-03-06 01:42:45','2026-03-06 01:42:45'),(72,'macbook-pro-2015-digital',28,'Botble\\Ecommerce\\Models\\Product','products','2026-03-06 01:42:45','2026-03-06 01:43:05'),(73,'apple-watch-serial-7',29,'Botble\\Ecommerce\\Models\\Product','products','2026-03-06 01:42:45','2026-03-06 01:42:45'),(74,'macbook-pro-13-inch',30,'Botble\\Ecommerce\\Models\\Product','products','2026-03-06 01:42:45','2026-03-06 01:42:45'),(75,'apple-keyboard',31,'Botble\\Ecommerce\\Models\\Product','products','2026-03-06 01:42:45','2026-03-06 01:42:45'),(76,'macsafe-80w-digital',32,'Botble\\Ecommerce\\Models\\Product','products','2026-03-06 01:42:45','2026-03-06 01:43:05'),(77,'hand-playstation',33,'Botble\\Ecommerce\\Models\\Product','products','2026-03-06 01:42:45','2026-03-06 01:42:45'),(78,'apple-airpods-serial-3',34,'Botble\\Ecommerce\\Models\\Product','products','2026-03-06 01:42:45','2026-03-06 01:42:45'),(79,'cool-smart-watches',35,'Botble\\Ecommerce\\Models\\Product','products','2026-03-06 01:42:45','2026-03-06 01:42:45'),(80,'black-smart-watches-digital',36,'Botble\\Ecommerce\\Models\\Product','products','2026-03-06 01:42:45','2026-03-06 01:43:05'),(81,'leather-watch-in-black',37,'Botble\\Ecommerce\\Models\\Product','products','2026-03-06 01:42:45','2026-03-06 01:42:45'),(82,'macbook-pro-2015-13-inch',38,'Botble\\Ecommerce\\Models\\Product','products','2026-03-06 01:42:45','2026-03-06 01:42:45'),(83,'sony-wh-1000xm4-wireless-headphones',39,'Botble\\Ecommerce\\Models\\Product','products','2026-03-06 01:42:45','2026-03-06 01:42:45'),(84,'samsung-galaxy-s22-ultra-digital',40,'Botble\\Ecommerce\\Models\\Product','products','2026-03-06 01:42:45','2026-03-06 01:43:05'),(85,'dell-xps-15-laptop',41,'Botble\\Ecommerce\\Models\\Product','products','2026-03-06 01:42:45','2026-03-06 01:42:45'),(86,'ipad-pro-129-inch',42,'Botble\\Ecommerce\\Models\\Product','products','2026-03-06 01:42:45','2026-03-06 01:42:45'),(87,'bose-quietcomfort-earbuds',43,'Botble\\Ecommerce\\Models\\Product','products','2026-03-06 01:42:45','2026-03-06 01:42:45'),(88,'lg-oled-c1-series-tv-digital',44,'Botble\\Ecommerce\\Models\\Product','products','2026-03-06 01:42:45','2026-03-06 01:43:06'),(89,'dyson-v11-vacuum-cleaner',45,'Botble\\Ecommerce\\Models\\Product','products','2026-03-06 01:42:45','2026-03-06 01:42:45'),(90,'nintendo-switch-oled-model',46,'Botble\\Ecommerce\\Models\\Product','products','2026-03-06 01:42:45','2026-03-06 01:42:45'),(91,'canon-eos-r5-camera',47,'Botble\\Ecommerce\\Models\\Product','products','2026-03-06 01:42:45','2026-03-06 01:42:45'),(92,'fitbit-sense-smartwatch-digital',48,'Botble\\Ecommerce\\Models\\Product','products','2026-03-06 01:42:46','2026-03-06 01:43:06'),(93,'sonos-beam-soundbar',49,'Botble\\Ecommerce\\Models\\Product','products','2026-03-06 01:42:46','2026-03-06 01:42:46'),(94,'logitech-mx-master-3-mouse',50,'Botble\\Ecommerce\\Models\\Product','products','2026-03-06 01:42:46','2026-03-06 01:42:46'),(95,'kindle-paperwhite-e-reader',51,'Botble\\Ecommerce\\Models\\Product','products','2026-03-06 01:42:46','2026-03-06 01:42:46'),(96,'gopro-hero10-black-digital',52,'Botble\\Ecommerce\\Models\\Product','products','2026-03-06 01:42:46','2026-03-06 01:43:06'),(97,'anker-powercore-power-bank',53,'Botble\\Ecommerce\\Models\\Product','products','2026-03-06 01:42:46','2026-03-06 01:42:46'),(98,'samsung-galaxy-buds-pro',54,'Botble\\Ecommerce\\Models\\Product','products','2026-03-06 01:42:46','2026-03-06 01:42:46'),(99,'electronic',1,'Botble\\Ecommerce\\Models\\ProductTag','product-tags','2026-03-06 01:42:54','2026-03-06 01:42:54'),(100,'mobile',2,'Botble\\Ecommerce\\Models\\ProductTag','product-tags','2026-03-06 01:42:54','2026-03-06 01:42:54'),(101,'iphone',3,'Botble\\Ecommerce\\Models\\ProductTag','product-tags','2026-03-06 01:42:54','2026-03-06 01:42:54'),(102,'printer',4,'Botble\\Ecommerce\\Models\\ProductTag','product-tags','2026-03-06 01:42:54','2026-03-06 01:42:54'),(103,'office',5,'Botble\\Ecommerce\\Models\\ProductTag','product-tags','2026-03-06 01:42:54','2026-03-06 01:42:54'),(104,'it',6,'Botble\\Ecommerce\\Models\\ProductTag','product-tags','2026-03-06 01:42:54','2026-03-06 01:42:54'),(105,'ecommerce',1,'Botble\\Blog\\Models\\Category','blog','2026-03-06 01:42:55','2026-03-06 01:42:57'),(106,'fashion',2,'Botble\\Blog\\Models\\Category','blog','2026-03-06 01:42:55','2026-03-06 01:42:57'),(107,'electronic',3,'Botble\\Blog\\Models\\Category','blog','2026-03-06 01:42:55','2026-03-06 01:42:57'),(108,'commercial',4,'Botble\\Blog\\Models\\Category','blog','2026-03-06 01:42:55','2026-03-06 01:42:57'),(109,'general',1,'Botble\\Blog\\Models\\Tag','tag','2026-03-06 01:42:55','2026-03-06 01:42:55'),(110,'design',2,'Botble\\Blog\\Models\\Tag','tag','2026-03-06 01:42:55','2026-03-06 01:42:55'),(111,'fashion',3,'Botble\\Blog\\Models\\Tag','tag','2026-03-06 01:42:55','2026-03-06 01:42:55'),(112,'branding',4,'Botble\\Blog\\Models\\Tag','tag','2026-03-06 01:42:55','2026-03-06 01:42:55'),(113,'modern',5,'Botble\\Blog\\Models\\Tag','tag','2026-03-06 01:42:55','2026-03-06 01:42:55'),(114,'4-expert-tips-on-how-to-choose-the-right-mens-wallet',1,'Botble\\Blog\\Models\\Post','blog','2026-03-06 01:42:55','2026-03-06 01:42:57'),(115,'sexy-clutches-how-to-buy-wear-a-designer-clutch-bag',2,'Botble\\Blog\\Models\\Post','blog','2026-03-06 01:42:55','2026-03-06 01:42:57'),(116,'the-top-2020-handbag-trends-to-know',3,'Botble\\Blog\\Models\\Post','blog','2026-03-06 01:42:55','2026-03-06 01:42:57'),(117,'how-to-match-the-color-of-your-handbag-with-an-outfit',4,'Botble\\Blog\\Models\\Post','blog','2026-03-06 01:42:55','2026-03-06 01:42:57'),(118,'how-to-care-for-leather-bags',5,'Botble\\Blog\\Models\\Post','blog','2026-03-06 01:42:55','2026-03-06 01:42:57'),(119,'were-crushing-hard-on-summers-10-biggest-bag-trends',6,'Botble\\Blog\\Models\\Post','blog','2026-03-06 01:42:55','2026-03-06 01:42:57'),(120,'essential-qualities-of-highly-successful-music',7,'Botble\\Blog\\Models\\Post','blog','2026-03-06 01:42:55','2026-03-06 01:42:57'),(121,'9-things-i-love-about-shaving-my-head',8,'Botble\\Blog\\Models\\Post','blog','2026-03-06 01:42:55','2026-03-06 01:42:57'),(122,'why-teamwork-really-makes-the-dream-work',9,'Botble\\Blog\\Models\\Post','blog','2026-03-06 01:42:55','2026-03-06 01:42:57'),(123,'the-world-caters-to-average-people',10,'Botble\\Blog\\Models\\Post','blog','2026-03-06 01:42:55','2026-03-06 01:42:57'),(124,'the-litigants-on-the-screen-are-not-actors',11,'Botble\\Blog\\Models\\Post','blog','2026-03-06 01:42:55','2026-03-06 01:42:57'),(125,'home',1,'Botble\\Page\\Models\\Page','','2026-03-06 01:42:56','2026-03-06 01:42:56'),(126,'about-us',2,'Botble\\Page\\Models\\Page','','2026-03-06 01:42:56','2026-03-06 01:42:56'),(127,'terms-of-use',3,'Botble\\Page\\Models\\Page','','2026-03-06 01:42:56','2026-03-06 01:42:56'),(128,'terms-conditions',4,'Botble\\Page\\Models\\Page','','2026-03-06 01:42:56','2026-03-06 01:42:56'),(129,'refund-policy',5,'Botble\\Page\\Models\\Page','','2026-03-06 01:42:56','2026-03-06 01:42:56'),(130,'blog',6,'Botble\\Page\\Models\\Page','','2026-03-06 01:42:56','2026-03-06 01:42:56'),(131,'faqs',7,'Botble\\Page\\Models\\Page','','2026-03-06 01:42:56','2026-03-06 01:42:56'),(132,'contact',8,'Botble\\Page\\Models\\Page','','2026-03-06 01:42:56','2026-03-06 01:42:56'),(133,'cookie-policy',9,'Botble\\Page\\Models\\Page','','2026-03-06 01:42:56','2026-03-06 01:42:56'),(134,'affiliate',10,'Botble\\Page\\Models\\Page','','2026-03-06 01:42:56','2026-03-06 01:42:56'),(135,'career',11,'Botble\\Page\\Models\\Page','','2026-03-06 01:42:56','2026-03-06 01:42:56'),(136,'coming-soon',12,'Botble\\Page\\Models\\Page','','2026-03-06 01:42:56','2026-03-06 01:42:56'),(137,'gopro',1,'Botble\\Marketplace\\Models\\Store','stores','2026-03-06 01:43:03','2026-03-06 01:43:03'),(138,'global-office',2,'Botble\\Marketplace\\Models\\Store','stores','2026-03-06 01:43:03','2026-03-06 01:43:03'),(139,'young-shop',3,'Botble\\Marketplace\\Models\\Store','stores','2026-03-06 01:43:03','2026-03-06 01:43:03'),(140,'global-store',4,'Botble\\Marketplace\\Models\\Store','stores','2026-03-06 01:43:03','2026-03-06 01:43:03'),(141,'roberts-store',5,'Botble\\Marketplace\\Models\\Store','stores','2026-03-06 01:43:03','2026-03-06 01:43:03'),(142,'stouffer',6,'Botble\\Marketplace\\Models\\Store','stores','2026-03-06 01:43:03','2026-03-06 01:43:03'),(143,'starkist',7,'Botble\\Marketplace\\Models\\Store','stores','2026-03-06 01:43:03','2026-03-06 01:43:03'),(144,'old-el-paso',8,'Botble\\Marketplace\\Models\\Store','stores','2026-03-06 01:43:03','2026-03-06 01:43:03'),(145,'tyson',9,'Botble\\Marketplace\\Models\\Store','stores','2026-03-06 01:43:03','2026-03-06 01:43:03'),(146,'smart-home-speaker',55,'Botble\\Ecommerce\\Models\\Product','products','2026-03-06 01:43:06','2026-03-06 01:43:06'),(147,'smart-home-speaker',56,'Botble\\Ecommerce\\Models\\Product','products','2026-03-06 01:43:06','2026-03-06 01:43:06'),(148,'headphone-ultra-bass',57,'Botble\\Ecommerce\\Models\\Product','products','2026-03-06 01:43:06','2026-03-06 01:43:06'),(149,'headphone-ultra-bass',58,'Botble\\Ecommerce\\Models\\Product','products','2026-03-06 01:43:06','2026-03-06 01:43:06'),(150,'boxed-bluetooth-headphone',59,'Botble\\Ecommerce\\Models\\Product','products','2026-03-06 01:43:06','2026-03-06 01:43:06'),(151,'camera-samsung-ss-24-digital',60,'Botble\\Ecommerce\\Models\\Product','products','2026-03-06 01:43:06','2026-03-06 01:43:06'),(152,'macbook-pro-2015',61,'Botble\\Ecommerce\\Models\\Product','products','2026-03-06 01:43:06','2026-03-06 01:43:06'),(153,'macbook-pro-2015',62,'Botble\\Ecommerce\\Models\\Product','products','2026-03-06 01:43:06','2026-03-06 01:43:06'),(154,'apple-watch-serial-7',63,'Botble\\Ecommerce\\Models\\Product','products','2026-03-06 01:43:06','2026-03-06 01:43:06'),(155,'macbook-pro-13-inch',64,'Botble\\Ecommerce\\Models\\Product','products','2026-03-06 01:43:06','2026-03-06 01:43:06'),(156,'macbook-pro-13-inch',65,'Botble\\Ecommerce\\Models\\Product','products','2026-03-06 01:43:06','2026-03-06 01:43:06'),(157,'macbook-pro-13-inch',66,'Botble\\Ecommerce\\Models\\Product','products','2026-03-06 01:43:06','2026-03-06 01:43:06'),(158,'apple-keyboard-digital',67,'Botble\\Ecommerce\\Models\\Product','products','2026-03-06 01:43:06','2026-03-06 01:43:06'),(159,'apple-keyboard-digital',68,'Botble\\Ecommerce\\Models\\Product','products','2026-03-06 01:43:06','2026-03-06 01:43:06'),(160,'apple-keyboard-digital',69,'Botble\\Ecommerce\\Models\\Product','products','2026-03-06 01:43:06','2026-03-06 01:43:06'),(161,'leather-watch-in-black',70,'Botble\\Ecommerce\\Models\\Product','products','2026-03-06 01:43:06','2026-03-06 01:43:06'),(162,'leather-watch-in-black',71,'Botble\\Ecommerce\\Models\\Product','products','2026-03-06 01:43:06','2026-03-06 01:43:06'),(163,'leather-watch-in-black',72,'Botble\\Ecommerce\\Models\\Product','products','2026-03-06 01:43:06','2026-03-06 01:43:06'),(164,'leather-watch-in-black',73,'Botble\\Ecommerce\\Models\\Product','products','2026-03-06 01:43:06','2026-03-06 01:43:06'),(165,'macbook-pro-2015-13-inch',74,'Botble\\Ecommerce\\Models\\Product','products','2026-03-06 01:43:06','2026-03-06 01:43:06'),(166,'macbook-pro-2015-13-inch',75,'Botble\\Ecommerce\\Models\\Product','products','2026-03-06 01:43:06','2026-03-06 01:43:06'),(167,'black-glasses',76,'Botble\\Ecommerce\\Models\\Product','products','2026-03-06 01:43:06','2026-03-06 01:43:06'),(168,'phillips-mouse',77,'Botble\\Ecommerce\\Models\\Product','products','2026-03-06 01:43:06','2026-03-06 01:43:06'),(169,'phillips-mouse',78,'Botble\\Ecommerce\\Models\\Product','products','2026-03-06 01:43:06','2026-03-06 01:43:06'),(170,'phillips-mouse',79,'Botble\\Ecommerce\\Models\\Product','products','2026-03-06 01:43:06','2026-03-06 01:43:06'),(171,'phillips-mouse',80,'Botble\\Ecommerce\\Models\\Product','products','2026-03-06 01:43:06','2026-03-06 01:43:06'),(172,'gaming-keyboard',81,'Botble\\Ecommerce\\Models\\Product','products','2026-03-06 01:43:06','2026-03-06 01:43:06'),(173,'gaming-keyboard',82,'Botble\\Ecommerce\\Models\\Product','products','2026-03-06 01:43:06','2026-03-06 01:43:06'),(174,'smart-home-speaker',83,'Botble\\Ecommerce\\Models\\Product','products','2026-03-06 01:43:06','2026-03-06 01:43:06'),(175,'headphone-ultra-bass',84,'Botble\\Ecommerce\\Models\\Product','products','2026-03-06 01:43:06','2026-03-06 01:43:06'),(176,'headphone-ultra-bass',85,'Botble\\Ecommerce\\Models\\Product','products','2026-03-06 01:43:06','2026-03-06 01:43:06'),(177,'headphone-ultra-bass',86,'Botble\\Ecommerce\\Models\\Product','products','2026-03-06 01:43:06','2026-03-06 01:43:06'),(178,'boxed-bluetooth-headphone-digital',87,'Botble\\Ecommerce\\Models\\Product','products','2026-03-06 01:43:06','2026-03-06 01:43:06'),(179,'boxed-bluetooth-headphone-digital',88,'Botble\\Ecommerce\\Models\\Product','products','2026-03-06 01:43:06','2026-03-06 01:43:06'),(180,'leather-watch-in-black',89,'Botble\\Ecommerce\\Models\\Product','products','2026-03-06 01:43:06','2026-03-06 01:43:06'),(181,'leather-watch-in-black',90,'Botble\\Ecommerce\\Models\\Product','products','2026-03-06 01:43:06','2026-03-06 01:43:06'),(182,'leather-watch-in-black',91,'Botble\\Ecommerce\\Models\\Product','products','2026-03-06 01:43:06','2026-03-06 01:43:06'),(183,'macbook-pro-13-inch',92,'Botble\\Ecommerce\\Models\\Product','products','2026-03-06 01:43:06','2026-03-06 01:43:06'),(184,'macbook-pro-13-inch',93,'Botble\\Ecommerce\\Models\\Product','products','2026-03-06 01:43:06','2026-03-06 01:43:06'),(185,'macsafe-80w-digital',94,'Botble\\Ecommerce\\Models\\Product','products','2026-03-06 01:43:06','2026-03-06 01:43:06'),(186,'macsafe-80w-digital',95,'Botble\\Ecommerce\\Models\\Product','products','2026-03-06 01:43:06','2026-03-06 01:43:06'),(187,'hand-playstation',96,'Botble\\Ecommerce\\Models\\Product','products','2026-03-06 01:43:06','2026-03-06 01:43:06'),(188,'hand-playstation',97,'Botble\\Ecommerce\\Models\\Product','products','2026-03-06 01:43:06','2026-03-06 01:43:06'),(189,'apple-airpods-serial-3',98,'Botble\\Ecommerce\\Models\\Product','products','2026-03-06 01:43:06','2026-03-06 01:43:06'),(190,'apple-airpods-serial-3',99,'Botble\\Ecommerce\\Models\\Product','products','2026-03-06 01:43:06','2026-03-06 01:43:06'),(191,'apple-airpods-serial-3',100,'Botble\\Ecommerce\\Models\\Product','products','2026-03-06 01:43:06','2026-03-06 01:43:06'),(192,'apple-airpods-serial-3',101,'Botble\\Ecommerce\\Models\\Product','products','2026-03-06 01:43:06','2026-03-06 01:43:06'),(193,'cool-smart-watches',102,'Botble\\Ecommerce\\Models\\Product','products','2026-03-06 01:43:06','2026-03-06 01:43:06'),(194,'cool-smart-watches',103,'Botble\\Ecommerce\\Models\\Product','products','2026-03-06 01:43:06','2026-03-06 01:43:06'),(195,'black-smart-watches-digital',104,'Botble\\Ecommerce\\Models\\Product','products','2026-03-06 01:43:06','2026-03-06 01:43:06'),(196,'leather-watch-in-black',105,'Botble\\Ecommerce\\Models\\Product','products','2026-03-06 01:43:06','2026-03-06 01:43:06'),(197,'leather-watch-in-black',106,'Botble\\Ecommerce\\Models\\Product','products','2026-03-06 01:43:06','2026-03-06 01:43:06'),(198,'samsung-galaxy-s22-ultra-digital',107,'Botble\\Ecommerce\\Models\\Product','products','2026-03-06 01:43:06','2026-03-06 01:43:06'),(199,'bose-quietcomfort-earbuds',108,'Botble\\Ecommerce\\Models\\Product','products','2026-03-06 01:43:06','2026-03-06 01:43:06'),(200,'bose-quietcomfort-earbuds',109,'Botble\\Ecommerce\\Models\\Product','products','2026-03-06 01:43:06','2026-03-06 01:43:06'),(201,'bose-quietcomfort-earbuds',110,'Botble\\Ecommerce\\Models\\Product','products','2026-03-06 01:43:06','2026-03-06 01:43:06'),(202,'bose-quietcomfort-earbuds',111,'Botble\\Ecommerce\\Models\\Product','products','2026-03-06 01:43:06','2026-03-06 01:43:06'),(203,'dyson-v11-vacuum-cleaner',112,'Botble\\Ecommerce\\Models\\Product','products','2026-03-06 01:43:06','2026-03-06 01:43:06'),(204,'dyson-v11-vacuum-cleaner',113,'Botble\\Ecommerce\\Models\\Product','products','2026-03-06 01:43:06','2026-03-06 01:43:06'),(205,'dyson-v11-vacuum-cleaner',114,'Botble\\Ecommerce\\Models\\Product','products','2026-03-06 01:43:06','2026-03-06 01:43:06'),(206,'nintendo-switch-oled-model',115,'Botble\\Ecommerce\\Models\\Product','products','2026-03-06 01:43:06','2026-03-06 01:43:06'),(207,'nintendo-switch-oled-model',116,'Botble\\Ecommerce\\Models\\Product','products','2026-03-06 01:43:06','2026-03-06 01:43:06'),(208,'nintendo-switch-oled-model',117,'Botble\\Ecommerce\\Models\\Product','products','2026-03-06 01:43:06','2026-03-06 01:43:06'),(209,'nintendo-switch-oled-model',118,'Botble\\Ecommerce\\Models\\Product','products','2026-03-06 01:43:06','2026-03-06 01:43:06'),(210,'sonos-beam-soundbar',119,'Botble\\Ecommerce\\Models\\Product','products','2026-03-06 01:43:06','2026-03-06 01:43:06'),(211,'sonos-beam-soundbar',120,'Botble\\Ecommerce\\Models\\Product','products','2026-03-06 01:43:06','2026-03-06 01:43:06'),(212,'logitech-mx-master-3-mouse',121,'Botble\\Ecommerce\\Models\\Product','products','2026-03-06 01:43:06','2026-03-06 01:43:06'),(213,'logitech-mx-master-3-mouse',122,'Botble\\Ecommerce\\Models\\Product','products','2026-03-06 01:43:06','2026-03-06 01:43:06'),(214,'logitech-mx-master-3-mouse',123,'Botble\\Ecommerce\\Models\\Product','products','2026-03-06 01:43:06','2026-03-06 01:43:06'),(215,'anker-powercore-power-bank',124,'Botble\\Ecommerce\\Models\\Product','products','2026-03-06 01:43:06','2026-03-06 01:43:06'),(216,'anker-powercore-power-bank',125,'Botble\\Ecommerce\\Models\\Product','products','2026-03-06 01:43:06','2026-03-06 01:43:06'),(217,'anker-powercore-power-bank',126,'Botble\\Ecommerce\\Models\\Product','products','2026-03-06 01:43:06','2026-03-06 01:43:06'),(218,'new-arrival',1,'Botble\\Ecommerce\\Models\\ProductCollection','collections','2026-03-06 01:43:06','2026-03-06 01:43:06'),(219,'best-sellers',2,'Botble\\Ecommerce\\Models\\ProductCollection','collections','2026-03-06 01:43:06','2026-03-06 01:43:06'),(220,'special-offer',3,'Botble\\Ecommerce\\Models\\ProductCollection','collections','2026-03-06 01:43:06','2026-03-06 01:43:06');

--
-- Table structure for table `slugs_translations`
--

CREATE TABLE `slugs_translations` (
  `lang_code` varchar(20) COLLATE utf8mb4_unicode_ci NOT NULL,
  `slugs_id` bigint unsigned NOT NULL,
  `key` varchar(191) COLLATE utf8mb4_unicode_ci DEFAULT NULL,
  `prefix` varchar(120) COLLATE utf8mb4_unicode_ci DEFAULT '',
  PRIMARY KEY (`lang_code`,`slugs_id`),
  KEY `idx_slugid_key_prefix` (`slugs_id`,`key`,`prefix`)
) ENGINE=InnoDB DEFAULT CHARSET=utf8mb4 COLLATE=utf8mb4_unicode_ci;

--
-- Dumping data for table `slugs_translations`
--


--
-- Table structure for table `social_logins`
--

CREATE TABLE `social_logins` (
  `id` bigint unsigned NOT NULL AUTO_INCREMENT,
  `user_type` varchar(191) COLLATE utf8mb4_unicode_ci NOT NULL,
  `user_id` bigint unsigned NOT NULL,
  `provider` varchar(191) COLLATE utf8mb4_unicode_ci NOT NULL,
  `provider_id` varchar(191) COLLATE utf8mb4_unicode_ci NOT NULL,
  `token` text COLLATE utf8mb4_unicode_ci,
  `refresh_token` text COLLATE utf8mb4_unicode_ci,
  `token_expires_at` timestamp NULL DEFAULT NULL,
  `provider_data` json DEFAULT NULL,
  `created_at` timestamp NULL DEFAULT NULL,
  `updated_at` timestamp NULL DEFAULT NULL,
  PRIMARY KEY (`id`),
  UNIQUE KEY `social_logins_provider_provider_id_unique` (`provider`,`provider_id`),
  KEY `social_logins_user_type_user_id_index` (`user_type`,`user_id`),
  KEY `social_logins_user_id_user_type_index` (`user_id`,`user_type`)
) ENGINE=InnoDB DEFAULT CHARSET=utf8mb4 COLLATE=utf8mb4_unicode_ci;

--
-- Dumping data for table `social_logins`
--


--
-- Table structure for table `states`
--

CREATE TABLE `states` (
  `id` bigint unsigned NOT NULL AUTO_INCREMENT,
  `name` varchar(120) COLLATE utf8mb4_unicode_ci NOT NULL,
  `slug` varchar(120) COLLATE utf8mb4_unicode_ci DEFAULT NULL,
  `abbreviation` varchar(10) COLLATE utf8mb4_unicode_ci DEFAULT NULL,
  `country_id` bigint unsigned DEFAULT NULL,
  `order` tinyint NOT NULL DEFAULT '0',
  `image` varchar(191) COLLATE utf8mb4_unicode_ci DEFAULT NULL,
  `is_default` tinyint unsigned NOT NULL DEFAULT '0',
  `status` varchar(60) COLLATE utf8mb4_unicode_ci NOT NULL DEFAULT 'published',
  `created_at` timestamp NULL DEFAULT NULL,
  `updated_at` timestamp NULL DEFAULT NULL,
  PRIMARY KEY (`id`),
  UNIQUE KEY `states_slug_unique` (`slug`),
  KEY `idx_states_name` (`name`),
  KEY `idx_states_status` (`status`),
  KEY `idx_states_country_id` (`country_id`)
) ENGINE=InnoDB DEFAULT CHARSET=utf8mb4 COLLATE=utf8mb4_unicode_ci;

--
-- Dumping data for table `states`
--


--
-- Table structure for table `states_translations`
--

CREATE TABLE `states_translations` (
  `lang_code` varchar(20) COLLATE utf8mb4_unicode_ci NOT NULL,
  `states_id` bigint unsigned NOT NULL,
  `name` varchar(120) COLLATE utf8mb4_unicode_ci DEFAULT NULL,
  `slug` varchar(120) COLLATE utf8mb4_unicode_ci DEFAULT NULL,
  `abbreviation` varchar(10) COLLATE utf8mb4_unicode_ci DEFAULT NULL,
  PRIMARY KEY (`lang_code`,`states_id`),
  KEY `idx_states_trans_state_lang` (`states_id`,`lang_code`),
  KEY `idx_states_trans_name` (`name`),
  KEY `idx_states_trans_states_id` (`states_id`)
) ENGINE=InnoDB DEFAULT CHARSET=utf8mb4 COLLATE=utf8mb4_unicode_ci;

--
-- Dumping data for table `states_translations`
--


--
-- Table structure for table `tags`
--

CREATE TABLE `tags` (
  `id` bigint unsigned NOT NULL AUTO_INCREMENT,
  `name` varchar(120) COLLATE utf8mb4_unicode_ci NOT NULL,
  `author_id` bigint unsigned DEFAULT NULL,
  `author_type` varchar(191) COLLATE utf8mb4_unicode_ci NOT NULL,
  `description` varchar(400) COLLATE utf8mb4_unicode_ci DEFAULT NULL,
  `status` varchar(60) COLLATE utf8mb4_unicode_ci NOT NULL DEFAULT 'published',
  `created_at` timestamp NULL DEFAULT NULL,
  `updated_at` timestamp NULL DEFAULT NULL,
  PRIMARY KEY (`id`)
) ENGINE=InnoDB AUTO_INCREMENT=6 DEFAULT CHARSET=utf8mb4 COLLATE=utf8mb4_unicode_ci;

--
-- Dumping data for table `tags`
--

INSERT INTO `tags` VALUES (1,'General',1,'Botble\\ACL\\Models\\User',NULL,'published','2026-03-06 01:42:55','2026-03-06 01:42:55'),(2,'Design',1,'Botble\\ACL\\Models\\User',NULL,'published','2026-03-06 01:42:55','2026-03-06 01:42:55'),(3,'Fashion',1,'Botble\\ACL\\Models\\User',NULL,'published','2026-03-06 01:42:55','2026-03-06 01:42:55'),(4,'Branding',1,'Botble\\ACL\\Models\\User',NULL,'published','2026-03-06 01:42:55','2026-03-06 01:42:55'),(5,'Modern',1,'Botble\\ACL\\Models\\User',NULL,'published','2026-03-06 01:42:55','2026-03-06 01:42:55');

--
-- Table structure for table `tags_translations`
--

CREATE TABLE `tags_translations` (
  `lang_code` varchar(20) COLLATE utf8mb4_unicode_ci NOT NULL,
  `tags_id` bigint unsigned NOT NULL,
  `name` varchar(191) COLLATE utf8mb4_unicode_ci DEFAULT NULL,
  `description` varchar(400) COLLATE utf8mb4_unicode_ci DEFAULT NULL,
  PRIMARY KEY (`lang_code`,`tags_id`),
  KEY `idx_tags_trans_tags_id` (`tags_id`),
  KEY `idx_tags_trans_tag_lang` (`tags_id`,`lang_code`)
) ENGINE=InnoDB DEFAULT CHARSET=utf8mb4 COLLATE=utf8mb4_unicode_ci;

--
-- Dumping data for table `tags_translations`
--


--
-- Table structure for table `testimonials`
--

CREATE TABLE `testimonials` (
  `id` bigint unsigned NOT NULL AUTO_INCREMENT,
  `name` varchar(120) COLLATE utf8mb4_unicode_ci NOT NULL,
  `content` text COLLATE utf8mb4_unicode_ci NOT NULL,
  `image` varchar(191) COLLATE utf8mb4_unicode_ci DEFAULT NULL,
  `company` varchar(120) COLLATE utf8mb4_unicode_ci DEFAULT NULL,
  `status` varchar(60) COLLATE utf8mb4_unicode_ci NOT NULL DEFAULT 'published',
  `created_at` timestamp NULL DEFAULT NULL,
  `updated_at` timestamp NULL DEFAULT NULL,
  PRIMARY KEY (`id`)
) ENGINE=InnoDB DEFAULT CHARSET=utf8mb4 COLLATE=utf8mb4_unicode_ci;

--
-- Dumping data for table `testimonials`
--


--
-- Table structure for table `testimonials_translations`
--

CREATE TABLE `testimonials_translations` (
  `lang_code` varchar(20) COLLATE utf8mb4_unicode_ci NOT NULL,
  `testimonials_id` bigint unsigned NOT NULL,
  `name` varchar(191) COLLATE utf8mb4_unicode_ci DEFAULT NULL,
  `content` text COLLATE utf8mb4_unicode_ci,
  `company` varchar(120) COLLATE utf8mb4_unicode_ci DEFAULT NULL,
  PRIMARY KEY (`lang_code`,`testimonials_id`),
  KEY `idx_testimonials_trans_testimonials_id` (`testimonials_id`),
  KEY `idx_testimonials_trans_testimonial_lang` (`testimonials_id`,`lang_code`)
) ENGINE=InnoDB DEFAULT CHARSET=utf8mb4 COLLATE=utf8mb4_unicode_ci;

--
-- Dumping data for table `testimonials_translations`
--


--
-- Table structure for table `user_meta`
--

CREATE TABLE `user_meta` (
  `id` bigint unsigned NOT NULL AUTO_INCREMENT,
  `key` varchar(120) COLLATE utf8mb4_unicode_ci DEFAULT NULL,
  `value` text COLLATE utf8mb4_unicode_ci,
  `user_id` bigint unsigned NOT NULL,
  `created_at` timestamp NULL DEFAULT NULL,
  `updated_at` timestamp NULL DEFAULT NULL,
  PRIMARY KEY (`id`),
  KEY `user_meta_user_id_index` (`user_id`)
) ENGINE=InnoDB DEFAULT CHARSET=utf8mb4 COLLATE=utf8mb4_unicode_ci;

--
-- Dumping data for table `user_meta`
--


--
-- Table structure for table `user_settings`
--

CREATE TABLE `user_settings` (
  `id` bigint unsigned NOT NULL AUTO_INCREMENT,
  `user_type` varchar(50) COLLATE utf8mb4_unicode_ci NOT NULL,
  `user_id` bigint unsigned NOT NULL,
  `key` varchar(100) COLLATE utf8mb4_unicode_ci NOT NULL,
  `value` json NOT NULL,
  `created_at` timestamp NULL DEFAULT NULL,
  `updated_at` timestamp NULL DEFAULT NULL,
  PRIMARY KEY (`id`),
  UNIQUE KEY `user_settings_user_type_user_id_key_unique` (`user_type`,`user_id`,`key`),
  KEY `user_settings_user_type_user_id_index` (`user_type`,`user_id`),
  KEY `user_settings_key_index` (`key`)
) ENGINE=InnoDB DEFAULT CHARSET=utf8mb4 COLLATE=utf8mb4_unicode_ci;

--
-- Dumping data for table `user_settings`
--


--
-- Table structure for table `users`
--

CREATE TABLE `users` (
  `id` bigint unsigned NOT NULL AUTO_INCREMENT,
  `email` varchar(191) COLLATE utf8mb4_unicode_ci NOT NULL,
  `phone` varchar(20) COLLATE utf8mb4_unicode_ci DEFAULT NULL,
  `email_verified_at` timestamp NULL DEFAULT NULL,
  `password` varchar(120) COLLATE utf8mb4_unicode_ci DEFAULT NULL,
  `remember_token` varchar(100) COLLATE utf8mb4_unicode_ci DEFAULT NULL,
  `created_at` timestamp NULL DEFAULT NULL,
  `updated_at` timestamp NULL DEFAULT NULL,
  `first_name` varchar(120) COLLATE utf8mb4_unicode_ci DEFAULT NULL,
  `last_name` varchar(120) COLLATE utf8mb4_unicode_ci DEFAULT NULL,
  `username` varchar(60) COLLATE utf8mb4_unicode_ci DEFAULT NULL,
  `avatar_id` bigint unsigned DEFAULT NULL,
  `super_user` tinyint(1) NOT NULL DEFAULT '0',
  `manage_supers` tinyint(1) NOT NULL DEFAULT '0',
  `permissions` text COLLATE utf8mb4_unicode_ci,
  `last_login` timestamp NULL DEFAULT NULL,
  `sessions_invalidated_at` timestamp NULL DEFAULT NULL,
  PRIMARY KEY (`id`),
  UNIQUE KEY `users_email_unique` (`email`),
  UNIQUE KEY `users_username_unique` (`username`)
) ENGINE=InnoDB AUTO_INCREMENT=2 DEFAULT CHARSET=utf8mb4 COLLATE=utf8mb4_unicode_ci;

--
-- Dumping data for table `users`
--

INSERT INTO `users` VALUES (1,'admin@company.com',NULL,NULL,'$2y$12$meWeXRB4otsZn6noTm/xR.HikWcTooTWeLbodtdNusTL6TBcsjfuu',NULL,'2026-03-06 01:42:54','2026-03-06 01:42:54','System','Admin','admin',NULL,1,1,NULL,NULL,NULL);

--
-- Table structure for table `widgets`
--

CREATE TABLE `widgets` (
  `id` bigint unsigned NOT NULL AUTO_INCREMENT,
  `widget_id` varchar(120) COLLATE utf8mb4_unicode_ci NOT NULL,
  `sidebar_id` varchar(120) COLLATE utf8mb4_unicode_ci NOT NULL,
  `theme` varchar(120) COLLATE utf8mb4_unicode_ci NOT NULL,
  `position` tinyint unsigned NOT NULL DEFAULT '0',
  `data` text COLLATE utf8mb4_unicode_ci,
  `created_at` timestamp NULL DEFAULT NULL,
  `updated_at` timestamp NULL DEFAULT NULL,
  PRIMARY KEY (`id`),
  UNIQUE KEY `widgets_unique_index` (`theme`,`sidebar_id`,`widget_id`,`position`)
) ENGINE=InnoDB AUTO_INCREMENT=73 DEFAULT CHARSET=utf8mb4 COLLATE=utf8mb4_unicode_ci;

--
-- Dumping data for table `widgets`
--

INSERT INTO `widgets` VALUES (1,'CustomMenuWidget','footer_sidebar','martfury',1,'{\"id\":\"CustomMenuWidget\",\"name\":\"Quick links\",\"menu_id\":\"quick-links\"}','2026-03-06 01:43:00','2026-03-06 01:43:00'),(2,'CustomMenuWidget','footer_sidebar','martfury',2,'{\"id\":\"CustomMenuWidget\",\"name\":\"Company\",\"menu_id\":\"company\"}','2026-03-06 01:43:00','2026-03-06 01:43:00'),(3,'CustomMenuWidget','footer_sidebar','martfury',3,'{\"id\":\"CustomMenuWidget\",\"name\":\"Business\",\"menu_id\":\"business\"}','2026-03-06 01:43:00','2026-03-06 01:43:00'),(4,'BlogSearchWidget','primary_sidebar','martfury',1,'{\"id\":\"BlogSearchWidget\",\"name\":\"Search\"}','2026-03-06 01:43:00','2026-03-06 01:43:00'),(5,'BlogCategoriesWidget','primary_sidebar','martfury',2,'{\"id\":\"BlogCategoriesWidget\",\"name\":\"Categories\"}','2026-03-06 01:43:00','2026-03-06 01:43:00'),(6,'RecentPostsWidget','primary_sidebar','martfury',3,'{\"id\":\"RecentPostsWidget\",\"name\":\"Recent Posts\"}','2026-03-06 01:43:00','2026-03-06 01:43:00'),(7,'TagsWidget','primary_sidebar','martfury',4,'{\"id\":\"TagsWidget\",\"name\":\"Popular Tags\"}','2026-03-06 01:43:00','2026-03-06 01:43:00'),(8,'ProductCategoriesWidget','bottom_footer_sidebar','martfury',1,'{\"id\":\"ProductCategoriesWidget\",\"name\":\"Consumer Electric\",\"categories\":[18,2,3,4,5,6,7]}','2026-03-06 01:43:00','2026-03-06 01:43:00'),(9,'ProductCategoriesWidget','bottom_footer_sidebar','martfury',2,'{\"id\":\"ProductCategoriesWidget\",\"name\":\"Clothing & Apparel\",\"categories\":[8,9,10,11,12]}','2026-03-06 01:43:00','2026-03-06 01:43:00'),(10,'ProductCategoriesWidget','bottom_footer_sidebar','martfury',3,'{\"id\":\"ProductCategoriesWidget\",\"name\":\"Home, Garden & Kitchen\",\"categories\":[13,14,15,16,17]}','2026-03-06 01:43:00','2026-03-06 01:43:00'),(11,'ProductCategoriesWidget','bottom_footer_sidebar','martfury',4,'{\"id\":\"ProductCategoriesWidget\",\"name\":\"Health & Beauty\",\"categories\":[20,21,22,23,24]}','2026-03-06 01:43:00','2026-03-06 01:43:00'),(12,'ProductCategoriesWidget','bottom_footer_sidebar','martfury',5,'{\"id\":\"ProductCategoriesWidget\",\"name\":\"Computer & Technologies\",\"categories\":[25,26,27,28,29,19]}','2026-03-06 01:43:00','2026-03-06 01:43:00'),(13,'CustomMenuWidget','footer_sidebar','martfury-ar',1,'{\"id\":\"CustomMenuWidget\",\"name\":\"\\u0631\\u0648\\u0627\\u0628\\u0637 \\u0633\\u0631\\u064a\\u0639\\u0629\",\"menu_id\":\"quick-links-ar\"}','2026-03-06 01:43:05','2026-03-06 01:43:05'),(14,'CustomMenuWidget','footer_sidebar','martfury-ar',2,'{\"id\":\"CustomMenuWidget\",\"name\":\"\\u0627\\u0644\\u0634\\u0631\\u0643\\u0629\",\"menu_id\":\"company-ar\"}','2026-03-06 01:43:05','2026-03-06 01:43:05'),(15,'CustomMenuWidget','footer_sidebar','martfury-ar',3,'{\"id\":\"CustomMenuWidget\",\"name\":\"\\u0627\\u0644\\u0623\\u0639\\u0645\\u0627\\u0644\",\"menu_id\":\"business-ar\"}','2026-03-06 01:43:05','2026-03-06 01:43:05'),(16,'BlogSearchWidget','primary_sidebar','martfury-ar',1,'{\"id\":\"BlogSearchWidget\",\"name\":\"\\u0628\\u062d\\u062b\"}','2026-03-06 01:43:05','2026-03-06 01:43:05'),(17,'BlogCategoriesWidget','primary_sidebar','martfury-ar',2,'{\"id\":\"BlogCategoriesWidget\",\"name\":\"\\u0627\\u0644\\u0641\\u0626\\u0627\\u062a\"}','2026-03-06 01:43:05','2026-03-06 01:43:05'),(18,'RecentPostsWidget','primary_sidebar','martfury-ar',3,'{\"id\":\"RecentPostsWidget\",\"name\":\"\\u0627\\u0644\\u0645\\u0646\\u0634\\u0648\\u0631\\u0627\\u062a \\u0627\\u0644\\u0623\\u062e\\u064a\\u0631\\u0629\"}','2026-03-06 01:43:05','2026-03-06 01:43:05'),(19,'TagsWidget','primary_sidebar','martfury-ar',4,'{\"id\":\"TagsWidget\",\"name\":\"\\u0627\\u0644\\u0648\\u0633\\u0648\\u0645 \\u0627\\u0644\\u0634\\u0627\\u0626\\u0639\\u0629\"}','2026-03-06 01:43:05','2026-03-06 01:43:05'),(20,'ProductCategoriesWidget','bottom_footer_sidebar','martfury-ar',1,'{\"id\":\"ProductCategoriesWidget\",\"name\":\"\\u0627\\u0644\\u0625\\u0644\\u0643\\u062a\\u0631\\u0648\\u0646\\u064a\\u0627\\u062a \\u0627\\u0644\\u0627\\u0633\\u062a\\u0647\\u0644\\u0627\\u0643\\u064a\\u0629\",\"categories\":[18,2,3,4,5,6,7]}','2026-03-06 01:43:05','2026-03-06 01:43:05'),(21,'ProductCategoriesWidget','bottom_footer_sidebar','martfury-ar',2,'{\"id\":\"ProductCategoriesWidget\",\"name\":\"\\u0627\\u0644\\u0645\\u0644\\u0627\\u0628\\u0633 \\u0648\\u0627\\u0644\\u0623\\u0632\\u064a\\u0627\\u0621\",\"categories\":[8,9,10,11,12]}','2026-03-06 01:43:05','2026-03-06 01:43:05'),(22,'ProductCategoriesWidget','bottom_footer_sidebar','martfury-ar',3,'{\"id\":\"ProductCategoriesWidget\",\"name\":\"\\u0627\\u0644\\u0645\\u0646\\u0632\\u0644 \\u0648\\u0627\\u0644\\u062d\\u062f\\u064a\\u0642\\u0629 \\u0648\\u0627\\u0644\\u0645\\u0637\\u0628\\u062e\",\"categories\":[13,14,15,16,17]}','2026-03-06 01:43:05','2026-03-06 01:43:05'),(23,'ProductCategoriesWidget','bottom_footer_sidebar','martfury-ar',4,'{\"id\":\"ProductCategoriesWidget\",\"name\":\"\\u0627\\u0644\\u0635\\u062d\\u0629 \\u0648\\u0627\\u0644\\u062c\\u0645\\u0627\\u0644\",\"categories\":[20,21,22,23,24]}','2026-03-06 01:43:05','2026-03-06 01:43:05'),(24,'ProductCategoriesWidget','bottom_footer_sidebar','martfury-ar',5,'{\"id\":\"ProductCategoriesWidget\",\"name\":\"\\u0627\\u0644\\u062d\\u0648\\u0627\\u0633\\u064a\\u0628 \\u0648\\u0627\\u0644\\u062a\\u0642\\u0646\\u064a\\u0627\\u062a\",\"categories\":[25,26,27,28,29,19]}','2026-03-06 01:43:05','2026-03-06 01:43:05'),(25,'CustomMenuWidget','footer_sidebar','martfury-vi',1,'{\"id\":\"CustomMenuWidget\",\"name\":\"Li\\u00ean k\\u1ebft nhanh\",\"menu_id\":\"quick-links-vi\"}','2026-03-06 01:43:05','2026-03-06 01:43:05'),(26,'CustomMenuWidget','footer_sidebar','martfury-vi',2,'{\"id\":\"CustomMenuWidget\",\"name\":\"C\\u00f4ng ty\",\"menu_id\":\"company-vi\"}','2026-03-06 01:43:05','2026-03-06 01:43:05'),(27,'CustomMenuWidget','footer_sidebar','martfury-vi',3,'{\"id\":\"CustomMenuWidget\",\"name\":\"Kinh doanh\",\"menu_id\":\"business-vi\"}','2026-03-06 01:43:05','2026-03-06 01:43:05'),(28,'BlogSearchWidget','primary_sidebar','martfury-vi',1,'{\"id\":\"BlogSearchWidget\",\"name\":\"T\\u00ecm ki\\u1ebfm\"}','2026-03-06 01:43:05','2026-03-06 01:43:05'),(29,'BlogCategoriesWidget','primary_sidebar','martfury-vi',2,'{\"id\":\"BlogCategoriesWidget\",\"name\":\"Danh m\\u1ee5c\"}','2026-03-06 01:43:05','2026-03-06 01:43:05'),(30,'RecentPostsWidget','primary_sidebar','martfury-vi',3,'{\"id\":\"RecentPostsWidget\",\"name\":\"B\\u00e0i vi\\u1ebft g\\u1ea7n \\u0111\\u00e2y\"}','2026-03-06 01:43:05','2026-03-06 01:43:05'),(31,'TagsWidget','primary_sidebar','martfury-vi',4,'{\"id\":\"TagsWidget\",\"name\":\"Th\\u1ebb ph\\u1ed5 bi\\u1ebfn\"}','2026-03-06 01:43:05','2026-03-06 01:43:05'),(32,'ProductCategoriesWidget','bottom_footer_sidebar','martfury-vi',1,'{\"id\":\"ProductCategoriesWidget\",\"name\":\"Thi\\u1ebft b\\u1ecb \\u0111i\\u1ec7n t\\u1eed ti\\u00eau d\\u00f9ng\",\"categories\":[18,2,3,4,5,6,7]}','2026-03-06 01:43:05','2026-03-06 01:43:05'),(33,'ProductCategoriesWidget','bottom_footer_sidebar','martfury-vi',2,'{\"id\":\"ProductCategoriesWidget\",\"name\":\"Qu\\u1ea7n \\u00e1o v\\u00e0 trang ph\\u1ee5c\",\"categories\":[8,9,10,11,12]}','2026-03-06 01:43:05','2026-03-06 01:43:05'),(34,'ProductCategoriesWidget','bottom_footer_sidebar','martfury-vi',3,'{\"id\":\"ProductCategoriesWidget\",\"name\":\"Nh\\u00e0 c\\u1eeda, v\\u01b0\\u1eddn v\\u00e0 nh\\u00e0 b\\u1ebfp\",\"categories\":[13,14,15,16,17]}','2026-03-06 01:43:05','2026-03-06 01:43:05'),(35,'ProductCategoriesWidget','bottom_footer_sidebar','martfury-vi',4,'{\"id\":\"ProductCategoriesWidget\",\"name\":\"S\\u1ee9c kh\\u1ecfe v\\u00e0 l\\u00e0m \\u0111\\u1eb9p\",\"categories\":[20,21,22,23,24]}','2026-03-06 01:43:05','2026-03-06 01:43:05'),(36,'ProductCategoriesWidget','bottom_footer_sidebar','martfury-vi',5,'{\"id\":\"ProductCategoriesWidget\",\"name\":\"M\\u00e1y t\\u00ednh v\\u00e0 c\\u00f4ng ngh\\u1ec7\",\"categories\":[25,26,27,28,29,19]}','2026-03-06 01:43:05','2026-03-06 01:43:05'),(37,'CustomMenuWidget','footer_sidebar','martfury-fr',1,'{\"id\":\"CustomMenuWidget\",\"name\":\"Liens rapides\",\"menu_id\":\"quick-links-fr\"}','2026-03-06 01:43:05','2026-03-06 01:43:05'),(38,'CustomMenuWidget','footer_sidebar','martfury-fr',2,'{\"id\":\"CustomMenuWidget\",\"name\":\"Entreprise\",\"menu_id\":\"company-fr\"}','2026-03-06 01:43:05','2026-03-06 01:43:05'),(39,'CustomMenuWidget','footer_sidebar','martfury-fr',3,'{\"id\":\"CustomMenuWidget\",\"name\":\"Affaires\",\"menu_id\":\"business-fr\"}','2026-03-06 01:43:05','2026-03-06 01:43:05'),(40,'BlogSearchWidget','primary_sidebar','martfury-fr',1,'{\"id\":\"BlogSearchWidget\",\"name\":\"Rechercher\"}','2026-03-06 01:43:05','2026-03-06 01:43:05'),(41,'BlogCategoriesWidget','primary_sidebar','martfury-fr',2,'{\"id\":\"BlogCategoriesWidget\",\"name\":\"Cat\\u00e9gories\"}','2026-03-06 01:43:05','2026-03-06 01:43:05'),(42,'RecentPostsWidget','primary_sidebar','martfury-fr',3,'{\"id\":\"RecentPostsWidget\",\"name\":\"Publications r\\u00e9centes\"}','2026-03-06 01:43:05','2026-03-06 01:43:05'),(43,'TagsWidget','primary_sidebar','martfury-fr',4,'{\"id\":\"TagsWidget\",\"name\":\"Tags populaires\"}','2026-03-06 01:43:05','2026-03-06 01:43:05'),(44,'ProductCategoriesWidget','bottom_footer_sidebar','martfury-fr',1,'{\"id\":\"ProductCategoriesWidget\",\"name\":\"\\u00c9lectronique grand public\",\"categories\":[18,2,3,4,5,6,7]}','2026-03-06 01:43:05','2026-03-06 01:43:05'),(45,'ProductCategoriesWidget','bottom_footer_sidebar','martfury-fr',2,'{\"id\":\"ProductCategoriesWidget\",\"name\":\"V\\u00eatements et habillement\",\"categories\":[8,9,10,11,12]}','2026-03-06 01:43:05','2026-03-06 01:43:05'),(46,'ProductCategoriesWidget','bottom_footer_sidebar','martfury-fr',3,'{\"id\":\"ProductCategoriesWidget\",\"name\":\"Maison, jardin et cuisine\",\"categories\":[13,14,15,16,17]}','2026-03-06 01:43:05','2026-03-06 01:43:05'),(47,'ProductCategoriesWidget','bottom_footer_sidebar','martfury-fr',4,'{\"id\":\"ProductCategoriesWidget\",\"name\":\"Sant\\u00e9 et beaut\\u00e9\",\"categories\":[20,21,22,23,24]}','2026-03-06 01:43:05','2026-03-06 01:43:05'),(48,'ProductCategoriesWidget','bottom_footer_sidebar','martfury-fr',5,'{\"id\":\"ProductCategoriesWidget\",\"name\":\"Informatique et technologies\",\"categories\":[25,26,27,28,29,19]}','2026-03-06 01:43:05','2026-03-06 01:43:05'),(49,'CustomMenuWidget','footer_sidebar','martfury-id',1,'{\"id\":\"CustomMenuWidget\",\"name\":\"Tautan cepat\",\"menu_id\":\"quick-links-id\"}','2026-03-06 01:43:05','2026-03-06 01:43:05'),(50,'CustomMenuWidget','footer_sidebar','martfury-id',2,'{\"id\":\"CustomMenuWidget\",\"name\":\"Perusahaan\",\"menu_id\":\"company-id\"}','2026-03-06 01:43:05','2026-03-06 01:43:05'),(51,'CustomMenuWidget','footer_sidebar','martfury-id',3,'{\"id\":\"CustomMenuWidget\",\"name\":\"Bisnis\",\"menu_id\":\"business-id\"}','2026-03-06 01:43:05','2026-03-06 01:43:05'),(52,'BlogSearchWidget','primary_sidebar','martfury-id',1,'{\"id\":\"BlogSearchWidget\",\"name\":\"Cari\"}','2026-03-06 01:43:05','2026-03-06 01:43:05'),(53,'BlogCategoriesWidget','primary_sidebar','martfury-id',2,'{\"id\":\"BlogCategoriesWidget\",\"name\":\"Kategori\"}','2026-03-06 01:43:05','2026-03-06 01:43:05'),(54,'RecentPostsWidget','primary_sidebar','martfury-id',3,'{\"id\":\"RecentPostsWidget\",\"name\":\"Posting terbaru\"}','2026-03-06 01:43:05','2026-03-06 01:43:05'),(55,'TagsWidget','primary_sidebar','martfury-id',4,'{\"id\":\"TagsWidget\",\"name\":\"Tag populer\"}','2026-03-06 01:43:05','2026-03-06 01:43:05'),(56,'ProductCategoriesWidget','bottom_footer_sidebar','martfury-id',1,'{\"id\":\"ProductCategoriesWidget\",\"name\":\"Elektronik konsumen\",\"categories\":[18,2,3,4,5,6,7]}','2026-03-06 01:43:05','2026-03-06 01:43:05'),(57,'ProductCategoriesWidget','bottom_footer_sidebar','martfury-id',2,'{\"id\":\"ProductCategoriesWidget\",\"name\":\"Pakaian dan busana\",\"categories\":[8,9,10,11,12]}','2026-03-06 01:43:05','2026-03-06 01:43:05'),(58,'ProductCategoriesWidget','bottom_footer_sidebar','martfury-id',3,'{\"id\":\"ProductCategoriesWidget\",\"name\":\"Rumah, taman, dan dapur\",\"categories\":[13,14,15,16,17]}','2026-03-06 01:43:05','2026-03-06 01:43:05'),(59,'ProductCategoriesWidget','bottom_footer_sidebar','martfury-id',4,'{\"id\":\"ProductCategoriesWidget\",\"name\":\"Kesehatan dan kecantikan\",\"categories\":[20,21,22,23,24]}','2026-03-06 01:43:05','2026-03-06 01:43:05'),(60,'ProductCategoriesWidget','bottom_footer_sidebar','martfury-id',5,'{\"id\":\"ProductCategoriesWidget\",\"name\":\"Komputer dan teknologi\",\"categories\":[25,26,27,28,29,19]}','2026-03-06 01:43:05','2026-03-06 01:43:05'),(61,'CustomMenuWidget','footer_sidebar','martfury-tr',1,'{\"id\":\"CustomMenuWidget\",\"name\":\"H\\u0131zl\\u0131 ba\\u011flant\\u0131lar\",\"menu_id\":\"quick-links-tr\"}','2026-03-06 01:43:05','2026-03-06 01:43:05'),(62,'CustomMenuWidget','footer_sidebar','martfury-tr',2,'{\"id\":\"CustomMenuWidget\",\"name\":\"\\u015eirket\",\"menu_id\":\"company-tr\"}','2026-03-06 01:43:05','2026-03-06 01:43:05'),(63,'CustomMenuWidget','footer_sidebar','martfury-tr',3,'{\"id\":\"CustomMenuWidget\",\"name\":\"\\u0130\\u015f\",\"menu_id\":\"business-tr\"}','2026-03-06 01:43:05','2026-03-06 01:43:05'),(64,'BlogSearchWidget','primary_sidebar','martfury-tr',1,'{\"id\":\"BlogSearchWidget\",\"name\":\"Ara\"}','2026-03-06 01:43:05','2026-03-06 01:43:05'),(65,'BlogCategoriesWidget','primary_sidebar','martfury-tr',2,'{\"id\":\"BlogCategoriesWidget\",\"name\":\"Kategoriler\"}','2026-03-06 01:43:05','2026-03-06 01:43:05'),(66,'RecentPostsWidget','primary_sidebar','martfury-tr',3,'{\"id\":\"RecentPostsWidget\",\"name\":\"Son g\\u00f6nderiler\"}','2026-03-06 01:43:05','2026-03-06 01:43:05'),(67,'TagsWidget','primary_sidebar','martfury-tr',4,'{\"id\":\"TagsWidget\",\"name\":\"Pop\\u00fcler etiketler\"}','2026-03-06 01:43:05','2026-03-06 01:43:05'),(68,'ProductCategoriesWidget','bottom_footer_sidebar','martfury-tr',1,'{\"id\":\"ProductCategoriesWidget\",\"name\":\"T\\u00fcketici Elektroni\\u011fi\",\"categories\":[18,2,3,4,5,6,7]}','2026-03-06 01:43:05','2026-03-06 01:43:05'),(69,'ProductCategoriesWidget','bottom_footer_sidebar','martfury-tr',2,'{\"id\":\"ProductCategoriesWidget\",\"name\":\"Giyim ve Konfeksiyon\",\"categories\":[8,9,10,11,12]}','2026-03-06 01:43:05','2026-03-06 01:43:05'),(70,'ProductCategoriesWidget','bottom_footer_sidebar','martfury-tr',3,'{\"id\":\"ProductCategoriesWidget\",\"name\":\"Ev, Bah\\u00e7e ve Mutfak\",\"categories\":[13,14,15,16,17]}','2026-03-06 01:43:05','2026-03-06 01:43:05'),(71,'ProductCategoriesWidget','bottom_footer_sidebar','martfury-tr',4,'{\"id\":\"ProductCategoriesWidget\",\"name\":\"Sa\\u011fl\\u0131k ve G\\u00fczellik\",\"categories\":[20,21,22,23,24]}','2026-03-06 01:43:05','2026-03-06 01:43:05'),(72,'ProductCategoriesWidget','bottom_footer_sidebar','martfury-tr',5,'{\"id\":\"ProductCategoriesWidget\",\"name\":\"Bilgisayar ve Teknolojiler\",\"categories\":[25,26,27,28,29,19]}','2026-03-06 01:43:05','2026-03-06 01:43:05');


