-- Table structure for table `ec_products_translations`
--

CREATE TABLE `ec_products_translations` (
  `lang_code` varchar(191) COLLATE utf8mb4_unicode_ci NOT NULL,
  `ec_products_id` bigint unsigned NOT NULL,
  `name` varchar(191) COLLATE utf8mb4_unicode_ci DEFAULT NULL,
  `slug` varchar(191) COLLATE utf8mb4_unicode_ci DEFAULT NULL,
  `description` text COLLATE utf8mb4_unicode_ci,
  `content` text COLLATE utf8mb4_unicode_ci,
  PRIMARY KEY (`lang_code`,`ec_products_id`),
  KEY `idx_products_fk` (`ec_products_id`),
  KEY `idx_products_products_lang` (`ec_products_id`,`lang_code`)
) ENGINE=InnoDB DEFAULT CHARSET=utf8mb4 COLLATE=utf8mb4_unicode_ci;

--
-- Dumping data for table `ec_products_translations`
--


--
-- Table structure for table `ec_review_replies`
--

CREATE TABLE `ec_review_replies` (
  `id` bigint unsigned NOT NULL AUTO_INCREMENT,
  `user_id` bigint unsigned DEFAULT NULL,
  `customer_id` bigint unsigned DEFAULT NULL,
  `review_id` bigint unsigned NOT NULL,
  `message` text COLLATE utf8mb4_unicode_ci NOT NULL,
  `created_at` timestamp NULL DEFAULT NULL,
  `updated_at` timestamp NULL DEFAULT NULL,
  PRIMARY KEY (`id`),
  UNIQUE KEY `ec_review_replies_review_id_unique` (`review_id`)
) ENGINE=InnoDB DEFAULT CHARSET=utf8mb4 COLLATE=utf8mb4_unicode_ci;

--
-- Dumping data for table `ec_review_replies`
--


--
-- Table structure for table `ec_reviews`
--

CREATE TABLE `ec_reviews` (
  `id` bigint unsigned NOT NULL AUTO_INCREMENT,
  `customer_id` bigint unsigned DEFAULT NULL,
  `customer_name` varchar(191) COLLATE utf8mb4_unicode_ci DEFAULT NULL,
  `customer_email` varchar(191) COLLATE utf8mb4_unicode_ci DEFAULT NULL,
  `product_id` bigint unsigned NOT NULL,
  `star` double NOT NULL,
  `comment` text COLLATE utf8mb4_unicode_ci,
  `status` varchar(60) COLLATE utf8mb4_unicode_ci NOT NULL DEFAULT 'published',
  `created_at` timestamp NULL DEFAULT NULL,
  `updated_at` timestamp NULL DEFAULT NULL,
  `images` text COLLATE utf8mb4_unicode_ci,
  PRIMARY KEY (`id`),
  UNIQUE KEY `ec_reviews_product_id_customer_id_unique` (`product_id`,`customer_id`),
  KEY `ec_reviews_product_id_customer_id_status_created_at_index` (`product_id`,`customer_id`,`status`,`created_at`),
  KEY `review_relation_index` (`product_id`,`customer_id`,`status`),
  KEY `ec_reviews_product_id_status_index` (`product_id`,`status`),
  KEY `ec_reviews_customer_id_status_index` (`customer_id`,`status`)
) ENGINE=InnoDB AUTO_INCREMENT=525 DEFAULT CHARSET=utf8mb4 COLLATE=utf8mb4_unicode_ci;

--
-- Dumping data for table `ec_reviews`
--

INSERT INTO `ec_reviews` VALUES (1,4,NULL,NULL,42,4,'Amazing code, amazing support. Overall, im really confident in Botble and im happy I made the right choice! Thank you so much guys for coding this masterpiece','published','2026-03-06 01:42:52','2026-03-06 01:42:52',NULL),(2,1,NULL,NULL,50,1,'Second or third time that I buy a Botble product, happy with the products and support. You guys do a good job :)','published','2026-03-06 01:42:52','2026-03-06 01:42:52',NULL),(3,5,NULL,NULL,51,2,'The code is good, in general, if you like it, can you give it 5 stars?','published','2026-03-06 01:42:52','2026-03-06 01:42:52',NULL),(4,10,NULL,NULL,32,4,'Great E-commerce system. And much more : Wonderful Customer Support.','published','2026-03-06 01:42:52','2026-03-06 01:42:52',NULL),(5,5,NULL,NULL,42,2,'Second or third time that I buy a Botble product, happy with the products and support. You guys do a good job :)','published','2026-03-06 01:42:52','2026-03-06 01:42:52',NULL),(6,9,NULL,NULL,27,1,'Customer Support are grade (A*), however the code is a way too over engineered for it\'s purpose.','published','2026-03-06 01:42:52','2026-03-06 01:42:52',NULL),(7,10,NULL,NULL,17,2,'The best ecommerce CMS! Excellent coding! best support service! Thank you so much..... I really like your hard work.','published','2026-03-06 01:42:52','2026-03-06 01:42:52',NULL),(8,10,NULL,NULL,14,2,'The best store template! Excellent coding! Very good support! Thank you so much for all the help, I really appreciated.','published','2026-03-06 01:42:52','2026-03-06 01:42:52',NULL),(9,2,NULL,NULL,52,5,'The script is the best of its class, fast, easy to implement and work with , and the most important thing is the great support team , Recommend with no doubt.','published','2026-03-06 01:42:52','2026-03-06 01:42:52',NULL),(10,1,NULL,NULL,42,2,'Very enthusiastic support! Excellent code is written. It\'s a true pleasure working with.','published','2026-03-06 01:42:52','2026-03-06 01:42:52',NULL),(11,2,NULL,NULL,43,4,'The script is the best of its class, fast, easy to implement and work with , and the most important thing is the great support team , Recommend with no doubt.','published','2026-03-06 01:42:52','2026-03-06 01:42:52',NULL),(12,2,NULL,NULL,7,1,'Solution is too robust for our purpose so we didn\'t use it at the end. But I appreciate customer support during initial configuration.','published','2026-03-06 01:42:52','2026-03-06 01:42:52',NULL),(13,3,NULL,NULL,9,4,'The best store template! Excellent coding! Very good support! Thank you so much for all the help, I really appreciated.','published','2026-03-06 01:42:52','2026-03-06 01:42:52',NULL),(14,9,NULL,NULL,28,3,'The code is good, in general, if you like it, can you give it 5 stars?','published','2026-03-06 01:42:52','2026-03-06 01:42:52',NULL),(15,10,NULL,NULL,23,1,'Very enthusiastic support! Excellent code is written. It\'s a true pleasure working with.','published','2026-03-06 01:42:52','2026-03-06 01:42:52',NULL),(16,9,NULL,NULL,11,3,'Best ecommerce CMS online store!','published','2026-03-06 01:42:52','2026-03-06 01:42:52',NULL),(17,3,NULL,NULL,34,1,'Good app, good backup service and support. Good documentation.','published','2026-03-06 01:42:52','2026-03-06 01:42:52',NULL),(18,10,NULL,NULL,44,3,'Great system, great support, good job Botble. I\'m looking forward to more great functional plugins.','published','2026-03-06 01:42:52','2026-03-06 01:42:52',NULL),(19,9,NULL,NULL,22,3,'Great system, great support, good job Botble. I\'m looking forward to more great functional plugins.','published','2026-03-06 01:42:52','2026-03-06 01:42:52',NULL),(20,2,NULL,NULL,32,5,'The best store template! Excellent coding! Very good support! Thank you so much for all the help, I really appreciated.','published','2026-03-06 01:42:52','2026-03-06 01:42:52',NULL),(21,9,NULL,NULL,35,1,'This script is well coded and is super fast. The support is pretty quick. Very patient and helpful team. I strongly recommend it and they deserve more than 5 stars.','published','2026-03-06 01:42:52','2026-03-06 01:42:52',NULL),(22,9,NULL,NULL,41,4,'We have received brilliant service support and will be expanding the features with the developer. Nice product!','published','2026-03-06 01:42:52','2026-03-06 01:42:52',NULL),(23,6,NULL,NULL,39,2,'Perfect +++++++++ i love it really also i get to fast ticket answers... Thanks Lot BOTBLE Teams','published','2026-03-06 01:42:52','2026-03-06 01:42:52',NULL),(24,8,NULL,NULL,45,1,'I Love this Script. I also found how to add other fees. Now I just wait the BIG update for the Marketplace with the Bulk Import. Just do not forget to make it to be Multi-language for us the Botble Fans.','published','2026-03-06 01:42:52','2026-03-06 01:42:52',NULL),(25,3,NULL,NULL,5,4,'Clean & perfect source code','published','2026-03-06 01:42:52','2026-03-06 01:42:52',NULL),(26,7,NULL,NULL,27,4,'Ok good product. I have some issues in customizations. But its not correct to blame the developer. The product is good. Good luck for your business.','published','2026-03-06 01:42:52','2026-03-06 01:42:52',NULL),(27,4,NULL,NULL,46,5,'It\'s not my first experience here on Codecanyon and I can honestly tell you all that Botble puts a LOT of effort into the support. They answer so fast, they helped me tons of times. REALLY by far THE BEST EXPERIENCE on Codecanyon. Those guys at Botble are so good that they deserve 5 stars. I recommend them, I trust them and I can\'t wait to see what they will sell in a near future. Thank you Botble :)','published','2026-03-06 01:42:52','2026-03-06 01:42:52',NULL),(28,4,NULL,NULL,40,2,'We have received brilliant service support and will be expanding the features with the developer. Nice product!','published','2026-03-06 01:42:52','2026-03-06 01:42:52',NULL),(29,1,NULL,NULL,41,3,'Ok good product. I have some issues in customizations. But its not correct to blame the developer. The product is good. Good luck for your business.','published','2026-03-06 01:42:52','2026-03-06 01:42:52',NULL),(30,7,NULL,NULL,41,3,'Best ecommerce CMS online store!','published','2026-03-06 01:42:52','2026-03-06 01:42:52',NULL),(31,5,NULL,NULL,31,2,'Best ecommerce CMS online store!','published','2026-03-06 01:42:52','2026-03-06 01:42:52',NULL),(32,8,NULL,NULL,53,3,'Solution is too robust for our purpose so we didn\'t use it at the end. But I appreciate customer support during initial configuration.','published','2026-03-06 01:42:52','2026-03-06 01:42:52',NULL),(33,10,NULL,NULL,12,2,'Very enthusiastic support! Excellent code is written. It\'s a true pleasure working with.','published','2026-03-06 01:42:52','2026-03-06 01:42:52',NULL),(34,6,NULL,NULL,51,4,'Clean & perfect source code','published','2026-03-06 01:42:52','2026-03-06 01:42:52',NULL),(35,1,NULL,NULL,48,1,'The script is the best of its class, fast, easy to implement and work with , and the most important thing is the great support team , Recommend with no doubt.','published','2026-03-06 01:42:52','2026-03-06 01:42:52',NULL),(36,7,NULL,NULL,17,1,'I Love this Script. I also found how to add other fees. Now I just wait the BIG update for the Marketplace with the Bulk Import. Just do not forget to make it to be Multi-language for us the Botble Fans.','published','2026-03-06 01:42:52','2026-03-06 01:42:52',NULL),(37,7,NULL,NULL,39,4,'The code is good, in general, if you like it, can you give it 5 stars?','published','2026-03-06 01:42:52','2026-03-06 01:42:52',NULL),(38,1,NULL,NULL,28,1,'Second or third time that I buy a Botble product, happy with the products and support. You guys do a good job :)','published','2026-03-06 01:42:52','2026-03-06 01:42:52',NULL),(39,3,NULL,NULL,49,4,'Those guys now what they are doing, the release such a good product that it\'s a pleasure to work with ! Even when I was stuck on the project, I created a ticket and the next day it was replied by the team. GOOD JOB guys. I love working with them :)','published','2026-03-06 01:42:52','2026-03-06 01:42:52',NULL),(40,9,NULL,NULL,15,5,'Great E-commerce system. And much more : Wonderful Customer Support.','published','2026-03-06 01:42:52','2026-03-06 01:42:52',NULL),(41,7,NULL,NULL,21,1,'For me the best eCommerce script on Envato at this moment: modern, clean code, a lot of great features. The customer support is great too: I always get an answer within hours!','published','2026-03-06 01:42:52','2026-03-06 01:42:52',NULL),(42,2,NULL,NULL,53,5,'I Love this Script. I also found how to add other fees. Now I just wait the BIG update for the Marketplace with the Bulk Import. Just do not forget to make it to be Multi-language for us the Botble Fans.','published','2026-03-06 01:42:52','2026-03-06 01:42:52',NULL),(43,2,NULL,NULL,19,5,'Second or third time that I buy a Botble product, happy with the products and support. You guys do a good job :)','published','2026-03-06 01:42:52','2026-03-06 01:42:52',NULL),(44,6,NULL,NULL,4,3,'Very enthusiastic support! Excellent code is written. It\'s a true pleasure working with.','published','2026-03-06 01:42:52','2026-03-06 01:42:52',NULL),(45,4,NULL,NULL,37,5,'Very enthusiastic support! Excellent code is written. It\'s a true pleasure working with.','published','2026-03-06 01:42:52','2026-03-06 01:42:52',NULL),(46,10,NULL,NULL,27,1,'It\'s not my first experience here on Codecanyon and I can honestly tell you all that Botble puts a LOT of effort into the support. They answer so fast, they helped me tons of times. REALLY by far THE BEST EXPERIENCE on Codecanyon. Those guys at Botble are so good that they deserve 5 stars. I recommend them, I trust them and I can\'t wait to see what they will sell in a near future. Thank you Botble :)','published','2026-03-06 01:42:52','2026-03-06 01:42:52',NULL),(47,10,NULL,NULL,37,2,'Clean & perfect source code','published','2026-03-06 01:42:52','2026-03-06 01:42:52',NULL),(48,10,NULL,NULL,16,4,'The best ecommerce CMS! Excellent coding! best support service! Thank you so much..... I really like your hard work.','published','2026-03-06 01:42:52','2026-03-06 01:42:52',NULL),(49,5,NULL,NULL,3,2,'As a developer I reviewed this script. This is really awesome ecommerce script. I have convinced when I noticed that it\'s built on fully WordPress concept.','published','2026-03-06 01:42:52','2026-03-06 01:42:52',NULL),(50,10,NULL,NULL,2,3,'These guys are amazing! Responses immediately, amazing support and help... I immediately feel at ease after Purchasing..','published','2026-03-06 01:42:52','2026-03-06 01:42:52',NULL),(51,6,NULL,NULL,33,2,'Perfect +++++++++ i love it really also i get to fast ticket answers... Thanks Lot BOTBLE Teams','published','2026-03-06 01:42:52','2026-03-06 01:42:52',NULL),(52,6,NULL,NULL,42,4,'We have received brilliant service support and will be expanding the features with the developer. Nice product!','published','2026-03-06 01:42:52','2026-03-06 01:42:52',NULL),(53,5,NULL,NULL,36,4,'Cool template. Excellent code quality. The support responds very quickly, which is very rare on themeforest and codecanyon.net, I buy a lot of templates, and everyone will have a response from technical support for two or three days. Thanks to tech support. I recommend to buy.','published','2026-03-06 01:42:52','2026-03-06 01:42:52',NULL),(54,8,NULL,NULL,44,4,'This script is well coded and is super fast. The support is pretty quick. Very patient and helpful team. I strongly recommend it and they deserve more than 5 stars.','published','2026-03-06 01:42:52','2026-03-06 01:42:52',NULL),(55,10,NULL,NULL,20,1,'Amazing code, amazing support. Overall, im really confident in Botble and im happy I made the right choice! Thank you so much guys for coding this masterpiece','published','2026-03-06 01:42:52','2026-03-06 01:42:52',NULL),(56,9,NULL,NULL,52,2,'Second or third time that I buy a Botble product, happy with the products and support. You guys do a good job :)','published','2026-03-06 01:42:52','2026-03-06 01:42:52',NULL),(57,3,NULL,NULL,32,4,'Ok good product. I have some issues in customizations. But its not correct to blame the developer. The product is good. Good luck for your business.','published','2026-03-06 01:42:52','2026-03-06 01:42:52',NULL),(58,6,NULL,NULL,46,2,'We have received brilliant service support and will be expanding the features with the developer. Nice product!','published','2026-03-06 01:42:52','2026-03-06 01:42:52',NULL),(59,1,NULL,NULL,40,5,'The script is the best of its class, fast, easy to implement and work with , and the most important thing is the great support team , Recommend with no doubt.','published','2026-03-06 01:42:52','2026-03-06 01:42:52',NULL),(60,8,NULL,NULL,41,4,'Second or third time that I buy a Botble product, happy with the products and support. You guys do a good job :)','published','2026-03-06 01:42:52','2026-03-06 01:42:52',NULL),(61,8,NULL,NULL,16,4,'The script is the best of its class, fast, easy to implement and work with , and the most important thing is the great support team , Recommend with no doubt.','published','2026-03-06 01:42:52','2026-03-06 01:42:52',NULL),(62,10,NULL,NULL,6,2,'This web app is really good in design, code quality & features. Besides, the customer support provided by the Botble team was really fast & helpful. You guys are awesome!','published','2026-03-06 01:42:52','2026-03-06 01:42:52',NULL),(63,3,NULL,NULL,37,3,'Great E-commerce system. And much more : Wonderful Customer Support.','published','2026-03-06 01:42:52','2026-03-06 01:42:52',NULL),(64,1,NULL,NULL,33,4,'The best store template! Excellent coding! Very good support! Thank you so much for all the help, I really appreciated.','published','2026-03-06 01:42:52','2026-03-06 01:42:52',NULL),(65,1,NULL,NULL,6,3,'We have received brilliant service support and will be expanding the features with the developer. Nice product!','published','2026-03-06 01:42:52','2026-03-06 01:42:52',NULL),(66,9,NULL,NULL,6,4,'Cool template. Excellent code quality. The support responds very quickly, which is very rare on themeforest and codecanyon.net, I buy a lot of templates, and everyone will have a response from technical support for two or three days. Thanks to tech support. I recommend to buy.','published','2026-03-06 01:42:52','2026-03-06 01:42:52',NULL),(67,9,NULL,NULL,3,2,'These guys are amazing! Responses immediately, amazing support and help... I immediately feel at ease after Purchasing..','published','2026-03-06 01:42:52','2026-03-06 01:42:52',NULL),(68,8,NULL,NULL,34,4,'Great E-commerce system. And much more : Wonderful Customer Support.','published','2026-03-06 01:42:52','2026-03-06 01:42:52',NULL),(69,6,NULL,NULL,6,3,'Clean & perfect source code','published','2026-03-06 01:42:52','2026-03-06 01:42:52',NULL),(70,2,NULL,NULL,29,4,'Good app, good backup service and support. Good documentation.','published','2026-03-06 01:42:52','2026-03-06 01:42:52',NULL),(71,8,NULL,NULL,50,4,'Amazing code, amazing support. Overall, im really confident in Botble and im happy I made the right choice! Thank you so much guys for coding this masterpiece','published','2026-03-06 01:42:52','2026-03-06 01:42:52',NULL),(72,3,NULL,NULL,27,4,'Cool template. Excellent code quality. The support responds very quickly, which is very rare on themeforest and codecanyon.net, I buy a lot of templates, and everyone will have a response from technical support for two or three days. Thanks to tech support. I recommend to buy.','published','2026-03-06 01:42:52','2026-03-06 01:42:52',NULL),(73,10,NULL,NULL,42,1,'Amazing code, amazing support. Overall, im really confident in Botble and im happy I made the right choice! Thank you so much guys for coding this masterpiece','published','2026-03-06 01:42:52','2026-03-06 01:42:52',NULL),(74,10,NULL,NULL,29,1,'The code is good, in general, if you like it, can you give it 5 stars?','published','2026-03-06 01:42:52','2026-03-06 01:42:52',NULL),(75,1,NULL,NULL,8,4,'Clean & perfect source code','published','2026-03-06 01:42:52','2026-03-06 01:42:52',NULL),(76,3,NULL,NULL,45,2,'The code is good, in general, if you like it, can you give it 5 stars?','published','2026-03-06 01:42:52','2026-03-06 01:42:52',NULL),(77,8,NULL,NULL,20,5,'Best ecommerce CMS online store!','published','2026-03-06 01:42:52','2026-03-06 01:42:52',NULL),(78,7,NULL,NULL,36,2,'As a developer I reviewed this script. This is really awesome ecommerce script. I have convinced when I noticed that it\'s built on fully WordPress concept.','published','2026-03-06 01:42:52','2026-03-06 01:42:52',NULL),(79,5,NULL,NULL,38,5,'This web app is really good in design, code quality & features. Besides, the customer support provided by the Botble team was really fast & helpful. You guys are awesome!','published','2026-03-06 01:42:52','2026-03-06 01:42:52',NULL),(80,4,NULL,NULL,10,5,'The code is good, in general, if you like it, can you give it 5 stars?','published','2026-03-06 01:42:52','2026-03-06 01:42:52',NULL),(81,9,NULL,NULL,2,2,'Solution is too robust for our purpose so we didn\'t use it at the end. But I appreciate customer support during initial configuration.','published','2026-03-06 01:42:52','2026-03-06 01:42:52',NULL),(82,1,NULL,NULL,31,5,'Good app, good backup service and support. Good documentation.','published','2026-03-06 01:42:52','2026-03-06 01:42:52',NULL),(83,1,NULL,NULL,5,3,'Clean & perfect source code','published','2026-03-06 01:42:52','2026-03-06 01:42:52',NULL),(84,3,NULL,NULL,38,4,'These guys are amazing! Responses immediately, amazing support and help... I immediately feel at ease after Purchasing..','published','2026-03-06 01:42:52','2026-03-06 01:42:52',NULL),(85,1,NULL,NULL,13,5,'Great E-commerce system. And much more : Wonderful Customer Support.','published','2026-03-06 01:42:52','2026-03-06 01:42:52',NULL),(86,1,NULL,NULL,35,4,'The script is the best of its class, fast, easy to implement and work with , and the most important thing is the great support team , Recommend with no doubt.','published','2026-03-06 01:42:52','2026-03-06 01:42:52',NULL),(87,6,NULL,NULL,16,2,'Clean & perfect source code','published','2026-03-06 01:42:52','2026-03-06 01:42:52',NULL),(88,7,NULL,NULL,54,1,'The code is good, in general, if you like it, can you give it 5 stars?','published','2026-03-06 01:42:52','2026-03-06 01:42:52',NULL),(89,5,NULL,NULL,49,5,'Good app, good backup service and support. Good documentation.','published','2026-03-06 01:42:52','2026-03-06 01:42:52',NULL),(90,6,NULL,NULL,9,2,'The code is good, in general, if you like it, can you give it 5 stars?','published','2026-03-06 01:42:52','2026-03-06 01:42:52',NULL),(91,3,NULL,NULL,24,3,'Great E-commerce system. And much more : Wonderful Customer Support.','published','2026-03-06 01:42:52','2026-03-06 01:42:52',NULL),(92,7,NULL,NULL,20,3,'Great E-commerce system. And much more : Wonderful Customer Support.','published','2026-03-06 01:42:52','2026-03-06 01:42:52',NULL),(93,9,NULL,NULL,20,1,'This script is well coded and is super fast. The support is pretty quick. Very patient and helpful team. I strongly recommend it and they deserve more than 5 stars.','published','2026-03-06 01:42:52','2026-03-06 01:42:52',NULL),(94,9,NULL,NULL,49,5,'This web app is really good in design, code quality & features. Besides, the customer support provided by the Botble team was really fast & helpful. You guys are awesome!','published','2026-03-06 01:42:52','2026-03-06 01:42:52',NULL),(95,8,NULL,NULL,39,3,'Great system, great support, good job Botble. I\'m looking forward to more great functional plugins.','published','2026-03-06 01:42:52','2026-03-06 01:42:52',NULL),(96,2,NULL,NULL,24,4,'We have received brilliant service support and will be expanding the features with the developer. Nice product!','published','2026-03-06 01:42:52','2026-03-06 01:42:52',NULL),(97,8,NULL,NULL,29,4,'Best ecommerce CMS online store!','published','2026-03-06 01:42:52','2026-03-06 01:42:52',NULL),(98,4,NULL,NULL,9,3,'Best ecommerce CMS online store!','published','2026-03-06 01:42:52','2026-03-06 01:42:52',NULL),(99,10,NULL,NULL,51,3,'Very enthusiastic support! Excellent code is written. It\'s a true pleasure working with.','published','2026-03-06 01:42:52','2026-03-06 01:42:52',NULL),(100,10,NULL,NULL,34,2,'Good app, good backup service and support. Good documentation.','published','2026-03-06 01:42:52','2026-03-06 01:42:52',NULL),(101,6,NULL,NULL,21,4,'I Love this Script. I also found how to add other fees. Now I just wait the BIG update for the Marketplace with the Bulk Import. Just do not forget to make it to be Multi-language for us the Botble Fans.','published','2026-03-06 01:42:52','2026-03-06 01:42:52',NULL),(102,4,NULL,NULL,13,4,'Perfect +++++++++ i love it really also i get to fast ticket answers... Thanks Lot BOTBLE Teams','published','2026-03-06 01:42:52','2026-03-06 01:42:52',NULL),(103,9,NULL,NULL,8,5,'Those guys now what they are doing, the release such a good product that it\'s a pleasure to work with ! Even when I was stuck on the project, I created a ticket and the next day it was replied by the team. GOOD JOB guys. I love working with them :)','published','2026-03-06 01:42:52','2026-03-06 01:42:52',NULL),(104,7,NULL,NULL,53,3,'Perfect +++++++++ i love it really also i get to fast ticket answers... Thanks Lot BOTBLE Teams','published','2026-03-06 01:42:52','2026-03-06 01:42:52',NULL),(105,5,NULL,NULL,22,3,'Those guys now what they are doing, the release such a good product that it\'s a pleasure to work with ! Even when I was stuck on the project, I created a ticket and the next day it was replied by the team. GOOD JOB guys. I love working with them :)','published','2026-03-06 01:42:52','2026-03-06 01:42:52',NULL),(106,5,NULL,NULL,19,3,'Cool template. Excellent code quality. The support responds very quickly, which is very rare on themeforest and codecanyon.net, I buy a lot of templates, and everyone will have a response from technical support for two or three days. Thanks to tech support. I recommend to buy.','published','2026-03-06 01:42:52','2026-03-06 01:42:52',NULL),(107,6,NULL,NULL,11,4,'The code is good, in general, if you like it, can you give it 5 stars?','published','2026-03-06 01:42:52','2026-03-06 01:42:52',NULL),(108,1,NULL,NULL,9,1,'As a developer I reviewed this script. This is really awesome ecommerce script. I have convinced when I noticed that it\'s built on fully WordPress concept.','published','2026-03-06 01:42:52','2026-03-06 01:42:52',NULL),(109,2,NULL,NULL,23,1,'Great system, great support, good job Botble. I\'m looking forward to more great functional plugins.','published','2026-03-06 01:42:52','2026-03-06 01:42:52',NULL),(110,5,NULL,NULL,8,3,'Perfect +++++++++ i love it really also i get to fast ticket answers... Thanks Lot BOTBLE Teams','published','2026-03-06 01:42:52','2026-03-06 01:42:52',NULL),(111,8,NULL,NULL,8,1,'Customer Support are grade (A*), however the code is a way too over engineered for it\'s purpose.','published','2026-03-06 01:42:52','2026-03-06 01:42:52',NULL),(112,3,NULL,NULL,21,4,'Customer Support are grade (A*), however the code is a way too over engineered for it\'s purpose.','published','2026-03-06 01:42:52','2026-03-06 01:42:52',NULL),(113,5,NULL,NULL,7,1,'The best ecommerce CMS! Excellent coding! best support service! Thank you so much..... I really like your hard work.','published','2026-03-06 01:42:52','2026-03-06 01:42:52',NULL),(114,8,NULL,NULL,12,1,'The script is the best of its class, fast, easy to implement and work with , and the most important thing is the great support team , Recommend with no doubt.','published','2026-03-06 01:42:52','2026-03-06 01:42:52',NULL),(115,9,NULL,NULL,17,5,'For me the best eCommerce script on Envato at this moment: modern, clean code, a lot of great features. The customer support is great too: I always get an answer within hours!','published','2026-03-06 01:42:52','2026-03-06 01:42:52',NULL),(116,2,NULL,NULL,28,2,'Best ecommerce CMS online store!','published','2026-03-06 01:42:52','2026-03-06 01:42:52',NULL),(117,9,NULL,NULL,19,5,'Great E-commerce system. And much more : Wonderful Customer Support.','published','2026-03-06 01:42:52','2026-03-06 01:42:52',NULL),(118,9,NULL,NULL,32,3,'Cool template. Excellent code quality. The support responds very quickly, which is very rare on themeforest and codecanyon.net, I buy a lot of templates, and everyone will have a response from technical support for two or three days. Thanks to tech support. I recommend to buy.','published','2026-03-06 01:42:52','2026-03-06 01:42:52',NULL),(119,7,NULL,NULL,16,5,'The best ecommerce CMS! Excellent coding! best support service! Thank you so much..... I really like your hard work.','published','2026-03-06 01:42:52','2026-03-06 01:42:52',NULL),(120,9,NULL,NULL,47,5,'We have received brilliant service support and will be expanding the features with the developer. Nice product!','published','2026-03-06 01:42:52','2026-03-06 01:42:52',NULL),(121,8,NULL,NULL,40,2,'The script is the best of its class, fast, easy to implement and work with , and the most important thing is the great support team , Recommend with no doubt.','published','2026-03-06 01:42:52','2026-03-06 01:42:52',NULL),(122,3,NULL,NULL,11,4,'It\'s not my first experience here on Codecanyon and I can honestly tell you all that Botble puts a LOT of effort into the support. They answer so fast, they helped me tons of times. REALLY by far THE BEST EXPERIENCE on Codecanyon. Those guys at Botble are so good that they deserve 5 stars. I recommend them, I trust them and I can\'t wait to see what they will sell in a near future. Thank you Botble :)','published','2026-03-06 01:42:52','2026-03-06 01:42:52',NULL),(123,6,NULL,NULL,26,5,'I Love this Script. I also found how to add other fees. Now I just wait the BIG update for the Marketplace with the Bulk Import. Just do not forget to make it to be Multi-language for us the Botble Fans.','published','2026-03-06 01:42:52','2026-03-06 01:42:52',NULL),(124,2,NULL,NULL,47,3,'Great system, great support, good job Botble. I\'m looking forward to more great functional plugins.','published','2026-03-06 01:42:52','2026-03-06 01:42:52',NULL),(125,6,NULL,NULL,30,3,'I Love this Script. I also found how to add other fees. Now I just wait the BIG update for the Marketplace with the Bulk Import. Just do not forget to make it to be Multi-language for us the Botble Fans.','published','2026-03-06 01:42:52','2026-03-06 01:42:52',NULL),(126,4,NULL,NULL,6,5,'We have received brilliant service support and will be expanding the features with the developer. Nice product!','published','2026-03-06 01:42:52','2026-03-06 01:42:52',NULL),(127,10,NULL,NULL,46,1,'The code is good, in general, if you like it, can you give it 5 stars?','published','2026-03-06 01:42:52','2026-03-06 01:42:52',NULL),(128,5,NULL,NULL,33,2,'The best store template! Excellent coding! Very good support! Thank you so much for all the help, I really appreciated.','published','2026-03-06 01:42:52','2026-03-06 01:42:52',NULL),(129,4,NULL,NULL,54,4,'Second or third time that I buy a Botble product, happy with the products and support. You guys do a good job :)','published','2026-03-06 01:42:52','2026-03-06 01:42:52',NULL),(130,4,NULL,NULL,11,2,'Very enthusiastic support! Excellent code is written. It\'s a true pleasure working with.','published','2026-03-06 01:42:52','2026-03-06 01:42:52',NULL),(131,10,NULL,NULL,50,1,'We have received brilliant service support and will be expanding the features with the developer. Nice product!','published','2026-03-06 01:42:52','2026-03-06 01:42:52',NULL),(132,3,NULL,NULL,22,5,'As a developer I reviewed this script. This is really awesome ecommerce script. I have convinced when I noticed that it\'s built on fully WordPress concept.','published','2026-03-06 01:42:52','2026-03-06 01:42:52',NULL),(133,5,NULL,NULL,2,2,'Great system, great support, good job Botble. I\'m looking forward to more great functional plugins.','published','2026-03-06 01:42:52','2026-03-06 01:42:52',NULL),(134,4,NULL,NULL,23,4,'This script is well coded and is super fast. The support is pretty quick. Very patient and helpful team. I strongly recommend it and they deserve more than 5 stars.','published','2026-03-06 01:42:52','2026-03-06 01:42:52',NULL),(135,9,NULL,NULL,4,5,'This script is well coded and is super fast. The support is pretty quick. Very patient and helpful team. I strongly recommend it and they deserve more than 5 stars.','published','2026-03-06 01:42:52','2026-03-06 01:42:52',NULL),(136,5,NULL,NULL,25,4,'Perfect +++++++++ i love it really also i get to fast ticket answers... Thanks Lot BOTBLE Teams','published','2026-03-06 01:42:52','2026-03-06 01:42:52',NULL),(137,5,NULL,NULL,34,5,'The best ecommerce CMS! Excellent coding! best support service! Thank you so much..... I really like your hard work.','published','2026-03-06 01:42:52','2026-03-06 01:42:52',NULL),(138,3,NULL,NULL,23,4,'I Love this Script. I also found how to add other fees. Now I just wait the BIG update for the Marketplace with the Bulk Import. Just do not forget to make it to be Multi-language for us the Botble Fans.','published','2026-03-06 01:42:52','2026-03-06 01:42:52',NULL),(139,9,NULL,NULL,43,5,'Amazing code, amazing support. Overall, im really confident in Botble and im happy I made the right choice! Thank you so much guys for coding this masterpiece','published','2026-03-06 01:42:52','2026-03-06 01:42:52',NULL),(140,2,NULL,NULL,31,3,'Amazing code, amazing support. Overall, im really confident in Botble and im happy I made the right choice! Thank you so much guys for coding this masterpiece','published','2026-03-06 01:42:52','2026-03-06 01:42:52',NULL),(141,8,NULL,NULL,38,5,'The best ecommerce CMS! Excellent coding! best support service! Thank you so much..... I really like your hard work.','published','2026-03-06 01:42:52','2026-03-06 01:42:52',NULL),(142,8,NULL,NULL,21,4,'Great system, great support, good job Botble. I\'m looking forward to more great functional plugins.','published','2026-03-06 01:42:52','2026-03-06 01:42:52',NULL),(143,9,NULL,NULL,36,1,'Very enthusiastic support! Excellent code is written. It\'s a true pleasure working with.','published','2026-03-06 01:42:52','2026-03-06 01:42:52',NULL),(144,10,NULL,NULL,5,1,'Solution is too robust for our purpose so we didn\'t use it at the end. But I appreciate customer support during initial configuration.','published','2026-03-06 01:42:52','2026-03-06 01:42:52',NULL),(145,2,NULL,NULL,30,2,'We have received brilliant service support and will be expanding the features with the developer. Nice product!','published','2026-03-06 01:42:52','2026-03-06 01:42:52',NULL),(146,4,NULL,NULL,16,3,'The best store template! Excellent coding! Very good support! Thank you so much for all the help, I really appreciated.','published','2026-03-06 01:42:52','2026-03-06 01:42:52',NULL),(147,5,NULL,NULL,32,2,'Cool template. Excellent code quality. The support responds very quickly, which is very rare on themeforest and codecanyon.net, I buy a lot of templates, and everyone will have a response from technical support for two or three days. Thanks to tech support. I recommend to buy.','published','2026-03-06 01:42:52','2026-03-06 01:42:52',NULL),(148,6,NULL,NULL,45,3,'The best ecommerce CMS! Excellent coding! best support service! Thank you so much..... I really like your hard work.','published','2026-03-06 01:42:52','2026-03-06 01:42:52',NULL),(149,8,NULL,NULL,9,3,'Good app, good backup service and support. Good documentation.','published','2026-03-06 01:42:52','2026-03-06 01:42:52',NULL),(150,3,NULL,NULL,1,5,'Amazing code, amazing support. Overall, im really confident in Botble and im happy I made the right choice! Thank you so much guys for coding this masterpiece','published','2026-03-06 01:42:52','2026-03-06 01:42:52',NULL),(151,6,NULL,NULL,31,3,'Great E-commerce system. And much more : Wonderful Customer Support.','published','2026-03-06 01:42:52','2026-03-06 01:42:52',NULL),(152,10,NULL,NULL,38,5,'For me the best eCommerce script on Envato at this moment: modern, clean code, a lot of great features. The customer support is great too: I always get an answer within hours!','published','2026-03-06 01:42:52','2026-03-06 01:42:52',NULL),(153,6,NULL,NULL,7,3,'As a developer I reviewed this script. This is really awesome ecommerce script. I have convinced when I noticed that it\'s built on fully WordPress concept.','published','2026-03-06 01:42:52','2026-03-06 01:42:52',NULL),(154,5,NULL,NULL,11,1,'This web app is really good in design, code quality & features. Besides, the customer support provided by the Botble team was really fast & helpful. You guys are awesome!','published','2026-03-06 01:42:52','2026-03-06 01:42:52',NULL),(155,5,NULL,NULL,10,1,'Best ecommerce CMS online store!','published','2026-03-06 01:42:52','2026-03-06 01:42:52',NULL),(156,10,NULL,NULL,53,2,'The best store template! Excellent coding! Very good support! Thank you so much for all the help, I really appreciated.','published','2026-03-06 01:42:52','2026-03-06 01:42:52',NULL),(157,8,NULL,NULL,2,3,'Amazing code, amazing support. Overall, im really confident in Botble and im happy I made the right choice! Thank you so much guys for coding this masterpiece','published','2026-03-06 01:42:52','2026-03-06 01:42:52',NULL),(158,4,NULL,NULL,48,4,'These guys are amazing! Responses immediately, amazing support and help... I immediately feel at ease after Purchasing..','published','2026-03-06 01:42:52','2026-03-06 01:42:52',NULL),(159,7,NULL,NULL,40,2,'As a developer I reviewed this script. This is really awesome ecommerce script. I have convinced when I noticed that it\'s built on fully WordPress concept.','published','2026-03-06 01:42:52','2026-03-06 01:42:52',NULL),(160,8,NULL,NULL,25,5,'The script is the best of its class, fast, easy to implement and work with , and the most important thing is the great support team , Recommend with no doubt.','published','2026-03-06 01:42:52','2026-03-06 01:42:52',NULL),(161,2,NULL,NULL,51,4,'It\'s not my first experience here on Codecanyon and I can honestly tell you all that Botble puts a LOT of effort into the support. They answer so fast, they helped me tons of times. REALLY by far THE BEST EXPERIENCE on Codecanyon. Those guys at Botble are so good that they deserve 5 stars. I recommend them, I trust them and I can\'t wait to see what they will sell in a near future. Thank you Botble :)','published','2026-03-06 01:42:52','2026-03-06 01:42:52',NULL),(162,9,NULL,NULL,25,2,'Second or third time that I buy a Botble product, happy with the products and support. You guys do a good job :)','published','2026-03-06 01:42:52','2026-03-06 01:42:52',NULL),(163,6,NULL,NULL,50,5,'As a developer I reviewed this script. This is really awesome ecommerce script. I have convinced when I noticed that it\'s built on fully WordPress concept.','published','2026-03-06 01:42:52','2026-03-06 01:42:52',NULL),(164,1,NULL,NULL,49,3,'The best store template! Excellent coding! Very good support! Thank you so much for all the help, I really appreciated.','published','2026-03-06 01:42:52','2026-03-06 01:42:52',NULL),(165,8,NULL,NULL,31,1,'The best store template! Excellent coding! Very good support! Thank you so much for all the help, I really appreciated.','published','2026-03-06 01:42:52','2026-03-06 01:42:52',NULL),(166,5,NULL,NULL,14,1,'Clean & perfect source code','published','2026-03-06 01:42:52','2026-03-06 01:42:52',NULL),(167,6,NULL,NULL,18,1,'We have received brilliant service support and will be expanding the features with the developer. Nice product!','published','2026-03-06 01:42:52','2026-03-06 01:42:52',NULL),(168,3,NULL,NULL,3,4,'For me the best eCommerce script on Envato at this moment: modern, clean code, a lot of great features. The customer support is great too: I always get an answer within hours!','published','2026-03-06 01:42:52','2026-03-06 01:42:52',NULL),(169,10,NULL,NULL,24,2,'Ok good product. I have some issues in customizations. But its not correct to blame the developer. The product is good. Good luck for your business.','published','2026-03-06 01:42:52','2026-03-06 01:42:52',NULL),(170,1,NULL,NULL,53,5,'The best ecommerce CMS! Excellent coding! best support service! Thank you so much..... I really like your hard work.','published','2026-03-06 01:42:52','2026-03-06 01:42:52',NULL),(171,9,NULL,NULL,24,2,'Very enthusiastic support! Excellent code is written. It\'s a true pleasure working with.','published','2026-03-06 01:42:52','2026-03-06 01:42:52',NULL),(172,1,NULL,NULL,39,2,'As a developer I reviewed this script. This is really awesome ecommerce script. I have convinced when I noticed that it\'s built on fully WordPress concept.','published','2026-03-06 01:42:52','2026-03-06 01:42:52',NULL),(173,9,NULL,NULL,45,3,'Amazing code, amazing support. Overall, im really confident in Botble and im happy I made the right choice! Thank you so much guys for coding this masterpiece','published','2026-03-06 01:42:52','2026-03-06 01:42:52',NULL),(174,9,NULL,NULL,50,1,'The best ecommerce CMS! Excellent coding! best support service! Thank you so much..... I really like your hard work.','published','2026-03-06 01:42:52','2026-03-06 01:42:52',NULL),(175,6,NULL,NULL,25,3,'Amazing code, amazing support. Overall, im really confident in Botble and im happy I made the right choice! Thank you so much guys for coding this masterpiece','published','2026-03-06 01:42:52','2026-03-06 01:42:52',NULL),(176,4,NULL,NULL,30,4,'For me the best eCommerce script on Envato at this moment: modern, clean code, a lot of great features. The customer support is great too: I always get an answer within hours!','published','2026-03-06 01:42:52','2026-03-06 01:42:52',NULL),(177,4,NULL,NULL,49,1,'This web app is really good in design, code quality & features. Besides, the customer support provided by the Botble team was really fast & helpful. You guys are awesome!','published','2026-03-06 01:42:52','2026-03-06 01:42:52',NULL),(178,10,NULL,NULL,39,2,'The best ecommerce CMS! Excellent coding! best support service! Thank you so much..... I really like your hard work.','published','2026-03-06 01:42:52','2026-03-06 01:42:52',NULL),(179,6,NULL,NULL,8,4,'The code is good, in general, if you like it, can you give it 5 stars?','published','2026-03-06 01:42:52','2026-03-06 01:42:52',NULL),(180,6,NULL,NULL,43,3,'Good app, good backup service and support. Good documentation.','published','2026-03-06 01:42:52','2026-03-06 01:42:52',NULL),(181,2,NULL,NULL,39,4,'I Love this Script. I also found how to add other fees. Now I just wait the BIG update for the Marketplace with the Bulk Import. Just do not forget to make it to be Multi-language for us the Botble Fans.','published','2026-03-06 01:42:52','2026-03-06 01:42:52',NULL),(182,7,NULL,NULL,26,1,'This web app is really good in design, code quality & features. Besides, the customer support provided by the Botble team was really fast & helpful. You guys are awesome!','published','2026-03-06 01:42:52','2026-03-06 01:42:52',NULL),(183,10,NULL,NULL,25,5,'The code is good, in general, if you like it, can you give it 5 stars?','published','2026-03-06 01:42:52','2026-03-06 01:42:52',NULL),(184,7,NULL,NULL,45,3,'Customer Support are grade (A*), however the code is a way too over engineered for it\'s purpose.','published','2026-03-06 01:42:52','2026-03-06 01:42:52',NULL),(185,2,NULL,NULL,41,4,'Those guys now what they are doing, the release such a good product that it\'s a pleasure to work with ! Even when I was stuck on the project, I created a ticket and the next day it was replied by the team. GOOD JOB guys. I love working with them :)','published','2026-03-06 01:42:52','2026-03-06 01:42:52',NULL),(186,8,NULL,NULL,37,1,'As a developer I reviewed this script. This is really awesome ecommerce script. I have convinced when I noticed that it\'s built on fully WordPress concept.','published','2026-03-06 01:42:52','2026-03-06 01:42:52',NULL),(187,1,NULL,NULL,18,2,'This web app is really good in design, code quality & features. Besides, the customer support provided by the Botble team was really fast & helpful. You guys are awesome!','published','2026-03-06 01:42:52','2026-03-06 01:42:52',NULL),(188,7,NULL,NULL,14,2,'We have received brilliant service support and will be expanding the features with the developer. Nice product!','published','2026-03-06 01:42:52','2026-03-06 01:42:52',NULL),(189,10,NULL,NULL,19,1,'Good app, good backup service and support. Good documentation.','published','2026-03-06 01:42:52','2026-03-06 01:42:52',NULL),(190,7,NULL,NULL,22,2,'Great E-commerce system. And much more : Wonderful Customer Support.','published','2026-03-06 01:42:52','2026-03-06 01:42:52',NULL),(191,5,NULL,NULL,41,2,'These guys are amazing! Responses immediately, amazing support and help... I immediately feel at ease after Purchasing..','published','2026-03-06 01:42:52','2026-03-06 01:42:52',NULL),(192,7,NULL,NULL,37,3,'Best ecommerce CMS online store!','published','2026-03-06 01:42:52','2026-03-06 01:42:52',NULL),(193,10,NULL,NULL,13,1,'Customer Support are grade (A*), however the code is a way too over engineered for it\'s purpose.','published','2026-03-06 01:42:52','2026-03-06 01:42:52',NULL),(194,2,NULL,NULL,2,4,'Great system, great support, good job Botble. I\'m looking forward to more great functional plugins.','published','2026-03-06 01:42:52','2026-03-06 01:42:52',NULL),(195,5,NULL,NULL,39,5,'We have received brilliant service support and will be expanding the features with the developer. Nice product!','published','2026-03-06 01:42:52','2026-03-06 01:42:52',NULL),(196,10,NULL,NULL,11,2,'Very enthusiastic support! Excellent code is written. It\'s a true pleasure working with.','published','2026-03-06 01:42:52','2026-03-06 01:42:52',NULL),(197,10,NULL,NULL,26,4,'As a developer I reviewed this script. This is really awesome ecommerce script. I have convinced when I noticed that it\'s built on fully WordPress concept.','published','2026-03-06 01:42:52','2026-03-06 01:42:52',NULL),(198,10,NULL,NULL,28,5,'Customer Support are grade (A*), however the code is a way too over engineered for it\'s purpose.','published','2026-03-06 01:42:52','2026-03-06 01:42:52',NULL),(199,9,NULL,NULL,53,2,'Best ecommerce CMS online store!','published','2026-03-06 01:42:52','2026-03-06 01:42:52',NULL),(200,9,NULL,NULL,34,1,'Amazing code, amazing support. Overall, im really confident in Botble and im happy I made the right choice! Thank you so much guys for coding this masterpiece','published','2026-03-06 01:42:52','2026-03-06 01:42:52',NULL),(201,9,NULL,NULL,26,2,'As a developer I reviewed this script. This is really awesome ecommerce script. I have convinced when I noticed that it\'s built on fully WordPress concept.','published','2026-03-06 01:42:52','2026-03-06 01:42:52',NULL),(202,1,NULL,NULL,14,5,'Ok good product. I have some issues in customizations. But its not correct to blame the developer. The product is good. Good luck for your business.','published','2026-03-06 01:42:52','2026-03-06 01:42:52',NULL),(203,1,NULL,NULL,3,5,'This script is well coded and is super fast. The support is pretty quick. Very patient and helpful team. I strongly recommend it and they deserve more than 5 stars.','published','2026-03-06 01:42:52','2026-03-06 01:42:52',NULL),(204,5,NULL,NULL,23,2,'Solution is too robust for our purpose so we didn\'t use it at the end. But I appreciate customer support during initial configuration.','published','2026-03-06 01:42:52','2026-03-06 01:42:52',NULL),(205,9,NULL,NULL,5,4,'Very enthusiastic support! Excellent code is written. It\'s a true pleasure working with.','published','2026-03-06 01:42:52','2026-03-06 01:42:52',NULL),(206,6,NULL,NULL,13,5,'As a developer I reviewed this script. This is really awesome ecommerce script. I have convinced when I noticed that it\'s built on fully WordPress concept.','published','2026-03-06 01:42:52','2026-03-06 01:42:52',NULL),(207,2,NULL,NULL,11,4,'Solution is too robust for our purpose so we didn\'t use it at the end. But I appreciate customer support during initial configuration.','published','2026-03-06 01:42:52','2026-03-06 01:42:52',NULL),(208,4,NULL,NULL,7,4,'Amazing code, amazing support. Overall, im really confident in Botble and im happy I made the right choice! Thank you so much guys for coding this masterpiece','published','2026-03-06 01:42:52','2026-03-06 01:42:52',NULL),(209,7,NULL,NULL,42,5,'Very enthusiastic support! Excellent code is written. It\'s a true pleasure working with.','published','2026-03-06 01:42:52','2026-03-06 01:42:52',NULL),(210,1,NULL,NULL,44,2,'Solution is too robust for our purpose so we didn\'t use it at the end. But I appreciate customer support during initial configuration.','published','2026-03-06 01:42:52','2026-03-06 01:42:52',NULL),(211,4,NULL,NULL,1,5,'The best store template! Excellent coding! Very good support! Thank you so much for all the help, I really appreciated.','published','2026-03-06 01:42:52','2026-03-06 01:42:52',NULL),(212,6,NULL,NULL,14,3,'Perfect +++++++++ i love it really also i get to fast ticket answers... Thanks Lot BOTBLE Teams','published','2026-03-06 01:42:52','2026-03-06 01:42:52',NULL),(213,2,NULL,NULL,44,2,'I Love this Script. I also found how to add other fees. Now I just wait the BIG update for the Marketplace with the Bulk Import. Just do not forget to make it to be Multi-language for us the Botble Fans.','published','2026-03-06 01:42:52','2026-03-06 01:42:52',NULL),(214,3,NULL,NULL,46,2,'Second or third time that I buy a Botble product, happy with the products and support. You guys do a good job :)','published','2026-03-06 01:42:52','2026-03-06 01:42:52',NULL),(215,7,NULL,NULL,50,2,'Best ecommerce CMS online store!','published','2026-03-06 01:42:52','2026-03-06 01:42:52',NULL),(216,6,NULL,NULL,40,5,'The script is the best of its class, fast, easy to implement and work with , and the most important thing is the great support team , Recommend with no doubt.','published','2026-03-06 01:42:52','2026-03-06 01:42:52',NULL),(217,5,NULL,NULL,27,5,'Ok good product. I have some issues in customizations. But its not correct to blame the developer. The product is good. Good luck for your business.','published','2026-03-06 01:42:52','2026-03-06 01:42:52',NULL),(218,5,NULL,NULL,30,2,'The code is good, in general, if you like it, can you give it 5 stars?','published','2026-03-06 01:42:52','2026-03-06 01:42:52',NULL),(219,1,NULL,NULL,46,1,'Best ecommerce CMS online store!','published','2026-03-06 01:42:52','2026-03-06 01:42:52',NULL),(220,9,NULL,NULL,29,5,'The code is good, in general, if you like it, can you give it 5 stars?','published','2026-03-06 01:42:52','2026-03-06 01:42:52',NULL),(221,6,NULL,NULL,2,5,'Customer Support are grade (A*), however the code is a way too over engineered for it\'s purpose.','published','2026-03-06 01:42:52','2026-03-06 01:42:52',NULL),(222,6,NULL,NULL,35,2,'For me the best eCommerce script on Envato at this moment: modern, clean code, a lot of great features. The customer support is great too: I always get an answer within hours!','published','2026-03-06 01:42:52','2026-03-06 01:42:52',NULL),(223,9,NULL,NULL,23,5,'The script is the best of its class, fast, easy to implement and work with , and the most important thing is the great support team , Recommend with no doubt.','published','2026-03-06 01:42:52','2026-03-06 01:42:52',NULL),(224,7,NULL,NULL,2,3,'This web app is really good in design, code quality & features. Besides, the customer support provided by the Botble team was really fast & helpful. You guys are awesome!','published','2026-03-06 01:42:52','2026-03-06 01:42:52',NULL),(225,1,NULL,NULL,20,5,'Very enthusiastic support! Excellent code is written. It\'s a true pleasure working with.','published','2026-03-06 01:42:52','2026-03-06 01:42:52',NULL),(226,1,NULL,NULL,21,5,'It\'s not my first experience here on Codecanyon and I can honestly tell you all that Botble puts a LOT of effort into the support. They answer so fast, they helped me tons of times. REALLY by far THE BEST EXPERIENCE on Codecanyon. Those guys at Botble are so good that they deserve 5 stars. I recommend them, I trust them and I can\'t wait to see what they will sell in a near future. Thank you Botble :)','published','2026-03-06 01:42:52','2026-03-06 01:42:52',NULL),(227,2,NULL,NULL,1,5,'It\'s not my first experience here on Codecanyon and I can honestly tell you all that Botble puts a LOT of effort into the support. They answer so fast, they helped me tons of times. REALLY by far THE BEST EXPERIENCE on Codecanyon. Those guys at Botble are so good that they deserve 5 stars. I recommend them, I trust them and I can\'t wait to see what they will sell in a near future. Thank you Botble :)','published','2026-03-06 01:42:52','2026-03-06 01:42:52',NULL),(228,9,NULL,NULL,13,4,'Cool template. Excellent code quality. The support responds very quickly, which is very rare on themeforest and codecanyon.net, I buy a lot of templates, and everyone will have a response from technical support for two or three days. Thanks to tech support. I recommend to buy.','published','2026-03-06 01:42:52','2026-03-06 01:42:52',NULL),(229,1,NULL,NULL,17,5,'Second or third time that I buy a Botble product, happy with the products and support. You guys do a good job :)','published','2026-03-06 01:42:53','2026-03-06 01:42:53',NULL),(230,7,NULL,NULL,47,4,'Very enthusiastic support! Excellent code is written. It\'s a true pleasure working with.','published','2026-03-06 01:42:53','2026-03-06 01:42:53',NULL),(231,5,NULL,NULL,54,1,'Clean & perfect source code','published','2026-03-06 01:42:53','2026-03-06 01:42:53',NULL),(232,4,NULL,NULL,24,3,'Amazing code, amazing support. Overall, im really confident in Botble and im happy I made the right choice! Thank you so much guys for coding this masterpiece','published','2026-03-06 01:42:53','2026-03-06 01:42:53',NULL),(233,8,NULL,NULL,36,5,'Great system, great support, good job Botble. I\'m looking forward to more great functional plugins.','published','2026-03-06 01:42:53','2026-03-06 01:42:53',NULL),(234,1,NULL,NULL,2,1,'This web app is really good in design, code quality & features. Besides, the customer support provided by the Botble team was really fast & helpful. You guys are awesome!','published','2026-03-06 01:42:53','2026-03-06 01:42:53',NULL),(235,5,NULL,NULL,24,2,'Ok good product. I have some issues in customizations. But its not correct to blame the developer. The product is good. Good luck for your business.','published','2026-03-06 01:42:53','2026-03-06 01:42:53',NULL),(236,5,NULL,NULL,52,2,'I Love this Script. I also found how to add other fees. Now I just wait the BIG update for the Marketplace with the Bulk Import. Just do not forget to make it to be Multi-language for us the Botble Fans.','published','2026-03-06 01:42:53','2026-03-06 01:42:53',NULL),(237,7,NULL,NULL,49,5,'It\'s not my first experience here on Codecanyon and I can honestly tell you all that Botble puts a LOT of effort into the support. They answer so fast, they helped me tons of times. REALLY by far THE BEST EXPERIENCE on Codecanyon. Those guys at Botble are so good that they deserve 5 stars. I recommend them, I trust them and I can\'t wait to see what they will sell in a near future. Thank you Botble :)','published','2026-03-06 01:42:53','2026-03-06 01:42:53',NULL),(238,8,NULL,NULL,7,2,'Amazing code, amazing support. Overall, im really confident in Botble and im happy I made the right choice! Thank you so much guys for coding this masterpiece','published','2026-03-06 01:42:53','2026-03-06 01:42:53',NULL),(239,8,NULL,NULL,32,2,'Best ecommerce CMS online store!','published','2026-03-06 01:42:53','2026-03-06 01:42:53',NULL),(240,6,NULL,NULL,54,2,'The script is the best of its class, fast, easy to implement and work with , and the most important thing is the great support team , Recommend with no doubt.','published','2026-03-06 01:42:53','2026-03-06 01:42:53',NULL),(241,2,NULL,NULL,9,4,'These guys are amazing! Responses immediately, amazing support and help... I immediately feel at ease after Purchasing..','published','2026-03-06 01:42:53','2026-03-06 01:42:53',NULL),(242,7,NULL,NULL,7,3,'I Love this Script. I also found how to add other fees. Now I just wait the BIG update for the Marketplace with the Bulk Import. Just do not forget to make it to be Multi-language for us the Botble Fans.','published','2026-03-06 01:42:53','2026-03-06 01:42:53',NULL),(243,3,NULL,NULL,31,2,'As a developer I reviewed this script. This is really awesome ecommerce script. I have convinced when I noticed that it\'s built on fully WordPress concept.','published','2026-03-06 01:42:53','2026-03-06 01:42:53',NULL),(244,8,NULL,NULL,22,3,'Perfect +++++++++ i love it really also i get to fast ticket answers... Thanks Lot BOTBLE Teams','published','2026-03-06 01:42:53','2026-03-06 01:42:53',NULL),(245,4,NULL,NULL,51,4,'This web app is really good in design, code quality & features. Besides, the customer support provided by the Botble team was really fast & helpful. You guys are awesome!','published','2026-03-06 01:42:53','2026-03-06 01:42:53',NULL),(246,7,NULL,NULL,48,3,'I Love this Script. I also found how to add other fees. Now I just wait the BIG update for the Marketplace with the Bulk Import. Just do not forget to make it to be Multi-language for us the Botble Fans.','published','2026-03-06 01:42:53','2026-03-06 01:42:53',NULL),(247,10,NULL,NULL,54,3,'As a developer I reviewed this script. This is really awesome ecommerce script. I have convinced when I noticed that it\'s built on fully WordPress concept.','published','2026-03-06 01:42:53','2026-03-06 01:42:53',NULL),(248,3,NULL,NULL,35,1,'Ok good product. I have some issues in customizations. But its not correct to blame the developer. The product is good. Good luck for your business.','published','2026-03-06 01:42:53','2026-03-06 01:42:53',NULL),(249,3,NULL,NULL,17,3,'Ok good product. I have some issues in customizations. But its not correct to blame the developer. The product is good. Good luck for your business.','published','2026-03-06 01:42:53','2026-03-06 01:42:53',NULL),(250,1,NULL,NULL,37,3,'The best store template! Excellent coding! Very good support! Thank you so much for all the help, I really appreciated.','published','2026-03-06 01:42:53','2026-03-06 01:42:53',NULL),(251,9,NULL,NULL,37,5,'Solution is too robust for our purpose so we didn\'t use it at the end. But I appreciate customer support during initial configuration.','published','2026-03-06 01:42:53','2026-03-06 01:42:53',NULL),(252,4,NULL,NULL,31,5,'Second or third time that I buy a Botble product, happy with the products and support. You guys do a good job :)','published','2026-03-06 01:42:53','2026-03-06 01:42:53',NULL),(253,3,NULL,NULL,48,3,'Second or third time that I buy a Botble product, happy with the products and support. You guys do a good job :)','published','2026-03-06 01:42:53','2026-03-06 01:42:53',NULL),(254,3,NULL,NULL,19,2,'This script is well coded and is super fast. The support is pretty quick. Very patient and helpful team. I strongly recommend it and they deserve more than 5 stars.','published','2026-03-06 01:42:53','2026-03-06 01:42:53',NULL),(255,4,NULL,NULL,14,2,'I Love this Script. I also found how to add other fees. Now I just wait the BIG update for the Marketplace with the Bulk Import. Just do not forget to make it to be Multi-language for us the Botble Fans.','published','2026-03-06 01:42:53','2026-03-06 01:42:53',NULL),(256,3,NULL,NULL,43,4,'Solution is too robust for our purpose so we didn\'t use it at the end. But I appreciate customer support during initial configuration.','published','2026-03-06 01:42:53','2026-03-06 01:42:53',NULL),(257,7,NULL,NULL,13,3,'Great system, great support, good job Botble. I\'m looking forward to more great functional plugins.','published','2026-03-06 01:42:53','2026-03-06 01:42:53',NULL),(258,10,NULL,NULL,10,5,'As a developer I reviewed this script. This is really awesome ecommerce script. I have convinced when I noticed that it\'s built on fully WordPress concept.','published','2026-03-06 01:42:53','2026-03-06 01:42:53',NULL),(259,6,NULL,NULL,37,4,'It\'s not my first experience here on Codecanyon and I can honestly tell you all that Botble puts a LOT of effort into the support. They answer so fast, they helped me tons of times. REALLY by far THE BEST EXPERIENCE on Codecanyon. Those guys at Botble are so good that they deserve 5 stars. I recommend them, I trust them and I can\'t wait to see what they will sell in a near future. Thank you Botble :)','published','2026-03-06 01:42:53','2026-03-06 01:42:53',NULL),(260,2,NULL,NULL,48,1,'I Love this Script. I also found how to add other fees. Now I just wait the BIG update for the Marketplace with the Bulk Import. Just do not forget to make it to be Multi-language for us the Botble Fans.','published','2026-03-06 01:42:53','2026-03-06 01:42:53',NULL),(261,8,NULL,NULL,13,2,'This web app is really good in design, code quality & features. Besides, the customer support provided by the Botble team was really fast & helpful. You guys are awesome!','published','2026-03-06 01:42:53','2026-03-06 01:42:53',NULL),(262,7,NULL,NULL,8,3,'Amazing code, amazing support. Overall, im really confident in Botble and im happy I made the right choice! Thank you so much guys for coding this masterpiece','published','2026-03-06 01:42:53','2026-03-06 01:42:53',NULL),(263,8,NULL,NULL,54,3,'As a developer I reviewed this script. This is really awesome ecommerce script. I have convinced when I noticed that it\'s built on fully WordPress concept.','published','2026-03-06 01:42:53','2026-03-06 01:42:53',NULL),(264,4,NULL,NULL,35,2,'Perfect +++++++++ i love it really also i get to fast ticket answers... Thanks Lot BOTBLE Teams','published','2026-03-06 01:42:53','2026-03-06 01:42:53',NULL),(265,6,NULL,NULL,23,3,'Great system, great support, good job Botble. I\'m looking forward to more great functional plugins.','published','2026-03-06 01:42:53','2026-03-06 01:42:53',NULL),(266,6,NULL,NULL,12,2,'This web app is really good in design, code quality & features. Besides, the customer support provided by the Botble team was really fast & helpful. You guys are awesome!','published','2026-03-06 01:42:53','2026-03-06 01:42:53',NULL),(267,1,NULL,NULL,38,5,'For me the best eCommerce script on Envato at this moment: modern, clean code, a lot of great features. The customer support is great too: I always get an answer within hours!','published','2026-03-06 01:42:53','2026-03-06 01:42:53',NULL),(268,10,NULL,NULL,9,2,'Cool template. Excellent code quality. The support responds very quickly, which is very rare on themeforest and codecanyon.net, I buy a lot of templates, and everyone will have a response from technical support for two or three days. Thanks to tech support. I recommend to buy.','published','2026-03-06 01:42:53','2026-03-06 01:42:53',NULL),(269,8,NULL,NULL,23,2,'Good app, good backup service and support. Good documentation.','published','2026-03-06 01:42:53','2026-03-06 01:42:53',NULL),(270,9,NULL,NULL,31,4,'The script is the best of its class, fast, easy to implement and work with , and the most important thing is the great support team , Recommend with no doubt.','published','2026-03-06 01:42:53','2026-03-06 01:42:53',NULL),(271,2,NULL,NULL,17,1,'I Love this Script. I also found how to add other fees. Now I just wait the BIG update for the Marketplace with the Bulk Import. Just do not forget to make it to be Multi-language for us the Botble Fans.','published','2026-03-06 01:42:53','2026-03-06 01:42:53',NULL),(272,5,NULL,NULL,28,1,'Ok good product. I have some issues in customizations. But its not correct to blame the developer. The product is good. Good luck for your business.','published','2026-03-06 01:42:53','2026-03-06 01:42:53',NULL),(273,9,NULL,NULL,54,1,'The script is the best of its class, fast, easy to implement and work with , and the most important thing is the great support team , Recommend with no doubt.','published','2026-03-06 01:42:53','2026-03-06 01:42:53',NULL),(274,5,NULL,NULL,9,3,'Those guys now what they are doing, the release such a good product that it\'s a pleasure to work with ! Even when I was stuck on the project, I created a ticket and the next day it was replied by the team. GOOD JOB guys. I love working with them :)','published','2026-03-06 01:42:53','2026-03-06 01:42:53',NULL),(275,10,NULL,NULL,18,2,'Good app, good backup service and support. Good documentation.','published','2026-03-06 01:42:53','2026-03-06 01:42:53',NULL),(276,2,NULL,NULL,25,1,'This web app is really good in design, code quality & features. Besides, the customer support provided by the Botble team was really fast & helpful. You guys are awesome!','published','2026-03-06 01:42:53','2026-03-06 01:42:53',NULL),(277,10,NULL,NULL,7,3,'This script is well coded and is super fast. The support is pretty quick. Very patient and helpful team. I strongly recommend it and they deserve more than 5 stars.','published','2026-03-06 01:42:53','2026-03-06 01:42:53',NULL),(278,1,NULL,NULL,10,5,'This script is well coded and is super fast. The support is pretty quick. Very patient and helpful team. I strongly recommend it and they deserve more than 5 stars.','published','2026-03-06 01:42:53','2026-03-06 01:42:53',NULL),(279,2,NULL,NULL,46,3,'It\'s not my first experience here on Codecanyon and I can honestly tell you all that Botble puts a LOT of effort into the support. They answer so fast, they helped me tons of times. REALLY by far THE BEST EXPERIENCE on Codecanyon. Those guys at Botble are so good that they deserve 5 stars. I recommend them, I trust them and I can\'t wait to see what they will sell in a near future. Thank you Botble :)','published','2026-03-06 01:42:53','2026-03-06 01:42:53',NULL),(280,3,NULL,NULL,7,5,'Cool template. Excellent code quality. The support responds very quickly, which is very rare on themeforest and codecanyon.net, I buy a lot of templates, and everyone will have a response from technical support for two or three days. Thanks to tech support. I recommend to buy.','published','2026-03-06 01:42:53','2026-03-06 01:42:53',NULL),(281,4,NULL,NULL,43,5,'Great E-commerce system. And much more : Wonderful Customer Support.','published','2026-03-06 01:42:53','2026-03-06 01:42:53',NULL),(282,2,NULL,NULL,40,3,'Great E-commerce system. And much more : Wonderful Customer Support.','published','2026-03-06 01:42:53','2026-03-06 01:42:53',NULL),(283,1,NULL,NULL,19,4,'It\'s not my first experience here on Codecanyon and I can honestly tell you all that Botble puts a LOT of effort into the support. They answer so fast, they helped me tons of times. REALLY by far THE BEST EXPERIENCE on Codecanyon. Those guys at Botble are so good that they deserve 5 stars. I recommend them, I trust them and I can\'t wait to see what they will sell in a near future. Thank you Botble :)','published','2026-03-06 01:42:53','2026-03-06 01:42:53',NULL),(284,8,NULL,NULL,47,4,'I Love this Script. I also found how to add other fees. Now I just wait the BIG update for the Marketplace with the Bulk Import. Just do not forget to make it to be Multi-language for us the Botble Fans.','published','2026-03-06 01:42:53','2026-03-06 01:42:53',NULL),(285,4,NULL,NULL,25,1,'The best store template! Excellent coding! Very good support! Thank you so much for all the help, I really appreciated.','published','2026-03-06 01:42:53','2026-03-06 01:42:53',NULL),(286,1,NULL,NULL,30,2,'As a developer I reviewed this script. This is really awesome ecommerce script. I have convinced when I noticed that it\'s built on fully WordPress concept.','published','2026-03-06 01:42:53','2026-03-06 01:42:53',NULL),(287,2,NULL,NULL,12,3,'Solution is too robust for our purpose so we didn\'t use it at the end. But I appreciate customer support during initial configuration.','published','2026-03-06 01:42:53','2026-03-06 01:42:53',NULL),(288,6,NULL,NULL,10,1,'I Love this Script. I also found how to add other fees. Now I just wait the BIG update for the Marketplace with the Bulk Import. Just do not forget to make it to be Multi-language for us the Botble Fans.','published','2026-03-06 01:42:53','2026-03-06 01:42:53',NULL),(289,3,NULL,NULL,10,3,'The script is the best of its class, fast, easy to implement and work with , and the most important thing is the great support team , Recommend with no doubt.','published','2026-03-06 01:42:53','2026-03-06 01:42:53',NULL),(290,2,NULL,NULL,50,5,'The best ecommerce CMS! Excellent coding! best support service! Thank you so much..... I really like your hard work.','published','2026-03-06 01:42:53','2026-03-06 01:42:53',NULL),(291,4,NULL,NULL,15,2,'Ok good product. I have some issues in customizations. But its not correct to blame the developer. The product is good. Good luck for your business.','published','2026-03-06 01:42:53','2026-03-06 01:42:53',NULL),(292,4,NULL,NULL,17,2,'We have received brilliant service support and will be expanding the features with the developer. Nice product!','published','2026-03-06 01:42:53','2026-03-06 01:42:53',NULL),(293,2,NULL,NULL,45,1,'Customer Support are grade (A*), however the code is a way too over engineered for it\'s purpose.','published','2026-03-06 01:42:53','2026-03-06 01:42:53',NULL),(294,7,NULL,NULL,43,5,'Amazing code, amazing support. Overall, im really confident in Botble and im happy I made the right choice! Thank you so much guys for coding this masterpiece','published','2026-03-06 01:42:53','2026-03-06 01:42:53',NULL),(295,9,NULL,NULL,1,5,'Amazing code, amazing support. Overall, im really confident in Botble and im happy I made the right choice! Thank you so much guys for coding this masterpiece','published','2026-03-06 01:42:53','2026-03-06 01:42:53',NULL),(296,5,NULL,NULL,53,2,'Great E-commerce system. And much more : Wonderful Customer Support.','published','2026-03-06 01:42:53','2026-03-06 01:42:53',NULL),(297,4,NULL,NULL,36,1,'The best store template! Excellent coding! Very good support! Thank you so much for all the help, I really appreciated.','published','2026-03-06 01:42:53','2026-03-06 01:42:53',NULL),(298,5,NULL,NULL,13,2,'Best ecommerce CMS online store!','published','2026-03-06 01:42:53','2026-03-06 01:42:53',NULL),(299,2,NULL,NULL,38,4,'Great E-commerce system. And much more : Wonderful Customer Support.','published','2026-03-06 01:42:53','2026-03-06 01:42:53',NULL),(300,4,NULL,NULL,45,1,'Customer Support are grade (A*), however the code is a way too over engineered for it\'s purpose.','published','2026-03-06 01:42:53','2026-03-06 01:42:53',NULL),(301,3,NULL,NULL,6,2,'We have received brilliant service support and will be expanding the features with the developer. Nice product!','published','2026-03-06 01:42:53','2026-03-06 01:42:53',NULL),(302,7,NULL,NULL,4,2,'For me the best eCommerce script on Envato at this moment: modern, clean code, a lot of great features. The customer support is great too: I always get an answer within hours!','published','2026-03-06 01:42:53','2026-03-06 01:42:53',NULL),(303,4,NULL,NULL,34,2,'Amazing code, amazing support. Overall, im really confident in Botble and im happy I made the right choice! Thank you so much guys for coding this masterpiece','published','2026-03-06 01:42:53','2026-03-06 01:42:53',NULL),(304,7,NULL,NULL,35,1,'This script is well coded and is super fast. The support is pretty quick. Very patient and helpful team. I strongly recommend it and they deserve more than 5 stars.','published','2026-03-06 01:42:53','2026-03-06 01:42:53',NULL),(305,8,NULL,NULL,52,5,'The script is the best of its class, fast, easy to implement and work with , and the most important thing is the great support team , Recommend with no doubt.','published','2026-03-06 01:42:53','2026-03-06 01:42:53',NULL),(306,2,NULL,NULL,8,4,'For me the best eCommerce script on Envato at this moment: modern, clean code, a lot of great features. The customer support is great too: I always get an answer within hours!','published','2026-03-06 01:42:53','2026-03-06 01:42:53',NULL),(307,2,NULL,NULL,54,2,'Perfect +++++++++ i love it really also i get to fast ticket answers... Thanks Lot BOTBLE Teams','published','2026-03-06 01:42:53','2026-03-06 01:42:53',NULL),(308,7,NULL,NULL,5,1,'Best ecommerce CMS online store!','published','2026-03-06 01:42:53','2026-03-06 01:42:53',NULL),(309,9,NULL,NULL,30,5,'Best ecommerce CMS online store!','published','2026-03-06 01:42:53','2026-03-06 01:42:53',NULL),(310,2,NULL,NULL,21,1,'Very enthusiastic support! Excellent code is written. It\'s a true pleasure working with.','published','2026-03-06 01:42:53','2026-03-06 01:42:53',NULL),(311,7,NULL,NULL,25,4,'As a developer I reviewed this script. This is really awesome ecommerce script. I have convinced when I noticed that it\'s built on fully WordPress concept.','published','2026-03-06 01:42:53','2026-03-06 01:42:53',NULL),(312,6,NULL,NULL,28,1,'Those guys now what they are doing, the release such a good product that it\'s a pleasure to work with ! Even when I was stuck on the project, I created a ticket and the next day it was replied by the team. GOOD JOB guys. I love working with them :)','published','2026-03-06 01:42:53','2026-03-06 01:42:53',NULL),(313,10,NULL,NULL,15,5,'The best store template! Excellent coding! Very good support! Thank you so much for all the help, I really appreciated.','published','2026-03-06 01:42:53','2026-03-06 01:42:53',NULL),(314,1,NULL,NULL,27,3,'We have received brilliant service support and will be expanding the features with the developer. Nice product!','published','2026-03-06 01:42:53','2026-03-06 01:42:53',NULL),(315,10,NULL,NULL,40,3,'Second or third time that I buy a Botble product, happy with the products and support. You guys do a good job :)','published','2026-03-06 01:42:53','2026-03-06 01:42:53',NULL),(316,3,NULL,NULL,40,2,'As a developer I reviewed this script. This is really awesome ecommerce script. I have convinced when I noticed that it\'s built on fully WordPress concept.','published','2026-03-06 01:42:53','2026-03-06 01:42:53',NULL),(317,5,NULL,NULL,18,2,'Those guys now what they are doing, the release such a good product that it\'s a pleasure to work with ! Even when I was stuck on the project, I created a ticket and the next day it was replied by the team. GOOD JOB guys. I love working with them :)','published','2026-03-06 01:42:53','2026-03-06 01:42:53',NULL),(318,8,NULL,NULL,30,5,'Great system, great support, good job Botble. I\'m looking forward to more great functional plugins.','published','2026-03-06 01:42:53','2026-03-06 01:42:53',NULL),(319,1,NULL,NULL,24,3,'These guys are amazing! Responses immediately, amazing support and help... I immediately feel at ease after Purchasing..','published','2026-03-06 01:42:53','2026-03-06 01:42:53',NULL),(320,6,NULL,NULL,41,1,'Great E-commerce system. And much more : Wonderful Customer Support.','published','2026-03-06 01:42:53','2026-03-06 01:42:53',NULL),(321,7,NULL,NULL,34,1,'This script is well coded and is super fast. The support is pretty quick. Very patient and helpful team. I strongly recommend it and they deserve more than 5 stars.','published','2026-03-06 01:42:53','2026-03-06 01:42:53',NULL),(322,1,NULL,NULL,16,5,'Good app, good backup service and support. Good documentation.','published','2026-03-06 01:42:53','2026-03-06 01:42:53',NULL),(323,9,NULL,NULL,38,2,'The best ecommerce CMS! Excellent coding! best support service! Thank you so much..... I really like your hard work.','published','2026-03-06 01:42:53','2026-03-06 01:42:53',NULL),(324,6,NULL,NULL,49,4,'Clean & perfect source code','published','2026-03-06 01:42:53','2026-03-06 01:42:53',NULL),(325,2,NULL,NULL,37,5,'As a developer I reviewed this script. This is really awesome ecommerce script. I have convinced when I noticed that it\'s built on fully WordPress concept.','published','2026-03-06 01:42:53','2026-03-06 01:42:53',NULL),(326,10,NULL,NULL,33,2,'Very enthusiastic support! Excellent code is written. It\'s a true pleasure working with.','published','2026-03-06 01:42:53','2026-03-06 01:42:53',NULL),(327,3,NULL,NULL,25,5,'Those guys now what they are doing, the release such a good product that it\'s a pleasure to work with ! Even when I was stuck on the project, I created a ticket and the next day it was replied by the team. GOOD JOB guys. I love working with them :)','published','2026-03-06 01:42:53','2026-03-06 01:42:53',NULL),(328,5,NULL,NULL,29,1,'As a developer I reviewed this script. This is really awesome ecommerce script. I have convinced when I noticed that it\'s built on fully WordPress concept.','published','2026-03-06 01:42:53','2026-03-06 01:42:53',NULL),(329,2,NULL,NULL,4,5,'Ok good product. I have some issues in customizations. But its not correct to blame the developer. The product is good. Good luck for your business.','published','2026-03-06 01:42:53','2026-03-06 01:42:53',NULL),(330,6,NULL,NULL,34,1,'Clean & perfect source code','published','2026-03-06 01:42:53','2026-03-06 01:42:53',NULL),(331,10,NULL,NULL,49,4,'The best ecommerce CMS! Excellent coding! best support service! Thank you so much..... I really like your hard work.','published','2026-03-06 01:42:53','2026-03-06 01:42:53',NULL),(332,3,NULL,NULL,36,3,'Great system, great support, good job Botble. I\'m looking forward to more great functional plugins.','published','2026-03-06 01:42:53','2026-03-06 01:42:53',NULL),(333,8,NULL,NULL,42,3,'Best ecommerce CMS online store!','published','2026-03-06 01:42:53','2026-03-06 01:42:53',NULL),(334,8,NULL,NULL,5,4,'Customer Support are grade (A*), however the code is a way too over engineered for it\'s purpose.','published','2026-03-06 01:42:53','2026-03-06 01:42:53',NULL),(335,9,NULL,NULL,39,5,'These guys are amazing! Responses immediately, amazing support and help... I immediately feel at ease after Purchasing..','published','2026-03-06 01:42:53','2026-03-06 01:42:53',NULL),(336,4,NULL,NULL,28,4,'For me the best eCommerce script on Envato at this moment: modern, clean code, a lot of great features. The customer support is great too: I always get an answer within hours!','published','2026-03-06 01:42:53','2026-03-06 01:42:53',NULL),(337,10,NULL,NULL,45,3,'These guys are amazing! Responses immediately, amazing support and help... I immediately feel at ease after Purchasing..','published','2026-03-06 01:42:53','2026-03-06 01:42:53',NULL),(338,9,NULL,NULL,7,2,'This script is well coded and is super fast. The support is pretty quick. Very patient and helpful team. I strongly recommend it and they deserve more than 5 stars.','published','2026-03-06 01:42:53','2026-03-06 01:42:53',NULL),(339,2,NULL,NULL,42,2,'The script is the best of its class, fast, easy to implement and work with , and the most important thing is the great support team , Recommend with no doubt.','published','2026-03-06 01:42:53','2026-03-06 01:42:53',NULL),(340,1,NULL,NULL,15,5,'Clean & perfect source code','published','2026-03-06 01:42:53','2026-03-06 01:42:53',NULL),(341,3,NULL,NULL,18,3,'Cool template. Excellent code quality. The support responds very quickly, which is very rare on themeforest and codecanyon.net, I buy a lot of templates, and everyone will have a response from technical support for two or three days. Thanks to tech support. I recommend to buy.','published','2026-03-06 01:42:53','2026-03-06 01:42:53',NULL),(342,9,NULL,NULL,40,3,'Second or third time that I buy a Botble product, happy with the products and support. You guys do a good job :)','published','2026-03-06 01:42:53','2026-03-06 01:42:53',NULL),(343,2,NULL,NULL,34,1,'This web app is really good in design, code quality & features. Besides, the customer support provided by the Botble team was really fast & helpful. You guys are awesome!','published','2026-03-06 01:42:53','2026-03-06 01:42:53',NULL),(344,4,NULL,NULL,38,4,'This script is well coded and is super fast. The support is pretty quick. Very patient and helpful team. I strongly recommend it and they deserve more than 5 stars.','published','2026-03-06 01:42:53','2026-03-06 01:42:53',NULL),(345,3,NULL,NULL,52,3,'Best ecommerce CMS online store!','published','2026-03-06 01:42:53','2026-03-06 01:42:53',NULL),(346,4,NULL,NULL,26,2,'We have received brilliant service support and will be expanding the features with the developer. Nice product!','published','2026-03-06 01:42:53','2026-03-06 01:42:53',NULL),(347,4,NULL,NULL,5,5,'Clean & perfect source code','published','2026-03-06 01:42:53','2026-03-06 01:42:53',NULL),(348,4,NULL,NULL,18,1,'Solution is too robust for our purpose so we didn\'t use it at the end. But I appreciate customer support during initial configuration.','published','2026-03-06 01:42:53','2026-03-06 01:42:53',NULL),(349,1,NULL,NULL,51,3,'Very enthusiastic support! Excellent code is written. It\'s a true pleasure working with.','published','2026-03-06 01:42:53','2026-03-06 01:42:53',NULL),(350,8,NULL,NULL,26,5,'For me the best eCommerce script on Envato at this moment: modern, clean code, a lot of great features. The customer support is great too: I always get an answer within hours!','published','2026-03-06 01:42:53','2026-03-06 01:42:53',NULL),(351,1,NULL,NULL,43,4,'Second or third time that I buy a Botble product, happy with the products and support. You guys do a good job :)','published','2026-03-06 01:42:53','2026-03-06 01:42:53',NULL),(352,4,NULL,NULL,44,4,'The script is the best of its class, fast, easy to implement and work with , and the most important thing is the great support team , Recommend with no doubt.','published','2026-03-06 01:42:53','2026-03-06 01:42:53',NULL),(353,2,NULL,NULL,22,5,'Great E-commerce system. And much more : Wonderful Customer Support.','published','2026-03-06 01:42:53','2026-03-06 01:42:53',NULL),(354,8,NULL,NULL,43,3,'Good app, good backup service and support. Good documentation.','published','2026-03-06 01:42:53','2026-03-06 01:42:53',NULL),(355,1,NULL,NULL,45,1,'The code is good, in general, if you like it, can you give it 5 stars?','published','2026-03-06 01:42:53','2026-03-06 01:42:53',NULL),(356,5,NULL,NULL,44,1,'For me the best eCommerce script on Envato at this moment: modern, clean code, a lot of great features. The customer support is great too: I always get an answer within hours!','published','2026-03-06 01:42:53','2026-03-06 01:42:53',NULL),(357,3,NULL,NULL,33,5,'Ok good product. I have some issues in customizations. But its not correct to blame the developer. The product is good. Good luck for your business.','published','2026-03-06 01:42:53','2026-03-06 01:42:53',NULL),(358,2,NULL,NULL,18,1,'Ok good product. I have some issues in customizations. But its not correct to blame the developer. The product is good. Good luck for your business.','published','2026-03-06 01:42:53','2026-03-06 01:42:53',NULL),(359,5,NULL,NULL,48,3,'We have received brilliant service support and will be expanding the features with the developer. Nice product!','published','2026-03-06 01:42:53','2026-03-06 01:42:53',NULL),(360,8,NULL,NULL,6,4,'The code is good, in general, if you like it, can you give it 5 stars?','published','2026-03-06 01:42:53','2026-03-06 01:42:53',NULL),(361,5,NULL,NULL,43,3,'Best ecommerce CMS online store!','published','2026-03-06 01:42:53','2026-03-06 01:42:53',NULL),(362,7,NULL,NULL,18,4,'Cool template. Excellent code quality. The support responds very quickly, which is very rare on themeforest and codecanyon.net, I buy a lot of templates, and everyone will have a response from technical support for two or three days. Thanks to tech support. I recommend to buy.','published','2026-03-06 01:42:53','2026-03-06 01:42:53',NULL),(363,7,NULL,NULL,30,5,'Second or third time that I buy a Botble product, happy with the products and support. You guys do a good job :)','published','2026-03-06 01:42:53','2026-03-06 01:42:53',NULL),(364,3,NULL,NULL,47,4,'Good app, good backup service and support. Good documentation.','published','2026-03-06 01:42:53','2026-03-06 01:42:53',NULL),(365,3,NULL,NULL,42,1,'Very enthusiastic support! Excellent code is written. It\'s a true pleasure working with.','published','2026-03-06 01:42:53','2026-03-06 01:42:53',NULL),(366,7,NULL,NULL,32,5,'Second or third time that I buy a Botble product, happy with the products and support. You guys do a good job :)','published','2026-03-06 01:42:53','2026-03-06 01:42:53',NULL),(367,8,NULL,NULL,46,5,'Cool template. Excellent code quality. The support responds very quickly, which is very rare on themeforest and codecanyon.net, I buy a lot of templates, and everyone will have a response from technical support for two or three days. Thanks to tech support. I recommend to buy.','published','2026-03-06 01:42:53','2026-03-06 01:42:53',NULL),(368,4,NULL,NULL,27,5,'We have received brilliant service support and will be expanding the features with the developer. Nice product!','published','2026-03-06 01:42:53','2026-03-06 01:42:53',NULL),(369,6,NULL,NULL,44,5,'Good app, good backup service and support. Good documentation.','published','2026-03-06 01:42:53','2026-03-06 01:42:53',NULL),(370,7,NULL,NULL,19,4,'Great system, great support, good job Botble. I\'m looking forward to more great functional plugins.','published','2026-03-06 01:42:53','2026-03-06 01:42:53',NULL),(371,4,NULL,NULL,2,4,'Solution is too robust for our purpose so we didn\'t use it at the end. But I appreciate customer support during initial configuration.','published','2026-03-06 01:42:53','2026-03-06 01:42:53',NULL),(372,1,NULL,NULL,1,5,'These guys are amazing! Responses immediately, amazing support and help... I immediately feel at ease after Purchasing..','published','2026-03-06 01:42:53','2026-03-06 01:42:53',NULL),(373,4,NULL,NULL,53,1,'We have received brilliant service support and will be expanding the features with the developer. Nice product!','published','2026-03-06 01:42:53','2026-03-06 01:42:53',NULL),(374,7,NULL,NULL,31,5,'I Love this Script. I also found how to add other fees. Now I just wait the BIG update for the Marketplace with the Bulk Import. Just do not forget to make it to be Multi-language for us the Botble Fans.','published','2026-03-06 01:42:53','2026-03-06 01:42:53',NULL),(375,1,NULL,NULL,26,2,'I Love this Script. I also found how to add other fees. Now I just wait the BIG update for the Marketplace with the Bulk Import. Just do not forget to make it to be Multi-language for us the Botble Fans.','published','2026-03-06 01:42:53','2026-03-06 01:42:53',NULL),(376,5,NULL,NULL,47,4,'Clean & perfect source code','published','2026-03-06 01:42:53','2026-03-06 01:42:53',NULL),(377,6,NULL,NULL,52,5,'Clean & perfect source code','published','2026-03-06 01:42:53','2026-03-06 01:42:53',NULL),(378,7,NULL,NULL,10,1,'The script is the best of its class, fast, easy to implement and work with , and the most important thing is the great support team , Recommend with no doubt.','published','2026-03-06 01:42:53','2026-03-06 01:42:53',NULL),(379,3,NULL,NULL,4,4,'These guys are amazing! Responses immediately, amazing support and help... I immediately feel at ease after Purchasing..','published','2026-03-06 01:42:53','2026-03-06 01:42:53',NULL),(380,2,NULL,NULL,35,2,'For me the best eCommerce script on Envato at this moment: modern, clean code, a lot of great features. The customer support is great too: I always get an answer within hours!','published','2026-03-06 01:42:53','2026-03-06 01:42:53',NULL),(381,10,NULL,NULL,22,3,'Great system, great support, good job Botble. I\'m looking forward to more great functional plugins.','published','2026-03-06 01:42:53','2026-03-06 01:42:53',NULL),(382,1,NULL,NULL,29,3,'Very enthusiastic support! Excellent code is written. It\'s a true pleasure working with.','published','2026-03-06 01:42:53','2026-03-06 01:42:53',NULL),(383,7,NULL,NULL,44,3,'The best store template! Excellent coding! Very good support! Thank you so much for all the help, I really appreciated.','published','2026-03-06 01:42:53','2026-03-06 01:42:53',NULL),(384,1,NULL,NULL,22,4,'Ok good product. I have some issues in customizations. But its not correct to blame the developer. The product is good. Good luck for your business.','published','2026-03-06 01:42:53','2026-03-06 01:42:53',NULL),(385,10,NULL,NULL,47,3,'Amazing code, amazing support. Overall, im really confident in Botble and im happy I made the right choice! Thank you so much guys for coding this masterpiece','published','2026-03-06 01:42:53','2026-03-06 01:42:53',NULL),(386,10,NULL,NULL,41,5,'This web app is really good in design, code quality & features. Besides, the customer support provided by the Botble team was really fast & helpful. You guys are awesome!','published','2026-03-06 01:42:53','2026-03-06 01:42:53',NULL),(387,1,NULL,NULL,34,1,'Good app, good backup service and support. Good documentation.','published','2026-03-06 01:42:53','2026-03-06 01:42:53',NULL),(388,6,NULL,NULL,32,1,'Second or third time that I buy a Botble product, happy with the products and support. You guys do a good job :)','published','2026-03-06 01:42:53','2026-03-06 01:42:53',NULL),(389,8,NULL,NULL,15,3,'This web app is really good in design, code quality & features. Besides, the customer support provided by the Botble team was really fast & helpful. You guys are awesome!','published','2026-03-06 01:42:53','2026-03-06 01:42:53',NULL),(390,4,NULL,NULL,52,3,'The script is the best of its class, fast, easy to implement and work with , and the most important thing is the great support team , Recommend with no doubt.','published','2026-03-06 01:42:53','2026-03-06 01:42:53',NULL),(391,5,NULL,NULL,46,1,'As a developer I reviewed this script. This is really awesome ecommerce script. I have convinced when I noticed that it\'s built on fully WordPress concept.','published','2026-03-06 01:42:53','2026-03-06 01:42:53',NULL),(392,4,NULL,NULL,39,3,'I Love this Script. I also found how to add other fees. Now I just wait the BIG update for the Marketplace with the Bulk Import. Just do not forget to make it to be Multi-language for us the Botble Fans.','published','2026-03-06 01:42:53','2026-03-06 01:42:53',NULL),(393,2,NULL,NULL,15,1,'This script is well coded and is super fast. The support is pretty quick. Very patient and helpful team. I strongly recommend it and they deserve more than 5 stars.','published','2026-03-06 01:42:53','2026-03-06 01:42:53',NULL),(394,6,NULL,NULL,47,4,'These guys are amazing! Responses immediately, amazing support and help... I immediately feel at ease after Purchasing..','published','2026-03-06 01:42:53','2026-03-06 01:42:53',NULL),(395,1,NULL,NULL,32,1,'This script is well coded and is super fast. The support is pretty quick. Very patient and helpful team. I strongly recommend it and they deserve more than 5 stars.','published','2026-03-06 01:42:53','2026-03-06 01:42:53',NULL),(396,8,NULL,NULL,17,5,'I Love this Script. I also found how to add other fees. Now I just wait the BIG update for the Marketplace with the Bulk Import. Just do not forget to make it to be Multi-language for us the Botble Fans.','published','2026-03-06 01:42:53','2026-03-06 01:42:53',NULL),(397,6,NULL,NULL,53,2,'The best ecommerce CMS! Excellent coding! best support service! Thank you so much..... I really like your hard work.','published','2026-03-06 01:42:53','2026-03-06 01:42:53',NULL),(398,2,NULL,NULL,26,3,'Solution is too robust for our purpose so we didn\'t use it at the end. But I appreciate customer support during initial configuration.','published','2026-03-06 01:42:53','2026-03-06 01:42:53',NULL),(399,3,NULL,NULL,16,1,'This web app is really good in design, code quality & features. Besides, the customer support provided by the Botble team was really fast & helpful. You guys are awesome!','published','2026-03-06 01:42:53','2026-03-06 01:42:53',NULL),(400,3,NULL,NULL,13,4,'Clean & perfect source code','published','2026-03-06 01:42:53','2026-03-06 01:42:53',NULL),(401,5,NULL,NULL,20,1,'Great system, great support, good job Botble. I\'m looking forward to more great functional plugins.','published','2026-03-06 01:42:53','2026-03-06 01:42:53',NULL),(402,4,NULL,NULL,29,3,'Great system, great support, good job Botble. I\'m looking forward to more great functional plugins.','published','2026-03-06 01:42:53','2026-03-06 01:42:53',NULL),(403,1,NULL,NULL,12,2,'Best ecommerce CMS online store!','published','2026-03-06 01:42:53','2026-03-06 01:42:53',NULL),(404,6,NULL,NULL,27,4,'The best store template! Excellent coding! Very good support! Thank you so much for all the help, I really appreciated.','published','2026-03-06 01:42:53','2026-03-06 01:42:53',NULL),(405,8,NULL,NULL,49,3,'I Love this Script. I also found how to add other fees. Now I just wait the BIG update for the Marketplace with the Bulk Import. Just do not forget to make it to be Multi-language for us the Botble Fans.','published','2026-03-06 01:42:53','2026-03-06 01:42:53',NULL),(406,10,NULL,NULL,43,5,'For me the best eCommerce script on Envato at this moment: modern, clean code, a lot of great features. The customer support is great too: I always get an answer within hours!','published','2026-03-06 01:42:53','2026-03-06 01:42:53',NULL),(407,3,NULL,NULL,30,5,'Great E-commerce system. And much more : Wonderful Customer Support.','published','2026-03-06 01:42:53','2026-03-06 01:42:53',NULL),(408,3,NULL,NULL,28,4,'We have received brilliant service support and will be expanding the features with the developer. Nice product!','published','2026-03-06 01:42:53','2026-03-06 01:42:53',NULL),(409,2,NULL,NULL,5,1,'Customer Support are grade (A*), however the code is a way too over engineered for it\'s purpose.','published','2026-03-06 01:42:53','2026-03-06 01:42:53',NULL),(410,8,NULL,NULL,4,4,'Amazing code, amazing support. Overall, im really confident in Botble and im happy I made the right choice! Thank you so much guys for coding this masterpiece','published','2026-03-06 01:42:53','2026-03-06 01:42:53',NULL),(411,5,NULL,NULL,50,1,'Clean & perfect source code','published','2026-03-06 01:42:53','2026-03-06 01:42:53',NULL),(412,10,NULL,NULL,21,1,'Very enthusiastic support! Excellent code is written. It\'s a true pleasure working with.','published','2026-03-06 01:42:53','2026-03-06 01:42:53',NULL),(413,2,NULL,NULL,6,4,'Cool template. Excellent code quality. The support responds very quickly, which is very rare on themeforest and codecanyon.net, I buy a lot of templates, and everyone will have a response from technical support for two or three days. Thanks to tech support. I recommend to buy.','published','2026-03-06 01:42:53','2026-03-06 01:42:53',NULL),(414,6,NULL,NULL,17,2,'Ok good product. I have some issues in customizations. But its not correct to blame the developer. The product is good. Good luck for your business.','published','2026-03-06 01:42:53','2026-03-06 01:42:53',NULL),(415,2,NULL,NULL,3,3,'The script is the best of its class, fast, easy to implement and work with , and the most important thing is the great support team , Recommend with no doubt.','published','2026-03-06 01:42:53','2026-03-06 01:42:53',NULL),(416,3,NULL,NULL,53,3,'Best ecommerce CMS online store!','published','2026-03-06 01:42:53','2026-03-06 01:42:53',NULL),(417,4,NULL,NULL,3,5,'Ok good product. I have some issues in customizations. But its not correct to blame the developer. The product is good. Good luck for your business.','published','2026-03-06 01:42:53','2026-03-06 01:42:53',NULL),(418,7,NULL,NULL,3,5,'Amazing code, amazing support. Overall, im really confident in Botble and im happy I made the right choice! Thank you so much guys for coding this masterpiece','published','2026-03-06 01:42:53','2026-03-06 01:42:53',NULL),(419,4,NULL,NULL,50,1,'We have received brilliant service support and will be expanding the features with the developer. Nice product!','published','2026-03-06 01:42:53','2026-03-06 01:42:53',NULL),(420,6,NULL,NULL,19,1,'Those guys now what they are doing, the release such a good product that it\'s a pleasure to work with ! Even when I was stuck on the project, I created a ticket and the next day it was replied by the team. GOOD JOB guys. I love working with them :)','published','2026-03-06 01:42:53','2026-03-06 01:42:53',NULL),(421,8,NULL,NULL,14,5,'The script is the best of its class, fast, easy to implement and work with , and the most important thing is the great support team , Recommend with no doubt.','published','2026-03-06 01:42:53','2026-03-06 01:42:53',NULL),(422,7,NULL,NULL,15,1,'As a developer I reviewed this script. This is really awesome ecommerce script. I have convinced when I noticed that it\'s built on fully WordPress concept.','published','2026-03-06 01:42:53','2026-03-06 01:42:53',NULL),(423,6,NULL,NULL,3,4,'Customer Support are grade (A*), however the code is a way too over engineered for it\'s purpose.','published','2026-03-06 01:42:53','2026-03-06 01:42:53',NULL),(424,7,NULL,NULL,1,5,'This script is well coded and is super fast. The support is pretty quick. Very patient and helpful team. I strongly recommend it and they deserve more than 5 stars.','published','2026-03-06 01:42:53','2026-03-06 01:42:53',NULL),(425,2,NULL,NULL,27,2,'The script is the best of its class, fast, easy to implement and work with , and the most important thing is the great support team , Recommend with no doubt.','published','2026-03-06 01:42:53','2026-03-06 01:42:53',NULL),(426,2,NULL,NULL,33,5,'These guys are amazing! Responses immediately, amazing support and help... I immediately feel at ease after Purchasing..','published','2026-03-06 01:42:53','2026-03-06 01:42:53',NULL),(427,5,NULL,NULL,17,3,'Great E-commerce system. And much more : Wonderful Customer Support.','published','2026-03-06 01:42:53','2026-03-06 01:42:53',NULL),(428,3,NULL,NULL,2,1,'Great E-commerce system. And much more : Wonderful Customer Support.','published','2026-03-06 01:42:53','2026-03-06 01:42:53',NULL),(429,4,NULL,NULL,22,4,'The best store template! Excellent coding! Very good support! Thank you so much for all the help, I really appreciated.','published','2026-03-06 01:42:53','2026-03-06 01:42:53',NULL),(430,10,NULL,NULL,31,4,'Those guys now what they are doing, the release such a good product that it\'s a pleasure to work with ! Even when I was stuck on the project, I created a ticket and the next day it was replied by the team. GOOD JOB guys. I love working with them :)','published','2026-03-06 01:42:53','2026-03-06 01:42:53',NULL),(431,8,NULL,NULL,35,4,'Those guys now what they are doing, the release such a good product that it\'s a pleasure to work with ! Even when I was stuck on the project, I created a ticket and the next day it was replied by the team. GOOD JOB guys. I love working with them :)','published','2026-03-06 01:42:53','2026-03-06 01:42:53',NULL),(432,8,NULL,NULL,1,1,'The best store template! Excellent coding! Very good support! Thank you so much for all the help, I really appreciated.','published','2026-03-06 01:42:53','2026-03-06 01:42:53',NULL),(433,9,NULL,NULL,21,1,'Great E-commerce system. And much more : Wonderful Customer Support.','published','2026-03-06 01:42:53','2026-03-06 01:42:53',NULL),(434,6,NULL,NULL,15,4,'Second or third time that I buy a Botble product, happy with the products and support. You guys do a good job :)','published','2026-03-06 01:42:53','2026-03-06 01:42:53',NULL),(435,7,NULL,NULL,46,1,'Good app, good backup service and support. Good documentation.','published','2026-03-06 01:42:53','2026-03-06 01:42:53',NULL),(436,7,NULL,NULL,12,3,'Best ecommerce CMS online store!','published','2026-03-06 01:42:53','2026-03-06 01:42:53',NULL),(437,10,NULL,NULL,36,2,'This script is well coded and is super fast. The support is pretty quick. Very patient and helpful team. I strongly recommend it and they deserve more than 5 stars.','published','2026-03-06 01:42:53','2026-03-06 01:42:53',NULL),(438,7,NULL,NULL,23,3,'Great system, great support, good job Botble. I\'m looking forward to more great functional plugins.','published','2026-03-06 01:42:53','2026-03-06 01:42:53',NULL),(439,5,NULL,NULL,4,2,'For me the best eCommerce script on Envato at this moment: modern, clean code, a lot of great features. The customer support is great too: I always get an answer within hours!','published','2026-03-06 01:42:53','2026-03-06 01:42:53',NULL),(440,10,NULL,NULL,48,2,'For me the best eCommerce script on Envato at this moment: modern, clean code, a lot of great features. The customer support is great too: I always get an answer within hours!','published','2026-03-06 01:42:53','2026-03-06 01:42:53',NULL),(441,4,NULL,NULL,21,3,'Best ecommerce CMS online store!','published','2026-03-06 01:42:53','2026-03-06 01:42:53',NULL),(442,8,NULL,NULL,28,1,'For me the best eCommerce script on Envato at this moment: modern, clean code, a lot of great features. The customer support is great too: I always get an answer within hours!','published','2026-03-06 01:42:53','2026-03-06 01:42:53',NULL),(443,9,NULL,NULL,12,1,'Second or third time that I buy a Botble product, happy with the products and support. You guys do a good job :)','published','2026-03-06 01:42:53','2026-03-06 01:42:53',NULL),(444,5,NULL,NULL,21,3,'Those guys now what they are doing, the release such a good product that it\'s a pleasure to work with ! Even when I was stuck on the project, I created a ticket and the next day it was replied by the team. GOOD JOB guys. I love working with them :)','published','2026-03-06 01:42:53','2026-03-06 01:42:53',NULL),(445,8,NULL,NULL,3,3,'Very enthusiastic support! Excellent code is written. It\'s a true pleasure working with.','published','2026-03-06 01:42:53','2026-03-06 01:42:53',NULL),(446,3,NULL,NULL,26,1,'The script is the best of its class, fast, easy to implement and work with , and the most important thing is the great support team , Recommend with no doubt.','published','2026-03-06 01:42:53','2026-03-06 01:42:53',NULL),(447,2,NULL,NULL,16,2,'For me the best eCommerce script on Envato at this moment: modern, clean code, a lot of great features. The customer support is great too: I always get an answer within hours!','published','2026-03-06 01:42:53','2026-03-06 01:42:53',NULL),(448,5,NULL,NULL,1,4,'Ok good product. I have some issues in customizations. But its not correct to blame the developer. The product is good. Good luck for your business.','published','2026-03-06 01:42:53','2026-03-06 01:42:53',NULL),(449,8,NULL,NULL,33,5,'Great E-commerce system. And much more : Wonderful Customer Support.','published','2026-03-06 01:42:53','2026-03-06 01:42:53',NULL),(450,9,NULL,NULL,14,4,'As a developer I reviewed this script. This is really awesome ecommerce script. I have convinced when I noticed that it\'s built on fully WordPress concept.','published','2026-03-06 01:42:53','2026-03-06 01:42:53',NULL),(451,1,NULL,NULL,52,5,'The best store template! Excellent coding! Very good support! Thank you so much for all the help, I really appreciated.','published','2026-03-06 01:42:53','2026-03-06 01:42:53',NULL),(452,2,NULL,NULL,36,4,'Good app, good backup service and support. Good documentation.','published','2026-03-06 01:42:53','2026-03-06 01:42:53',NULL),(453,9,NULL,NULL,10,2,'This web app is really good in design, code quality & features. Besides, the customer support provided by the Botble team was really fast & helpful. You guys are awesome!','published','2026-03-06 01:42:53','2026-03-06 01:42:53',NULL),(454,10,NULL,NULL,3,2,'Clean & perfect source code','published','2026-03-06 01:42:54','2026-03-06 01:42:54',NULL),(455,10,NULL,NULL,52,5,'The code is good, in general, if you like it, can you give it 5 stars?','published','2026-03-06 01:42:54','2026-03-06 01:42:54',NULL),(456,3,NULL,NULL,41,3,'For me the best eCommerce script on Envato at this moment: modern, clean code, a lot of great features. The customer support is great too: I always get an answer within hours!','published','2026-03-06 01:42:54','2026-03-06 01:42:54',NULL),(457,9,NULL,NULL,46,5,'The script is the best of its class, fast, easy to implement and work with , and the most important thing is the great support team , Recommend with no doubt.','published','2026-03-06 01:42:54','2026-03-06 01:42:54',NULL),(458,7,NULL,NULL,29,2,'The script is the best of its class, fast, easy to implement and work with , and the most important thing is the great support team , Recommend with no doubt.','published','2026-03-06 01:42:54','2026-03-06 01:42:54',NULL),(459,3,NULL,NULL,15,3,'Second or third time that I buy a Botble product, happy with the products and support. You guys do a good job :)','published','2026-03-06 01:42:54','2026-03-06 01:42:54',NULL),(460,4,NULL,NULL,8,2,'Good app, good backup service and support. Good documentation.','published','2026-03-06 01:42:54','2026-03-06 01:42:54',NULL),(461,6,NULL,NULL,38,4,'Very enthusiastic support! Excellent code is written. It\'s a true pleasure working with.','published','2026-03-06 01:42:54','2026-03-06 01:42:54',NULL),(462,9,NULL,NULL,44,4,'This web app is really good in design, code quality & features. Besides, the customer support provided by the Botble team was really fast & helpful. You guys are awesome!','published','2026-03-06 01:42:54','2026-03-06 01:42:54',NULL),(463,4,NULL,NULL,32,4,'Clean & perfect source code','published','2026-03-06 01:42:54','2026-03-06 01:42:54',NULL),(464,2,NULL,NULL,49,4,'Clean & perfect source code','published','2026-03-06 01:42:54','2026-03-06 01:42:54',NULL),(465,1,NULL,NULL,4,1,'Amazing code, amazing support. Overall, im really confident in Botble and im happy I made the right choice! Thank you so much guys for coding this masterpiece','published','2026-03-06 01:42:54','2026-03-06 01:42:54',NULL),(466,6,NULL,NULL,36,4,'Second or third time that I buy a Botble product, happy with the products and support. You guys do a good job :)','published','2026-03-06 01:42:54','2026-03-06 01:42:54',NULL),(467,7,NULL,NULL,52,5,'We have received brilliant service support and will be expanding the features with the developer. Nice product!','published','2026-03-06 01:42:54','2026-03-06 01:42:54',NULL),(468,1,NULL,NULL,7,4,'The best store template! Excellent coding! Very good support! Thank you so much for all the help, I really appreciated.','published','2026-03-06 01:42:54','2026-03-06 01:42:54',NULL),(469,2,NULL,NULL,14,2,'We have received brilliant service support and will be expanding the features with the developer. Nice product!','published','2026-03-06 01:42:54','2026-03-06 01:42:54',NULL),(470,4,NULL,NULL,33,4,'Great E-commerce system. And much more : Wonderful Customer Support.','published','2026-03-06 01:42:54','2026-03-06 01:42:54',NULL),(471,5,NULL,NULL,37,1,'Amazing code, amazing support. Overall, im really confident in Botble and im happy I made the right choice! Thank you so much guys for coding this masterpiece','published','2026-03-06 01:42:54','2026-03-06 01:42:54',NULL),(472,3,NULL,NULL,51,3,'Second or third time that I buy a Botble product, happy with the products and support. You guys do a good job :)','published','2026-03-06 01:42:54','2026-03-06 01:42:54',NULL),(473,9,NULL,NULL,16,2,'Cool template. Excellent code quality. The support responds very quickly, which is very rare on themeforest and codecanyon.net, I buy a lot of templates, and everyone will have a response from technical support for two or three days. Thanks to tech support. I recommend to buy.','published','2026-03-06 01:42:54','2026-03-06 01:42:54',NULL),(474,8,NULL,NULL,48,2,'Amazing code, amazing support. Overall, im really confident in Botble and im happy I made the right choice! Thank you so much guys for coding this masterpiece','published','2026-03-06 01:42:54','2026-03-06 01:42:54',NULL),(475,7,NULL,NULL,11,1,'Good app, good backup service and support. Good documentation.','published','2026-03-06 01:42:54','2026-03-06 01:42:54',NULL),(476,4,NULL,NULL,47,4,'Solution is too robust for our purpose so we didn\'t use it at the end. But I appreciate customer support during initial configuration.','published','2026-03-06 01:42:54','2026-03-06 01:42:54',NULL),(477,1,NULL,NULL,11,5,'Solution is too robust for our purpose so we didn\'t use it at the end. But I appreciate customer support during initial configuration.','published','2026-03-06 01:42:54','2026-03-06 01:42:54',NULL),(478,3,NULL,NULL,39,1,'It\'s not my first experience here on Codecanyon and I can honestly tell you all that Botble puts a LOT of effort into the support. They answer so fast, they helped me tons of times. REALLY by far THE BEST EXPERIENCE on Codecanyon. Those guys at Botble are so good that they deserve 5 stars. I recommend them, I trust them and I can\'t wait to see what they will sell in a near future. Thank you Botble :)','published','2026-03-06 01:42:54','2026-03-06 01:42:54',NULL),(479,1,NULL,NULL,25,3,'Amazing code, amazing support. Overall, im really confident in Botble and im happy I made the right choice! Thank you so much guys for coding this masterpiece','published','2026-03-06 01:42:54','2026-03-06 01:42:54',NULL),(480,1,NULL,NULL,54,4,'Ok good product. I have some issues in customizations. But its not correct to blame the developer. The product is good. Good luck for your business.','published','2026-03-06 01:42:54','2026-03-06 01:42:54',NULL),(481,9,NULL,NULL,48,5,'We have received brilliant service support and will be expanding the features with the developer. Nice product!','published','2026-03-06 01:42:54','2026-03-06 01:42:54',NULL),(482,3,NULL,NULL,14,1,'As a developer I reviewed this script. This is really awesome ecommerce script. I have convinced when I noticed that it\'s built on fully WordPress concept.','published','2026-03-06 01:42:54','2026-03-06 01:42:54',NULL),(483,3,NULL,NULL,8,4,'Solution is too robust for our purpose so we didn\'t use it at the end. But I appreciate customer support during initial configuration.','published','2026-03-06 01:42:54','2026-03-06 01:42:54',NULL),(484,6,NULL,NULL,22,1,'Good app, good backup service and support. Good documentation.','published','2026-03-06 01:42:54','2026-03-06 01:42:54',NULL),(485,9,NULL,NULL,33,3,'Ok good product. I have some issues in customizations. But its not correct to blame the developer. The product is good. Good luck for your business.','published','2026-03-06 01:42:54','2026-03-06 01:42:54',NULL),(486,5,NULL,NULL,6,2,'These guys are amazing! Responses immediately, amazing support and help... I immediately feel at ease after Purchasing..','published','2026-03-06 01:42:54','2026-03-06 01:42:54',NULL),(487,5,NULL,NULL,16,5,'Perfect +++++++++ i love it really also i get to fast ticket answers... Thanks Lot BOTBLE Teams','published','2026-03-06 01:42:54','2026-03-06 01:42:54',NULL),(488,4,NULL,NULL,19,4,'Good app, good backup service and support. Good documentation.','published','2026-03-06 01:42:54','2026-03-06 01:42:54',NULL),(489,10,NULL,NULL,4,2,'These guys are amazing! Responses immediately, amazing support and help... I immediately feel at ease after Purchasing..','published','2026-03-06 01:42:54','2026-03-06 01:42:54',NULL),(490,3,NULL,NULL,54,2,'Cool template. Excellent code quality. The support responds very quickly, which is very rare on themeforest and codecanyon.net, I buy a lot of templates, and everyone will have a response from technical support for two or three days. Thanks to tech support. I recommend to buy.','published','2026-03-06 01:42:54','2026-03-06 01:42:54',NULL),(491,9,NULL,NULL,51,5,'Great system, great support, good job Botble. I\'m looking forward to more great functional plugins.','published','2026-03-06 01:42:54','2026-03-06 01:42:54',NULL),(492,5,NULL,NULL,35,1,'Amazing code, amazing support. Overall, im really confident in Botble and im happy I made the right choice! Thank you so much guys for coding this masterpiece','published','2026-03-06 01:42:54','2026-03-06 01:42:54',NULL),(493,4,NULL,NULL,41,3,'Ok good product. I have some issues in customizations. But its not correct to blame the developer. The product is good. Good luck for your business.','published','2026-03-06 01:42:54','2026-03-06 01:42:54',NULL),(494,5,NULL,NULL,45,2,'We have received brilliant service support and will be expanding the features with the developer. Nice product!','published','2026-03-06 01:42:54','2026-03-06 01:42:54',NULL),(495,7,NULL,NULL,38,3,'This web app is really good in design, code quality & features. Besides, the customer support provided by the Botble team was really fast & helpful. You guys are awesome!','published','2026-03-06 01:42:54','2026-03-06 01:42:54',NULL),(496,10,NULL,NULL,30,5,'Customer Support are grade (A*), however the code is a way too over engineered for it\'s purpose.','published','2026-03-06 01:42:54','2026-03-06 01:42:54',NULL),(497,7,NULL,NULL,24,1,'Very enthusiastic support! Excellent code is written. It\'s a true pleasure working with.','published','2026-03-06 01:42:54','2026-03-06 01:42:54',NULL),(498,3,NULL,NULL,44,3,'It\'s not my first experience here on Codecanyon and I can honestly tell you all that Botble puts a LOT of effort into the support. They answer so fast, they helped me tons of times. REALLY by far THE BEST EXPERIENCE on Codecanyon. Those guys at Botble are so good that they deserve 5 stars. I recommend them, I trust them and I can\'t wait to see what they will sell in a near future. Thank you Botble :)','published','2026-03-06 01:42:54','2026-03-06 01:42:54',NULL),(499,8,NULL,NULL,11,2,'Amazing code, amazing support. Overall, im really confident in Botble and im happy I made the right choice! Thank you so much guys for coding this masterpiece','published','2026-03-06 01:42:54','2026-03-06 01:42:54',NULL),(500,6,NULL,NULL,48,4,'Great system, great support, good job Botble. I\'m looking forward to more great functional plugins.','published','2026-03-06 01:42:54','2026-03-06 01:42:54',NULL),(501,9,NULL,NULL,42,2,'For me the best eCommerce script on Envato at this moment: modern, clean code, a lot of great features. The customer support is great too: I always get an answer within hours!','published','2026-03-06 01:42:54','2026-03-06 01:42:54',NULL),(502,2,NULL,NULL,20,1,'Perfect +++++++++ i love it really also i get to fast ticket answers... Thanks Lot BOTBLE Teams','published','2026-03-06 01:42:54','2026-03-06 01:42:54',NULL),(503,5,NULL,NULL,40,2,'Amazing code, amazing support. Overall, im really confident in Botble and im happy I made the right choice! Thank you so much guys for coding this masterpiece','published','2026-03-06 01:42:54','2026-03-06 01:42:54',NULL),(504,5,NULL,NULL,12,2,'Very enthusiastic support! Excellent code is written. It\'s a true pleasure working with.','published','2026-03-06 01:42:54','2026-03-06 01:42:54',NULL),(505,5,NULL,NULL,26,1,'Customer Support are grade (A*), however the code is a way too over engineered for it\'s purpose.','published','2026-03-06 01:42:54','2026-03-06 01:42:54',NULL),(506,3,NULL,NULL,20,4,'Best ecommerce CMS online store!','published','2026-03-06 01:42:54','2026-03-06 01:42:54',NULL),(507,10,NULL,NULL,1,3,'Great system, great support, good job Botble. I\'m looking forward to more great functional plugins.','published','2026-03-06 01:42:54','2026-03-06 01:42:54',NULL),(508,2,NULL,NULL,10,4,'These guys are amazing! Responses immediately, amazing support and help... I immediately feel at ease after Purchasing..','published','2026-03-06 01:42:54','2026-03-06 01:42:54',NULL),(509,3,NULL,NULL,29,5,'Customer Support are grade (A*), however the code is a way too over engineered for it\'s purpose.','published','2026-03-06 01:42:54','2026-03-06 01:42:54',NULL),(510,7,NULL,NULL,9,4,'These guys are amazing! Responses immediately, amazing support and help... I immediately feel at ease after Purchasing..','published','2026-03-06 01:42:54','2026-03-06 01:42:54',NULL),(511,5,NULL,NULL,5,3,'The best store template! Excellent coding! Very good support! Thank you so much for all the help, I really appreciated.','published','2026-03-06 01:42:54','2026-03-06 01:42:54',NULL),(512,4,NULL,NULL,12,3,'Clean & perfect source code','published','2026-03-06 01:42:54','2026-03-06 01:42:54',NULL),(513,2,NULL,NULL,13,3,'Cool template. Excellent code quality. The support responds very quickly, which is very rare on themeforest and codecanyon.net, I buy a lot of templates, and everyone will have a response from technical support for two or three days. Thanks to tech support. I recommend to buy.','published','2026-03-06 01:42:54','2026-03-06 01:42:54',NULL),(514,4,NULL,NULL,20,4,'Great system, great support, good job Botble. I\'m looking forward to more great functional plugins.','published','2026-03-06 01:42:54','2026-03-06 01:42:54',NULL),(515,1,NULL,NULL,23,3,'Customer Support are grade (A*), however the code is a way too over engineered for it\'s purpose.','published','2026-03-06 01:42:54','2026-03-06 01:42:54',NULL),(516,3,NULL,NULL,12,3,'Amazing code, amazing support. Overall, im really confident in Botble and im happy I made the right choice! Thank you so much guys for coding this masterpiece','published','2026-03-06 01:42:54','2026-03-06 01:42:54',NULL),(517,9,NULL,NULL,18,2,'The best store template! Excellent coding! Very good support! Thank you so much for all the help, I really appreciated.','published','2026-03-06 01:42:54','2026-03-06 01:42:54',NULL),(518,6,NULL,NULL,1,5,'Clean & perfect source code','published','2026-03-06 01:42:54','2026-03-06 01:42:54',NULL),(519,8,NULL,NULL,18,2,'Best ecommerce CMS online store!','published','2026-03-06 01:42:54','2026-03-06 01:42:54',NULL),(520,4,NULL,NULL,4,5,'Very enthusiastic support! Excellent code is written. It\'s a true pleasure working with.','published','2026-03-06 01:42:54','2026-03-06 01:42:54',NULL),(521,9,NULL,NULL,9,4,'The best store template! Excellent coding! Very good support! Thank you so much for all the help, I really appreciated.','published','2026-03-06 01:42:54','2026-03-06 01:42:54',NULL),(522,6,NULL,NULL,5,1,'Those guys now what they are doing, the release such a good product that it\'s a pleasure to work with ! Even when I was stuck on the project, I created a ticket and the next day it was replied by the team. GOOD JOB guys. I love working with them :)','published','2026-03-06 01:42:54','2026-03-06 01:42:54',NULL),(523,6,NULL,NULL,24,2,'Good app, good backup service and support. Good documentation.','published','2026-03-06 01:42:54','2026-03-06 01:42:54',NULL),(524,10,NULL,NULL,35,3,'The best store template! Excellent coding! Very good support! Thank you so much for all the help, I really appreciated.','published','2026-03-06 01:42:54','2026-03-06 01:42:54',NULL);

--
-- Table structure for table `ec_shared_wishlists`
--

CREATE TABLE `ec_shared_wishlists` (
  `id` bigint unsigned NOT NULL AUTO_INCREMENT,
  `code` varchar(191) COLLATE utf8mb4_unicode_ci NOT NULL,
  `product_ids` text COLLATE utf8mb4_unicode_ci,
  `created_at` timestamp NULL DEFAULT NULL,
  `updated_at` timestamp NULL DEFAULT NULL,
  PRIMARY KEY (`id`),
  UNIQUE KEY `ec_shared_wishlists_code_unique` (`code`)
) ENGINE=InnoDB DEFAULT CHARSET=utf8mb4 COLLATE=utf8mb4_unicode_ci;

--
-- Dumping data for table `ec_shared_wishlists`
--


--
-- Table structure for table `ec_shipment_histories`
--

CREATE TABLE `ec_shipment_histories` (
  `id` bigint unsigned NOT NULL AUTO_INCREMENT,
  `action` varchar(120) COLLATE utf8mb4_unicode_ci NOT NULL,
  `description` varchar(400) COLLATE utf8mb4_unicode_ci DEFAULT NULL,
  `user_id` bigint unsigned DEFAULT NULL,
  `shipment_id` bigint unsigned NOT NULL,
  `order_id` bigint unsigned NOT NULL,
  `created_at` timestamp NULL DEFAULT NULL,
  `updated_at` timestamp NULL DEFAULT NULL,
  `user_type` varchar(191) COLLATE utf8mb4_unicode_ci NOT NULL DEFAULT 'Botble\\ACL\\Models\\User',
  PRIMARY KEY (`id`)
) ENGINE=InnoDB DEFAULT CHARSET=utf8mb4 COLLATE=utf8mb4_unicode_ci;

--
-- Dumping data for table `ec_shipment_histories`
--


--
-- Table structure for table `ec_shipments`
--

CREATE TABLE `ec_shipments` (
  `id` bigint unsigned NOT NULL AUTO_INCREMENT,
  `order_id` bigint unsigned NOT NULL,
  `user_id` bigint unsigned DEFAULT NULL,
  `weight` double DEFAULT '0',
  `shipment_id` varchar(120) COLLATE utf8mb4_unicode_ci DEFAULT NULL,
  `rate_id` varchar(120) COLLATE utf8mb4_unicode_ci DEFAULT NULL,
  `note` text COLLATE utf8mb4_unicode_ci,
  `status` varchar(120) COLLATE utf8mb4_unicode_ci NOT NULL DEFAULT 'pending',
  `cod_amount` decimal(15,2) DEFAULT '0.00',
  `cod_status` varchar(60) COLLATE utf8mb4_unicode_ci NOT NULL DEFAULT 'pending',
  `cross_checking_status` varchar(60) COLLATE utf8mb4_unicode_ci NOT NULL DEFAULT 'pending',
  `price` decimal(15,2) DEFAULT '0.00',
  `store_id` bigint unsigned DEFAULT NULL,
  `created_at` timestamp NULL DEFAULT NULL,
  `updated_at` timestamp NULL DEFAULT NULL,
  `tracking_id` varchar(191) COLLATE utf8mb4_unicode_ci DEFAULT NULL,
  `shipping_company_name` varchar(191) COLLATE utf8mb4_unicode_ci DEFAULT NULL,
  `tracking_link` varchar(191) COLLATE utf8mb4_unicode_ci DEFAULT NULL,
  `estimate_date_shipped` datetime DEFAULT NULL,
  `date_shipped` datetime DEFAULT NULL,
  `customer_delivered_confirmed_at` timestamp NULL DEFAULT NULL,
  `label_url` text COLLATE utf8mb4_unicode_ci,
  `metadata` mediumtext COLLATE utf8mb4_unicode_ci,
  PRIMARY KEY (`id`),
  UNIQUE KEY `ec_shipments_order_id_unique` (`order_id`)
) ENGINE=InnoDB DEFAULT CHARSET=utf8mb4 COLLATE=utf8mb4_unicode_ci;

--
-- Dumping data for table `ec_shipments`
--


--
-- Table structure for table `ec_shipping`
--

CREATE TABLE `ec_shipping` (
  `id` bigint unsigned NOT NULL AUTO_INCREMENT,
  `title` varchar(191) COLLATE utf8mb4_unicode_ci DEFAULT NULL,
  `country` varchar(120) COLLATE utf8mb4_unicode_ci DEFAULT NULL,
  `created_at` timestamp NULL DEFAULT NULL,
  `updated_at` timestamp NULL DEFAULT NULL,
  PRIMARY KEY (`id`)
) ENGINE=InnoDB AUTO_INCREMENT=2 DEFAULT CHARSET=utf8mb4 COLLATE=utf8mb4_unicode_ci;

--
-- Dumping data for table `ec_shipping`
--

INSERT INTO `ec_shipping` VALUES (1,'All',NULL,'2026-03-06 01:42:54','2026-03-06 01:42:54');

--
-- Table structure for table `ec_shipping_rule_items`
--

CREATE TABLE `ec_shipping_rule_items` (
  `id` bigint unsigned NOT NULL AUTO_INCREMENT,
  `shipping_rule_id` bigint unsigned NOT NULL,
  `name` varchar(120) COLLATE utf8mb4_unicode_ci DEFAULT NULL,
  `country` varchar(120) COLLATE utf8mb4_unicode_ci DEFAULT NULL,
  `state` varchar(120) COLLATE utf8mb4_unicode_ci DEFAULT NULL,
  `city` varchar(120) COLLATE utf8mb4_unicode_ci DEFAULT NULL,
  `zip_code` varchar(20) COLLATE utf8mb4_unicode_ci DEFAULT NULL,
  `zip_code_from` varchar(20) COLLATE utf8mb4_unicode_ci DEFAULT NULL,
  `zip_code_to` varchar(20) COLLATE utf8mb4_unicode_ci DEFAULT NULL,
  `adjustment_price` decimal(15,2) DEFAULT '0.00',
  `is_enabled` tinyint(1) NOT NULL DEFAULT '1',
  `created_at` timestamp NULL DEFAULT NULL,
  `updated_at` timestamp NULL DEFAULT NULL,
  PRIMARY KEY (`id`),
  KEY `idx_zip_range` (`zip_code_from`,`zip_code_to`)
) ENGINE=InnoDB DEFAULT CHARSET=utf8mb4 COLLATE=utf8mb4_unicode_ci;

--
-- Dumping data for table `ec_shipping_rule_items`
--


--
-- Table structure for table `ec_shipping_rules`
--

CREATE TABLE `ec_shipping_rules` (
  `id` bigint unsigned NOT NULL AUTO_INCREMENT,
  `name` varchar(120) COLLATE utf8mb4_unicode_ci NOT NULL,
  `shipping_id` bigint unsigned NOT NULL,
  `type` varchar(24) COLLATE utf8mb4_unicode_ci DEFAULT 'based_on_price',
  `from` decimal(15,2) DEFAULT '0.00',
  `to` decimal(15,2) DEFAULT '0.00',
  `price` decimal(15,2) DEFAULT '0.00',
  `created_at` timestamp NULL DEFAULT NULL,
  `updated_at` timestamp NULL DEFAULT NULL,
  PRIMARY KEY (`id`)
) ENGINE=InnoDB AUTO_INCREMENT=4 DEFAULT CHARSET=utf8mb4 COLLATE=utf8mb4_unicode_ci;

--
-- Dumping data for table `ec_shipping_rules`
--

INSERT INTO `ec_shipping_rules` VALUES (1,'Free delivery',1,'based_on_price',1000.00,NULL,0.00,'2026-03-06 01:42:54','2026-03-06 01:42:54'),(2,'Flat Rate',1,'based_on_price',0.00,NULL,20.00,'2026-03-06 01:42:54','2026-03-06 01:42:54'),(3,'Local Pickup',1,'based_on_price',0.00,NULL,0.00,'2026-03-06 01:42:54','2026-03-06 01:42:54');

--
-- Table structure for table `ec_specification_attributes`
--

CREATE TABLE `ec_specification_attributes` (
  `id` bigint unsigned NOT NULL AUTO_INCREMENT,
  `group_id` bigint unsigned NOT NULL,
  `name` varchar(191) COLLATE utf8mb4_unicode_ci NOT NULL,
  `type` varchar(20) COLLATE utf8mb4_unicode_ci NOT NULL,
  `options` text COLLATE utf8mb4_unicode_ci,
  `default_value` varchar(191) COLLATE utf8mb4_unicode_ci DEFAULT NULL,
  `created_at` timestamp NULL DEFAULT NULL,
  `updated_at` timestamp NULL DEFAULT NULL,
  `author_type` varchar(191) COLLATE utf8mb4_unicode_ci DEFAULT NULL,
  `author_id` bigint unsigned DEFAULT NULL,
  PRIMARY KEY (`id`),
  KEY `ec_specification_attributes_author_type_author_id_index` (`author_type`,`author_id`)
) ENGINE=InnoDB AUTO_INCREMENT=11 DEFAULT CHARSET=utf8mb4 COLLATE=utf8mb4_unicode_ci;

--
-- Dumping data for table `ec_specification_attributes`
--

INSERT INTO `ec_specification_attributes` VALUES (1,1,'Height','text',NULL,NULL,'2026-03-06 01:42:57','2026-03-06 01:42:57',NULL,NULL),(2,1,'Width','text',NULL,NULL,'2026-03-06 01:42:57','2026-03-06 01:42:57',NULL,NULL),(3,1,'Weight','text',NULL,NULL,'2026-03-06 01:42:57','2026-03-06 01:42:57',NULL,NULL),(4,2,'Power','text',NULL,NULL,'2026-03-06 01:42:57','2026-03-06 01:42:57',NULL,NULL),(5,2,'Speed','text',NULL,NULL,'2026-03-06 01:42:57','2026-03-06 01:42:57',NULL,NULL),(6,3,'Battery Life','text',NULL,NULL,'2026-03-06 01:42:57','2026-03-06 01:42:57',NULL,NULL),(7,4,'Screen Size','text',NULL,NULL,'2026-03-06 01:42:57','2026-03-06 01:42:57',NULL,NULL),(8,4,'Resolution','select','[{\"id\":\"res_1080p\",\"value\":\"1920x1080\"},{\"id\":\"res_1440p\",\"value\":\"2560x1440\"},{\"id\":\"res_4k\",\"value\":\"3840x2160\"}]',NULL,'2026-03-06 01:42:57','2026-03-06 01:42:57',NULL,NULL),(9,4,'Panel Type','select','[{\"id\":\"panel_ips\",\"value\":\"IPS\"},{\"id\":\"panel_va\",\"value\":\"VA\"},{\"id\":\"panel_tn\",\"value\":\"TN\"},{\"id\":\"panel_oled\",\"value\":\"OLED\"}]',NULL,'2026-03-06 01:42:57','2026-03-06 01:42:57',NULL,NULL),(10,4,'HDR Support','radio','[{\"id\":\"hdr_10\",\"value\":\"HDR10\"},{\"id\":\"hdr_10plus\",\"value\":\"HDR10+\"},{\"id\":\"hdr_dolby\",\"value\":\"Dolby Vision\"},{\"id\":\"hdr_none\",\"value\":\"None\"}]',NULL,'2026-03-06 01:42:57','2026-03-06 01:42:57',NULL,NULL);

--
-- Table structure for table `ec_specification_attributes_translations`
--

CREATE TABLE `ec_specification_attributes_translations` (
  `lang_code` varchar(20) COLLATE utf8mb4_unicode_ci NOT NULL,
  `ec_specification_attributes_id` bigint unsigned NOT NULL,
  `name` varchar(191) COLLATE utf8mb4_unicode_ci DEFAULT NULL,
  `options` text COLLATE utf8mb4_unicode_ci,
  `default_value` varchar(191) COLLATE utf8mb4_unicode_ci DEFAULT NULL,
  PRIMARY KEY (`lang_code`,`ec_specification_attributes_id`),
  KEY `idx_specification_attributes_fk` (`ec_specification_attributes_id`),
  KEY `idx_specification_attributes_specification_attributes_lang` (`ec_specification_attributes_id`,`lang_code`)
) ENGINE=InnoDB DEFAULT CHARSET=utf8mb4 COLLATE=utf8mb4_unicode_ci;

--
-- Dumping data for table `ec_specification_attributes_translations`
--

INSERT INTO `ec_specification_attributes_translations` VALUES ('ar',1,'الارتفاع',NULL,NULL),('ar',2,'العرض',NULL,NULL),('ar',3,'الوزن',NULL,NULL),('ar',4,'الطاقة',NULL,NULL),('ar',5,'السرعة',NULL,NULL),('ar',6,'عمر البطارية',NULL,NULL),('ar',7,'حجم الشاشة',NULL,NULL),('ar',8,'الدقة',NULL,NULL),('ar',9,'نوع اللوحة','[{\"id\":\"panel_ips\",\"value\":\"IPS\"},{\"id\":\"panel_va\",\"value\":\"VA\"},{\"id\":\"panel_tn\",\"value\":\"TN\"},{\"id\":\"panel_oled\",\"value\":\"OLED\"}]',NULL),('ar',10,'دعم HDR','[{\"id\":\"hdr_10\",\"value\":\"HDR10\"},{\"id\":\"hdr_10plus\",\"value\":\"HDR10+\"},{\"id\":\"hdr_dolby\",\"value\":\"Dolby Vision\"},{\"id\":\"hdr_none\",\"value\":\"\\u0644\\u0627 \\u064a\\u0648\\u062c\\u062f\"}]',NULL),('fr',1,'Height',NULL,NULL),('fr',2,'Width',NULL,NULL),('fr',3,'Weight',NULL,NULL),('fr',4,'Power',NULL,NULL),('fr',5,'Speed',NULL,NULL),('fr',6,'Battery Life',NULL,NULL),('fr',7,'Screen Size',NULL,NULL),('fr',8,'Resolution',NULL,NULL),('fr',9,'Panel Type',NULL,NULL),('fr',10,'HDR Support',NULL,NULL),('id',1,'Height',NULL,NULL),('id',2,'Width',NULL,NULL),('id',3,'Weight',NULL,NULL),('id',4,'Power',NULL,NULL),('id',5,'Speed',NULL,NULL),('id',6,'Battery Life',NULL,NULL),('id',7,'Screen Size',NULL,NULL),('id',8,'Resolution',NULL,NULL),('id',9,'Panel Type',NULL,NULL),('id',10,'HDR Support',NULL,NULL),('tr',1,'Height',NULL,NULL),('tr',2,'Width',NULL,NULL),('tr',3,'Weight',NULL,NULL),('tr',4,'Power',NULL,NULL),('tr',5,'Speed',NULL,NULL),('tr',6,'Battery Life',NULL,NULL),('tr',7,'Screen Size',NULL,NULL),('tr',8,'Resolution',NULL,NULL),('tr',9,'Panel Type',NULL,NULL),('tr',10,'HDR Support',NULL,NULL),('vi',1,'Chiều cao',NULL,NULL),('vi',2,'Chiều rộng',NULL,NULL),('vi',3,'Cân nặng',NULL,NULL),('vi',4,'Công suất',NULL,NULL),('vi',5,'Tốc độ',NULL,NULL),('vi',6,'Thời lượng pin',NULL,NULL),('vi',7,'Kích thước màn hình',NULL,NULL),('vi',8,'Độ phân giải',NULL,NULL),('vi',9,'Loại tấm nền','[{\"id\":\"panel_ips\",\"value\":\"IPS\"},{\"id\":\"panel_va\",\"value\":\"VA\"},{\"id\":\"panel_tn\",\"value\":\"TN\"},{\"id\":\"panel_oled\",\"value\":\"OLED\"}]',NULL),('vi',10,'Hỗ trợ HDR','[{\"id\":\"hdr_10\",\"value\":\"HDR10\"},{\"id\":\"hdr_10plus\",\"value\":\"HDR10+\"},{\"id\":\"hdr_dolby\",\"value\":\"Dolby Vision\"},{\"id\":\"hdr_none\",\"value\":\"Kh\\u00f4ng h\\u1ed7 tr\\u1ee3\"}]',NULL);

--
-- Table structure for table `ec_specification_groups`
--

CREATE TABLE `ec_specification_groups` (
  `id` bigint unsigned NOT NULL AUTO_INCREMENT,
  `name` varchar(191) COLLATE utf8mb4_unicode_ci NOT NULL,
  `description` varchar(400) COLLATE utf8mb4_unicode_ci DEFAULT NULL,
  `created_at` timestamp NULL DEFAULT NULL,
  `updated_at` timestamp NULL DEFAULT NULL,
  `author_type` varchar(191) COLLATE utf8mb4_unicode_ci DEFAULT NULL,
  `author_id` bigint unsigned DEFAULT NULL,
  PRIMARY KEY (`id`),
  KEY `ec_specification_groups_author_type_author_id_index` (`author_type`,`author_id`)
) ENGINE=InnoDB AUTO_INCREMENT=5 DEFAULT CHARSET=utf8mb4 COLLATE=utf8mb4_unicode_ci;

--
-- Dumping data for table `ec_specification_groups`
--

INSERT INTO `ec_specification_groups` VALUES (1,'Dimensions',NULL,'2026-03-06 01:42:57','2026-03-06 01:42:57',NULL,NULL),(2,'Performance',NULL,'2026-03-06 01:42:57','2026-03-06 01:42:57',NULL,NULL),(3,'Battery',NULL,'2026-03-06 01:42:57','2026-03-06 01:42:57',NULL,NULL),(4,'Display',NULL,'2026-03-06 01:42:57','2026-03-06 01:42:57',NULL,NULL);

--
-- Table structure for table `ec_specification_groups_translations`
--

CREATE TABLE `ec_specification_groups_translations` (
  `lang_code` varchar(20) COLLATE utf8mb4_unicode_ci NOT NULL,
  `ec_specification_groups_id` bigint unsigned NOT NULL,
  `name` varchar(191) COLLATE utf8mb4_unicode_ci DEFAULT NULL,
  `description` varchar(400) COLLATE utf8mb4_unicode_ci DEFAULT NULL,
  PRIMARY KEY (`lang_code`,`ec_specification_groups_id`)
) ENGINE=InnoDB DEFAULT CHARSET=utf8mb4 COLLATE=utf8mb4_unicode_ci;

--
-- Dumping data for table `ec_specification_groups_translations`
--

INSERT INTO `ec_specification_groups_translations` VALUES ('ar',1,'الأبعاد',NULL),('ar',2,'الأداء',NULL),('ar',3,'البطارية',NULL),('ar',4,'الشاشة',NULL),('fr',1,'Dimensions',NULL),('fr',2,'Performance',NULL),('fr',3,'Battery',NULL),('fr',4,'Display',NULL),('id',1,'Dimensions',NULL),('id',2,'Performance',NULL),('id',3,'Battery',NULL),('id',4,'Display',NULL),('tr',1,'Dimensions',NULL),('tr',2,'Performance',NULL),('tr',3,'Battery',NULL),('tr',4,'Display',NULL),('vi',1,'Kích thước',NULL),('vi',2,'Hiệu suất',NULL),('vi',3,'Pin',NULL),('vi',4,'Màn hình',NULL);

--
-- Table structure for table `ec_specification_table_group`
--

CREATE TABLE `ec_specification_table_group` (
  `table_id` bigint unsigned NOT NULL,
  `group_id` bigint unsigned NOT NULL,
  `order` tinyint NOT NULL DEFAULT '0',
  PRIMARY KEY (`table_id`,`group_id`)
) ENGINE=InnoDB DEFAULT CHARSET=utf8mb4 COLLATE=utf8mb4_unicode_ci;

--
-- Dumping data for table `ec_specification_table_group`
--

INSERT INTO `ec_specification_table_group` VALUES (1,1,0),(1,2,0),(2,3,0),(2,4,0);

--
-- Table structure for table `ec_specification_tables`
--

CREATE TABLE `ec_specification_tables` (
  `id` bigint unsigned NOT NULL AUTO_INCREMENT,
  `name` varchar(191) COLLATE utf8mb4_unicode_ci NOT NULL,
  `description` varchar(400) COLLATE utf8mb4_unicode_ci DEFAULT NULL,
  `created_at` timestamp NULL DEFAULT NULL,
  `updated_at` timestamp NULL DEFAULT NULL,
  `author_type` varchar(191) COLLATE utf8mb4_unicode_ci DEFAULT NULL,
  `author_id` bigint unsigned DEFAULT NULL,
  PRIMARY KEY (`id`),
  KEY `ec_specification_tables_author_type_author_id_index` (`author_type`,`author_id`)
) ENGINE=InnoDB AUTO_INCREMENT=3 DEFAULT CHARSET=utf8mb4 COLLATE=utf8mb4_unicode_ci;

--
-- Dumping data for table `ec_specification_tables`
--

INSERT INTO `ec_specification_tables` VALUES (1,'General Specification',NULL,'2026-03-06 01:42:57','2026-03-06 01:42:57',NULL,NULL),(2,'Technical Specification',NULL,'2026-03-06 01:42:57','2026-03-06 01:42:57',NULL,NULL);

--
-- Table structure for table `ec_specification_tables_translations`
--

CREATE TABLE `ec_specification_tables_translations` (
  `lang_code` varchar(20) COLLATE utf8mb4_unicode_ci NOT NULL,
  `ec_specification_tables_id` bigint unsigned NOT NULL,
  `name` varchar(191) COLLATE utf8mb4_unicode_ci DEFAULT NULL,
  `description` varchar(400) COLLATE utf8mb4_unicode_ci DEFAULT NULL,
  PRIMARY KEY (`lang_code`,`ec_specification_tables_id`)
) ENGINE=InnoDB DEFAULT CHARSET=utf8mb4 COLLATE=utf8mb4_unicode_ci;

--
-- Dumping data for table `ec_specification_tables_translations`
--

INSERT INTO `ec_specification_tables_translations` VALUES ('ar',1,'المواصفات العامة',NULL),('ar',2,'المواصفات الفنية',NULL),('fr',1,'General Specification',NULL),('fr',2,'Technical Specification',NULL),('id',1,'General Specification',NULL),('id',2,'Technical Specification',NULL),('tr',1,'General Specification',NULL),('tr',2,'Technical Specification',NULL),('vi',1,'Thông số chung',NULL),('vi',2,'Thông số kỹ thuật',NULL);

--
-- Table structure for table `ec_store_locators`
--

CREATE TABLE `ec_store_locators` (
  `id` bigint unsigned NOT NULL AUTO_INCREMENT,
  `name` varchar(60) COLLATE utf8mb4_unicode_ci NOT NULL,
  `email` varchar(60) COLLATE utf8mb4_unicode_ci DEFAULT NULL,
  `phone` varchar(20) COLLATE utf8mb4_unicode_ci NOT NULL,
  `address` varchar(191) COLLATE utf8mb4_unicode_ci NOT NULL,
  `country` varchar(120) COLLATE utf8mb4_unicode_ci DEFAULT NULL,
  `state` varchar(120) COLLATE utf8mb4_unicode_ci DEFAULT NULL,
  `city` varchar(120) COLLATE utf8mb4_unicode_ci DEFAULT NULL,
  `is_primary` tinyint(1) DEFAULT '0',
  `is_shipping_location` tinyint(1) DEFAULT '1',
  `created_at` timestamp NULL DEFAULT NULL,
  `updated_at` timestamp NULL DEFAULT NULL,
  `zip_code` varchar(20) COLLATE utf8mb4_unicode_ci DEFAULT NULL,
  PRIMARY KEY (`id`)
) ENGINE=InnoDB AUTO_INCREMENT=2 DEFAULT CHARSET=utf8mb4 COLLATE=utf8mb4_unicode_ci;

--
-- Dumping data for table `ec_store_locators`
--

INSERT INTO `ec_store_locators` VALUES (1,'Martfury','sales@botble.com','1800979769','502 New Street','AU','Brighton VIC','Brighton VIC',1,1,'2026-03-06 01:42:59','2026-03-06 01:42:59',NULL);

--
-- Table structure for table `ec_tax_products`
--

CREATE TABLE `ec_tax_products` (
  `tax_id` bigint unsigned NOT NULL,
  `product_id` bigint unsigned NOT NULL,
  PRIMARY KEY (`product_id`,`tax_id`),
  KEY `ec_tax_products_tax_id_index` (`tax_id`),
  KEY `ec_tax_products_product_id_index` (`product_id`)
) ENGINE=InnoDB DEFAULT CHARSET=utf8mb4 COLLATE=utf8mb4_unicode_ci;

--
-- Dumping data for table `ec_tax_products`
--


--
-- Table structure for table `ec_tax_rules`
--

CREATE TABLE `ec_tax_rules` (
  `id` bigint unsigned NOT NULL AUTO_INCREMENT,
  `tax_id` bigint unsigned NOT NULL,
  `country` varchar(120) COLLATE utf8mb4_unicode_ci DEFAULT NULL,
  `state` varchar(120) COLLATE utf8mb4_unicode_ci DEFAULT NULL,
  `city` varchar(120) COLLATE utf8mb4_unicode_ci DEFAULT NULL,
  `zip_code` varchar(20) COLLATE utf8mb4_unicode_ci DEFAULT NULL,
  `priority` int DEFAULT NULL,
  `is_enabled` tinyint(1) NOT NULL DEFAULT '1',
  `created_at` timestamp NULL DEFAULT NULL,
  `updated_at` timestamp NULL DEFAULT NULL,
  `percentage` float DEFAULT NULL,
  PRIMARY KEY (`id`)
) ENGINE=InnoDB DEFAULT CHARSET=utf8mb4 COLLATE=utf8mb4_unicode_ci;

--
-- Dumping data for table `ec_tax_rules`
--


--
-- Table structure for table `ec_taxes`
--

CREATE TABLE `ec_taxes` (
  `id` bigint unsigned NOT NULL AUTO_INCREMENT,
  `title` varchar(191) COLLATE utf8mb4_unicode_ci DEFAULT NULL,
  `percentage` float DEFAULT NULL,
  `priority` int DEFAULT NULL,
  `status` varchar(60) COLLATE utf8mb4_unicode_ci NOT NULL DEFAULT 'published',
  `created_at` timestamp NULL DEFAULT NULL,
  `updated_at` timestamp NULL DEFAULT NULL,
  PRIMARY KEY (`id`)
) ENGINE=InnoDB AUTO_INCREMENT=4 DEFAULT CHARSET=utf8mb4 COLLATE=utf8mb4_unicode_ci;

--
-- Dumping data for table `ec_taxes`
--

INSERT INTO `ec_taxes` VALUES (1,'VAT',10,1,'published','2026-03-06 01:42:54','2026-03-06 01:42:54'),(2,'None',0,2,'published','2026-03-06 01:42:54','2026-03-06 01:42:54'),(3,'Import Tax',15,3,'published','2026-03-06 01:42:54','2026-03-06 01:42:54');

--
-- Table structure for table `ec_taxes_translations`
--

CREATE TABLE `ec_taxes_translations` (
  `lang_code` varchar(191) COLLATE utf8mb4_unicode_ci NOT NULL,
  `ec_taxes_id` bigint unsigned NOT NULL,
  `title` varchar(191) COLLATE utf8mb4_unicode_ci DEFAULT NULL,
  PRIMARY KEY (`lang_code`,`ec_taxes_id`)
) ENGINE=InnoDB DEFAULT CHARSET=utf8mb4 COLLATE=utf8mb4_unicode_ci;

--
-- Dumping data for table `ec_taxes_translations`
--


--
-- Table structure for table `ec_wish_lists`
--

CREATE TABLE `ec_wish_lists` (
  `customer_id` bigint unsigned NOT NULL,
  `product_id` bigint unsigned NOT NULL,
  `created_at` timestamp NULL DEFAULT NULL,
  `updated_at` timestamp NULL DEFAULT NULL,
  PRIMARY KEY (`customer_id`,`product_id`),
  KEY `wishlist_relation_index` (`product_id`,`customer_id`)
) ENGINE=InnoDB DEFAULT CHARSET=utf8mb4 COLLATE=utf8mb4_unicode_ci;

--
-- Dumping data for table `ec_wish_lists`
--


--
-- Table structure for table `failed_jobs`
--

CREATE TABLE `failed_jobs` (
  `id` bigint unsigned NOT NULL AUTO_INCREMENT,
  `uuid` varchar(191) COLLATE utf8mb4_unicode_ci NOT NULL,
  `connection` text COLLATE utf8mb4_unicode_ci NOT NULL,
  `queue` text COLLATE utf8mb4_unicode_ci NOT NULL,
  `payload` longtext COLLATE utf8mb4_unicode_ci NOT NULL,
  `exception` longtext COLLATE utf8mb4_unicode_ci NOT NULL,
  `failed_at` timestamp NOT NULL DEFAULT CURRENT_TIMESTAMP,
  PRIMARY KEY (`id`),
  UNIQUE KEY `failed_jobs_uuid_unique` (`uuid`)
) ENGINE=InnoDB DEFAULT CHARSET=utf8mb4 COLLATE=utf8mb4_unicode_ci;

--
-- Dumping data for table `failed_jobs`
--


--
-- Table structure for table `faq_categories`
--

CREATE TABLE `faq_categories` (
  `id` bigint unsigned NOT NULL AUTO_INCREMENT,
  `name` varchar(120) COLLATE utf8mb4_unicode_ci NOT NULL,
  `order` tinyint NOT NULL DEFAULT '0',
  `status` varchar(60) COLLATE utf8mb4_unicode_ci NOT NULL DEFAULT 'published',
  `created_at` timestamp NULL DEFAULT NULL,
  `updated_at` timestamp NULL DEFAULT NULL,
  `description` varchar(400) COLLATE utf8mb4_unicode_ci DEFAULT NULL,
  PRIMARY KEY (`id`)
) ENGINE=InnoDB AUTO_INCREMENT=4 DEFAULT CHARSET=utf8mb4 COLLATE=utf8mb4_unicode_ci;

--
-- Dumping data for table `faq_categories`
--

INSERT INTO `faq_categories` VALUES (1,'SHIPPING',0,'published','2026-03-06 01:42:56','2026-03-06 01:42:56',NULL),(2,'PAYMENT',1,'published','2026-03-06 01:42:56','2026-03-06 01:42:56',NULL),(3,'ORDER &amp; RETURNS',2,'published','2026-03-06 01:42:56','2026-03-06 01:42:56',NULL);

--
-- Table structure for table `faq_categories_translations`
--

CREATE TABLE `faq_categories_translations` (
  `lang_code` varchar(20) COLLATE utf8mb4_unicode_ci NOT NULL,
  `faq_categories_id` bigint unsigned NOT NULL,
  `name` varchar(120) COLLATE utf8mb4_unicode_ci DEFAULT NULL,
  PRIMARY KEY (`lang_code`,`faq_categories_id`),
  KEY `idx_faq_cat_trans_faq_cat_id` (`faq_categories_id`),
  KEY `idx_faq_cat_trans_faq_cat_lang` (`faq_categories_id`,`lang_code`)
) ENGINE=InnoDB DEFAULT CHARSET=utf8mb4 COLLATE=utf8mb4_unicode_ci;

--
-- Dumping data for table `faq_categories_translations`
--


--
-- Table structure for table `faqs`
--

CREATE TABLE `faqs` (
  `id` bigint unsigned NOT NULL AUTO_INCREMENT,
  `question` text COLLATE utf8mb4_unicode_ci NOT NULL,
  `answer` text COLLATE utf8mb4_unicode_ci NOT NULL,
  `category_id` bigint unsigned NOT NULL,
  `status` varchar(60) COLLATE utf8mb4_unicode_ci NOT NULL DEFAULT 'published',
  `created_at` timestamp NULL DEFAULT NULL,
  `updated_at` timestamp NULL DEFAULT NULL,
  PRIMARY KEY (`id`)
) ENGINE=InnoDB AUTO_INCREMENT=11 DEFAULT CHARSET=utf8mb4 COLLATE=utf8mb4_unicode_ci;

--
-- Dumping data for table `faqs`
--

INSERT INTO `faqs` VALUES (1,'What Shipping Methods Are Available?','We offer several shipping methods including Standard Shipping, Express Shipping, and Overnight Delivery. You can select your preferred method at checkout.',1,'published','2026-03-06 01:42:56','2026-03-06 01:42:56'),(2,'Do You Ship Internationally?','Yes, we ship to over 200 countries worldwide. International shipping rates and delivery times vary by location.',1,'published','2026-03-06 01:42:56','2026-03-06 01:42:56'),(3,'How Long Will It Take To Get My Package?','Standard shipping typically takes 3-5 business days. Express shipping takes 1-2 business days. International orders may take 7-14 business days depending on customs.',1,'published','2026-03-06 01:42:56','2026-03-06 01:42:56'),(4,'What Payment Methods Are Accepted?','We accept all major credit cards (Visa, MasterCard, American Express), PayPal, and Apple Pay. We also support local payment methods depending on your region.',2,'published','2026-03-06 01:42:56','2026-03-06 01:42:56'),(5,'Is Buying On-Line Safe?','Yes, buying online with us is completely safe. We use SSL encryption to protect your personal and payment information. We do not store your credit card details.',2,'published','2026-03-06 01:42:56','2026-03-06 01:42:56'),(6,'How do I place an Order?','To place an order, browse our catalog, select the items you like, and add them to your cart. Then proceed to checkout, enter your shipping and payment details, and confirm your order.',3,'published','2026-03-06 01:42:56','2026-03-06 01:42:56'),(7,'How Can I Cancel Or Change My Order?','You can cancel or change your order within 1 hour of placing it by contacting our customer support. After that, we may have already processed it, but we will do our best to assist you.',3,'published','2026-03-06 01:42:56','2026-03-06 01:42:56'),(8,'Do I need an account to place an order?','No, you can place an order as a guest. However, creating an account allows you to track your orders, save your address for faster checkout, and access exclusive offers.',3,'published','2026-03-06 01:42:56','2026-03-06 01:42:56'),(9,'How Do I Track My Order?','Once your order is shipped, we will send you a tracking number via email. You can use this number to track your package on our website or the carrier\'s tracking page.',3,'published','2026-03-06 01:42:56','2026-03-06 01:42:56'),(10,'How Can I Return a Product?','We accept returns within 30 days of purchase. The item must be unused and in its original packaging. Please contact our support team to initiate a return and get a return shipping label.',3,'published','2026-03-06 01:42:56','2026-03-06 01:42:56');

--
-- Table structure for table `faqs_translations`
--

CREATE TABLE `faqs_translations` (
  `lang_code` varchar(20) COLLATE utf8mb4_unicode_ci NOT NULL,
  `faqs_id` bigint unsigned NOT NULL,
  `question` text COLLATE utf8mb4_unicode_ci,
  `answer` text COLLATE utf8mb4_unicode_ci,
  PRIMARY KEY (`lang_code`,`faqs_id`),
  KEY `idx_faqs_trans_faqs_id` (`faqs_id`),
  KEY `idx_faqs_trans_faq_lang` (`faqs_id`,`lang_code`)
) ENGINE=InnoDB DEFAULT CHARSET=utf8mb4 COLLATE=utf8mb4_unicode_ci;

--
-- Dumping data for table `faqs_translations`
--


--
-- Table structure for table `jobs`
--

CREATE TABLE `jobs` (
  `id` bigint unsigned NOT NULL AUTO_INCREMENT,
  `queue` varchar(191) COLLATE utf8mb4_unicode_ci NOT NULL,
  `payload` longtext COLLATE utf8mb4_unicode_ci NOT NULL,
  `attempts` tinyint unsigned NOT NULL,
  `reserved_at` int unsigned DEFAULT NULL,
  `available_at` int unsigned NOT NULL,
  `created_at` int unsigned NOT NULL,
  PRIMARY KEY (`id`),
  KEY `jobs_queue_index` (`queue`)
) ENGINE=InnoDB DEFAULT CHARSET=utf8mb4 COLLATE=utf8mb4_unicode_ci;

--
-- Dumping data for table `jobs`
--


--
-- Table structure for table `language_meta`
--

CREATE TABLE `language_meta` (
  `lang_meta_id` bigint unsigned NOT NULL AUTO_INCREMENT,
  `lang_meta_code` varchar(20) COLLATE utf8mb4_unicode_ci DEFAULT NULL,
  `lang_meta_origin` varchar(32) COLLATE utf8mb4_unicode_ci NOT NULL,
  `reference_id` bigint unsigned NOT NULL,
  `reference_type` varchar(120) COLLATE utf8mb4_unicode_ci NOT NULL,
  PRIMARY KEY (`lang_meta_id`),
  KEY `language_meta_reference_id_index` (`reference_id`),
  KEY `meta_code_index` (`lang_meta_code`),
  KEY `meta_origin_index` (`lang_meta_origin`),
  KEY `meta_reference_type_index` (`reference_type`)
) ENGINE=InnoDB AUTO_INCREMENT=37 DEFAULT CHARSET=utf8mb4 COLLATE=utf8mb4_unicode_ci;

--
-- Dumping data for table `language_meta`
--

INSERT INTO `language_meta` VALUES (1,'en_US','7681274629679b1793d2d82a47ba7909',1,'Botble\\SimpleSlider\\Models\\SimpleSlider'),(2,'en_US','dd45f0ed752bcc05e9e1b548e305eef4',1,'Botble\\Menu\\Models\\MenuLocation'),(3,'en_US','a82bcd70c785ecba74a3ad2a489d4c41',1,'Botble\\Menu\\Models\\Menu'),(4,'en_US','51d0f5b366e1396ee6b63d0fecd56860',2,'Botble\\Menu\\Models\\Menu'),(5,'en_US','783871f519cf70ea04666451c4bc5ed2',3,'Botble\\Menu\\Models\\Menu'),(6,'en_US','921ffcf3c2e59b7ae987cd2777379d4a',4,'Botble\\Menu\\Models\\Menu'),(7,'ar','dd45f0ed752bcc05e9e1b548e305eef4',2,'Botble\\Menu\\Models\\MenuLocation'),(8,'ar','a82bcd70c785ecba74a3ad2a489d4c41',5,'Botble\\Menu\\Models\\Menu'),(9,'ar','51d0f5b366e1396ee6b63d0fecd56860',6,'Botble\\Menu\\Models\\Menu'),(10,'ar','783871f519cf70ea04666451c4bc5ed2',7,'Botble\\Menu\\Models\\Menu'),(11,'ar','921ffcf3c2e59b7ae987cd2777379d4a',8,'Botble\\Menu\\Models\\Menu'),(12,'vi','dd45f0ed752bcc05e9e1b548e305eef4',3,'Botble\\Menu\\Models\\MenuLocation'),(13,'vi','a82bcd70c785ecba74a3ad2a489d4c41',9,'Botble\\Menu\\Models\\Menu'),(14,'vi','51d0f5b366e1396ee6b63d0fecd56860',10,'Botble\\Menu\\Models\\Menu'),(15,'vi','783871f519cf70ea04666451c4bc5ed2',11,'Botble\\Menu\\Models\\Menu'),(16,'vi','921ffcf3c2e59b7ae987cd2777379d4a',12,'Botble\\Menu\\Models\\Menu'),(17,'fr','dd45f0ed752bcc05e9e1b548e305eef4',4,'Botble\\Menu\\Models\\MenuLocation'),(18,'fr','a82bcd70c785ecba74a3ad2a489d4c41',13,'Botble\\Menu\\Models\\Menu'),(19,'fr','51d0f5b366e1396ee6b63d0fecd56860',14,'Botble\\Menu\\Models\\Menu'),(20,'fr','783871f519cf70ea04666451c4bc5ed2',15,'Botble\\Menu\\Models\\Menu'),(21,'fr','921ffcf3c2e59b7ae987cd2777379d4a',16,'Botble\\Menu\\Models\\Menu'),(22,'id','dd45f0ed752bcc05e9e1b548e305eef4',5,'Botble\\Menu\\Models\\MenuLocation'),(23,'id','a82bcd70c785ecba74a3ad2a489d4c41',17,'Botble\\Menu\\Models\\Menu'),(24,'id','51d0f5b366e1396ee6b63d0fecd56860',18,'Botble\\Menu\\Models\\Menu'),(25,'id','783871f519cf70ea04666451c4bc5ed2',19,'Botble\\Menu\\Models\\Menu'),(26,'id','921ffcf3c2e59b7ae987cd2777379d4a',20,'Botble\\Menu\\Models\\Menu'),(27,'tr','dd45f0ed752bcc05e9e1b548e305eef4',6,'Botble\\Menu\\Models\\MenuLocation'),(28,'tr','a82bcd70c785ecba74a3ad2a489d4c41',21,'Botble\\Menu\\Models\\Menu'),(29,'tr','51d0f5b366e1396ee6b63d0fecd56860',22,'Botble\\Menu\\Models\\Menu'),(30,'tr','783871f519cf70ea04666451c4bc5ed2',23,'Botble\\Menu\\Models\\Menu'),(31,'tr','921ffcf3c2e59b7ae987cd2777379d4a',24,'Botble\\Menu\\Models\\Menu'),(32,'ar','7681274629679b1793d2d82a47ba7909',2,'Botble\\SimpleSlider\\Models\\SimpleSlider'),(33,'vi','7681274629679b1793d2d82a47ba7909',3,'Botble\\SimpleSlider\\Models\\SimpleSlider'),(34,'fr','7681274629679b1793d2d82a47ba7909',4,'Botble\\SimpleSlider\\Models\\SimpleSlider'),(35,'id','7681274629679b1793d2d82a47ba7909',5,'Botble\\SimpleSlider\\Models\\SimpleSlider'),(36,'tr','7681274629679b1793d2d82a47ba7909',6,'Botble\\SimpleSlider\\Models\\SimpleSlider');

--
-- Table structure for table `languages`
--

CREATE TABLE `languages` (
  `lang_id` bigint unsigned NOT NULL AUTO_INCREMENT,
  `lang_name` varchar(120) COLLATE utf8mb4_unicode_ci NOT NULL,
  `lang_locale` varchar(20) COLLATE utf8mb4_unicode_ci NOT NULL,
  `lang_code` varchar(20) COLLATE utf8mb4_unicode_ci NOT NULL,
  `lang_flag` varchar(20) COLLATE utf8mb4_unicode_ci DEFAULT NULL,
  `lang_is_default` tinyint unsigned NOT NULL DEFAULT '0',
  `lang_order` int NOT NULL DEFAULT '0',
  `lang_is_rtl` tinyint unsigned NOT NULL DEFAULT '0',
  PRIMARY KEY (`lang_id`),
  KEY `lang_locale_index` (`lang_locale`),
  KEY `lang_code_index` (`lang_code`),
  KEY `lang_is_default_index` (`lang_is_default`)
) ENGINE=InnoDB AUTO_INCREMENT=7 DEFAULT CHARSET=utf8mb4 COLLATE=utf8mb4_unicode_ci;

--
-- Dumping data for table `languages`
--

INSERT INTO `languages` VALUES (1,'English','en','en_US','us',1,0,0),(2,'Arabic','ar','ar','sa',0,1,1),(3,'Tiếng Việt','vi','vi','vn',0,2,0),(4,'Français','fr','fr','fr',0,3,0),(5,'Bahasa Indonesia','id','id','id',0,4,0),(6,'Türkçe','tr','tr','tr',0,5,0);

--
-- Table structure for table `media_files`
--

CREATE TABLE `media_files` (
  `id` bigint unsigned NOT NULL AUTO_INCREMENT,
  `user_id` bigint unsigned NOT NULL,
  `name` varchar(191) COLLATE utf8mb4_unicode_ci NOT NULL,
  `alt` varchar(191) COLLATE utf8mb4_unicode_ci DEFAULT NULL,
  `folder_id` bigint unsigned NOT NULL DEFAULT '0',
  `mime_type` varchar(120) COLLATE utf8mb4_unicode_ci NOT NULL,
  `size` int NOT NULL,
  `url` varchar(191) COLLATE utf8mb4_unicode_ci NOT NULL,
  `options` text COLLATE utf8mb4_unicode_ci,
  `created_at` timestamp NULL DEFAULT NULL,
  `updated_at` timestamp NULL DEFAULT NULL,
  `deleted_at` timestamp NULL DEFAULT NULL,
  `visibility` varchar(191) COLLATE utf8mb4_unicode_ci NOT NULL DEFAULT 'public',
  PRIMARY KEY (`id`),
  KEY `media_files_user_id_index` (`user_id`),
  KEY `media_files_index` (`folder_id`,`user_id`,`created_at`)
) ENGINE=InnoDB AUTO_INCREMENT=299 DEFAULT CHARSET=utf8mb4 COLLATE=utf8mb4_unicode_ci;

--
-- Dumping data for table `media_files`
--

INSERT INTO `media_files` VALUES (1,0,'1','1',1,'image/jpeg',1613,'brands/1.jpg','[]','2026-03-06 01:42:25','2026-03-06 01:42:25',NULL,'public'),(2,0,'2','2',1,'image/jpeg',1613,'brands/2.jpg','[]','2026-03-06 01:42:25','2026-03-06 01:42:25',NULL,'public'),(3,0,'3','3',1,'image/jpeg',1613,'brands/3.jpg','[]','2026-03-06 01:42:25','2026-03-06 01:42:25',NULL,'public'),(4,0,'4','4',1,'image/jpeg',1613,'brands/4.jpg','[]','2026-03-06 01:42:25','2026-03-06 01:42:25',NULL,'public'),(5,0,'5','5',1,'image/jpeg',1613,'brands/5.jpg','[]','2026-03-06 01:42:25','2026-03-06 01:42:25',NULL,'public'),(6,0,'6','6',1,'image/jpeg',1613,'brands/6.jpg','[]','2026-03-06 01:42:25','2026-03-06 01:42:25',NULL,'public'),(7,0,'7','7',1,'image/jpeg',1613,'brands/7.jpg','[]','2026-03-06 01:42:25','2026-03-06 01:42:25',NULL,'public'),(8,0,'1','1',2,'image/jpeg',9803,'product-categories/1.jpg','[]','2026-03-06 01:42:25','2026-03-06 01:42:25',NULL,'public'),(9,0,'2','2',2,'image/jpeg',9803,'product-categories/2.jpg','[]','2026-03-06 01:42:25','2026-03-06 01:42:25',NULL,'public'),(10,0,'3','3',2,'image/jpeg',9803,'product-categories/3.jpg','[]','2026-03-06 01:42:26','2026-03-06 01:42:26',NULL,'public'),(11,0,'4','4',2,'image/jpeg',9803,'product-categories/4.jpg','[]','2026-03-06 01:42:26','2026-03-06 01:42:26',NULL,'public'),(12,0,'5','5',2,'image/jpeg',9803,'product-categories/5.jpg','[]','2026-03-06 01:42:26','2026-03-06 01:42:26',NULL,'public'),(13,0,'6','6',2,'image/jpeg',9803,'product-categories/6.jpg','[]','2026-03-06 01:42:26','2026-03-06 01:42:26',NULL,'public'),(14,0,'7','7',2,'image/jpeg',9803,'product-categories/7.jpg','[]','2026-03-06 01:42:26','2026-03-06 01:42:26',NULL,'public'),(15,0,'8','8',2,'image/jpeg',9803,'product-categories/8.jpg','[]','2026-03-06 01:42:26','2026-03-06 01:42:26',NULL,'public'),(16,0,'1-1','1-1',3,'image/jpeg',9803,'products/1-1.jpg','[]','2026-03-06 01:42:27','2026-03-06 01:42:27',NULL,'public'),(17,0,'1-2','1-2',3,'image/jpeg',9803,'products/1-2.jpg','[]','2026-03-06 01:42:27','2026-03-06 01:42:27',NULL,'public'),(18,0,'1-3','1-3',3,'image/jpeg',9803,'products/1-3.jpg','[]','2026-03-06 01:42:27','2026-03-06 01:42:27',NULL,'public'),(19,0,'1-4','1-4',3,'image/jpeg',9803,'products/1-4.jpg','[]','2026-03-06 01:42:27','2026-03-06 01:42:27',NULL,'public'),(20,0,'10-1','10-1',3,'image/jpeg',9803,'products/10-1.jpg','[]','2026-03-06 01:42:27','2026-03-06 01:42:27',NULL,'public'),(21,0,'10-2','10-2',3,'image/jpeg',9803,'products/10-2.jpg','[]','2026-03-06 01:42:27','2026-03-06 01:42:27',NULL,'public'),(22,0,'10-3','10-3',3,'image/jpeg',9803,'products/10-3.jpg','[]','2026-03-06 01:42:27','2026-03-06 01:42:27',NULL,'public'),(23,0,'10-4','10-4',3,'image/jpeg',9803,'products/10-4.jpg','[]','2026-03-06 01:42:27','2026-03-06 01:42:27',NULL,'public'),(24,0,'11-1','11-1',3,'image/jpeg',9803,'products/11-1.jpg','[]','2026-03-06 01:42:27','2026-03-06 01:42:27',NULL,'public'),(25,0,'11-2','11-2',3,'image/jpeg',9803,'products/11-2.jpg','[]','2026-03-06 01:42:27','2026-03-06 01:42:27',NULL,'public'),(26,0,'11-3','11-3',3,'image/jpeg',9803,'products/11-3.jpg','[]','2026-03-06 01:42:28','2026-03-06 01:42:28',NULL,'public'),(27,0,'11-4','11-4',3,'image/jpeg',9803,'products/11-4.jpg','[]','2026-03-06 01:42:28','2026-03-06 01:42:28',NULL,'public'),(28,0,'12-1','12-1',3,'image/jpeg',9803,'products/12-1.jpg','[]','2026-03-06 01:42:28','2026-03-06 01:42:28',NULL,'public'),(29,0,'12-2','12-2',3,'image/jpeg',9803,'products/12-2.jpg','[]','2026-03-06 01:42:28','2026-03-06 01:42:28',NULL,'public'),(30,0,'12-3','12-3',3,'image/jpeg',9803,'products/12-3.jpg','[]','2026-03-06 01:42:28','2026-03-06 01:42:28',NULL,'public'),(31,0,'12-4','12-4',3,'image/jpeg',9803,'products/12-4.jpg','[]','2026-03-06 01:42:28','2026-03-06 01:42:28',NULL,'public'),(32,0,'13-1','13-1',3,'image/jpeg',9803,'products/13-1.jpg','[]','2026-03-06 01:42:28','2026-03-06 01:42:28',NULL,'public'),(33,0,'13-2','13-2',3,'image/jpeg',9803,'products/13-2.jpg','[]','2026-03-06 01:42:28','2026-03-06 01:42:28',NULL,'public'),(34,0,'13-3','13-3',3,'image/jpeg',9803,'products/13-3.jpg','[]','2026-03-06 01:42:28','2026-03-06 01:42:28',NULL,'public'),(35,0,'13-4','13-4',3,'image/jpeg',9803,'products/13-4.jpg','[]','2026-03-06 01:42:28','2026-03-06 01:42:28',NULL,'public'),(36,0,'14-1','14-1',3,'image/jpeg',9803,'products/14-1.jpg','[]','2026-03-06 01:42:28','2026-03-06 01:42:28',NULL,'public'),(37,0,'14-2','14-2',3,'image/jpeg',9803,'products/14-2.jpg','[]','2026-03-06 01:42:28','2026-03-06 01:42:28',NULL,'public'),(38,0,'14-3','14-3',3,'image/jpeg',9803,'products/14-3.jpg','[]','2026-03-06 01:42:29','2026-03-06 01:42:29',NULL,'public'),(39,0,'14-4','14-4',3,'image/jpeg',9803,'products/14-4.jpg','[]','2026-03-06 01:42:29','2026-03-06 01:42:29',NULL,'public'),(40,0,'15-1','15-1',3,'image/jpeg',9803,'products/15-1.jpg','[]','2026-03-06 01:42:29','2026-03-06 01:42:29',NULL,'public'),(41,0,'15-2','15-2',3,'image/jpeg',9803,'products/15-2.jpg','[]','2026-03-06 01:42:29','2026-03-06 01:42:29',NULL,'public'),(42,0,'15-3','15-3',3,'image/jpeg',9803,'products/15-3.jpg','[]','2026-03-06 01:42:29','2026-03-06 01:42:29',NULL,'public'),(43,0,'15-4','15-4',3,'image/jpeg',9803,'products/15-4.jpg','[]','2026-03-06 01:42:29','2026-03-06 01:42:29',NULL,'public'),(44,0,'16-1','16-1',3,'image/jpeg',9803,'products/16-1.jpg','[]','2026-03-06 01:42:29','2026-03-06 01:42:29',NULL,'public'),(45,0,'16-2','16-2',3,'image/jpeg',9803,'products/16-2.jpg','[]','2026-03-06 01:42:29','2026-03-06 01:42:29',NULL,'public'),(46,0,'16-3','16-3',3,'image/jpeg',9803,'products/16-3.jpg','[]','2026-03-06 01:42:29','2026-03-06 01:42:29',NULL,'public'),(47,0,'16-4','16-4',3,'image/jpeg',9803,'products/16-4.jpg','[]','2026-03-06 01:42:29','2026-03-06 01:42:29',NULL,'public'),(48,0,'17-1','17-1',3,'image/jpeg',9803,'products/17-1.jpg','[]','2026-03-06 01:42:29','2026-03-06 01:42:29',NULL,'public'),(49,0,'17-2','17-2',3,'image/jpeg',9803,'products/17-2.jpg','[]','2026-03-06 01:42:29','2026-03-06 01:42:29',NULL,'public'),(50,0,'17-3','17-3',3,'image/jpeg',9803,'products/17-3.jpg','[]','2026-03-06 01:42:30','2026-03-06 01:42:30',NULL,'public'),(51,0,'17-4','17-4',3,'image/jpeg',9803,'products/17-4.jpg','[]','2026-03-06 01:42:30','2026-03-06 01:42:30',NULL,'public'),(52,0,'17-5','17-5',3,'image/jpeg',9803,'products/17-5.jpg','[]','2026-03-06 01:42:30','2026-03-06 01:42:30',NULL,'public'),(53,0,'18-1','18-1',3,'image/jpeg',9803,'products/18-1.jpg','[]','2026-03-06 01:42:30','2026-03-06 01:42:30',NULL,'public'),(54,0,'18-2','18-2',3,'image/jpeg',9803,'products/18-2.jpg','[]','2026-03-06 01:42:30','2026-03-06 01:42:30',NULL,'public'),(55,0,'18-3','18-3',3,'image/jpeg',9803,'products/18-3.jpg','[]','2026-03-06 01:42:30','2026-03-06 01:42:30',NULL,'public'),(56,0,'18-4','18-4',3,'image/jpeg',9803,'products/18-4.jpg','[]','2026-03-06 01:42:30','2026-03-06 01:42:30',NULL,'public'),(57,0,'19-1','19-1',3,'image/jpeg',9803,'products/19-1.jpg','[]','2026-03-06 01:42:30','2026-03-06 01:42:30',NULL,'public'),(58,0,'19-2','19-2',3,'image/jpeg',9803,'products/19-2.jpg','[]','2026-03-06 01:42:30','2026-03-06 01:42:30',NULL,'public'),(59,0,'19-3','19-3',3,'image/jpeg',9803,'products/19-3.jpg','[]','2026-03-06 01:42:30','2026-03-06 01:42:30',NULL,'public'),(60,0,'19-4','19-4',3,'image/jpeg',9803,'products/19-4.jpg','[]','2026-03-06 01:42:30','2026-03-06 01:42:30',NULL,'public'),(61,0,'2-1','2-1',3,'image/jpeg',9803,'products/2-1.jpg','[]','2026-03-06 01:42:30','2026-03-06 01:42:30',NULL,'public'),(62,0,'2-2','2-2',3,'image/jpeg',9803,'products/2-2.jpg','[]','2026-03-06 01:42:31','2026-03-06 01:42:31',NULL,'public'),(63,0,'2-3','2-3',3,'image/jpeg',9803,'products/2-3.jpg','[]','2026-03-06 01:42:31','2026-03-06 01:42:31',NULL,'public'),(64,0,'2-4','2-4',3,'image/jpeg',9803,'products/2-4.jpg','[]','2026-03-06 01:42:31','2026-03-06 01:42:31',NULL,'public'),(65,0,'20-1','20-1',3,'image/jpeg',9803,'products/20-1.jpg','[]','2026-03-06 01:42:31','2026-03-06 01:42:31',NULL,'public'),(66,0,'20-2','20-2',3,'image/jpeg',9803,'products/20-2.jpg','[]','2026-03-06 01:42:31','2026-03-06 01:42:31',NULL,'public'),(67,0,'20-3','20-3',3,'image/jpeg',9803,'products/20-3.jpg','[]','2026-03-06 01:42:31','2026-03-06 01:42:31',NULL,'public'),(68,0,'20-4','20-4',3,'image/jpeg',9803,'products/20-4.jpg','[]','2026-03-06 01:42:31','2026-03-06 01:42:31',NULL,'public'),(69,0,'21-1','21-1',3,'image/jpeg',9803,'products/21-1.jpg','[]','2026-03-06 01:42:31','2026-03-06 01:42:31',NULL,'public'),(70,0,'21-2','21-2',3,'image/jpeg',9803,'products/21-2.jpg','[]','2026-03-06 01:42:31','2026-03-06 01:42:31',NULL,'public'),(71,0,'21-3','21-3',3,'image/jpeg',9803,'products/21-3.jpg','[]','2026-03-06 01:42:31','2026-03-06 01:42:31',NULL,'public'),(72,0,'21-4','21-4',3,'image/jpeg',9803,'products/21-4.jpg','[]','2026-03-06 01:42:31','2026-03-06 01:42:31',NULL,'public'),(73,0,'22-1','22-1',3,'image/jpeg',9803,'products/22-1.jpg','[]','2026-03-06 01:42:32','2026-03-06 01:42:32',NULL,'public'),(74,0,'22-2','22-2',3,'image/jpeg',9803,'products/22-2.jpg','[]','2026-03-06 01:42:32','2026-03-06 01:42:32',NULL,'public'),(75,0,'22-3','22-3',3,'image/jpeg',9803,'products/22-3.jpg','[]','2026-03-06 01:42:32','2026-03-06 01:42:32',NULL,'public'),(76,0,'22-4','22-4',3,'image/jpeg',9803,'products/22-4.jpg','[]','2026-03-06 01:42:32','2026-03-06 01:42:32',NULL,'public'),(77,0,'23-1','23-1',3,'image/jpeg',9803,'products/23-1.jpg','[]','2026-03-06 01:42:32','2026-03-06 01:42:32',NULL,'public'),(78,0,'23-2','23-2',3,'image/jpeg',9803,'products/23-2.jpg','[]','2026-03-06 01:42:32','2026-03-06 01:42:32',NULL,'public'),(79,0,'23-3','23-3',3,'image/jpeg',9803,'products/23-3.jpg','[]','2026-03-06 01:42:32','2026-03-06 01:42:32',NULL,'public'),(80,0,'23-4','23-4',3,'image/jpeg',9803,'products/23-4.jpg','[]','2026-03-06 01:42:32','2026-03-06 01:42:32',NULL,'public'),(81,0,'24-1','24-1',3,'image/jpeg',9803,'products/24-1.jpg','[]','2026-03-06 01:42:32','2026-03-06 01:42:32',NULL,'public'),(82,0,'24-2','24-2',3,'image/jpeg',9803,'products/24-2.jpg','[]','2026-03-06 01:42:32','2026-03-06 01:42:32',NULL,'public'),(83,0,'24-3','24-3',3,'image/jpeg',9803,'products/24-3.jpg','[]','2026-03-06 01:42:32','2026-03-06 01:42:32',NULL,'public'),(84,0,'24-4','24-4',3,'image/jpeg',9803,'products/24-4.jpg','[]','2026-03-06 01:42:32','2026-03-06 01:42:32',NULL,'public'),(85,0,'25-1','25-1',3,'image/jpeg',9803,'products/25-1.jpg','[]','2026-03-06 01:42:33','2026-03-06 01:42:33',NULL,'public'),(86,0,'25-2','25-2',3,'image/jpeg',9803,'products/25-2.jpg','[]','2026-03-06 01:42:33','2026-03-06 01:42:33',NULL,'public'),(87,0,'25-3','25-3',3,'image/jpeg',9803,'products/25-3.jpg','[]','2026-03-06 01:42:33','2026-03-06 01:42:33',NULL,'public'),(88,0,'25-4','25-4',3,'image/jpeg',9803,'products/25-4.jpg','[]','2026-03-06 01:42:33','2026-03-06 01:42:33',NULL,'public'),(89,0,'26-1','26-1',3,'image/jpeg',9803,'products/26-1.jpg','[]','2026-03-06 01:42:33','2026-03-06 01:42:33',NULL,'public'),(90,0,'26-2','26-2',3,'image/jpeg',9803,'products/26-2.jpg','[]','2026-03-06 01:42:33','2026-03-06 01:42:33',NULL,'public'),(91,0,'26-3','26-3',3,'image/jpeg',9803,'products/26-3.jpg','[]','2026-03-06 01:42:33','2026-03-06 01:42:33',NULL,'public'),(92,0,'26-4','26-4',3,'image/jpeg',9803,'products/26-4.jpg','[]','2026-03-06 01:42:33','2026-03-06 01:42:33',NULL,'public'),(93,0,'27-1','27-1',3,'image/jpeg',9803,'products/27-1.jpg','[]','2026-03-06 01:42:33','2026-03-06 01:42:33',NULL,'public'),(94,0,'27-2','27-2',3,'image/jpeg',9803,'products/27-2.jpg','[]','2026-03-06 01:42:33','2026-03-06 01:42:33',NULL,'public'),(95,0,'27-3','27-3',3,'image/jpeg',9803,'products/27-3.jpg','[]','2026-03-06 01:42:33','2026-03-06 01:42:33',NULL,'public'),(96,0,'27-4','27-4',3,'image/jpeg',9803,'products/27-4.jpg','[]','2026-03-06 01:42:34','2026-03-06 01:42:34',NULL,'public'),(97,0,'28-1','28-1',3,'image/jpeg',9803,'products/28-1.jpg','[]','2026-03-06 01:42:34','2026-03-06 01:42:34',NULL,'public'),(98,0,'28-2','28-2',3,'image/jpeg',9803,'products/28-2.jpg','[]','2026-03-06 01:42:34','2026-03-06 01:42:34',NULL,'public'),(99,0,'28-3','28-3',3,'image/jpeg',9803,'products/28-3.jpg','[]','2026-03-06 01:42:34','2026-03-06 01:42:34',NULL,'public'),(100,0,'28-4','28-4',3,'image/jpeg',9803,'products/28-4.jpg','[]','2026-03-06 01:42:34','2026-03-06 01:42:34',NULL,'public'),(101,0,'29-1','29-1',3,'image/jpeg',9803,'products/29-1.jpg','[]','2026-03-06 01:42:34','2026-03-06 01:42:34',NULL,'public'),(102,0,'29-2','29-2',3,'image/jpeg',9803,'products/29-2.jpg','[]','2026-03-06 01:42:34','2026-03-06 01:42:34',NULL,'public'),(103,0,'29-3','29-3',3,'image/jpeg',9803,'products/29-3.jpg','[]','2026-03-06 01:42:34','2026-03-06 01:42:34',NULL,'public'),(104,0,'3-1','3-1',3,'image/jpeg',9803,'products/3-1.jpg','[]','2026-03-06 01:42:34','2026-03-06 01:42:34',NULL,'public'),(105,0,'3-2','3-2',3,'image/jpeg',9803,'products/3-2.jpg','[]','2026-03-06 01:42:35','2026-03-06 01:42:35',NULL,'public'),(106,0,'3-3','3-3',3,'image/jpeg',9803,'products/3-3.jpg','[]','2026-03-06 01:42:35','2026-03-06 01:42:35',NULL,'public'),(107,0,'3-4','3-4',3,'image/jpeg',9803,'products/3-4.jpg','[]','2026-03-06 01:42:35','2026-03-06 01:42:35',NULL,'public'),(108,0,'30-1','30-1',3,'image/jpeg',9803,'products/30-1.jpg','[]','2026-03-06 01:42:35','2026-03-06 01:42:35',NULL,'public'),(109,0,'30-2','30-2',3,'image/jpeg',9803,'products/30-2.jpg','[]','2026-03-06 01:42:35','2026-03-06 01:42:35',NULL,'public'),(110,0,'30-3','30-3',3,'image/jpeg',9803,'products/30-3.jpg','[]','2026-03-06 01:42:35','2026-03-06 01:42:35',NULL,'public'),(111,0,'30-4','30-4',3,'image/jpeg',9803,'products/30-4.jpg','[]','2026-03-06 01:42:35','2026-03-06 01:42:35',NULL,'public'),(112,0,'31-1','31-1',3,'image/jpeg',9803,'products/31-1.jpg','[]','2026-03-06 01:42:35','2026-03-06 01:42:35',NULL,'public'),(113,0,'31-2','31-2',3,'image/jpeg',9803,'products/31-2.jpg','[]','2026-03-06 01:42:35','2026-03-06 01:42:35',NULL,'public'),(114,0,'31-3','31-3',3,'image/jpeg',9803,'products/31-3.jpg','[]','2026-03-06 01:42:35','2026-03-06 01:42:35',NULL,'public'),(115,0,'31-4','31-4',3,'image/jpeg',9803,'products/31-4.jpg','[]','2026-03-06 01:42:36','2026-03-06 01:42:36',NULL,'public'),(116,0,'32-1','32-1',3,'image/jpeg',9803,'products/32-1.jpg','[]','2026-03-06 01:42:36','2026-03-06 01:42:36',NULL,'public'),(117,0,'32-2','32-2',3,'image/jpeg',9803,'products/32-2.jpg','[]','2026-03-06 01:42:36','2026-03-06 01:42:36',NULL,'public'),(118,0,'32-3','32-3',3,'image/jpeg',9803,'products/32-3.jpg','[]','2026-03-06 01:42:36','2026-03-06 01:42:36',NULL,'public'),(119,0,'32-4','32-4',3,'image/jpeg',9803,'products/32-4.jpg','[]','2026-03-06 01:42:36','2026-03-06 01:42:36',NULL,'public'),(120,0,'33-1','33-1',3,'image/jpeg',9803,'products/33-1.jpg','[]','2026-03-06 01:42:36','2026-03-06 01:42:36',NULL,'public'),(121,0,'33-2','33-2',3,'image/jpeg',9803,'products/33-2.jpg','[]','2026-03-06 01:42:36','2026-03-06 01:42:36',NULL,'public'),(122,0,'33-3','33-3',3,'image/jpeg',9803,'products/33-3.jpg','[]','2026-03-06 01:42:36','2026-03-06 01:42:36',NULL,'public'),(123,0,'33-4','33-4',3,'image/jpeg',9803,'products/33-4.jpg','[]','2026-03-06 01:42:36','2026-03-06 01:42:36',NULL,'public'),(124,0,'34-1','34-1',3,'image/jpeg',9803,'products/34-1.jpg','[]','2026-03-06 01:42:36','2026-03-06 01:42:36',NULL,'public'),(125,0,'34-2','34-2',3,'image/jpeg',9803,'products/34-2.jpg','[]','2026-03-06 01:42:36','2026-03-06 01:42:36',NULL,'public'),(126,0,'34-3','34-3',3,'image/jpeg',9803,'products/34-3.jpg','[]','2026-03-06 01:42:36','2026-03-06 01:42:36',NULL,'public'),(127,0,'34-4','34-4',3,'image/jpeg',9803,'products/34-4.jpg','[]','2026-03-06 01:42:36','2026-03-06 01:42:36',NULL,'public'),(128,0,'35-1','35-1',3,'image/jpeg',9803,'products/35-1.jpg','[]','2026-03-06 01:42:37','2026-03-06 01:42:37',NULL,'public'),(129,0,'35-2','35-2',3,'image/jpeg',9803,'products/35-2.jpg','[]','2026-03-06 01:42:37','2026-03-06 01:42:37',NULL,'public'),(130,0,'35-3','35-3',3,'image/jpeg',9803,'products/35-3.jpg','[]','2026-03-06 01:42:37','2026-03-06 01:42:37',NULL,'public'),(131,0,'35-4','35-4',3,'image/jpeg',9803,'products/35-4.jpg','[]','2026-03-06 01:42:37','2026-03-06 01:42:37',NULL,'public'),(132,0,'36-1','36-1',3,'image/jpeg',9803,'products/36-1.jpg','[]','2026-03-06 01:42:37','2026-03-06 01:42:37',NULL,'public'),(133,0,'36-2','36-2',3,'image/jpeg',9803,'products/36-2.jpg','[]','2026-03-06 01:42:37','2026-03-06 01:42:37',NULL,'public'),(134,0,'36-3','36-3',3,'image/jpeg',9803,'products/36-3.jpg','[]','2026-03-06 01:42:37','2026-03-06 01:42:37',NULL,'public'),(135,0,'37-1','37-1',3,'image/jpeg',9803,'products/37-1.jpg','[]','2026-03-06 01:42:37','2026-03-06 01:42:37',NULL,'public'),(136,0,'37-2','37-2',3,'image/jpeg',9803,'products/37-2.jpg','[]','2026-03-06 01:42:37','2026-03-06 01:42:37',NULL,'public'),(137,0,'37-3','37-3',3,'image/jpeg',9803,'products/37-3.jpg','[]','2026-03-06 01:42:37','2026-03-06 01:42:37',NULL,'public'),(138,0,'38-1','38-1',3,'image/jpeg',9803,'products/38-1.jpg','[]','2026-03-06 01:42:37','2026-03-06 01:42:37',NULL,'public'),(139,0,'38-2','38-2',3,'image/jpeg',9803,'products/38-2.jpg','[]','2026-03-06 01:42:37','2026-03-06 01:42:37',NULL,'public'),(140,0,'38-3','38-3',3,'image/jpeg',9803,'products/38-3.jpg','[]','2026-03-06 01:42:37','2026-03-06 01:42:37',NULL,'public'),(141,0,'38-4','38-4',3,'image/jpeg',9803,'products/38-4.jpg','[]','2026-03-06 01:42:38','2026-03-06 01:42:38',NULL,'public'),(142,0,'39-1','39-1',3,'image/jpeg',9803,'products/39-1.jpg','[]','2026-03-06 01:42:38','2026-03-06 01:42:38',NULL,'public'),(143,0,'39-2','39-2',3,'image/jpeg',9803,'products/39-2.jpg','[]','2026-03-06 01:42:38','2026-03-06 01:42:38',NULL,'public'),(144,0,'39-3','39-3',3,'image/jpeg',9803,'products/39-3.jpg','[]','2026-03-06 01:42:38','2026-03-06 01:42:38',NULL,'public'),(145,0,'39-4','39-4',3,'image/jpeg',9803,'products/39-4.jpg','[]','2026-03-06 01:42:38','2026-03-06 01:42:38',NULL,'public'),(146,0,'4-1','4-1',3,'image/jpeg',9803,'products/4-1.jpg','[]','2026-03-06 01:42:38','2026-03-06 01:42:38',NULL,'public'),(147,0,'4-2','4-2',3,'image/jpeg',9803,'products/4-2.jpg','[]','2026-03-06 01:42:38','2026-03-06 01:42:38',NULL,'public'),(148,0,'4-3','4-3',3,'image/jpeg',9803,'products/4-3.jpg','[]','2026-03-06 01:42:38','2026-03-06 01:42:38',NULL,'public'),(149,0,'4-4','4-4',3,'image/jpeg',9803,'products/4-4.jpg','[]','2026-03-06 01:42:38','2026-03-06 01:42:38',NULL,'public'),(150,0,'40-1','40-1',3,'image/jpeg',9803,'products/40-1.jpg','[]','2026-03-06 01:42:38','2026-03-06 01:42:38',NULL,'public'),(151,0,'40-2','40-2',3,'image/jpeg',9803,'products/40-2.jpg','[]','2026-03-06 01:42:38','2026-03-06 01:42:38',NULL,'public'),(152,0,'40-3','40-3',3,'image/jpeg',9803,'products/40-3.jpg','[]','2026-03-06 01:42:38','2026-03-06 01:42:38',NULL,'public'),(153,0,'40-4','40-4',3,'image/jpeg',9803,'products/40-4.jpg','[]','2026-03-06 01:42:38','2026-03-06 01:42:38',NULL,'public'),(154,0,'41-1','41-1',3,'image/jpeg',9803,'products/41-1.jpg','[]','2026-03-06 01:42:39','2026-03-06 01:42:39',NULL,'public'),(155,0,'41-2','41-2',3,'image/jpeg',9803,'products/41-2.jpg','[]','2026-03-06 01:42:39','2026-03-06 01:42:39',NULL,'public'),(156,0,'41-3','41-3',3,'image/jpeg',9803,'products/41-3.jpg','[]','2026-03-06 01:42:39','2026-03-06 01:42:39',NULL,'public'),(157,0,'41-4','41-4',3,'image/jpeg',9803,'products/41-4.jpg','[]','2026-03-06 01:42:39','2026-03-06 01:42:39',NULL,'public'),(158,0,'42-1','42-1',3,'image/jpeg',9803,'products/42-1.jpg','[]','2026-03-06 01:42:39','2026-03-06 01:42:39',NULL,'public'),(159,0,'42-2','42-2',3,'image/jpeg',9803,'products/42-2.jpg','[]','2026-03-06 01:42:39','2026-03-06 01:42:39',NULL,'public'),(160,0,'42-3','42-3',3,'image/jpeg',9803,'products/42-3.jpg','[]','2026-03-06 01:42:39','2026-03-06 01:42:39',NULL,'public'),(161,0,'43-1','43-1',3,'image/jpeg',9803,'products/43-1.jpg','[]','2026-03-06 01:42:39','2026-03-06 01:42:39',NULL,'public'),(162,0,'43-2','43-2',3,'image/jpeg',9803,'products/43-2.jpg','[]','2026-03-06 01:42:39','2026-03-06 01:42:39',NULL,'public'),(163,0,'43-3','43-3',3,'image/jpeg',9803,'products/43-3.jpg','[]','2026-03-06 01:42:39','2026-03-06 01:42:39',NULL,'public'),(164,0,'44-1','44-1',3,'image/jpeg',9803,'products/44-1.jpg','[]','2026-03-06 01:42:40','2026-03-06 01:42:40',NULL,'public'),(165,0,'44-2','44-2',3,'image/jpeg',9803,'products/44-2.jpg','[]','2026-03-06 01:42:40','2026-03-06 01:42:40',NULL,'public'),(166,0,'44-3','44-3',3,'image/jpeg',9803,'products/44-3.jpg','[]','2026-03-06 01:42:40','2026-03-06 01:42:40',NULL,'public'),(167,0,'45-1','45-1',3,'image/jpeg',9803,'products/45-1.jpg','[]','2026-03-06 01:42:40','2026-03-06 01:42:40',NULL,'public'),(168,0,'45-2','45-2',3,'image/jpeg',9803,'products/45-2.jpg','[]','2026-03-06 01:42:40','2026-03-06 01:42:40',NULL,'public'),(169,0,'45-3','45-3',3,'image/jpeg',9803,'products/45-3.jpg','[]','2026-03-06 01:42:40','2026-03-06 01:42:40',NULL,'public'),(170,0,'45-4','45-4',3,'image/jpeg',9803,'products/45-4.jpg','[]','2026-03-06 01:42:40','2026-03-06 01:42:40',NULL,'public'),(171,0,'46-1','46-1',3,'image/jpeg',9803,'products/46-1.jpg','[]','2026-03-06 01:42:40','2026-03-06 01:42:40',NULL,'public'),(172,0,'46-2','46-2',3,'image/jpeg',9803,'products/46-2.jpg','[]','2026-03-06 01:42:40','2026-03-06 01:42:40',NULL,'public'),(173,0,'46-3','46-3',3,'image/jpeg',9803,'products/46-3.jpg','[]','2026-03-06 01:42:40','2026-03-06 01:42:40',NULL,'public'),(174,0,'46-4','46-4',3,'image/jpeg',9803,'products/46-4.jpg','[]','2026-03-06 01:42:40','2026-03-06 01:42:40',NULL,'public'),(175,0,'47-1','47-1',3,'image/jpeg',9803,'products/47-1.jpg','[]','2026-03-06 01:42:40','2026-03-06 01:42:40',NULL,'public'),(176,0,'47-2','47-2',3,'image/jpeg',9803,'products/47-2.jpg','[]','2026-03-06 01:42:40','2026-03-06 01:42:40',NULL,'public'),(177,0,'47-3','47-3',3,'image/jpeg',9803,'products/47-3.jpg','[]','2026-03-06 01:42:41','2026-03-06 01:42:41',NULL,'public'),(178,0,'48-1','48-1',3,'image/jpeg',9803,'products/48-1.jpg','[]','2026-03-06 01:42:41','2026-03-06 01:42:41',NULL,'public'),(179,0,'48-2','48-2',3,'image/jpeg',9803,'products/48-2.jpg','[]','2026-03-06 01:42:41','2026-03-06 01:42:41',NULL,'public'),(180,0,'48-3','48-3',3,'image/jpeg',9803,'products/48-3.jpg','[]','2026-03-06 01:42:41','2026-03-06 01:42:41',NULL,'public'),(181,0,'48-4','48-4',3,'image/jpeg',9803,'products/48-4.jpg','[]','2026-03-06 01:42:41','2026-03-06 01:42:41',NULL,'public'),(182,0,'49-1','49-1',3,'image/jpeg',9803,'products/49-1.jpg','[]','2026-03-06 01:42:41','2026-03-06 01:42:41',NULL,'public'),(183,0,'49-2','49-2',3,'image/jpeg',9803,'products/49-2.jpg','[]','2026-03-06 01:42:41','2026-03-06 01:42:41',NULL,'public'),(184,0,'49-3','49-3',3,'image/jpeg',9803,'products/49-3.jpg','[]','2026-03-06 01:42:41','2026-03-06 01:42:41',NULL,'public'),(185,0,'49-4','49-4',3,'image/jpeg',9803,'products/49-4.jpg','[]','2026-03-06 01:42:41','2026-03-06 01:42:41',NULL,'public'),(186,0,'5-1','5-1',3,'image/jpeg',9803,'products/5-1.jpg','[]','2026-03-06 01:42:41','2026-03-06 01:42:41',NULL,'public'),(187,0,'5-2','5-2',3,'image/jpeg',9803,'products/5-2.jpg','[]','2026-03-06 01:42:41','2026-03-06 01:42:41',NULL,'public'),(188,0,'5-3','5-3',3,'image/jpeg',9803,'products/5-3.jpg','[]','2026-03-06 01:42:41','2026-03-06 01:42:41',NULL,'public'),(189,0,'5-4','5-4',3,'image/jpeg',9803,'products/5-4.jpg','[]','2026-03-06 01:42:41','2026-03-06 01:42:41',NULL,'public'),(190,0,'50-1','50-1',3,'image/jpeg',9803,'products/50-1.jpg','[]','2026-03-06 01:42:41','2026-03-06 01:42:41',NULL,'public'),(191,0,'50-2','50-2',3,'image/jpeg',9803,'products/50-2.jpg','[]','2026-03-06 01:42:41','2026-03-06 01:42:41',NULL,'public'),(192,0,'50-3','50-3',3,'image/jpeg',9803,'products/50-3.jpg','[]','2026-03-06 01:42:42','2026-03-06 01:42:42',NULL,'public'),(193,0,'50-4','50-4',3,'image/jpeg',9803,'products/50-4.jpg','[]','2026-03-06 01:42:42','2026-03-06 01:42:42',NULL,'public'),(194,0,'51-1','51-1',3,'image/jpeg',9803,'products/51-1.jpg','[]','2026-03-06 01:42:42','2026-03-06 01:42:42',NULL,'public'),(195,0,'51-2','51-2',3,'image/jpeg',9803,'products/51-2.jpg','[]','2026-03-06 01:42:42','2026-03-06 01:42:42',NULL,'public'),(196,0,'51-3','51-3',3,'image/jpeg',9803,'products/51-3.jpg','[]','2026-03-06 01:42:42','2026-03-06 01:42:42',NULL,'public'),(197,0,'51-4','51-4',3,'image/jpeg',9803,'products/51-4.jpg','[]','2026-03-06 01:42:42','2026-03-06 01:42:42',NULL,'public'),(198,0,'52-1','52-1',3,'image/jpeg',9803,'products/52-1.jpg','[]','2026-03-06 01:42:42','2026-03-06 01:42:42',NULL,'public'),(199,0,'52-2','52-2',3,'image/jpeg',9803,'products/52-2.jpg','[]','2026-03-06 01:42:42','2026-03-06 01:42:42',NULL,'public'),(200,0,'52-3','52-3',3,'image/jpeg',9803,'products/52-3.jpg','[]','2026-03-06 01:42:42','2026-03-06 01:42:42',NULL,'public'),(201,0,'53-1','53-1',3,'image/jpeg',9803,'products/53-1.jpg','[]','2026-03-06 01:42:42','2026-03-06 01:42:42',NULL,'public'),(202,0,'53-2','53-2',3,'image/jpeg',9803,'products/53-2.jpg','[]','2026-03-06 01:42:42','2026-03-06 01:42:42',NULL,'public'),(203,0,'53-3','53-3',3,'image/jpeg',9803,'products/53-3.jpg','[]','2026-03-06 01:42:42','2026-03-06 01:42:42',NULL,'public'),(204,0,'53-4','53-4',3,'image/jpeg',9803,'products/53-4.jpg','[]','2026-03-06 01:42:42','2026-03-06 01:42:42',NULL,'public'),(205,0,'54-1','54-1',3,'image/jpeg',9803,'products/54-1.jpg','[]','2026-03-06 01:42:42','2026-03-06 01:42:42',NULL,'public'),(206,0,'54-2','54-2',3,'image/jpeg',9803,'products/54-2.jpg','[]','2026-03-06 01:42:42','2026-03-06 01:42:42',NULL,'public'),(207,0,'54-3','54-3',3,'image/jpeg',9803,'products/54-3.jpg','[]','2026-03-06 01:42:42','2026-03-06 01:42:42',NULL,'public'),(208,0,'6-1','6-1',3,'image/jpeg',9803,'products/6-1.jpg','[]','2026-03-06 01:42:43','2026-03-06 01:42:43',NULL,'public'),(209,0,'6-2','6-2',3,'image/jpeg',9803,'products/6-2.jpg','[]','2026-03-06 01:42:43','2026-03-06 01:42:43',NULL,'public'),(210,0,'6-3','6-3',3,'image/jpeg',9803,'products/6-3.jpg','[]','2026-03-06 01:42:43','2026-03-06 01:42:43',NULL,'public'),(211,0,'6-4','6-4',3,'image/jpeg',9803,'products/6-4.jpg','[]','2026-03-06 01:42:43','2026-03-06 01:42:43',NULL,'public'),(212,0,'7-1','7-1',3,'image/jpeg',9803,'products/7-1.jpg','[]','2026-03-06 01:42:43','2026-03-06 01:42:43',NULL,'public'),(213,0,'7-2','7-2',3,'image/jpeg',9803,'products/7-2.jpg','[]','2026-03-06 01:42:43','2026-03-06 01:42:43',NULL,'public'),(214,0,'7-3','7-3',3,'image/jpeg',9803,'products/7-3.jpg','[]','2026-03-06 01:42:43','2026-03-06 01:42:43',NULL,'public'),(215,0,'8-1','8-1',3,'image/jpeg',9803,'products/8-1.jpg','[]','2026-03-06 01:42:43','2026-03-06 01:42:43',NULL,'public'),(216,0,'8-2','8-2',3,'image/jpeg',9803,'products/8-2.jpg','[]','2026-03-06 01:42:43','2026-03-06 01:42:43',NULL,'public'),(217,0,'8-3','8-3',3,'image/jpeg',9803,'products/8-3.jpg','[]','2026-03-06 01:42:43','2026-03-06 01:42:43',NULL,'public'),(218,0,'8-4','8-4',3,'image/jpeg',9803,'products/8-4.jpg','[]','2026-03-06 01:42:43','2026-03-06 01:42:43',NULL,'public'),(219,0,'9-1','9-1',3,'image/jpeg',9803,'products/9-1.jpg','[]','2026-03-06 01:42:43','2026-03-06 01:42:43',NULL,'public'),(220,0,'9-2','9-2',3,'image/jpeg',9803,'products/9-2.jpg','[]','2026-03-06 01:42:43','2026-03-06 01:42:43',NULL,'public'),(221,0,'9-3','9-3',3,'image/jpeg',9803,'products/9-3.jpg','[]','2026-03-06 01:42:43','2026-03-06 01:42:43',NULL,'public'),(222,0,'1','1',4,'image/jpeg',9803,'customers/1.jpg','[]','2026-03-06 01:42:49','2026-03-06 01:42:49',NULL,'public'),(223,0,'10','10',4,'image/jpeg',9803,'customers/10.jpg','[]','2026-03-06 01:42:49','2026-03-06 01:42:49',NULL,'public'),(224,0,'2','2',4,'image/jpeg',9803,'customers/2.jpg','[]','2026-03-06 01:42:49','2026-03-06 01:42:49',NULL,'public'),(225,0,'3','3',4,'image/jpeg',9803,'customers/3.jpg','[]','2026-03-06 01:42:49','2026-03-06 01:42:49',NULL,'public'),(226,0,'4','4',4,'image/jpeg',9803,'customers/4.jpg','[]','2026-03-06 01:42:49','2026-03-06 01:42:49',NULL,'public'),(227,0,'5','5',4,'image/jpeg',9803,'customers/5.jpg','[]','2026-03-06 01:42:49','2026-03-06 01:42:49',NULL,'public'),(228,0,'6','6',4,'image/jpeg',9803,'customers/6.jpg','[]','2026-03-06 01:42:49','2026-03-06 01:42:49',NULL,'public'),(229,0,'7','7',4,'image/jpeg',9803,'customers/7.jpg','[]','2026-03-06 01:42:49','2026-03-06 01:42:49',NULL,'public'),(230,0,'8','8',4,'image/jpeg',9803,'customers/8.jpg','[]','2026-03-06 01:42:49','2026-03-06 01:42:49',NULL,'public'),(231,0,'9','9',4,'image/jpeg',9803,'customers/9.jpg','[]','2026-03-06 01:42:49','2026-03-06 01:42:49',NULL,'public'),(232,0,'1','1',5,'image/jpeg',9803,'news/1.jpg','[]','2026-03-06 01:42:54','2026-03-06 01:42:54',NULL,'public'),(233,0,'10','10',5,'image/jpeg',9803,'news/10.jpg','[]','2026-03-06 01:42:54','2026-03-06 01:42:54',NULL,'public'),(234,0,'11','11',5,'image/jpeg',9803,'news/11.jpg','[]','2026-03-06 01:42:55','2026-03-06 01:42:55',NULL,'public'),(235,0,'2','2',5,'image/jpeg',9803,'news/2.jpg','[]','2026-03-06 01:42:55','2026-03-06 01:42:55',NULL,'public'),(236,0,'3','3',5,'image/jpeg',9803,'news/3.jpg','[]','2026-03-06 01:42:55','2026-03-06 01:42:55',NULL,'public'),(237,0,'4','4',5,'image/jpeg',9803,'news/4.jpg','[]','2026-03-06 01:42:55','2026-03-06 01:42:55',NULL,'public'),(238,0,'5','5',5,'image/jpeg',9803,'news/5.jpg','[]','2026-03-06 01:42:55','2026-03-06 01:42:55',NULL,'public'),(239,0,'6','6',5,'image/jpeg',9803,'news/6.jpg','[]','2026-03-06 01:42:55','2026-03-06 01:42:55',NULL,'public'),(240,0,'7','7',5,'image/jpeg',9803,'news/7.jpg','[]','2026-03-06 01:42:55','2026-03-06 01:42:55',NULL,'public'),(241,0,'8','8',5,'image/jpeg',9803,'news/8.jpg','[]','2026-03-06 01:42:55','2026-03-06 01:42:55',NULL,'public'),(242,0,'9','9',5,'image/jpeg',9803,'news/9.jpg','[]','2026-03-06 01:42:55','2026-03-06 01:42:55',NULL,'public'),(243,0,'1-lg','1-lg',6,'image/jpeg',8828,'sliders/1-lg.jpg','[]','2026-03-06 01:42:55','2026-03-06 01:42:55',NULL,'public'),(244,0,'1-md','1-md',6,'image/jpeg',8828,'sliders/1-md.jpg','[]','2026-03-06 01:42:55','2026-03-06 01:42:55',NULL,'public'),(245,0,'1-sm','1-sm',6,'image/jpeg',8828,'sliders/1-sm.jpg','[]','2026-03-06 01:42:55','2026-03-06 01:42:55',NULL,'public'),(246,0,'2-lg','2-lg',6,'image/jpeg',8828,'sliders/2-lg.jpg','[]','2026-03-06 01:42:55','2026-03-06 01:42:55',NULL,'public'),(247,0,'2-md','2-md',6,'image/jpeg',8828,'sliders/2-md.jpg','[]','2026-03-06 01:42:56','2026-03-06 01:42:56',NULL,'public'),(248,0,'2-sm','2-sm',6,'image/jpeg',8828,'sliders/2-sm.jpg','[]','2026-03-06 01:42:56','2026-03-06 01:42:56',NULL,'public'),(249,0,'3-lg','3-lg',6,'image/jpeg',8828,'sliders/3-lg.jpg','[]','2026-03-06 01:42:56','2026-03-06 01:42:56',NULL,'public'),(250,0,'3-md','3-md',6,'image/jpeg',8828,'sliders/3-md.jpg','[]','2026-03-06 01:42:56','2026-03-06 01:42:56',NULL,'public'),(251,0,'3-sm','3-sm',6,'image/jpeg',8828,'sliders/3-sm.jpg','[]','2026-03-06 01:42:56','2026-03-06 01:42:56',NULL,'public'),(252,0,'1','1',7,'image/jpeg',3613,'promotion/1.jpg','[]','2026-03-06 01:42:56','2026-03-06 01:42:56',NULL,'public'),(253,0,'2','2',7,'image/jpeg',3613,'promotion/2.jpg','[]','2026-03-06 01:42:56','2026-03-06 01:42:56',NULL,'public'),(254,0,'3','3',7,'image/jpeg',5391,'promotion/3.jpg','[]','2026-03-06 01:42:56','2026-03-06 01:42:56',NULL,'public'),(255,0,'4','4',7,'image/jpeg',5391,'promotion/4.jpg','[]','2026-03-06 01:42:56','2026-03-06 01:42:56',NULL,'public'),(256,0,'5','5',7,'image/jpeg',5391,'promotion/5.jpg','[]','2026-03-06 01:42:56','2026-03-06 01:42:56',NULL,'public'),(257,0,'6','6',7,'image/jpeg',5391,'promotion/6.jpg','[]','2026-03-06 01:42:56','2026-03-06 01:42:56',NULL,'public'),(258,0,'7','7',7,'image/jpeg',5391,'promotion/7.jpg','[]','2026-03-06 01:42:56','2026-03-06 01:42:56',NULL,'public'),(259,0,'8','8',7,'image/jpeg',5391,'promotion/8.jpg','[]','2026-03-06 01:42:56','2026-03-06 01:42:56',NULL,'public'),(260,0,'9','9',7,'image/jpeg',5391,'promotion/9.jpg','[]','2026-03-06 01:42:56','2026-03-06 01:42:56',NULL,'public'),(261,0,'cod','cod',8,'image/png',12121,'payments/cod.png','[]','2026-03-06 01:42:56','2026-03-06 01:42:56',NULL,'public'),(262,0,'bank-transfer','bank-transfer',8,'image/png',29089,'payments/bank-transfer.png','[]','2026-03-06 01:42:57','2026-03-06 01:42:57',NULL,'public'),(263,0,'stripe','stripe',8,'image/webp',7516,'payments/stripe.webp','[]','2026-03-06 01:42:57','2026-03-06 01:42:57',NULL,'public'),(264,0,'paypal','paypal',8,'image/png',3001,'payments/paypal.png','[]','2026-03-06 01:42:57','2026-03-06 01:42:57',NULL,'public'),(265,0,'mollie','mollie',8,'image/png',8968,'payments/mollie.png','[]','2026-03-06 01:42:57','2026-03-06 01:42:57',NULL,'public'),(266,0,'paystack','paystack',8,'image/png',31015,'payments/paystack.png','[]','2026-03-06 01:42:57','2026-03-06 01:42:57',NULL,'public'),(267,0,'razorpay','razorpay',8,'image/png',8489,'payments/razorpay.png','[]','2026-03-06 01:42:57','2026-03-06 01:42:57',NULL,'public'),(268,0,'sslcommerz','sslcommerz',8,'image/png',3482,'payments/sslcommerz.png','[]','2026-03-06 01:42:57','2026-03-06 01:42:57',NULL,'public'),(269,0,'app','app',9,'image/png',8667,'general/app.png','[]','2026-03-06 01:43:00','2026-03-06 01:43:00',NULL,'public'),(270,0,'coming-soon','coming-soon',9,'image/jpeg',22253,'general/coming-soon.jpg','[]','2026-03-06 01:43:00','2026-03-06 01:43:00',NULL,'public'),(271,0,'favicon','favicon',9,'image/png',5047,'general/favicon.png','[]','2026-03-06 01:43:00','2026-03-06 01:43:00',NULL,'public'),(272,0,'logo-dark','logo-dark',9,'image/png',1562,'general/logo-dark.png','[]','2026-03-06 01:43:00','2026-03-06 01:43:00',NULL,'public'),(273,0,'logo-light','logo-light',9,'image/png',1529,'general/logo-light.png','[]','2026-03-06 01:43:00','2026-03-06 01:43:00',NULL,'public'),(274,0,'logo','logo',9,'image/png',1441,'general/logo.png','[]','2026-03-06 01:43:00','2026-03-06 01:43:00',NULL,'public'),(275,0,'newsletter','newsletter',9,'image/jpeg',9778,'general/newsletter.jpg','[]','2026-03-06 01:43:00','2026-03-06 01:43:00',NULL,'public'),(276,0,'payment-method-1','payment-method-1',9,'image/jpeg',1128,'general/payment-method-1.jpg','[]','2026-03-06 01:43:00','2026-03-06 01:43:00',NULL,'public'),(277,0,'payment-method-2','payment-method-2',9,'image/jpeg',1184,'general/payment-method-2.jpg','[]','2026-03-06 01:43:00','2026-03-06 01:43:00',NULL,'public'),(278,0,'payment-method-3','payment-method-3',9,'image/jpeg',1109,'general/payment-method-3.jpg','[]','2026-03-06 01:43:00','2026-03-06 01:43:00',NULL,'public'),(279,0,'payment-method-4','payment-method-4',9,'image/jpeg',944,'general/payment-method-4.jpg','[]','2026-03-06 01:43:00','2026-03-06 01:43:00',NULL,'public'),(280,0,'payment-method-5','payment-method-5',9,'image/jpeg',964,'general/payment-method-5.jpg','[]','2026-03-06 01:43:00','2026-03-06 01:43:00',NULL,'public'),(281,0,'placeholder','placeholder',9,'image/png',12344,'general/placeholder.png','[]','2026-03-06 01:43:00','2026-03-06 01:43:00',NULL,'public'),(282,0,'1','1',10,'image/png',9022,'stores/1.png','[]','2026-03-06 01:43:00','2026-03-06 01:43:00',NULL,'public'),(283,0,'10','10',10,'image/png',4384,'stores/10.png','[]','2026-03-06 01:43:00','2026-03-06 01:43:00',NULL,'public'),(284,0,'11','11',10,'image/png',4706,'stores/11.png','[]','2026-03-06 01:43:00','2026-03-06 01:43:00',NULL,'public'),(285,0,'12','12',10,'image/png',5075,'stores/12.png','[]','2026-03-06 01:43:00','2026-03-06 01:43:00',NULL,'public'),(286,0,'13','13',10,'image/png',3700,'stores/13.png','[]','2026-03-06 01:43:00','2026-03-06 01:43:00',NULL,'public'),(287,0,'14','14',10,'image/png',4239,'stores/14.png','[]','2026-03-06 01:43:00','2026-03-06 01:43:00',NULL,'public'),(288,0,'15','15',10,'image/png',5304,'stores/15.png','[]','2026-03-06 01:43:00','2026-03-06 01:43:00',NULL,'public'),(289,0,'16','16',10,'image/png',4796,'stores/16.png','[]','2026-03-06 01:43:00','2026-03-06 01:43:00',NULL,'public'),(290,0,'17','17',10,'image/png',4919,'stores/17.png','[]','2026-03-06 01:43:00','2026-03-06 01:43:00',NULL,'public'),(291,0,'2','2',10,'image/png',8598,'stores/2.png','[]','2026-03-06 01:43:01','2026-03-06 01:43:01',NULL,'public'),(292,0,'3','3',10,'image/png',7888,'stores/3.png','[]','2026-03-06 01:43:01','2026-03-06 01:43:01',NULL,'public'),(293,0,'4','4',10,'image/png',8393,'stores/4.png','[]','2026-03-06 01:43:01','2026-03-06 01:43:01',NULL,'public'),(294,0,'5','5',10,'image/png',10159,'stores/5.png','[]','2026-03-06 01:43:01','2026-03-06 01:43:01',NULL,'public'),(295,0,'6','6',10,'image/png',10312,'stores/6.png','[]','2026-03-06 01:43:01','2026-03-06 01:43:01',NULL,'public'),(296,0,'7','7',10,'image/png',3764,'stores/7.png','[]','2026-03-06 01:43:01','2026-03-06 01:43:01',NULL,'public'),(297,0,'8','8',10,'image/png',4237,'stores/8.png','[]','2026-03-06 01:43:01','2026-03-06 01:43:01',NULL,'public'),(298,0,'9','9',10,'image/png',4096,'stores/9.png','[]','2026-03-06 01:43:01','2026-03-06 01:43:01',NULL,'public');

--
-- Table structure for table `media_folders`
--

CREATE TABLE `media_folders` (
  `id` bigint unsigned NOT NULL AUTO_INCREMENT,
  `user_id` bigint unsigned NOT NULL,
  `name` varchar(191) COLLATE utf8mb4_unicode_ci DEFAULT NULL,
  `color` varchar(191) COLLATE utf8mb4_unicode_ci DEFAULT NULL,
  `slug` varchar(191) COLLATE utf8mb4_unicode_ci DEFAULT NULL,
  `parent_id` bigint unsigned NOT NULL DEFAULT '0',
  `created_at` timestamp NULL DEFAULT NULL,
  `updated_at` timestamp NULL DEFAULT NULL,
  `deleted_at` timestamp NULL DEFAULT NULL,
  PRIMARY KEY (`id`),
  KEY `media_folders_user_id_index` (`user_id`),
  KEY `media_folders_index` (`parent_id`,`user_id`,`created_at`)
) ENGINE=InnoDB AUTO_INCREMENT=11 DEFAULT CHARSET=utf8mb4 COLLATE=utf8mb4_unicode_ci;

--
-- Dumping data for table `media_folders`
--

INSERT INTO `media_folders` VALUES (1,0,'brands',NULL,'brands',0,'2026-03-06 01:42:25','2026-03-06 01:42:25',NULL),(2,0,'product-categories',NULL,'product-categories',0,'2026-03-06 01:42:25','2026-03-06 01:42:25',NULL),(3,0,'products',NULL,'products',0,'2026-03-06 01:42:27','2026-03-06 01:42:27',NULL),(4,0,'customers',NULL,'customers',0,'2026-03-06 01:42:49','2026-03-06 01:42:49',NULL),(5,0,'news',NULL,'news',0,'2026-03-06 01:42:54','2026-03-06 01:42:54',NULL),(6,0,'sliders',NULL,'sliders',0,'2026-03-06 01:42:55','2026-03-06 01:42:55',NULL),(7,0,'promotion',NULL,'promotion',0,'2026-03-06 01:42:56','2026-03-06 01:42:56',NULL),(8,0,'payments',NULL,'payments',0,'2026-03-06 01:42:56','2026-03-06 01:42:56',NULL),(9,0,'general',NULL,'general',0,'2026-03-06 01:43:00','2026-03-06 01:43:00',NULL),(10,0,'stores',NULL,'stores',0,'2026-03-06 01:43:00','2026-03-06 01:43:00',NULL);

--
-- Table structure for table `media_settings`
--

CREATE TABLE `media_settings` (
  `id` bigint unsigned NOT NULL AUTO_INCREMENT,
  `key` varchar(120) COLLATE utf8mb4_unicode_ci NOT NULL,
  `value` text COLLATE utf8mb4_unicode_ci,
  `media_id` bigint unsigned DEFAULT NULL,
  `user_id` bigint unsigned DEFAULT NULL,
  `created_at` timestamp NULL DEFAULT NULL,
  `updated_at` timestamp NULL DEFAULT NULL,
  PRIMARY KEY (`id`)
) ENGINE=InnoDB DEFAULT CHARSET=utf8mb4 COLLATE=utf8mb4_unicode_ci;

--
-- Dumping data for table `media_settings`
--


--
-- Table structure for table `menu_locations`
--

CREATE TABLE `menu_locations` (
  `id` bigint unsigned NOT NULL AUTO_INCREMENT,
  `menu_id` bigint unsigned NOT NULL,
  `location` varchar(191) COLLATE utf8mb4_unicode_ci NOT NULL,
  `created_at` timestamp NULL DEFAULT NULL,
  `updated_at` timestamp NULL DEFAULT NULL,
  PRIMARY KEY (`id`),
  KEY `menu_locations_menu_id_created_at_index` (`menu_id`,`created_at`)
) ENGINE=InnoDB AUTO_INCREMENT=7 DEFAULT CHARSET=utf8mb4 COLLATE=utf8mb4_unicode_ci;

--
-- Dumping data for table `menu_locations`
--

INSERT INTO `menu_locations` VALUES (1,1,'main-menu','2026-03-06 01:42:59','2026-03-06 01:42:59'),(2,5,'main-menu','2026-03-06 01:43:05','2026-03-06 01:43:05'),(3,9,'main-menu','2026-03-06 01:43:05','2026-03-06 01:43:05'),(4,13,'main-menu','2026-03-06 01:43:05','2026-03-06 01:43:05'),(5,17,'main-menu','2026-03-06 01:43:05','2026-03-06 01:43:05'),(6,21,'main-menu','2026-03-06 01:43:05','2026-03-06 01:43:05');

--
-- Table structure for table `menu_nodes`
--

CREATE TABLE `menu_nodes` (
  `id` bigint unsigned NOT NULL AUTO_INCREMENT,
  `menu_id` bigint unsigned NOT NULL,
  `parent_id` bigint unsigned NOT NULL DEFAULT '0',
  `reference_id` bigint unsigned DEFAULT NULL,
  `reference_type` varchar(191) COLLATE utf8mb4_unicode_ci DEFAULT NULL,
  `url` varchar(191) COLLATE utf8mb4_unicode_ci DEFAULT NULL,
  `icon_font` varchar(191) COLLATE utf8mb4_unicode_ci DEFAULT NULL,
  `position` tinyint unsigned NOT NULL DEFAULT '0',
  `title` varchar(191) COLLATE utf8mb4_unicode_ci DEFAULT NULL,
  `css_class` varchar(191) COLLATE utf8mb4_unicode_ci DEFAULT NULL,
  `target` varchar(20) COLLATE utf8mb4_unicode_ci NOT NULL DEFAULT '_self',
  `has_child` tinyint unsigned NOT NULL DEFAULT '0',
  `created_at` timestamp NULL DEFAULT NULL,
  `updated_at` timestamp NULL DEFAULT NULL,
  PRIMARY KEY (`id`),
  KEY `menu_nodes_menu_id_index` (`menu_id`),
  KEY `menu_nodes_parent_id_index` (`parent_id`),
  KEY `reference_id` (`reference_id`),
  KEY `reference_type` (`reference_type`)
) ENGINE=InnoDB AUTO_INCREMENT=169 DEFAULT CHARSET=utf8mb4 COLLATE=utf8mb4_unicode_ci;

--
-- Dumping data for table `menu_nodes`
--

INSERT INTO `menu_nodes` VALUES (1,1,0,NULL,NULL,'/',NULL,0,'Home',NULL,'_self',0,'2026-03-06 01:42:59','2026-03-06 01:42:59'),(2,1,0,NULL,NULL,'#',NULL,1,'Pages',NULL,'_self',1,'2026-03-06 01:42:59','2026-03-06 01:42:59'),(3,1,2,2,'Botble\\Page\\Models\\Page','/about-us',NULL,0,'About us',NULL,'_self',0,'2026-03-06 01:42:59','2026-03-06 01:43:00'),(4,1,2,3,'Botble\\Page\\Models\\Page','/terms-of-use',NULL,1,'Terms Of Use',NULL,'_self',0,'2026-03-06 01:42:59','2026-03-06 01:43:00'),(5,1,2,4,'Botble\\Page\\Models\\Page','/terms-conditions',NULL,2,'Terms & Conditions',NULL,'_self',0,'2026-03-06 01:42:59','2026-03-06 01:43:00'),(6,1,2,5,'Botble\\Page\\Models\\Page','/refund-policy',NULL,3,'Refund Policy',NULL,'_self',0,'2026-03-06 01:42:59','2026-03-06 01:43:00'),(7,1,2,12,'Botble\\Page\\Models\\Page','/coming-soon',NULL,4,'Coming soon',NULL,'_self',0,'2026-03-06 01:42:59','2026-03-06 01:43:00'),(8,1,0,NULL,NULL,'/products',NULL,2,'Products',NULL,'_self',1,'2026-03-06 01:42:59','2026-03-06 01:42:59'),(9,1,8,NULL,NULL,'/products',NULL,0,'All products',NULL,'_self',0,'2026-03-06 01:42:59','2026-03-06 01:42:59'),(10,1,8,15,'Botble\\Ecommerce\\Models\\ProductCategory',NULL,NULL,1,'Products Of Category',NULL,'_self',0,'2026-03-06 01:42:59','2026-03-06 01:42:59'),(11,1,8,NULL,NULL,'/products/headphone-ultra-bass',NULL,2,'Product Single',NULL,'_self',0,'2026-03-06 01:42:59','2026-03-06 01:42:59'),(12,1,0,NULL,NULL,'/stores',NULL,3,'Stores',NULL,'_self',0,'2026-03-06 01:42:59','2026-03-06 01:42:59'),(13,1,0,6,'Botble\\Page\\Models\\Page',NULL,NULL,4,'Blog',NULL,'_self',0,'2026-03-06 01:42:59','2026-03-06 01:42:59'),(14,1,0,7,'Botble\\Page\\Models\\Page',NULL,NULL,5,'FAQs',NULL,'_self',0,'2026-03-06 01:42:59','2026-03-06 01:42:59'),(15,1,0,8,'Botble\\Page\\Models\\Page',NULL,NULL,6,'Contact',NULL,'_self',0,'2026-03-06 01:42:59','2026-03-06 01:42:59'),(16,2,0,3,'Botble\\Page\\Models\\Page',NULL,NULL,0,'Terms Of Use',NULL,'_self',0,'2026-03-06 01:42:59','2026-03-06 01:42:59'),(17,2,0,4,'Botble\\Page\\Models\\Page',NULL,NULL,1,'Terms & Conditions',NULL,'_self',0,'2026-03-06 01:42:59','2026-03-06 01:42:59'),(18,2,0,5,'Botble\\Page\\Models\\Page',NULL,NULL,2,'Refund Policy',NULL,'_self',0,'2026-03-06 01:43:00','2026-03-06 01:43:00'),(19,2,0,7,'Botble\\Page\\Models\\Page',NULL,NULL,3,'FAQs',NULL,'_self',0,'2026-03-06 01:43:00','2026-03-06 01:43:00'),(20,2,0,NULL,NULL,'/nothing',NULL,4,'404 Page',NULL,'_self',0,'2026-03-06 01:43:00','2026-03-06 01:43:00'),(21,3,0,2,'Botble\\Page\\Models\\Page',NULL,NULL,0,'About us',NULL,'_self',0,'2026-03-06 01:43:00','2026-03-06 01:43:00'),(22,3,0,10,'Botble\\Page\\Models\\Page',NULL,NULL,1,'Affiliate',NULL,'_self',0,'2026-03-06 01:43:00','2026-03-06 01:43:00'),(23,3,0,11,'Botble\\Page\\Models\\Page',NULL,NULL,2,'Career',NULL,'_self',0,'2026-03-06 01:43:00','2026-03-06 01:43:00'),(24,3,0,8,'Botble\\Page\\Models\\Page',NULL,NULL,3,'Contact us',NULL,'_self',0,'2026-03-06 01:43:00','2026-03-06 01:43:00'),(25,4,0,6,'Botble\\Page\\Models\\Page',NULL,NULL,0,'Our blog',NULL,'_self',0,'2026-03-06 01:43:00','2026-03-06 01:43:00'),(26,4,0,NULL,NULL,'/cart',NULL,1,'Cart',NULL,'_self',0,'2026-03-06 01:43:00','2026-03-06 01:43:00'),(27,4,0,NULL,NULL,'/customer/overview',NULL,2,'My account',NULL,'_self',0,'2026-03-06 01:43:00','2026-03-06 01:43:00'),(28,4,0,NULL,NULL,'/products',NULL,3,'Shop',NULL,'_self',0,'2026-03-06 01:43:00','2026-03-06 01:43:00'),(29,5,0,NULL,NULL,'/',NULL,0,'الرئيسية',NULL,'_self',0,'2026-03-06 01:43:05','2026-03-06 01:43:05'),(30,5,0,NULL,NULL,'#',NULL,1,'الصفحات',NULL,'_self',1,'2026-03-06 01:43:05','2026-03-06 01:43:05'),(31,5,30,2,'Botble\\Page\\Models\\Page',NULL,NULL,0,'من نحن',NULL,'_self',0,'2026-03-06 01:43:05','2026-03-06 01:43:05'),(32,5,30,3,'Botble\\Page\\Models\\Page',NULL,NULL,1,'شروط الاستخدام',NULL,'_self',0,'2026-03-06 01:43:05','2026-03-06 01:43:05'),(33,5,30,4,'Botble\\Page\\Models\\Page',NULL,NULL,2,'الشروط والأحكام',NULL,'_self',0,'2026-03-06 01:43:05','2026-03-06 01:43:05'),(34,5,30,5,'Botble\\Page\\Models\\Page',NULL,NULL,3,'سياسة الاسترجاع',NULL,'_self',0,'2026-03-06 01:43:05','2026-03-06 01:43:05'),(35,5,30,12,'Botble\\Page\\Models\\Page',NULL,NULL,4,'قريباً',NULL,'_self',0,'2026-03-06 01:43:05','2026-03-06 01:43:05'),(36,5,0,NULL,NULL,'/products',NULL,2,'المنتجات',NULL,'_self',1,'2026-03-06 01:43:05','2026-03-06 01:43:05'),(37,5,36,NULL,NULL,'/products',NULL,0,'جميع المنتجات',NULL,'_self',0,'2026-03-06 01:43:05','2026-03-06 01:43:05'),(38,5,36,15,'Botble\\Ecommerce\\Models\\ProductCategory',NULL,NULL,1,'منتجات الفئة',NULL,'_self',0,'2026-03-06 01:43:05','2026-03-06 01:43:05'),(39,5,36,NULL,NULL,'/products/headphone-ultra-bass',NULL,2,'منتج واحد',NULL,'_self',0,'2026-03-06 01:43:05','2026-03-06 01:43:05'),(40,5,0,NULL,NULL,'/stores',NULL,3,'المتاجر',NULL,'_self',0,'2026-03-06 01:43:05','2026-03-06 01:43:05'),(41,5,0,6,'Botble\\Page\\Models\\Page',NULL,NULL,4,'المدونة',NULL,'_self',0,'2026-03-06 01:43:05','2026-03-06 01:43:05'),(42,5,0,7,'Botble\\Page\\Models\\Page',NULL,NULL,5,'الأسئلة الشائعة',NULL,'_self',0,'2026-03-06 01:43:05','2026-03-06 01:43:05'),(43,5,0,8,'Botble\\Page\\Models\\Page',NULL,NULL,6,'اتصل بنا',NULL,'_self',0,'2026-03-06 01:43:05','2026-03-06 01:43:05'),(44,6,0,3,'Botble\\Page\\Models\\Page',NULL,NULL,0,'شروط الاستخدام',NULL,'_self',0,'2026-03-06 01:43:05','2026-03-06 01:43:05'),(45,6,0,4,'Botble\\Page\\Models\\Page',NULL,NULL,1,'الشروط والأحكام',NULL,'_self',0,'2026-03-06 01:43:05','2026-03-06 01:43:05'),(46,6,0,5,'Botble\\Page\\Models\\Page',NULL,NULL,2,'سياسة الاسترجاع',NULL,'_self',0,'2026-03-06 01:43:05','2026-03-06 01:43:05'),(47,6,0,7,'Botble\\Page\\Models\\Page',NULL,NULL,3,'الأسئلة الشائعة',NULL,'_self',0,'2026-03-06 01:43:05','2026-03-06 01:43:05'),(48,6,0,NULL,NULL,'/nothing',NULL,4,'صفحة 404',NULL,'_self',0,'2026-03-06 01:43:05','2026-03-06 01:43:05'),(49,7,0,2,'Botble\\Page\\Models\\Page',NULL,NULL,0,'من نحن',NULL,'_self',0,'2026-03-06 01:43:05','2026-03-06 01:43:05'),(50,7,0,10,'Botble\\Page\\Models\\Page',NULL,NULL,1,'الشركاء',NULL,'_self',0,'2026-03-06 01:43:05','2026-03-06 01:43:05'),(51,7,0,11,'Botble\\Page\\Models\\Page',NULL,NULL,2,'الوظائف',NULL,'_self',0,'2026-03-06 01:43:05','2026-03-06 01:43:05'),(52,7,0,8,'Botble\\Page\\Models\\Page',NULL,NULL,3,'اتصل بنا',NULL,'_self',0,'2026-03-06 01:43:05','2026-03-06 01:43:05'),(53,8,0,6,'Botble\\Page\\Models\\Page',NULL,NULL,0,'مدونتنا',NULL,'_self',0,'2026-03-06 01:43:05','2026-03-06 01:43:05'),(54,8,0,NULL,NULL,'/cart',NULL,1,'السلة',NULL,'_self',0,'2026-03-06 01:43:05','2026-03-06 01:43:05'),(55,8,0,NULL,NULL,'/customer/overview',NULL,2,'حسابي',NULL,'_self',0,'2026-03-06 01:43:05','2026-03-06 01:43:05'),(56,8,0,NULL,NULL,'/products',NULL,3,'المتجر',NULL,'_self',0,'2026-03-06 01:43:05','2026-03-06 01:43:05'),(57,9,0,NULL,NULL,'/',NULL,0,'Trang chủ',NULL,'_self',0,'2026-03-06 01:43:05','2026-03-06 01:43:05'),(58,9,0,NULL,NULL,'#',NULL,1,'Trang',NULL,'_self',1,'2026-03-06 01:43:05','2026-03-06 01:43:05'),(59,9,58,2,'Botble\\Page\\Models\\Page',NULL,NULL,0,'Về chúng tôi',NULL,'_self',0,'2026-03-06 01:43:05','2026-03-06 01:43:05'),(60,9,58,3,'Botble\\Page\\Models\\Page',NULL,NULL,1,'Điều khoản sử dụng',NULL,'_self',0,'2026-03-06 01:43:05','2026-03-06 01:43:05'),(61,9,58,4,'Botble\\Page\\Models\\Page',NULL,NULL,2,'Điều khoản và điều kiện',NULL,'_self',0,'2026-03-06 01:43:05','2026-03-06 01:43:05'),(62,9,58,5,'Botble\\Page\\Models\\Page',NULL,NULL,3,'Chính sách hoàn tiền',NULL,'_self',0,'2026-03-06 01:43:05','2026-03-06 01:43:05'),(63,9,58,12,'Botble\\Page\\Models\\Page',NULL,NULL,4,'Sắp ra mắt',NULL,'_self',0,'2026-03-06 01:43:05','2026-03-06 01:43:05'),(64,9,0,NULL,NULL,'/products',NULL,2,'Sản phẩm',NULL,'_self',1,'2026-03-06 01:43:05','2026-03-06 01:43:05'),(65,9,64,NULL,NULL,'/products',NULL,0,'Tất cả sản phẩm',NULL,'_self',0,'2026-03-06 01:43:05','2026-03-06 01:43:05'),(66,9,64,15,'Botble\\Ecommerce\\Models\\ProductCategory',NULL,NULL,1,'Sản phẩm theo danh mục',NULL,'_self',0,'2026-03-06 01:43:05','2026-03-06 01:43:05'),(67,9,64,NULL,NULL,'/products/headphone-ultra-bass',NULL,2,'Sản phẩm đơn',NULL,'_self',0,'2026-03-06 01:43:05','2026-03-06 01:43:05'),(68,9,0,NULL,NULL,'/stores',NULL,3,'Cửa hàng',NULL,'_self',0,'2026-03-06 01:43:05','2026-03-06 01:43:05'),(69,9,0,6,'Botble\\Page\\Models\\Page',NULL,NULL,4,'Tin tức',NULL,'_self',0,'2026-03-06 01:43:05','2026-03-06 01:43:05'),(70,9,0,7,'Botble\\Page\\Models\\Page',NULL,NULL,5,'Hỏi đáp',NULL,'_self',0,'2026-03-06 01:43:05','2026-03-06 01:43:05'),(71,9,0,8,'Botble\\Page\\Models\\Page',NULL,NULL,6,'Liên hệ',NULL,'_self',0,'2026-03-06 01:43:05','2026-03-06 01:43:05'),(72,10,0,3,'Botble\\Page\\Models\\Page',NULL,NULL,0,'Điều khoản sử dụng',NULL,'_self',0,'2026-03-06 01:43:05','2026-03-06 01:43:05'),(73,10,0,4,'Botble\\Page\\Models\\Page',NULL,NULL,1,'Điều khoản và điều kiện',NULL,'_self',0,'2026-03-06 01:43:05','2026-03-06 01:43:05'),(74,10,0,5,'Botble\\Page\\Models\\Page',NULL,NULL,2,'Chính sách hoàn tiền',NULL,'_self',0,'2026-03-06 01:43:05','2026-03-06 01:43:05'),(75,10,0,7,'Botble\\Page\\Models\\Page',NULL,NULL,3,'Hỏi đáp',NULL,'_self',0,'2026-03-06 01:43:05','2026-03-06 01:43:05'),(76,10,0,NULL,NULL,'/nothing',NULL,4,'Trang 404',NULL,'_self',0,'2026-03-06 01:43:05','2026-03-06 01:43:05'),(77,11,0,2,'Botble\\Page\\Models\\Page',NULL,NULL,0,'Về chúng tôi',NULL,'_self',0,'2026-03-06 01:43:05','2026-03-06 01:43:05'),(78,11,0,10,'Botble\\Page\\Models\\Page',NULL,NULL,1,'Đối tác',NULL,'_self',0,'2026-03-06 01:43:05','2026-03-06 01:43:05'),(79,11,0,11,'Botble\\Page\\Models\\Page',NULL,NULL,2,'Tuyển dụng',NULL,'_self',0,'2026-03-06 01:43:05','2026-03-06 01:43:05'),(80,11,0,8,'Botble\\Page\\Models\\Page',NULL,NULL,3,'Liên hệ chúng tôi',NULL,'_self',0,'2026-03-06 01:43:05','2026-03-06 01:43:05'),(81,12,0,6,'Botble\\Page\\Models\\Page',NULL,NULL,0,'Blog của chúng tôi',NULL,'_self',0,'2026-03-06 01:43:05','2026-03-06 01:43:05'),(82,12,0,NULL,NULL,'/cart',NULL,1,'Giỏ hàng',NULL,'_self',0,'2026-03-06 01:43:05','2026-03-06 01:43:05'),(83,12,0,NULL,NULL,'/customer/overview',NULL,2,'Tài khoản của tôi',NULL,'_self',0,'2026-03-06 01:43:05','2026-03-06 01:43:05'),(84,12,0,NULL,NULL,'/products',NULL,3,'Cửa hàng',NULL,'_self',0,'2026-03-06 01:43:05','2026-03-06 01:43:05'),(85,13,0,NULL,NULL,'/',NULL,0,'Accueil',NULL,'_self',0,'2026-03-06 01:43:05','2026-03-06 01:43:05'),(86,13,0,NULL,NULL,'#',NULL,1,'Pages',NULL,'_self',1,'2026-03-06 01:43:05','2026-03-06 01:43:05'),(87,13,86,2,'Botble\\Page\\Models\\Page',NULL,NULL,0,'À propos',NULL,'_self',0,'2026-03-06 01:43:05','2026-03-06 01:43:05'),(88,13,86,3,'Botble\\Page\\Models\\Page',NULL,NULL,1,'Conditions d\'utilisation',NULL,'_self',0,'2026-03-06 01:43:05','2026-03-06 01:43:05'),(89,13,86,4,'Botble\\Page\\Models\\Page',NULL,NULL,2,'Termes et conditions',NULL,'_self',0,'2026-03-06 01:43:05','2026-03-06 01:43:05'),(90,13,86,5,'Botble\\Page\\Models\\Page',NULL,NULL,3,'Politique de remboursement',NULL,'_self',0,'2026-03-06 01:43:05','2026-03-06 01:43:05'),(91,13,86,12,'Botble\\Page\\Models\\Page',NULL,NULL,4,'Bientôt disponible',NULL,'_self',0,'2026-03-06 01:43:05','2026-03-06 01:43:05'),(92,13,0,NULL,NULL,'/products',NULL,2,'Produits',NULL,'_self',1,'2026-03-06 01:43:05','2026-03-06 01:43:05'),(93,13,92,NULL,NULL,'/products',NULL,0,'Tous les produits',NULL,'_self',0,'2026-03-06 01:43:05','2026-03-06 01:43:05'),(94,13,92,15,'Botble\\Ecommerce\\Models\\ProductCategory',NULL,NULL,1,'Produits de la catégorie',NULL,'_self',0,'2026-03-06 01:43:05','2026-03-06 01:43:05'),(95,13,92,NULL,NULL,'/products/headphone-ultra-bass',NULL,2,'Produit unique',NULL,'_self',0,'2026-03-06 01:43:05','2026-03-06 01:43:05'),(96,13,0,NULL,NULL,'/stores',NULL,3,'Boutiques',NULL,'_self',0,'2026-03-06 01:43:05','2026-03-06 01:43:05'),(97,13,0,6,'Botble\\Page\\Models\\Page',NULL,NULL,4,'Blog',NULL,'_self',0,'2026-03-06 01:43:05','2026-03-06 01:43:05'),(98,13,0,7,'Botble\\Page\\Models\\Page',NULL,NULL,5,'FAQ',NULL,'_self',0,'2026-03-06 01:43:05','2026-03-06 01:43:05'),(99,13,0,8,'Botble\\Page\\Models\\Page',NULL,NULL,6,'Contact',NULL,'_self',0,'2026-03-06 01:43:05','2026-03-06 01:43:05'),(100,14,0,3,'Botble\\Page\\Models\\Page',NULL,NULL,0,'Conditions d\'utilisation',NULL,'_self',0,'2026-03-06 01:43:05','2026-03-06 01:43:05'),(101,14,0,4,'Botble\\Page\\Models\\Page',NULL,NULL,1,'Termes et conditions',NULL,'_self',0,'2026-03-06 01:43:05','2026-03-06 01:43:05'),(102,14,0,5,'Botble\\Page\\Models\\Page',NULL,NULL,2,'Politique de remboursement',NULL,'_self',0,'2026-03-06 01:43:05','2026-03-06 01:43:05'),(103,14,0,7,'Botble\\Page\\Models\\Page',NULL,NULL,3,'FAQ',NULL,'_self',0,'2026-03-06 01:43:05','2026-03-06 01:43:05'),(104,14,0,NULL,NULL,'/nothing',NULL,4,'Page 404',NULL,'_self',0,'2026-03-06 01:43:05','2026-03-06 01:43:05'),(105,15,0,2,'Botble\\Page\\Models\\Page',NULL,NULL,0,'À propos',NULL,'_self',0,'2026-03-06 01:43:05','2026-03-06 01:43:05'),(106,15,0,10,'Botble\\Page\\Models\\Page',NULL,NULL,1,'Affilié',NULL,'_self',0,'2026-03-06 01:43:05','2026-03-06 01:43:05'),(107,15,0,11,'Botble\\Page\\Models\\Page',NULL,NULL,2,'Carrière',NULL,'_self',0,'2026-03-06 01:43:05','2026-03-06 01:43:05'),(108,15,0,8,'Botble\\Page\\Models\\Page',NULL,NULL,3,'Contactez-nous',NULL,'_self',0,'2026-03-06 01:43:05','2026-03-06 01:43:05'),(109,16,0,6,'Botble\\Page\\Models\\Page',NULL,NULL,0,'Notre blog',NULL,'_self',0,'2026-03-06 01:43:05','2026-03-06 01:43:05'),(110,16,0,NULL,NULL,'/cart',NULL,1,'Panier',NULL,'_self',0,'2026-03-06 01:43:05','2026-03-06 01:43:05'),(111,16,0,NULL,NULL,'/customer/overview',NULL,2,'Mon compte',NULL,'_self',0,'2026-03-06 01:43:05','2026-03-06 01:43:05'),(112,16,0,NULL,NULL,'/products',NULL,3,'Boutique',NULL,'_self',0,'2026-03-06 01:43:05','2026-03-06 01:43:05'),(113,17,0,NULL,NULL,'/',NULL,0,'Beranda',NULL,'_self',0,'2026-03-06 01:43:05','2026-03-06 01:43:05'),(114,17,0,NULL,NULL,'#',NULL,1,'Halaman',NULL,'_self',1,'2026-03-06 01:43:05','2026-03-06 01:43:05'),(115,17,114,2,'Botble\\Page\\Models\\Page',NULL,NULL,0,'Tentang kami',NULL,'_self',0,'2026-03-06 01:43:05','2026-03-06 01:43:05'),(116,17,114,3,'Botble\\Page\\Models\\Page',NULL,NULL,1,'Syarat penggunaan',NULL,'_self',0,'2026-03-06 01:43:05','2026-03-06 01:43:05'),(117,17,114,4,'Botble\\Page\\Models\\Page',NULL,NULL,2,'Syarat dan ketentuan',NULL,'_self',0,'2026-03-06 01:43:05','2026-03-06 01:43:05'),(118,17,114,5,'Botble\\Page\\Models\\Page',NULL,NULL,3,'Kebijakan pengembalian dana',NULL,'_self',0,'2026-03-06 01:43:05','2026-03-06 01:43:05'),(119,17,114,12,'Botble\\Page\\Models\\Page',NULL,NULL,4,'Segera hadir',NULL,'_self',0,'2026-03-06 01:43:05','2026-03-06 01:43:05'),(120,17,0,NULL,NULL,'/products',NULL,2,'Produk',NULL,'_self',1,'2026-03-06 01:43:05','2026-03-06 01:43:05'),(121,17,120,NULL,NULL,'/products',NULL,0,'Semua produk',NULL,'_self',0,'2026-03-06 01:43:05','2026-03-06 01:43:05'),(122,17,120,15,'Botble\\Ecommerce\\Models\\ProductCategory',NULL,NULL,1,'Produk berdasarkan kategori',NULL,'_self',0,'2026-03-06 01:43:05','2026-03-06 01:43:05'),(123,17,120,NULL,NULL,'/products/headphone-ultra-bass',NULL,2,'Produk tunggal',NULL,'_self',0,'2026-03-06 01:43:05','2026-03-06 01:43:05'),(124,17,0,NULL,NULL,'/stores',NULL,3,'Toko',NULL,'_self',0,'2026-03-06 01:43:05','2026-03-06 01:43:05'),(125,17,0,6,'Botble\\Page\\Models\\Page',NULL,NULL,4,'Blog',NULL,'_self',0,'2026-03-06 01:43:05','2026-03-06 01:43:05'),(126,17,0,7,'Botble\\Page\\Models\\Page',NULL,NULL,5,'FAQ',NULL,'_self',0,'2026-03-06 01:43:05','2026-03-06 01:43:05'),(127,17,0,8,'Botble\\Page\\Models\\Page',NULL,NULL,6,'Kontak',NULL,'_self',0,'2026-03-06 01:43:05','2026-03-06 01:43:05'),(128,18,0,3,'Botble\\Page\\Models\\Page',NULL,NULL,0,'Syarat penggunaan',NULL,'_self',0,'2026-03-06 01:43:05','2026-03-06 01:43:05'),(129,18,0,4,'Botble\\Page\\Models\\Page',NULL,NULL,1,'Syarat dan ketentuan',NULL,'_self',0,'2026-03-06 01:43:05','2026-03-06 01:43:05'),(130,18,0,5,'Botble\\Page\\Models\\Page',NULL,NULL,2,'Kebijakan pengembalian dana',NULL,'_self',0,'2026-03-06 01:43:05','2026-03-06 01:43:05'),(131,18,0,7,'Botble\\Page\\Models\\Page',NULL,NULL,3,'FAQ',NULL,'_self',0,'2026-03-06 01:43:05','2026-03-06 01:43:05'),(132,18,0,NULL,NULL,'/nothing',NULL,4,'Halaman 404',NULL,'_self',0,'2026-03-06 01:43:05','2026-03-06 01:43:05'),(133,19,0,2,'Botble\\Page\\Models\\Page',NULL,NULL,0,'Tentang kami',NULL,'_self',0,'2026-03-06 01:43:05','2026-03-06 01:43:05'),(134,19,0,10,'Botble\\Page\\Models\\Page',NULL,NULL,1,'Afiliasi',NULL,'_self',0,'2026-03-06 01:43:05','2026-03-06 01:43:05'),(135,19,0,11,'Botble\\Page\\Models\\Page',NULL,NULL,2,'Karir',NULL,'_self',0,'2026-03-06 01:43:05','2026-03-06 01:43:05'),(136,19,0,8,'Botble\\Page\\Models\\Page',NULL,NULL,3,'Hubungi kami',NULL,'_self',0,'2026-03-06 01:43:05','2026-03-06 01:43:05'),(137,20,0,6,'Botble\\Page\\Models\\Page',NULL,NULL,0,'Blog kami',NULL,'_self',0,'2026-03-06 01:43:05','2026-03-06 01:43:05'),(138,20,0,NULL,NULL,'/cart',NULL,1,'Keranjang',NULL,'_self',0,'2026-03-06 01:43:05','2026-03-06 01:43:05'),(139,20,0,NULL,NULL,'/customer/overview',NULL,2,'Akun saya',NULL,'_self',0,'2026-03-06 01:43:05','2026-03-06 01:43:05'),(140,20,0,NULL,NULL,'/products',NULL,3,'Toko',NULL,'_self',0,'2026-03-06 01:43:05','2026-03-06 01:43:05'),(141,21,0,NULL,NULL,'/',NULL,0,'Ana Sayfa',NULL,'_self',0,'2026-03-06 01:43:05','2026-03-06 01:43:05'),(142,21,0,NULL,NULL,'#',NULL,1,'Sayfalar',NULL,'_self',1,'2026-03-06 01:43:05','2026-03-06 01:43:05'),(143,21,142,2,'Botble\\Page\\Models\\Page',NULL,NULL,0,'Hakkımızda',NULL,'_self',0,'2026-03-06 01:43:05','2026-03-06 01:43:05'),(144,21,142,3,'Botble\\Page\\Models\\Page',NULL,NULL,1,'Kullanım Şartları',NULL,'_self',0,'2026-03-06 01:43:05','2026-03-06 01:43:05'),(145,21,142,4,'Botble\\Page\\Models\\Page',NULL,NULL,2,'Şartlar ve Koşullar',NULL,'_self',0,'2026-03-06 01:43:05','2026-03-06 01:43:05'),(146,21,142,5,'Botble\\Page\\Models\\Page',NULL,NULL,3,'İade Politikası',NULL,'_self',0,'2026-03-06 01:43:05','2026-03-06 01:43:05'),(147,21,142,12,'Botble\\Page\\Models\\Page',NULL,NULL,4,'Yakında',NULL,'_self',0,'2026-03-06 01:43:05','2026-03-06 01:43:05'),(148,21,0,NULL,NULL,'/products',NULL,2,'Ürünler',NULL,'_self',1,'2026-03-06 01:43:05','2026-03-06 01:43:05'),(149,21,148,NULL,NULL,'/products',NULL,0,'Tüm ürünler',NULL,'_self',0,'2026-03-06 01:43:05','2026-03-06 01:43:05'),(150,21,148,15,'Botble\\Ecommerce\\Models\\ProductCategory',NULL,NULL,1,'Kategoriye göre ürünler',NULL,'_self',0,'2026-03-06 01:43:05','2026-03-06 01:43:05'),(151,21,148,NULL,NULL,'/products/headphone-ultra-bass',NULL,2,'Tekli ürün',NULL,'_self',0,'2026-03-06 01:43:05','2026-03-06 01:43:05'),(152,21,0,NULL,NULL,'/stores',NULL,3,'Mağazalar',NULL,'_self',0,'2026-03-06 01:43:05','2026-03-06 01:43:05'),(153,21,0,6,'Botble\\Page\\Models\\Page',NULL,NULL,4,'Blog',NULL,'_self',0,'2026-03-06 01:43:05','2026-03-06 01:43:05'),(154,21,0,7,'Botble\\Page\\Models\\Page',NULL,NULL,5,'SSS',NULL,'_self',0,'2026-03-06 01:43:05','2026-03-06 01:43:05'),(155,21,0,8,'Botble\\Page\\Models\\Page',NULL,NULL,6,'İletişim',NULL,'_self',0,'2026-03-06 01:43:05','2026-03-06 01:43:05'),(156,22,0,3,'Botble\\Page\\Models\\Page',NULL,NULL,0,'Kullanım Şartları',NULL,'_self',0,'2026-03-06 01:43:05','2026-03-06 01:43:05'),(157,22,0,4,'Botble\\Page\\Models\\Page',NULL,NULL,1,'Şartlar ve Koşullar',NULL,'_self',0,'2026-03-06 01:43:05','2026-03-06 01:43:05'),(158,22,0,5,'Botble\\Page\\Models\\Page',NULL,NULL,2,'İade Politikası',NULL,'_self',0,'2026-03-06 01:43:05','2026-03-06 01:43:05'),(159,22,0,7,'Botble\\Page\\Models\\Page',NULL,NULL,3,'SSS',NULL,'_self',0,'2026-03-06 01:43:05','2026-03-06 01:43:05'),(160,22,0,NULL,NULL,'/nothing',NULL,4,'404 Sayfası',NULL,'_self',0,'2026-03-06 01:43:05','2026-03-06 01:43:05'),(161,23,0,2,'Botble\\Page\\Models\\Page',NULL,NULL,0,'Hakkımızda',NULL,'_self',0,'2026-03-06 01:43:05','2026-03-06 01:43:05'),(162,23,0,10,'Botble\\Page\\Models\\Page',NULL,NULL,1,'İş Ortakları',NULL,'_self',0,'2026-03-06 01:43:05','2026-03-06 01:43:05'),(163,23,0,11,'Botble\\Page\\Models\\Page',NULL,NULL,2,'Kariyer',NULL,'_self',0,'2026-03-06 01:43:05','2026-03-06 01:43:05'),(164,23,0,8,'Botble\\Page\\Models\\Page',NULL,NULL,3,'Bize ulaşın',NULL,'_self',0,'2026-03-06 01:43:05','2026-03-06 01:43:05'),(165,24,0,6,'Botble\\Page\\Models\\Page',NULL,NULL,0,'Blogumuz',NULL,'_self',0,'2026-03-06 01:43:05','2026-03-06 01:43:05'),(166,24,0,NULL,NULL,'/cart',NULL,1,'Sepet',NULL,'_self',0,'2026-03-06 01:43:05','2026-03-06 01:43:05'),(167,24,0,NULL,NULL,'/customer/overview',NULL,2,'Hesabım',NULL,'_self',0,'2026-03-06 01:43:05','2026-03-06 01:43:05'),(168,24,0,NULL,NULL,'/products',NULL,3,'Mağaza',NULL,'_self',0,'2026-03-06 01:43:05','2026-03-06 01:43:05');

--
-- Table structure for table `menus`
--

CREATE TABLE `menus` (
  `id` bigint unsigned NOT NULL AUTO_INCREMENT,
  `name` varchar(120) COLLATE utf8mb4_unicode_ci NOT NULL,
  `slug` varchar(120) COLLATE utf8mb4_unicode_ci DEFAULT NULL,
  `status` varchar(60) COLLATE utf8mb4_unicode_ci NOT NULL DEFAULT 'published',
  `created_at` timestamp NULL DEFAULT NULL,
  `updated_at` timestamp NULL DEFAULT NULL,
  PRIMARY KEY (`id`),
  UNIQUE KEY `menus_slug_unique` (`slug`)
) ENGINE=InnoDB AUTO_INCREMENT=25 DEFAULT CHARSET=utf8mb4 COLLATE=utf8mb4_unicode_ci;

--
-- Dumping data for table `menus`
--

INSERT INTO `menus` VALUES (1,'Main menu','main-menu','published','2026-03-06 01:42:59','2026-03-06 01:42:59'),(2,'Quick links','quick-links','published','2026-03-06 01:42:59','2026-03-06 01:42:59'),(3,'Company','company','published','2026-03-06 01:43:00','2026-03-06 01:43:00'),(4,'Business','business','published','2026-03-06 01:43:00','2026-03-06 01:43:00'),(5,'القائمة الرئيسية','main-menu-ar','published','2026-03-06 01:43:05','2026-03-06 01:43:05'),(6,'روابط سريعة','quick-links-ar','published','2026-03-06 01:43:05','2026-03-06 01:43:05'),(7,'الشركة','company-ar','published','2026-03-06 01:43:05','2026-03-06 01:43:05'),(8,'الأعمال','business-ar','published','2026-03-06 01:43:05','2026-03-06 01:43:05'),(9,'Menu chính','main-menu-vi','published','2026-03-06 01:43:05','2026-03-06 01:43:05'),(10,'Liên kết nhanh','quick-links-vi','published','2026-03-06 01:43:05','2026-03-06 01:43:05'),(11,'Công ty','company-vi','published','2026-03-06 01:43:05','2026-03-06 01:43:05'),(12,'Kinh doanh','business-vi','published','2026-03-06 01:43:05','2026-03-06 01:43:05'),(13,'Menu principal','main-menu-fr','published','2026-03-06 01:43:05','2026-03-06 01:43:05'),(14,'Liens rapides','quick-links-fr','published','2026-03-06 01:43:05','2026-03-06 01:43:05'),(15,'Entreprise','company-fr','published','2026-03-06 01:43:05','2026-03-06 01:43:05'),(16,'Affaires','business-fr','published','2026-03-06 01:43:05','2026-03-06 01:43:05'),(17,'Menu utama','main-menu-id','published','2026-03-06 01:43:05','2026-03-06 01:43:05'),(18,'Tautan cepat','quick-links-id','published','2026-03-06 01:43:05','2026-03-06 01:43:05'),(19,'Perusahaan','company-id','published','2026-03-06 01:43:05','2026-03-06 01:43:05'),(20,'Bisnis','business-id','published','2026-03-06 01:43:05','2026-03-06 01:43:05'),(21,'Ana menü','main-menu-tr','published','2026-03-06 01:43:05','2026-03-06 01:43:05'),(22,'Hızlı bağlantılar','quick-links-tr','published','2026-03-06 01:43:05','2026-03-06 01:43:05'),(23,'Şirket','company-tr','published','2026-03-06 01:43:05','2026-03-06 01:43:05'),(24,'İş','business-tr','published','2026-03-06 01:43:05','2026-03-06 01:43:05');

--
-- Table structure for table `meta_boxes`
--

CREATE TABLE `meta_boxes` (
  `id` bigint unsigned NOT NULL AUTO_INCREMENT,
  `meta_key` varchar(191) COLLATE utf8mb4_unicode_ci NOT NULL,
  `meta_value` text COLLATE utf8mb4_unicode_ci,
  `reference_id` bigint unsigned NOT NULL,
  `reference_type` varchar(120) COLLATE utf8mb4_unicode_ci NOT NULL,
  `created_at` timestamp NULL DEFAULT NULL,
  `updated_at` timestamp NULL DEFAULT NULL,
  PRIMARY KEY (`id`),
  KEY `meta_boxes_reference_id_index` (`reference_id`)
) ENGINE=InnoDB AUTO_INCREMENT=61 DEFAULT CHARSET=utf8mb4 COLLATE=utf8mb4_unicode_ci;

--
-- Dumping data for table `meta_boxes`
--

INSERT INTO `meta_boxes` VALUES (1,'faq_schema_config','[[[{\"key\":\"question\",\"value\":\"What is the warranty period?\"},{\"key\":\"answer\",\"value\":\"This product comes with a 1-year manufacturer warranty covering defects in materials and workmanship.\"}],[{\"key\":\"question\",\"value\":\"Is this item compatible with Mac and Windows?\"},{\"key\":\"answer\",\"value\":\"Yes, this product is fully compatible with both macOS and Windows operating systems out of the box.\"}],[{\"key\":\"question\",\"value\":\"How long does the battery last?\"},{\"key\":\"answer\",\"value\":\"The battery life is approximately 10 hours on a full charge, depending on usage conditions.\"}],[{\"key\":\"question\",\"value\":\"Does it come with a carrying case?\"},{\"key\":\"answer\",\"value\":\"Yes, a protective carrying case is included in the box to keep your device safe during travel.\"}],[{\"key\":\"question\",\"value\":\"Can I return it if I don\'t like it?\"},{\"key\":\"answer\",\"value\":\"Absolutely! We offer a hassle-free 30-day return policy. If you are not satisfied, you can return it for a full refund.\"}]]]',1,'Botble\\Ecommerce\\Models\\Product','2026-03-06 01:42:44','2026-03-06 01:42:44'),(2,'faq_schema_config','[[[{\"key\":\"question\",\"value\":\"What is the warranty period?\"},{\"key\":\"answer\",\"value\":\"This product comes with a 1-year manufacturer warranty covering defects in materials and workmanship.\"}],[{\"key\":\"question\",\"value\":\"Is this item compatible with Mac and Windows?\"},{\"key\":\"answer\",\"value\":\"Yes, this product is fully compatible with both macOS and Windows operating systems out of the box.\"}],[{\"key\":\"question\",\"value\":\"How long does the battery last?\"},{\"key\":\"answer\",\"value\":\"The battery life is approximately 10 hours on a full charge, depending on usage conditions.\"}],[{\"key\":\"question\",\"value\":\"Does it come with a carrying case?\"},{\"key\":\"answer\",\"value\":\"Yes, a protective carrying case is included in the box to keep your device safe during travel.\"}],[{\"key\":\"question\",\"value\":\"Can I return it if I don\'t like it?\"},{\"key\":\"answer\",\"value\":\"Absolutely! We offer a hassle-free 30-day return policy. If you are not satisfied, you can return it for a full refund.\"}]]]',2,'Botble\\Ecommerce\\Models\\Product','2026-03-06 01:42:44','2026-03-06 01:42:44'),(3,'faq_schema_config','[[[{\"key\":\"question\",\"value\":\"What is the warranty period?\"},{\"key\":\"answer\",\"value\":\"This product comes with a 1-year manufacturer warranty covering defects in materials and workmanship.\"}],[{\"key\":\"question\",\"value\":\"Is this item compatible with Mac and Windows?\"},{\"key\":\"answer\",\"value\":\"Yes, this product is fully compatible with both macOS and Windows operating systems out of the box.\"}],[{\"key\":\"question\",\"value\":\"How long does the battery last?\"},{\"key\":\"answer\",\"value\":\"The battery life is approximately 10 hours on a full charge, depending on usage conditions.\"}],[{\"key\":\"question\",\"value\":\"Does it come with a carrying case?\"},{\"key\":\"answer\",\"value\":\"Yes, a protective carrying case is included in the box to keep your device safe during travel.\"}],[{\"key\":\"question\",\"value\":\"Can I return it if I don\'t like it?\"},{\"key\":\"answer\",\"value\":\"Absolutely! We offer a hassle-free 30-day return policy. If you are not satisfied, you can return it for a full refund.\"}]]]',3,'Botble\\Ecommerce\\Models\\Product','2026-03-06 01:42:44','2026-03-06 01:42:44'),(4,'faq_schema_config','[[[{\"key\":\"question\",\"value\":\"What is the warranty period?\"},{\"key\":\"answer\",\"value\":\"This product comes with a 1-year manufacturer warranty covering defects in materials and workmanship.\"}],[{\"key\":\"question\",\"value\":\"Is this item compatible with Mac and Windows?\"},{\"key\":\"answer\",\"value\":\"Yes, this product is fully compatible with both macOS and Windows operating systems out of the box.\"}],[{\"key\":\"question\",\"value\":\"How long does the battery last?\"},{\"key\":\"answer\",\"value\":\"The battery life is approximately 10 hours on a full charge, depending on usage conditions.\"}],[{\"key\":\"question\",\"value\":\"Does it come with a carrying case?\"},{\"key\":\"answer\",\"value\":\"Yes, a protective carrying case is included in the box to keep your device safe during travel.\"}],[{\"key\":\"question\",\"value\":\"Can I return it if I don\'t like it?\"},{\"key\":\"answer\",\"value\":\"Absolutely! We offer a hassle-free 30-day return policy. If you are not satisfied, you can return it for a full refund.\"}]]]',4,'Botble\\Ecommerce\\Models\\Product','2026-03-06 01:42:44','2026-03-06 01:42:44'),(5,'faq_schema_config','[[[{\"key\":\"question\",\"value\":\"What is the warranty period?\"},{\"key\":\"answer\",\"value\":\"This product comes with a 1-year manufacturer warranty covering defects in materials and workmanship.\"}],[{\"key\":\"question\",\"value\":\"Is this item compatible with Mac and Windows?\"},{\"key\":\"answer\",\"value\":\"Yes, this product is fully compatible with both macOS and Windows operating systems out of the box.\"}],[{\"key\":\"question\",\"value\":\"How long does the battery last?\"},{\"key\":\"answer\",\"value\":\"The battery life is approximately 10 hours on a full charge, depending on usage conditions.\"}],[{\"key\":\"question\",\"value\":\"Does it come with a carrying case?\"},{\"key\":\"answer\",\"value\":\"Yes, a protective carrying case is included in the box to keep your device safe during travel.\"}],[{\"key\":\"question\",\"value\":\"Can I return it if I don\'t like it?\"},{\"key\":\"answer\",\"value\":\"Absolutely! We offer a hassle-free 30-day return policy. If you are not satisfied, you can return it for a full refund.\"}]]]',5,'Botble\\Ecommerce\\Models\\Product','2026-03-06 01:42:44','2026-03-06 01:42:44'),(6,'faq_schema_config','[[[{\"key\":\"question\",\"value\":\"What is the warranty period?\"},{\"key\":\"answer\",\"value\":\"This product comes with a 1-year manufacturer warranty covering defects in materials and workmanship.\"}],[{\"key\":\"question\",\"value\":\"Is this item compatible with Mac and Windows?\"},{\"key\":\"answer\",\"value\":\"Yes, this product is fully compatible with both macOS and Windows operating systems out of the box.\"}],[{\"key\":\"question\",\"value\":\"How long does the battery last?\"},{\"key\":\"answer\",\"value\":\"The battery life is approximately 10 hours on a full charge, depending on usage conditions.\"}],[{\"key\":\"question\",\"value\":\"Does it come with a carrying case?\"},{\"key\":\"answer\",\"value\":\"Yes, a protective carrying case is included in the box to keep your device safe during travel.\"}],[{\"key\":\"question\",\"value\":\"Can I return it if I don\'t like it?\"},{\"key\":\"answer\",\"value\":\"Absolutely! We offer a hassle-free 30-day return policy. If you are not satisfied, you can return it for a full refund.\"}]]]',6,'Botble\\Ecommerce\\Models\\Product','2026-03-06 01:42:44','2026-03-06 01:42:44'),(7,'faq_schema_config','[[[{\"key\":\"question\",\"value\":\"What is the warranty period?\"},{\"key\":\"answer\",\"value\":\"This product comes with a 1-year manufacturer warranty covering defects in materials and workmanship.\"}],[{\"key\":\"question\",\"value\":\"Is this item compatible with Mac and Windows?\"},{\"key\":\"answer\",\"value\":\"Yes, this product is fully compatible with both macOS and Windows operating systems out of the box.\"}],[{\"key\":\"question\",\"value\":\"How long does the battery last?\"},{\"key\":\"answer\",\"value\":\"The battery life is approximately 10 hours on a full charge, depending on usage conditions.\"}],[{\"key\":\"question\",\"value\":\"Does it come with a carrying case?\"},{\"key\":\"answer\",\"value\":\"Yes, a protective carrying case is included in the box to keep your device safe during travel.\"}],[{\"key\":\"question\",\"value\":\"Can I return it if I don\'t like it?\"},{\"key\":\"answer\",\"value\":\"Absolutely! We offer a hassle-free 30-day return policy. If you are not satisfied, you can return it for a full refund.\"}]]]',7,'Botble\\Ecommerce\\Models\\Product','2026-03-06 01:42:44','2026-03-06 01:42:44'),(8,'faq_schema_config','[[[{\"key\":\"question\",\"value\":\"What is the warranty period?\"},{\"key\":\"answer\",\"value\":\"This product comes with a 1-year manufacturer warranty covering defects in materials and workmanship.\"}],[{\"key\":\"question\",\"value\":\"Is this item compatible with Mac and Windows?\"},{\"key\":\"answer\",\"value\":\"Yes, this product is fully compatible with both macOS and Windows operating systems out of the box.\"}],[{\"key\":\"question\",\"value\":\"How long does the battery last?\"},{\"key\":\"answer\",\"value\":\"The battery life is approximately 10 hours on a full charge, depending on usage conditions.\"}],[{\"key\":\"question\",\"value\":\"Does it come with a carrying case?\"},{\"key\":\"answer\",\"value\":\"Yes, a protective carrying case is included in the box to keep your device safe during travel.\"}],[{\"key\":\"question\",\"value\":\"Can I return it if I don\'t like it?\"},{\"key\":\"answer\",\"value\":\"Absolutely! We offer a hassle-free 30-day return policy. If you are not satisfied, you can return it for a full refund.\"}]]]',8,'Botble\\Ecommerce\\Models\\Product','2026-03-06 01:42:44','2026-03-06 01:42:44'),(9,'faq_schema_config','[[[{\"key\":\"question\",\"value\":\"What is the warranty period?\"},{\"key\":\"answer\",\"value\":\"This product comes with a 1-year manufacturer warranty covering defects in materials and workmanship.\"}],[{\"key\":\"question\",\"value\":\"Is this item compatible with Mac and Windows?\"},{\"key\":\"answer\",\"value\":\"Yes, this product is fully compatible with both macOS and Windows operating systems out of the box.\"}],[{\"key\":\"question\",\"value\":\"How long does the battery last?\"},{\"key\":\"answer\",\"value\":\"The battery life is approximately 10 hours on a full charge, depending on usage conditions.\"}],[{\"key\":\"question\",\"value\":\"Does it come with a carrying case?\"},{\"key\":\"answer\",\"value\":\"Yes, a protective carrying case is included in the box to keep your device safe during travel.\"}],[{\"key\":\"question\",\"value\":\"Can I return it if I don\'t like it?\"},{\"key\":\"answer\",\"value\":\"Absolutely! We offer a hassle-free 30-day return policy. If you are not satisfied, you can return it for a full refund.\"}]]]',9,'Botble\\Ecommerce\\Models\\Product','2026-03-06 01:42:44','2026-03-06 01:42:44'),(10,'faq_schema_config','[[[{\"key\":\"question\",\"value\":\"What is the warranty period?\"},{\"key\":\"answer\",\"value\":\"This product comes with a 1-year manufacturer warranty covering defects in materials and workmanship.\"}],[{\"key\":\"question\",\"value\":\"Is this item compatible with Mac and Windows?\"},{\"key\":\"answer\",\"value\":\"Yes, this product is fully compatible with both macOS and Windows operating systems out of the box.\"}],[{\"key\":\"question\",\"value\":\"How long does the battery last?\"},{\"key\":\"answer\",\"value\":\"The battery life is approximately 10 hours on a full charge, depending on usage conditions.\"}],[{\"key\":\"question\",\"value\":\"Does it come with a carrying case?\"},{\"key\":\"answer\",\"value\":\"Yes, a protective carrying case is included in the box to keep your device safe during travel.\"}],[{\"key\":\"question\",\"value\":\"Can I return it if I don\'t like it?\"},{\"key\":\"answer\",\"value\":\"Absolutely! We offer a hassle-free 30-day return policy. If you are not satisfied, you can return it for a full refund.\"}]]]',10,'Botble\\Ecommerce\\Models\\Product','2026-03-06 01:42:44','2026-03-06 01:42:44'),(11,'faq_schema_config','[[[{\"key\":\"question\",\"value\":\"What is the warranty period?\"},{\"key\":\"answer\",\"value\":\"This product comes with a 1-year manufacturer warranty covering defects in materials and workmanship.\"}],[{\"key\":\"question\",\"value\":\"Is this item compatible with Mac and Windows?\"},{\"key\":\"answer\",\"value\":\"Yes, this product is fully compatible with both macOS and Windows operating systems out of the box.\"}],[{\"key\":\"question\",\"value\":\"How long does the battery last?\"},{\"key\":\"answer\",\"value\":\"The battery life is approximately 10 hours on a full charge, depending on usage conditions.\"}],[{\"key\":\"question\",\"value\":\"Does it come with a carrying case?\"},{\"key\":\"answer\",\"value\":\"Yes, a protective carrying case is included in the box to keep your device safe during travel.\"}],[{\"key\":\"question\",\"value\":\"Can I return it if I don\'t like it?\"},{\"key\":\"answer\",\"value\":\"Absolutely! We offer a hassle-free 30-day return policy. If you are not satisfied, you can return it for a full refund.\"}]]]',11,'Botble\\Ecommerce\\Models\\Product','2026-03-06 01:42:44','2026-03-06 01:42:44'),(12,'faq_schema_config','[[[{\"key\":\"question\",\"value\":\"What is the warranty period?\"},{\"key\":\"answer\",\"value\":\"This product comes with a 1-year manufacturer warranty covering defects in materials and workmanship.\"}],[{\"key\":\"question\",\"value\":\"Is this item compatible with Mac and Windows?\"},{\"key\":\"answer\",\"value\":\"Yes, this product is fully compatible with both macOS and Windows operating systems out of the box.\"}],[{\"key\":\"question\",\"value\":\"How long does the battery last?\"},{\"key\":\"answer\",\"value\":\"The battery life is approximately 10 hours on a full charge, depending on usage conditions.\"}],[{\"key\":\"question\",\"value\":\"Does it come with a carrying case?\"},{\"key\":\"answer\",\"value\":\"Yes, a protective carrying case is included in the box to keep your device safe during travel.\"}],[{\"key\":\"question\",\"value\":\"Can I return it if I don\'t like it?\"},{\"key\":\"answer\",\"value\":\"Absolutely! We offer a hassle-free 30-day return policy. If you are not satisfied, you can return it for a full refund.\"}]]]',12,'Botble\\Ecommerce\\Models\\Product','2026-03-06 01:42:44','2026-03-06 01:42:44'),(13,'faq_schema_config','[[[{\"key\":\"question\",\"value\":\"What is the warranty period?\"},{\"key\":\"answer\",\"value\":\"This product comes with a 1-year manufacturer warranty covering defects in materials and workmanship.\"}],[{\"key\":\"question\",\"value\":\"Is this item compatible with Mac and Windows?\"},{\"key\":\"answer\",\"value\":\"Yes, this product is fully compatible with both macOS and Windows operating systems out of the box.\"}],[{\"key\":\"question\",\"value\":\"How long does the battery last?\"},{\"key\":\"answer\",\"value\":\"The battery life is approximately 10 hours on a full charge, depending on usage conditions.\"}],[{\"key\":\"question\",\"value\":\"Does it come with a carrying case?\"},{\"key\":\"answer\",\"value\":\"Yes, a protective carrying case is included in the box to keep your device safe during travel.\"}],[{\"key\":\"question\",\"value\":\"Can I return it if I don\'t like it?\"},{\"key\":\"answer\",\"value\":\"Absolutely! We offer a hassle-free 30-day return policy. If you are not satisfied, you can return it for a full refund.\"}]]]',13,'Botble\\Ecommerce\\Models\\Product','2026-03-06 01:42:44','2026-03-06 01:42:44'),(14,'faq_schema_config','[[[{\"key\":\"question\",\"value\":\"What is the warranty period?\"},{\"key\":\"answer\",\"value\":\"This product comes with a 1-year manufacturer warranty covering defects in materials and workmanship.\"}],[{\"key\":\"question\",\"value\":\"Is this item compatible with Mac and Windows?\"},{\"key\":\"answer\",\"value\":\"Yes, this product is fully compatible with both macOS and Windows operating systems out of the box.\"}],[{\"key\":\"question\",\"value\":\"How long does the battery last?\"},{\"key\":\"answer\",\"value\":\"The battery life is approximately 10 hours on a full charge, depending on usage conditions.\"}],[{\"key\":\"question\",\"value\":\"Does it come with a carrying case?\"},{\"key\":\"answer\",\"value\":\"Yes, a protective carrying case is included in the box to keep your device safe during travel.\"}],[{\"key\":\"question\",\"value\":\"Can I return it if I don\'t like it?\"},{\"key\":\"answer\",\"value\":\"Absolutely! We offer a hassle-free 30-day return policy. If you are not satisfied, you can return it for a full refund.\"}]]]',14,'Botble\\Ecommerce\\Models\\Product','2026-03-06 01:42:44','2026-03-06 01:42:44'),(15,'faq_schema_config','[[[{\"key\":\"question\",\"value\":\"What is the warranty period?\"},{\"key\":\"answer\",\"value\":\"This product comes with a 1-year manufacturer warranty covering defects in materials and workmanship.\"}],[{\"key\":\"question\",\"value\":\"Is this item compatible with Mac and Windows?\"},{\"key\":\"answer\",\"value\":\"Yes, this product is fully compatible with both macOS and Windows operating systems out of the box.\"}],[{\"key\":\"question\",\"value\":\"How long does the battery last?\"},{\"key\":\"answer\",\"value\":\"The battery life is approximately 10 hours on a full charge, depending on usage conditions.\"}],[{\"key\":\"question\",\"value\":\"Does it come with a carrying case?\"},{\"key\":\"answer\",\"value\":\"Yes, a protective carrying case is included in the box to keep your device safe during travel.\"}],[{\"key\":\"question\",\"value\":\"Can I return it if I don\'t like it?\"},{\"key\":\"answer\",\"value\":\"Absolutely! We offer a hassle-free 30-day return policy. If you are not satisfied, you can return it for a full refund.\"}]]]',15,'Botble\\Ecommerce\\Models\\Product','2026-03-06 01:42:44','2026-03-06 01:42:44'),(16,'faq_schema_config','[[[{\"key\":\"question\",\"value\":\"What is the warranty period?\"},{\"key\":\"answer\",\"value\":\"This product comes with a 1-year manufacturer warranty covering defects in materials and workmanship.\"}],[{\"key\":\"question\",\"value\":\"Is this item compatible with Mac and Windows?\"},{\"key\":\"answer\",\"value\":\"Yes, this product is fully compatible with both macOS and Windows operating systems out of the box.\"}],[{\"key\":\"question\",\"value\":\"How long does the battery last?\"},{\"key\":\"answer\",\"value\":\"The battery life is approximately 10 hours on a full charge, depending on usage conditions.\"}],[{\"key\":\"question\",\"value\":\"Does it come with a carrying case?\"},{\"key\":\"answer\",\"value\":\"Yes, a protective carrying case is included in the box to keep your device safe during travel.\"}],[{\"key\":\"question\",\"value\":\"Can I return it if I don\'t like it?\"},{\"key\":\"answer\",\"value\":\"Absolutely! We offer a hassle-free 30-day return policy. If you are not satisfied, you can return it for a full refund.\"}]]]',16,'Botble\\Ecommerce\\Models\\Product','2026-03-06 01:42:44','2026-03-06 01:42:44'),(17,'faq_schema_config','[[[{\"key\":\"question\",\"value\":\"What is the warranty period?\"},{\"key\":\"answer\",\"value\":\"This product comes with a 1-year manufacturer warranty covering defects in materials and workmanship.\"}],[{\"key\":\"question\",\"value\":\"Is this item compatible with Mac and Windows?\"},{\"key\":\"answer\",\"value\":\"Yes, this product is fully compatible with both macOS and Windows operating systems out of the box.\"}],[{\"key\":\"question\",\"value\":\"How long does the battery last?\"},{\"key\":\"answer\",\"value\":\"The battery life is approximately 10 hours on a full charge, depending on usage conditions.\"}],[{\"key\":\"question\",\"value\":\"Does it come with a carrying case?\"},{\"key\":\"answer\",\"value\":\"Yes, a protective carrying case is included in the box to keep your device safe during travel.\"}],[{\"key\":\"question\",\"value\":\"Can I return it if I don\'t like it?\"},{\"key\":\"answer\",\"value\":\"Absolutely! We offer a hassle-free 30-day return policy. If you are not satisfied, you can return it for a full refund.\"}]]]',17,'Botble\\Ecommerce\\Models\\Product','2026-03-06 01:42:44','2026-03-06 01:42:44'),(18,'faq_schema_config','[[[{\"key\":\"question\",\"value\":\"What is the warranty period?\"},{\"key\":\"answer\",\"value\":\"This product comes with a 1-year manufacturer warranty covering defects in materials and workmanship.\"}],[{\"key\":\"question\",\"value\":\"Is this item compatible with Mac and Windows?\"},{\"key\":\"answer\",\"value\":\"Yes, this product is fully compatible with both macOS and Windows operating systems out of the box.\"}],[{\"key\":\"question\",\"value\":\"How long does the battery last?\"},{\"key\":\"answer\",\"value\":\"The battery life is approximately 10 hours on a full charge, depending on usage conditions.\"}],[{\"key\":\"question\",\"value\":\"Does it come with a carrying case?\"},{\"key\":\"answer\",\"value\":\"Yes, a protective carrying case is included in the box to keep your device safe during travel.\"}],[{\"key\":\"question\",\"value\":\"Can I return it if I don\'t like it?\"},{\"key\":\"answer\",\"value\":\"Absolutely! We offer a hassle-free 30-day return policy. If you are not satisfied, you can return it for a full refund.\"}]]]',18,'Botble\\Ecommerce\\Models\\Product','2026-03-06 01:42:44','2026-03-06 01:42:44'),(19,'faq_schema_config','[[[{\"key\":\"question\",\"value\":\"What is the warranty period?\"},{\"key\":\"answer\",\"value\":\"This product comes with a 1-year manufacturer warranty covering defects in materials and workmanship.\"}],[{\"key\":\"question\",\"value\":\"Is this item compatible with Mac and Windows?\"},{\"key\":\"answer\",\"value\":\"Yes, this product is fully compatible with both macOS and Windows operating systems out of the box.\"}],[{\"key\":\"question\",\"value\":\"How long does the battery last?\"},{\"key\":\"answer\",\"value\":\"The battery life is approximately 10 hours on a full charge, depending on usage conditions.\"}],[{\"key\":\"question\",\"value\":\"Does it come with a carrying case?\"},{\"key\":\"answer\",\"value\":\"Yes, a protective carrying case is included in the box to keep your device safe during travel.\"}],[{\"key\":\"question\",\"value\":\"Can I return it if I don\'t like it?\"},{\"key\":\"answer\",\"value\":\"Absolutely! We offer a hassle-free 30-day return policy. If you are not satisfied, you can return it for a full refund.\"}]]]',19,'Botble\\Ecommerce\\Models\\Product','2026-03-06 01:42:44','2026-03-06 01:42:44'),(20,'faq_schema_config','[[[{\"key\":\"question\",\"value\":\"What is the warranty period?\"},{\"key\":\"answer\",\"value\":\"This product comes with a 1-year manufacturer warranty covering defects in materials and workmanship.\"}],[{\"key\":\"question\",\"value\":\"Is this item compatible with Mac and Windows?\"},{\"key\":\"answer\",\"value\":\"Yes, this product is fully compatible with both macOS and Windows operating systems out of the box.\"}],[{\"key\":\"question\",\"value\":\"How long does the battery last?\"},{\"key\":\"answer\",\"value\":\"The battery life is approximately 10 hours on a full charge, depending on usage conditions.\"}],[{\"key\":\"question\",\"value\":\"Does it come with a carrying case?\"},{\"key\":\"answer\",\"value\":\"Yes, a protective carrying case is included in the box to keep your device safe during travel.\"}],[{\"key\":\"question\",\"value\":\"Can I return it if I don\'t like it?\"},{\"key\":\"answer\",\"value\":\"Absolutely! We offer a hassle-free 30-day return policy. If you are not satisfied, you can return it for a full refund.\"}]]]',20,'Botble\\Ecommerce\\Models\\Product','2026-03-06 01:42:44','2026-03-06 01:42:44'),(21,'faq_schema_config','[[[{\"key\":\"question\",\"value\":\"What is the warranty period?\"},{\"key\":\"answer\",\"value\":\"This product comes with a 1-year manufacturer warranty covering defects in materials and workmanship.\"}],[{\"key\":\"question\",\"value\":\"Is this item compatible with Mac and Windows?\"},{\"key\":\"answer\",\"value\":\"Yes, this product is fully compatible with both macOS and Windows operating systems out of the box.\"}],[{\"key\":\"question\",\"value\":\"How long does the battery last?\"},{\"key\":\"answer\",\"value\":\"The battery life is approximately 10 hours on a full charge, depending on usage conditions.\"}],[{\"key\":\"question\",\"value\":\"Does it come with a carrying case?\"},{\"key\":\"answer\",\"value\":\"Yes, a protective carrying case is included in the box to keep your device safe during travel.\"}],[{\"key\":\"question\",\"value\":\"Can I return it if I don\'t like it?\"},{\"key\":\"answer\",\"value\":\"Absolutely! We offer a hassle-free 30-day return policy. If you are not satisfied, you can return it for a full refund.\"}]]]',21,'Botble\\Ecommerce\\Models\\Product','2026-03-06 01:42:44','2026-03-06 01:42:44'),(22,'faq_schema_config','[[[{\"key\":\"question\",\"value\":\"What is the warranty period?\"},{\"key\":\"answer\",\"value\":\"This product comes with a 1-year manufacturer warranty covering defects in materials and workmanship.\"}],[{\"key\":\"question\",\"value\":\"Is this item compatible with Mac and Windows?\"},{\"key\":\"answer\",\"value\":\"Yes, this product is fully compatible with both macOS and Windows operating systems out of the box.\"}],[{\"key\":\"question\",\"value\":\"How long does the battery last?\"},{\"key\":\"answer\",\"value\":\"The battery life is approximately 10 hours on a full charge, depending on usage conditions.\"}],[{\"key\":\"question\",\"value\":\"Does it come with a carrying case?\"},{\"key\":\"answer\",\"value\":\"Yes, a protective carrying case is included in the box to keep your device safe during travel.\"}],[{\"key\":\"question\",\"value\":\"Can I return it if I don\'t like it?\"},{\"key\":\"answer\",\"value\":\"Absolutely! We offer a hassle-free 30-day return policy. If you are not satisfied, you can return it for a full refund.\"}]]]',22,'Botble\\Ecommerce\\Models\\Product','2026-03-06 01:42:44','2026-03-06 01:42:44'),(23,'faq_schema_config','[[[{\"key\":\"question\",\"value\":\"What is the warranty period?\"},{\"key\":\"answer\",\"value\":\"This product comes with a 1-year manufacturer warranty covering defects in materials and workmanship.\"}],[{\"key\":\"question\",\"value\":\"Is this item compatible with Mac and Windows?\"},{\"key\":\"answer\",\"value\":\"Yes, this product is fully compatible with both macOS and Windows operating systems out of the box.\"}],[{\"key\":\"question\",\"value\":\"How long does the battery last?\"},{\"key\":\"answer\",\"value\":\"The battery life is approximately 10 hours on a full charge, depending on usage conditions.\"}],[{\"key\":\"question\",\"value\":\"Does it come with a carrying case?\"},{\"key\":\"answer\",\"value\":\"Yes, a protective carrying case is included in the box to keep your device safe during travel.\"}],[{\"key\":\"question\",\"value\":\"Can I return it if I don\'t like it?\"},{\"key\":\"answer\",\"value\":\"Absolutely! We offer a hassle-free 30-day return policy. If you are not satisfied, you can return it for a full refund.\"}]]]',23,'Botble\\Ecommerce\\Models\\Product','2026-03-06 01:42:45','2026-03-06 01:42:45'),(24,'faq_schema_config','[[[{\"key\":\"question\",\"value\":\"What is the warranty period?\"},{\"key\":\"answer\",\"value\":\"This product comes with a 1-year manufacturer warranty covering defects in materials and workmanship.\"}],[{\"key\":\"question\",\"value\":\"Is this item compatible with Mac and Windows?\"},{\"key\":\"answer\",\"value\":\"Yes, this product is fully compatible with both macOS and Windows operating systems out of the box.\"}],[{\"key\":\"question\",\"value\":\"How long does the battery last?\"},{\"key\":\"answer\",\"value\":\"The battery life is approximately 10 hours on a full charge, depending on usage conditions.\"}],[{\"key\":\"question\",\"value\":\"Does it come with a carrying case?\"},{\"key\":\"answer\",\"value\":\"Yes, a protective carrying case is included in the box to keep your device safe during travel.\"}],[{\"key\":\"question\",\"value\":\"Can I return it if I don\'t like it?\"},{\"key\":\"answer\",\"value\":\"Absolutely! We offer a hassle-free 30-day return policy. If you are not satisfied, you can return it for a full refund.\"}]]]',24,'Botble\\Ecommerce\\Models\\Product','2026-03-06 01:42:45','2026-03-06 01:42:45'),(25,'faq_schema_config','[[[{\"key\":\"question\",\"value\":\"What is the warranty period?\"},{\"key\":\"answer\",\"value\":\"This product comes with a 1-year manufacturer warranty covering defects in materials and workmanship.\"}],[{\"key\":\"question\",\"value\":\"Is this item compatible with Mac and Windows?\"},{\"key\":\"answer\",\"value\":\"Yes, this product is fully compatible with both macOS and Windows operating systems out of the box.\"}],[{\"key\":\"question\",\"value\":\"How long does the battery last?\"},{\"key\":\"answer\",\"value\":\"The battery life is approximately 10 hours on a full charge, depending on usage conditions.\"}],[{\"key\":\"question\",\"value\":\"Does it come with a carrying case?\"},{\"key\":\"answer\",\"value\":\"Yes, a protective carrying case is included in the box to keep your device safe during travel.\"}],[{\"key\":\"question\",\"value\":\"Can I return it if I don\'t like it?\"},{\"key\":\"answer\",\"value\":\"Absolutely! We offer a hassle-free 30-day return policy. If you are not satisfied, you can return it for a full refund.\"}]]]',25,'Botble\\Ecommerce\\Models\\Product','2026-03-06 01:42:45','2026-03-06 01:42:45'),(26,'faq_schema_config','[[[{\"key\":\"question\",\"value\":\"What is the warranty period?\"},{\"key\":\"answer\",\"value\":\"This product comes with a 1-year manufacturer warranty covering defects in materials and workmanship.\"}],[{\"key\":\"question\",\"value\":\"Is this item compatible with Mac and Windows?\"},{\"key\":\"answer\",\"value\":\"Yes, this product is fully compatible with both macOS and Windows operating systems out of the box.\"}],[{\"key\":\"question\",\"value\":\"How long does the battery last?\"},{\"key\":\"answer\",\"value\":\"The battery life is approximately 10 hours on a full charge, depending on usage conditions.\"}],[{\"key\":\"question\",\"value\":\"Does it come with a carrying case?\"},{\"key\":\"answer\",\"value\":\"Yes, a protective carrying case is included in the box to keep your device safe during travel.\"}],[{\"key\":\"question\",\"value\":\"Can I return it if I don\'t like it?\"},{\"key\":\"answer\",\"value\":\"Absolutely! We offer a hassle-free 30-day return policy. If you are not satisfied, you can return it for a full refund.\"}]]]',26,'Botble\\Ecommerce\\Models\\Product','2026-03-06 01:42:45','2026-03-06 01:42:45'),(27,'faq_schema_config','[[[{\"key\":\"question\",\"value\":\"What is the warranty period?\"},{\"key\":\"answer\",\"value\":\"This product comes with a 1-year manufacturer warranty covering defects in materials and workmanship.\"}],[{\"key\":\"question\",\"value\":\"Is this item compatible with Mac and Windows?\"},{\"key\":\"answer\",\"value\":\"Yes, this product is fully compatible with both macOS and Windows operating systems out of the box.\"}],[{\"key\":\"question\",\"value\":\"How long does the battery last?\"},{\"key\":\"answer\",\"value\":\"The battery life is approximately 10 hours on a full charge, depending on usage conditions.\"}],[{\"key\":\"question\",\"value\":\"Does it come with a carrying case?\"},{\"key\":\"answer\",\"value\":\"Yes, a protective carrying case is included in the box to keep your device safe during travel.\"}],[{\"key\":\"question\",\"value\":\"Can I return it if I don\'t like it?\"},{\"key\":\"answer\",\"value\":\"Absolutely! We offer a hassle-free 30-day return policy. If you are not satisfied, you can return it for a full refund.\"}]]]',27,'Botble\\Ecommerce\\Models\\Product','2026-03-06 01:42:45','2026-03-06 01:42:45'),(28,'faq_schema_config','[[[{\"key\":\"question\",\"value\":\"What is the warranty period?\"},{\"key\":\"answer\",\"value\":\"This product comes with a 1-year manufacturer warranty covering defects in materials and workmanship.\"}],[{\"key\":\"question\",\"value\":\"Is this item compatible with Mac and Windows?\"},{\"key\":\"answer\",\"value\":\"Yes, this product is fully compatible with both macOS and Windows operating systems out of the box.\"}],[{\"key\":\"question\",\"value\":\"How long does the battery last?\"},{\"key\":\"answer\",\"value\":\"The battery life is approximately 10 hours on a full charge, depending on usage conditions.\"}],[{\"key\":\"question\",\"value\":\"Does it come with a carrying case?\"},{\"key\":\"answer\",\"value\":\"Yes, a protective carrying case is included in the box to keep your device safe during travel.\"}],[{\"key\":\"question\",\"value\":\"Can I return it if I don\'t like it?\"},{\"key\":\"answer\",\"value\":\"Absolutely! We offer a hassle-free 30-day return policy. If you are not satisfied, you can return it for a full refund.\"}]]]',28,'Botble\\Ecommerce\\Models\\Product','2026-03-06 01:42:45','2026-03-06 01:42:45'),(29,'faq_schema_config','[[[{\"key\":\"question\",\"value\":\"What is the warranty period?\"},{\"key\":\"answer\",\"value\":\"This product comes with a 1-year manufacturer warranty covering defects in materials and workmanship.\"}],[{\"key\":\"question\",\"value\":\"Is this item compatible with Mac and Windows?\"},{\"key\":\"answer\",\"value\":\"Yes, this product is fully compatible with both macOS and Windows operating systems out of the box.\"}],[{\"key\":\"question\",\"value\":\"How long does the battery last?\"},{\"key\":\"answer\",\"value\":\"The battery life is approximately 10 hours on a full charge, depending on usage conditions.\"}],[{\"key\":\"question\",\"value\":\"Does it come with a carrying case?\"},{\"key\":\"answer\",\"value\":\"Yes, a protective carrying case is included in the box to keep your device safe during travel.\"}],[{\"key\":\"question\",\"value\":\"Can I return it if I don\'t like it?\"},{\"key\":\"answer\",\"value\":\"Absolutely! We offer a hassle-free 30-day return policy. If you are not satisfied, you can return it for a full refund.\"}]]]',29,'Botble\\Ecommerce\\Models\\Product','2026-03-06 01:42:45','2026-03-06 01:42:45'),(30,'faq_schema_config','[[[{\"key\":\"question\",\"value\":\"What is the warranty period?\"},{\"key\":\"answer\",\"value\":\"This product comes with a 1-year manufacturer warranty covering defects in materials and workmanship.\"}],[{\"key\":\"question\",\"value\":\"Is this item compatible with Mac and Windows?\"},{\"key\":\"answer\",\"value\":\"Yes, this product is fully compatible with both macOS and Windows operating systems out of the box.\"}],[{\"key\":\"question\",\"value\":\"How long does the battery last?\"},{\"key\":\"answer\",\"value\":\"The battery life is approximately 10 hours on a full charge, depending on usage conditions.\"}],[{\"key\":\"question\",\"value\":\"Does it come with a carrying case?\"},{\"key\":\"answer\",\"value\":\"Yes, a protective carrying case is included in the box to keep your device safe during travel.\"}],[{\"key\":\"question\",\"value\":\"Can I return it if I don\'t like it?\"},{\"key\":\"answer\",\"value\":\"Absolutely! We offer a hassle-free 30-day return policy. If you are not satisfied, you can return it for a full refund.\"}]]]',30,'Botble\\Ecommerce\\Models\\Product','2026-03-06 01:42:45','2026-03-06 01:42:45'),(31,'faq_schema_config','[[[{\"key\":\"question\",\"value\":\"What is the warranty period?\"},{\"key\":\"answer\",\"value\":\"This product comes with a 1-year manufacturer warranty covering defects in materials and workmanship.\"}],[{\"key\":\"question\",\"value\":\"Is this item compatible with Mac and Windows?\"},{\"key\":\"answer\",\"value\":\"Yes, this product is fully compatible with both macOS and Windows operating systems out of the box.\"}],[{\"key\":\"question\",\"value\":\"How long does the battery last?\"},{\"key\":\"answer\",\"value\":\"The battery life is approximately 10 hours on a full charge, depending on usage conditions.\"}],[{\"key\":\"question\",\"value\":\"Does it come with a carrying case?\"},{\"key\":\"answer\",\"value\":\"Yes, a protective carrying case is included in the box to keep your device safe during travel.\"}],[{\"key\":\"question\",\"value\":\"Can I return it if I don\'t like it?\"},{\"key\":\"answer\",\"value\":\"Absolutely! We offer a hassle-free 30-day return policy. If you are not satisfied, you can return it for a full refund.\"}]]]',31,'Botble\\Ecommerce\\Models\\Product','2026-03-06 01:42:45','2026-03-06 01:42:45'),(32,'faq_schema_config','[[[{\"key\":\"question\",\"value\":\"What is the warranty period?\"},{\"key\":\"answer\",\"value\":\"This product comes with a 1-year manufacturer warranty covering defects in materials and workmanship.\"}],[{\"key\":\"question\",\"value\":\"Is this item compatible with Mac and Windows?\"},{\"key\":\"answer\",\"value\":\"Yes, this product is fully compatible with both macOS and Windows operating systems out of the box.\"}],[{\"key\":\"question\",\"value\":\"How long does the battery last?\"},{\"key\":\"answer\",\"value\":\"The battery life is approximately 10 hours on a full charge, depending on usage conditions.\"}],[{\"key\":\"question\",\"value\":\"Does it come with a carrying case?\"},{\"key\":\"answer\",\"value\":\"Yes, a protective carrying case is included in the box to keep your device safe during travel.\"}],[{\"key\":\"question\",\"value\":\"Can I return it if I don\'t like it?\"},{\"key\":\"answer\",\"value\":\"Absolutely! We offer a hassle-free 30-day return policy. If you are not satisfied, you can return it for a full refund.\"}]]]',32,'Botble\\Ecommerce\\Models\\Product','2026-03-06 01:42:45','2026-03-06 01:42:45'),(33,'faq_schema_config','[[[{\"key\":\"question\",\"value\":\"What is the warranty period?\"},{\"key\":\"answer\",\"value\":\"This product comes with a 1-year manufacturer warranty covering defects in materials and workmanship.\"}],[{\"key\":\"question\",\"value\":\"Is this item compatible with Mac and Windows?\"},{\"key\":\"answer\",\"value\":\"Yes, this product is fully compatible with both macOS and Windows operating systems out of the box.\"}],[{\"key\":\"question\",\"value\":\"How long does the battery last?\"},{\"key\":\"answer\",\"value\":\"The battery life is approximately 10 hours on a full charge, depending on usage conditions.\"}],[{\"key\":\"question\",\"value\":\"Does it come with a carrying case?\"},{\"key\":\"answer\",\"value\":\"Yes, a protective carrying case is included in the box to keep your device safe during travel.\"}],[{\"key\":\"question\",\"value\":\"Can I return it if I don\'t like it?\"},{\"key\":\"answer\",\"value\":\"Absolutely! We offer a hassle-free 30-day return policy. If you are not satisfied, you can return it for a full refund.\"}]]]',33,'Botble\\Ecommerce\\Models\\Product','2026-03-06 01:42:45','2026-03-06 01:42:45'),(34,'faq_schema_config','[[[{\"key\":\"question\",\"value\":\"What is the warranty period?\"},{\"key\":\"answer\",\"value\":\"This product comes with a 1-year manufacturer warranty covering defects in materials and workmanship.\"}],[{\"key\":\"question\",\"value\":\"Is this item compatible with Mac and Windows?\"},{\"key\":\"answer\",\"value\":\"Yes, this product is fully compatible with both macOS and Windows operating systems out of the box.\"}],[{\"key\":\"question\",\"value\":\"How long does the battery last?\"},{\"key\":\"answer\",\"value\":\"The battery life is approximately 10 hours on a full charge, depending on usage conditions.\"}],[{\"key\":\"question\",\"value\":\"Does it come with a carrying case?\"},{\"key\":\"answer\",\"value\":\"Yes, a protective carrying case is included in the box to keep your device safe during travel.\"}],[{\"key\":\"question\",\"value\":\"Can I return it if I don\'t like it?\"},{\"key\":\"answer\",\"value\":\"Absolutely! We offer a hassle-free 30-day return policy. If you are not satisfied, you can return it for a full refund.\"}]]]',34,'Botble\\Ecommerce\\Models\\Product','2026-03-06 01:42:45','2026-03-06 01:42:45'),(35,'faq_schema_config','[[[{\"key\":\"question\",\"value\":\"What is the warranty period?\"},{\"key\":\"answer\",\"value\":\"This product comes with a 1-year manufacturer warranty covering defects in materials and workmanship.\"}],[{\"key\":\"question\",\"value\":\"Is this item compatible with Mac and Windows?\"},{\"key\":\"answer\",\"value\":\"Yes, this product is fully compatible with both macOS and Windows operating systems out of the box.\"}],[{\"key\":\"question\",\"value\":\"How long does the battery last?\"},{\"key\":\"answer\",\"value\":\"The battery life is approximately 10 hours on a full charge, depending on usage conditions.\"}],[{\"key\":\"question\",\"value\":\"Does it come with a carrying case?\"},{\"key\":\"answer\",\"value\":\"Yes, a protective carrying case is included in the box to keep your device safe during travel.\"}],[{\"key\":\"question\",\"value\":\"Can I return it if I don\'t like it?\"},{\"key\":\"answer\",\"value\":\"Absolutely! We offer a hassle-free 30-day return policy. If you are not satisfied, you can return it for a full refund.\"}]]]',35,'Botble\\Ecommerce\\Models\\Product','2026-03-06 01:42:45','2026-03-06 01:42:45'),(36,'faq_schema_config','[[[{\"key\":\"question\",\"value\":\"What is the warranty period?\"},{\"key\":\"answer\",\"value\":\"This product comes with a 1-year manufacturer warranty covering defects in materials and workmanship.\"}],[{\"key\":\"question\",\"value\":\"Is this item compatible with Mac and Windows?\"},{\"key\":\"answer\",\"value\":\"Yes, this product is fully compatible with both macOS and Windows operating systems out of the box.\"}],[{\"key\":\"question\",\"value\":\"How long does the battery last?\"},{\"key\":\"answer\",\"value\":\"The battery life is approximately 10 hours on a full charge, depending on usage conditions.\"}],[{\"key\":\"question\",\"value\":\"Does it come with a carrying case?\"},{\"key\":\"answer\",\"value\":\"Yes, a protective carrying case is included in the box to keep your device safe during travel.\"}],[{\"key\":\"question\",\"value\":\"Can I return it if I don\'t like it?\"},{\"key\":\"answer\",\"value\":\"Absolutely! We offer a hassle-free 30-day return policy. If you are not satisfied, you can return it for a full refund.\"}]]]',36,'Botble\\Ecommerce\\Models\\Product','2026-03-06 01:42:45','2026-03-06 01:42:45'),(37,'faq_schema_config','[[[{\"key\":\"question\",\"value\":\"What is the warranty period?\"},{\"key\":\"answer\",\"value\":\"This product comes with a 1-year manufacturer warranty covering defects in materials and workmanship.\"}],[{\"key\":\"question\",\"value\":\"Is this item compatible with Mac and Windows?\"},{\"key\":\"answer\",\"value\":\"Yes, this product is fully compatible with both macOS and Windows operating systems out of the box.\"}],[{\"key\":\"question\",\"value\":\"How long does the battery last?\"},{\"key\":\"answer\",\"value\":\"The battery life is approximately 10 hours on a full charge, depending on usage conditions.\"}],[{\"key\":\"question\",\"value\":\"Does it come with a carrying case?\"},{\"key\":\"answer\",\"value\":\"Yes, a protective carrying case is included in the box to keep your device safe during travel.\"}],[{\"key\":\"question\",\"value\":\"Can I return it if I don\'t like it?\"},{\"key\":\"answer\",\"value\":\"Absolutely! We offer a hassle-free 30-day return policy. If you are not satisfied, you can return it for a full refund.\"}]]]',37,'Botble\\Ecommerce\\Models\\Product','2026-03-06 01:42:45','2026-03-06 01:42:45'),(38,'faq_schema_config','[[[{\"key\":\"question\",\"value\":\"What is the warranty period?\"},{\"key\":\"answer\",\"value\":\"This product comes with a 1-year manufacturer warranty covering defects in materials and workmanship.\"}],[{\"key\":\"question\",\"value\":\"Is this item compatible with Mac and Windows?\"},{\"key\":\"answer\",\"value\":\"Yes, this product is fully compatible with both macOS and Windows operating systems out of the box.\"}],[{\"key\":\"question\",\"value\":\"How long does the battery last?\"},{\"key\":\"answer\",\"value\":\"The battery life is approximately 10 hours on a full charge, depending on usage conditions.\"}],[{\"key\":\"question\",\"value\":\"Does it come with a carrying case?\"},{\"key\":\"answer\",\"value\":\"Yes, a protective carrying case is included in the box to keep your device safe during travel.\"}],[{\"key\":\"question\",\"value\":\"Can I return it if I don\'t like it?\"},{\"key\":\"answer\",\"value\":\"Absolutely! We offer a hassle-free 30-day return policy. If you are not satisfied, you can return it for a full refund.\"}]]]',38,'Botble\\Ecommerce\\Models\\Product','2026-03-06 01:42:45','2026-03-06 01:42:45'),(39,'faq_schema_config','[[[{\"key\":\"question\",\"value\":\"What is the warranty period?\"},{\"key\":\"answer\",\"value\":\"This product comes with a 1-year manufacturer warranty covering defects in materials and workmanship.\"}],[{\"key\":\"question\",\"value\":\"Is this item compatible with Mac and Windows?\"},{\"key\":\"answer\",\"value\":\"Yes, this product is fully compatible with both macOS and Windows operating systems out of the box.\"}],[{\"key\":\"question\",\"value\":\"How long does the battery last?\"},{\"key\":\"answer\",\"value\":\"The battery life is approximately 10 hours on a full charge, depending on usage conditions.\"}],[{\"key\":\"question\",\"value\":\"Does it come with a carrying case?\"},{\"key\":\"answer\",\"value\":\"Yes, a protective carrying case is included in the box to keep your device safe during travel.\"}],[{\"key\":\"question\",\"value\":\"Can I return it if I don\'t like it?\"},{\"key\":\"answer\",\"value\":\"Absolutely! We offer a hassle-free 30-day return policy. If you are not satisfied, you can return it for a full refund.\"}]]]',39,'Botble\\Ecommerce\\Models\\Product','2026-03-06 01:42:45','2026-03-06 01:42:45'),(40,'faq_schema_config','[[[{\"key\":\"question\",\"value\":\"What is the warranty period?\"},{\"key\":\"answer\",\"value\":\"This product comes with a 1-year manufacturer warranty covering defects in materials and workmanship.\"}],[{\"key\":\"question\",\"value\":\"Is this item compatible with Mac and Windows?\"},{\"key\":\"answer\",\"value\":\"Yes, this product is fully compatible with both macOS and Windows operating systems out of the box.\"}],[{\"key\":\"question\",\"value\":\"How long does the battery last?\"},{\"key\":\"answer\",\"value\":\"The battery life is approximately 10 hours on a full charge, depending on usage conditions.\"}],[{\"key\":\"question\",\"value\":\"Does it come with a carrying case?\"},{\"key\":\"answer\",\"value\":\"Yes, a protective carrying case is included in the box to keep your device safe during travel.\"}],[{\"key\":\"question\",\"value\":\"Can I return it if I don\'t like it?\"},{\"key\":\"answer\",\"value\":\"Absolutely! We offer a hassle-free 30-day return policy. If you are not satisfied, you can return it for a full refund.\"}]]]',40,'Botble\\Ecommerce\\Models\\Product','2026-03-06 01:42:45','2026-03-06 01:42:45'),(41,'faq_schema_config','[[[{\"key\":\"question\",\"value\":\"What is the warranty period?\"},{\"key\":\"answer\",\"value\":\"This product comes with a 1-year manufacturer warranty covering defects in materials and workmanship.\"}],[{\"key\":\"question\",\"value\":\"Is this item compatible with Mac and Windows?\"},{\"key\":\"answer\",\"value\":\"Yes, this product is fully compatible with both macOS and Windows operating systems out of the box.\"}],[{\"key\":\"question\",\"value\":\"How long does the battery last?\"},{\"key\":\"answer\",\"value\":\"The battery life is approximately 10 hours on a full charge, depending on usage conditions.\"}],[{\"key\":\"question\",\"value\":\"Does it come with a carrying case?\"},{\"key\":\"answer\",\"value\":\"Yes, a protective carrying case is included in the box to keep your device safe during travel.\"}],[{\"key\":\"question\",\"value\":\"Can I return it if I don\'t like it?\"},{\"key\":\"answer\",\"value\":\"Absolutely! We offer a hassle-free 30-day return policy. If you are not satisfied, you can return it for a full refund.\"}]]]',41,'Botble\\Ecommerce\\Models\\Product','2026-03-06 01:42:45','2026-03-06 01:42:45'),(42,'faq_schema_config','[[[{\"key\":\"question\",\"value\":\"What is the warranty period?\"},{\"key\":\"answer\",\"value\":\"This product comes with a 1-year manufacturer warranty covering defects in materials and workmanship.\"}],[{\"key\":\"question\",\"value\":\"Is this item compatible with Mac and Windows?\"},{\"key\":\"answer\",\"value\":\"Yes, this product is fully compatible with both macOS and Windows operating systems out of the box.\"}],[{\"key\":\"question\",\"value\":\"How long does the battery last?\"},{\"key\":\"answer\",\"value\":\"The battery life is approximately 10 hours on a full charge, depending on usage conditions.\"}],[{\"key\":\"question\",\"value\":\"Does it come with a carrying case?\"},{\"key\":\"answer\",\"value\":\"Yes, a protective carrying case is included in the box to keep your device safe during travel.\"}],[{\"key\":\"question\",\"value\":\"Can I return it if I don\'t like it?\"},{\"key\":\"answer\",\"value\":\"Absolutely! We offer a hassle-free 30-day return policy. If you are not satisfied, you can return it for a full refund.\"}]]]',42,'Botble\\Ecommerce\\Models\\Product','2026-03-06 01:42:45','2026-03-06 01:42:45'),(43,'faq_schema_config','[[[{\"key\":\"question\",\"value\":\"What is the warranty period?\"},{\"key\":\"answer\",\"value\":\"This product comes with a 1-year manufacturer warranty covering defects in materials and workmanship.\"}],[{\"key\":\"question\",\"value\":\"Is this item compatible with Mac and Windows?\"},{\"key\":\"answer\",\"value\":\"Yes, this product is fully compatible with both macOS and Windows operating systems out of the box.\"}],[{\"key\":\"question\",\"value\":\"How long does the battery last?\"},{\"key\":\"answer\",\"value\":\"The battery life is approximately 10 hours on a full charge, depending on usage conditions.\"}],[{\"key\":\"question\",\"value\":\"Does it come with a carrying case?\"},{\"key\":\"answer\",\"value\":\"Yes, a protective carrying case is included in the box to keep your device safe during travel.\"}],[{\"key\":\"question\",\"value\":\"Can I return it if I don\'t like it?\"},{\"key\":\"answer\",\"value\":\"Absolutely! We offer a hassle-free 30-day return policy. If you are not satisfied, you can return it for a full refund.\"}]]]',43,'Botble\\Ecommerce\\Models\\Product','2026-03-06 01:42:45','2026-03-06 01:42:45'),(44,'faq_schema_config','[[[{\"key\":\"question\",\"value\":\"What is the warranty period?\"},{\"key\":\"answer\",\"value\":\"This product comes with a 1-year manufacturer warranty covering defects in materials and workmanship.\"}],[{\"key\":\"question\",\"value\":\"Is this item compatible with Mac and Windows?\"},{\"key\":\"answer\",\"value\":\"Yes, this product is fully compatible with both macOS and Windows operating systems out of the box.\"}],[{\"key\":\"question\",\"value\":\"How long does the battery last?\"},{\"key\":\"answer\",\"value\":\"The battery life is approximately 10 hours on a full charge, depending on usage conditions.\"}],[{\"key\":\"question\",\"value\":\"Does it come with a carrying case?\"},{\"key\":\"answer\",\"value\":\"Yes, a protective carrying case is included in the box to keep your device safe during travel.\"}],[{\"key\":\"question\",\"value\":\"Can I return it if I don\'t like it?\"},{\"key\":\"answer\",\"value\":\"Absolutely! We offer a hassle-free 30-day return policy. If you are not satisfied, you can return it for a full refund.\"}]]]',44,'Botble\\Ecommerce\\Models\\Product','2026-03-06 01:42:45','2026-03-06 01:42:45'),(45,'faq_schema_config','[[[{\"key\":\"question\",\"value\":\"What is the warranty period?\"},{\"key\":\"answer\",\"value\":\"This product comes with a 1-year manufacturer warranty covering defects in materials and workmanship.\"}],[{\"key\":\"question\",\"value\":\"Is this item compatible with Mac and Windows?\"},{\"key\":\"answer\",\"value\":\"Yes, this product is fully compatible with both macOS and Windows operating systems out of the box.\"}],[{\"key\":\"question\",\"value\":\"How long does the battery last?\"},{\"key\":\"answer\",\"value\":\"The battery life is approximately 10 hours on a full charge, depending on usage conditions.\"}],[{\"key\":\"question\",\"value\":\"Does it come with a carrying case?\"},{\"key\":\"answer\",\"value\":\"Yes, a protective carrying case is included in the box to keep your device safe during travel.\"}],[{\"key\":\"question\",\"value\":\"Can I return it if I don\'t like it?\"},{\"key\":\"answer\",\"value\":\"Absolutely! We offer a hassle-free 30-day return policy. If you are not satisfied, you can return it for a full refund.\"}]]]',45,'Botble\\Ecommerce\\Models\\Product','2026-03-06 01:42:45','2026-03-06 01:42:45'),(46,'faq_schema_config','[[[{\"key\":\"question\",\"value\":\"What is the warranty period?\"},{\"key\":\"answer\",\"value\":\"This product comes with a 1-year manufacturer warranty covering defects in materials and workmanship.\"}],[{\"key\":\"question\",\"value\":\"Is this item compatible with Mac and Windows?\"},{\"key\":\"answer\",\"value\":\"Yes, this product is fully compatible with both macOS and Windows operating systems out of the box.\"}],[{\"key\":\"question\",\"value\":\"How long does the battery last?\"},{\"key\":\"answer\",\"value\":\"The battery life is approximately 10 hours on a full charge, depending on usage conditions.\"}],[{\"key\":\"question\",\"value\":\"Does it come with a carrying case?\"},{\"key\":\"answer\",\"value\":\"Yes, a protective carrying case is included in the box to keep your device safe during travel.\"}],[{\"key\":\"question\",\"value\":\"Can I return it if I don\'t like it?\"},{\"key\":\"answer\",\"value\":\"Absolutely! We offer a hassle-free 30-day return policy. If you are not satisfied, you can return it for a full refund.\"}]]]',46,'Botble\\Ecommerce\\Models\\Product','2026-03-06 01:42:45','2026-03-06 01:42:45'),(47,'faq_schema_config','[[[{\"key\":\"question\",\"value\":\"What is the warranty period?\"},{\"key\":\"answer\",\"value\":\"This product comes with a 1-year manufacturer warranty covering defects in materials and workmanship.\"}],[{\"key\":\"question\",\"value\":\"Is this item compatible with Mac and Windows?\"},{\"key\":\"answer\",\"value\":\"Yes, this product is fully compatible with both macOS and Windows operating systems out of the box.\"}],[{\"key\":\"question\",\"value\":\"How long does the battery last?\"},{\"key\":\"answer\",\"value\":\"The battery life is approximately 10 hours on a full charge, depending on usage conditions.\"}],[{\"key\":\"question\",\"value\":\"Does it come with a carrying case?\"},{\"key\":\"answer\",\"value\":\"Yes, a protective carrying case is included in the box to keep your device safe during travel.\"}],[{\"key\":\"question\",\"value\":\"Can I return it if I don\'t like it?\"},{\"key\":\"answer\",\"value\":\"Absolutely! We offer a hassle-free 30-day return policy. If you are not satisfied, you can return it for a full refund.\"}]]]',47,'Botble\\Ecommerce\\Models\\Product','2026-03-06 01:42:45','2026-03-06 01:42:45'),(48,'faq_schema_config','[[[{\"key\":\"question\",\"value\":\"What is the warranty period?\"},{\"key\":\"answer\",\"value\":\"This product comes with a 1-year manufacturer warranty covering defects in materials and workmanship.\"}],[{\"key\":\"question\",\"value\":\"Is this item compatible with Mac and Windows?\"},{\"key\":\"answer\",\"value\":\"Yes, this product is fully compatible with both macOS and Windows operating systems out of the box.\"}],[{\"key\":\"question\",\"value\":\"How long does the battery last?\"},{\"key\":\"answer\",\"value\":\"The battery life is approximately 10 hours on a full charge, depending on usage conditions.\"}],[{\"key\":\"question\",\"value\":\"Does it come with a carrying case?\"},{\"key\":\"answer\",\"value\":\"Yes, a protective carrying case is included in the box to keep your device safe during travel.\"}],[{\"key\":\"question\",\"value\":\"Can I return it if I don\'t like it?\"},{\"key\":\"answer\",\"value\":\"Absolutely! We offer a hassle-free 30-day return policy. If you are not satisfied, you can return it for a full refund.\"}]]]',48,'Botble\\Ecommerce\\Models\\Product','2026-03-06 01:42:46','2026-03-06 01:42:46'),(49,'faq_schema_config','[[[{\"key\":\"question\",\"value\":\"What is the warranty period?\"},{\"key\":\"answer\",\"value\":\"This product comes with a 1-year manufacturer warranty covering defects in materials and workmanship.\"}],[{\"key\":\"question\",\"value\":\"Is this item compatible with Mac and Windows?\"},{\"key\":\"answer\",\"value\":\"Yes, this product is fully compatible with both macOS and Windows operating systems out of the box.\"}],[{\"key\":\"question\",\"value\":\"How long does the battery last?\"},{\"key\":\"answer\",\"value\":\"The battery life is approximately 10 hours on a full charge, depending on usage conditions.\"}],[{\"key\":\"question\",\"value\":\"Does it come with a carrying case?\"},{\"key\":\"answer\",\"value\":\"Yes, a protective carrying case is included in the box to keep your device safe during travel.\"}],[{\"key\":\"question\",\"value\":\"Can I return it if I don\'t like it?\"},{\"key\":\"answer\",\"value\":\"Absolutely! We offer a hassle-free 30-day return policy. If you are not satisfied, you can return it for a full refund.\"}]]]',49,'Botble\\Ecommerce\\Models\\Product','2026-03-06 01:42:46','2026-03-06 01:42:46'),(50,'faq_schema_config','[[[{\"key\":\"question\",\"value\":\"What is the warranty period?\"},{\"key\":\"answer\",\"value\":\"This product comes with a 1-year manufacturer warranty covering defects in materials and workmanship.\"}],[{\"key\":\"question\",\"value\":\"Is this item compatible with Mac and Windows?\"},{\"key\":\"answer\",\"value\":\"Yes, this product is fully compatible with both macOS and Windows operating systems out of the box.\"}],[{\"key\":\"question\",\"value\":\"How long does the battery last?\"},{\"key\":\"answer\",\"value\":\"The battery life is approximately 10 hours on a full charge, depending on usage conditions.\"}],[{\"key\":\"question\",\"value\":\"Does it come with a carrying case?\"},{\"key\":\"answer\",\"value\":\"Yes, a protective carrying case is included in the box to keep your device safe during travel.\"}],[{\"key\":\"question\",\"value\":\"Can I return it if I don\'t like it?\"},{\"key\":\"answer\",\"value\":\"Absolutely! We offer a hassle-free 30-day return policy. If you are not satisfied, you can return it for a full refund.\"}]]]',50,'Botble\\Ecommerce\\Models\\Product','2026-03-06 01:42:46','2026-03-06 01:42:46'),(51,'faq_schema_config','[[[{\"key\":\"question\",\"value\":\"What is the warranty period?\"},{\"key\":\"answer\",\"value\":\"This product comes with a 1-year manufacturer warranty covering defects in materials and workmanship.\"}],[{\"key\":\"question\",\"value\":\"Is this item compatible with Mac and Windows?\"},{\"key\":\"answer\",\"value\":\"Yes, this product is fully compatible with both macOS and Windows operating systems out of the box.\"}],[{\"key\":\"question\",\"value\":\"How long does the battery last?\"},{\"key\":\"answer\",\"value\":\"The battery life is approximately 10 hours on a full charge, depending on usage conditions.\"}],[{\"key\":\"question\",\"value\":\"Does it come with a carrying case?\"},{\"key\":\"answer\",\"value\":\"Yes, a protective carrying case is included in the box to keep your device safe during travel.\"}],[{\"key\":\"question\",\"value\":\"Can I return it if I don\'t like it?\"},{\"key\":\"answer\",\"value\":\"Absolutely! We offer a hassle-free 30-day return policy. If you are not satisfied, you can return it for a full refund.\"}]]]',51,'Botble\\Ecommerce\\Models\\Product','2026-03-06 01:42:46','2026-03-06 01:42:46'),(52,'faq_schema_config','[[[{\"key\":\"question\",\"value\":\"What is the warranty period?\"},{\"key\":\"answer\",\"value\":\"This product comes with a 1-year manufacturer warranty covering defects in materials and workmanship.\"}],[{\"key\":\"question\",\"value\":\"Is this item compatible with Mac and Windows?\"},{\"key\":\"answer\",\"value\":\"Yes, this product is fully compatible with both macOS and Windows operating systems out of the box.\"}],[{\"key\":\"question\",\"value\":\"How long does the battery last?\"},{\"key\":\"answer\",\"value\":\"The battery life is approximately 10 hours on a full charge, depending on usage conditions.\"}],[{\"key\":\"question\",\"value\":\"Does it come with a carrying case?\"},{\"key\":\"answer\",\"value\":\"Yes, a protective carrying case is included in the box to keep your device safe during travel.\"}],[{\"key\":\"question\",\"value\":\"Can I return it if I don\'t like it?\"},{\"key\":\"answer\",\"value\":\"Absolutely! We offer a hassle-free 30-day return policy. If you are not satisfied, you can return it for a full refund.\"}]]]',52,'Botble\\Ecommerce\\Models\\Product','2026-03-06 01:42:46','2026-03-06 01:42:46'),(53,'faq_schema_config','[[[{\"key\":\"question\",\"value\":\"What is the warranty period?\"},{\"key\":\"answer\",\"value\":\"This product comes with a 1-year manufacturer warranty covering defects in materials and workmanship.\"}],[{\"key\":\"question\",\"value\":\"Is this item compatible with Mac and Windows?\"},{\"key\":\"answer\",\"value\":\"Yes, this product is fully compatible with both macOS and Windows operating systems out of the box.\"}],[{\"key\":\"question\",\"value\":\"How long does the battery last?\"},{\"key\":\"answer\",\"value\":\"The battery life is approximately 10 hours on a full charge, depending on usage conditions.\"}],[{\"key\":\"question\",\"value\":\"Does it come with a carrying case?\"},{\"key\":\"answer\",\"value\":\"Yes, a protective carrying case is included in the box to keep your device safe during travel.\"}],[{\"key\":\"question\",\"value\":\"Can I return it if I don\'t like it?\"},{\"key\":\"answer\",\"value\":\"Absolutely! We offer a hassle-free 30-day return policy. If you are not satisfied, you can return it for a full refund.\"}]]]',53,'Botble\\Ecommerce\\Models\\Product','2026-03-06 01:42:46','2026-03-06 01:42:46'),(54,'faq_schema_config','[[[{\"key\":\"question\",\"value\":\"What is the warranty period?\"},{\"key\":\"answer\",\"value\":\"This product comes with a 1-year manufacturer warranty covering defects in materials and workmanship.\"}],[{\"key\":\"question\",\"value\":\"Is this item compatible with Mac and Windows?\"},{\"key\":\"answer\",\"value\":\"Yes, this product is fully compatible with both macOS and Windows operating systems out of the box.\"}],[{\"key\":\"question\",\"value\":\"How long does the battery last?\"},{\"key\":\"answer\",\"value\":\"The battery life is approximately 10 hours on a full charge, depending on usage conditions.\"}],[{\"key\":\"question\",\"value\":\"Does it come with a carrying case?\"},{\"key\":\"answer\",\"value\":\"Yes, a protective carrying case is included in the box to keep your device safe during travel.\"}],[{\"key\":\"question\",\"value\":\"Can I return it if I don\'t like it?\"},{\"key\":\"answer\",\"value\":\"Absolutely! We offer a hassle-free 30-day return policy. If you are not satisfied, you can return it for a full refund.\"}]]]',54,'Botble\\Ecommerce\\Models\\Product','2026-03-06 01:42:46','2026-03-06 01:42:46'),(55,'tablet_image','[\"sliders\\/1-md.jpg\"]',1,'Botble\\SimpleSlider\\Models\\SimpleSliderItem','2026-03-06 01:42:56','2026-03-06 01:42:56'),(56,'mobile_image','[\"sliders\\/1-sm.jpg\"]',1,'Botble\\SimpleSlider\\Models\\SimpleSliderItem','2026-03-06 01:42:56','2026-03-06 01:42:56'),(57,'tablet_image','[\"sliders\\/2-md.jpg\"]',2,'Botble\\SimpleSlider\\Models\\SimpleSliderItem','2026-03-06 01:42:56','2026-03-06 01:42:56'),(58,'mobile_image','[\"sliders\\/2-sm.jpg\"]',2,'Botble\\SimpleSlider\\Models\\SimpleSliderItem','2026-03-06 01:42:56','2026-03-06 01:42:56'),(59,'tablet_image','[\"sliders\\/3-md.jpg\"]',3,'Botble\\SimpleSlider\\Models\\SimpleSliderItem','2026-03-06 01:42:56','2026-03-06 01:42:56'),(60,'mobile_image','[\"sliders\\/3-sm.jpg\"]',3,'Botble\\SimpleSlider\\Models\\SimpleSliderItem','2026-03-06 01:42:56','2026-03-06 01:42:56');

--
